[INFO] cloning repository https://github.com/tblah/project-crypto
[INFO] running `Command { std: "git" "-c" "credential.helper=" "-c" "credential.helper=/workspace/cargo-home/bin/git-credential-null" "clone" "--bare" "https://github.com/tblah/project-crypto" "/workspace/cache/git-repos/https%3A%2F%2Fgithub.com%2Ftblah%2Fproject-crypto", kill_on_drop: false }`
[INFO] [stderr] Cloning into bare repository '/workspace/cache/git-repos/https%3A%2F%2Fgithub.com%2Ftblah%2Fproject-crypto'...
[INFO] running `Command { std: "git" "rev-parse" "HEAD", kill_on_drop: false }`
[INFO] [stdout] ff0fe6a7f9d40e2cda579b6d8ca21a0685d2cf8a
[INFO] testing tblah/project-crypto against nightly-2025-01-18+rustflags=-Zrandomize-layout for randomize-layout-2
[INFO] running `Command { std: "git" "clone" "/workspace/cache/git-repos/https%3A%2F%2Fgithub.com%2Ftblah%2Fproject-crypto" "/workspace/builds/worker-2-tc2/source", kill_on_drop: false }`
[INFO] [stderr] Cloning into '/workspace/builds/worker-2-tc2/source'...
[INFO] [stderr] done.
[INFO] validating manifest of git repo https://github.com/tblah/project-crypto on toolchain nightly-2025-01-18
[INFO] running `Command { std: CARGO_HOME="/workspace/cargo-home" RUSTUP_HOME="/workspace/rustup-home" "/workspace/cargo-home/bin/cargo" "+nightly-2025-01-18" "metadata" "--manifest-path" "Cargo.toml" "--no-deps", kill_on_drop: false }`
[INFO] started tweaking git repo https://github.com/tblah/project-crypto
[INFO] finished tweaking git repo https://github.com/tblah/project-crypto
[INFO] tweaked toml for git repo https://github.com/tblah/project-crypto written to /workspace/builds/worker-2-tc2/source/Cargo.toml
[INFO] crate git repo https://github.com/tblah/project-crypto already has a lockfile, it will not be regenerated
[INFO] running `Command { std: CARGO_HOME="/workspace/cargo-home" RUSTUP_HOME="/workspace/rustup-home" "/workspace/cargo-home/bin/cargo" "+nightly-2025-01-18" "fetch" "--manifest-path" "Cargo.toml", kill_on_drop: false }`
[INFO] [stderr] warning: no edition set: defaulting to the 2015 edition while the latest is 2024
[INFO] [stderr] warning: unused manifest key: package.licence
[INFO] running `Command { std: "docker" "create" "-v" "/var/lib/crater-agent-workspace/builds/worker-2-tc2/target:/opt/rustwide/target:rw,Z" "-v" "/var/lib/crater-agent-workspace/builds/worker-2-tc2/source:/opt/rustwide/workdir:ro,Z" "-v" "/var/lib/crater-agent-workspace/cargo-home:/opt/rustwide/cargo-home:ro,Z" "-v" "/var/lib/crater-agent-workspace/rustup-home:/opt/rustwide/rustup-home:ro,Z" "-e" "SOURCE_DIR=/opt/rustwide/workdir" "-e" "CARGO_TARGET_DIR=/opt/rustwide/target" "-e" "CARGO_HOME=/opt/rustwide/cargo-home" "-e" "RUSTUP_HOME=/opt/rustwide/rustup-home" "-w" "/opt/rustwide/workdir" "-m" "1610612736" "--user" "0:0" "--network" "none" "ghcr.io/rust-lang/crates-build-env/linux@sha256:819108c5571ea2e421544af4d832f968d213c87fbe3707a016657f43d2f853bc" "/opt/rustwide/cargo-home/bin/cargo" "+nightly-2025-01-18" "metadata" "--no-deps" "--format-version=1", kill_on_drop: false }`
[INFO] [stdout] 59aa18e404d0fdae418722e939c102522e21f462695b445901fe100cd94f2ebe
[INFO] running `Command { std: "docker" "start" "-a" "59aa18e404d0fdae418722e939c102522e21f462695b445901fe100cd94f2ebe", kill_on_drop: false }`
[INFO] running `Command { std: "docker" "inspect" "59aa18e404d0fdae418722e939c102522e21f462695b445901fe100cd94f2ebe", kill_on_drop: false }`
[INFO] running `Command { std: "docker" "rm" "-f" "59aa18e404d0fdae418722e939c102522e21f462695b445901fe100cd94f2ebe", kill_on_drop: false }`
[INFO] [stdout] 59aa18e404d0fdae418722e939c102522e21f462695b445901fe100cd94f2ebe
[INFO] running `Command { std: "docker" "create" "-v" "/var/lib/crater-agent-workspace/builds/worker-2-tc2/target:/opt/rustwide/target:rw,Z" "-v" "/var/lib/crater-agent-workspace/builds/worker-2-tc2/source:/opt/rustwide/workdir:ro,Z" "-v" "/var/lib/crater-agent-workspace/cargo-home:/opt/rustwide/cargo-home:ro,Z" "-v" "/var/lib/crater-agent-workspace/rustup-home:/opt/rustwide/rustup-home:ro,Z" "-e" "SOURCE_DIR=/opt/rustwide/workdir" "-e" "CARGO_TARGET_DIR=/opt/rustwide/target" "-e" "CARGO_INCREMENTAL=0" "-e" "RUST_BACKTRACE=full" "-e" "RUSTFLAGS=--cap-lints=forbid -Zrandomize-layout" "-e" "RUSTDOCFLAGS=--cap-lints=forbid" "-e" "CARGO_HOME=/opt/rustwide/cargo-home" "-e" "RUSTUP_HOME=/opt/rustwide/rustup-home" "-w" "/opt/rustwide/workdir" "-m" "1610612736" "--user" "0:0" "--network" "none" "ghcr.io/rust-lang/crates-build-env/linux@sha256:819108c5571ea2e421544af4d832f968d213c87fbe3707a016657f43d2f853bc" "/opt/rustwide/cargo-home/bin/cargo" "+nightly-2025-01-18" "build" "--frozen" "--message-format=json", kill_on_drop: false }`
[INFO] [stdout] 1ed9890629bb8c939b30e332ce57f6d1a60f9ed7fe02e9047c894b1954b8c16d
[INFO] running `Command { std: "docker" "start" "-a" "1ed9890629bb8c939b30e332ce57f6d1a60f9ed7fe02e9047c894b1954b8c16d", kill_on_drop: false }`
[INFO] [stderr] warning: no edition set: defaulting to the 2015 edition while the latest is 2024
[INFO] [stderr] warning: unused manifest key: package.licence
[INFO] [stderr]    Compiling pkg-config v0.3.9
[INFO] [stderr]    Compiling libc v0.2.21
[INFO] [stderr]    Compiling serde v0.7.15
[INFO] [stderr]    Compiling num-traits v0.1.37
[INFO] [stderr]    Compiling libsodium-sys v0.0.12
[INFO] [stderr]    Compiling rust-gmp v0.4.0 (https://github.com/fizyk20/rust-gmp?rev=f3e0a8962206ecf7d21ac7d0a9635c7eff5ce7ff#f3e0a896)
[INFO] [stderr]    Compiling sodiumoxide v0.0.12
[INFO] [stderr]    Compiling proj_crypto v0.2.0 (/opt/rustwide/workdir)
[INFO] [stdout] warning: unnecessary qualification
[INFO] [stdout]   --> src/asymmetric/sign.rs:42:86
[INFO] [stdout]    |
[INFO] [stdout] 42 | pub fn key_gen_to_file<P: AsRef<Path> + Display + Clone>(file_path: P) where String: std::convert::From<P> {
[INFO] [stdout]    |                                                                                      ^^^^^^^^^^^^^^^^^^^^^
[INFO] [stdout]    |
[INFO] [stdout] note: the lint level is defined here
[INFO] [stdout]   --> src/lib.rs:27:9
[INFO] [stdout]    |
[INFO] [stdout] 27 | #![warn(unused_qualifications)]
[INFO] [stdout]    |         ^^^^^^^^^^^^^^^^^^^^^
[INFO] [stdout] help: remove the unnecessary path segments
[INFO] [stdout]    |
[INFO] [stdout] 42 - pub fn key_gen_to_file<P: AsRef<Path> + Display + Clone>(file_path: P) where String: std::convert::From<P> {
[INFO] [stdout] 42 + pub fn key_gen_to_file<P: AsRef<Path> + Display + Clone>(file_path: P) where String: From<P> {
[INFO] [stdout]    |
[INFO] [stdout] 
[INFO] [stdout] 
[INFO] [stdout] warning: use of deprecated macro `try`: use the `?` operator instead
[INFO] [stdout]    --> src/asymmetric/commitments.rs:263:20
[INFO] [stdout]     |
[INFO] [stdout] 263 |     let mut file = try!(fs::OpenOptions::new()
[INFO] [stdout]     |                    ^^^
[INFO] [stdout]     |
[INFO] [stdout]     = note: `#[warn(deprecated)]` on by default
[INFO] [stdout] 
[INFO] [stdout] 
[INFO] [stdout] warning: use of deprecated macro `try`: use the `?` operator instead
[INFO] [stdout]    --> src/asymmetric/commitments.rs:272:13
[INFO] [stdout]     |
[INFO] [stdout] 272 |     let _ = try!(file.write(&p.to_str_radix(16).into_bytes()));
[INFO] [stdout]     |             ^^^
[INFO] [stdout] 
[INFO] [stdout] 
[INFO] [stdout] warning: use of deprecated macro `try`: use the `?` operator instead
[INFO] [stdout]    --> src/asymmetric/commitments.rs:273:13
[INFO] [stdout]     |
[INFO] [stdout] 273 |     let _ = try!(file.write(b"\n"));
[INFO] [stdout]     |             ^^^
[INFO] [stdout] 
[INFO] [stdout] 
[INFO] [stdout] warning: use of deprecated macro `try`: use the `?` operator instead
[INFO] [stdout]    --> src/asymmetric/commitments.rs:274:13
[INFO] [stdout]     |
[INFO] [stdout] 274 |     let _ = try!(file.write(&q.to_str_radix(16).into_bytes()));
[INFO] [stdout]     |             ^^^
[INFO] [stdout] 
[INFO] [stdout] 
[INFO] [stdout] warning: use of deprecated macro `try`: use the `?` operator instead
[INFO] [stdout]    --> src/asymmetric/commitments.rs:275:13
[INFO] [stdout]     |
[INFO] [stdout] 275 |     let _ = try!(file.write(b"\n"));
[INFO] [stdout]     |             ^^^
[INFO] [stdout] 
[INFO] [stdout] 
[INFO] [stdout] warning: use of deprecated macro `try`: use the `?` operator instead
[INFO] [stdout]    --> src/asymmetric/commitments.rs:276:13
[INFO] [stdout]     |
[INFO] [stdout] 276 |     let _ = try!(file.write(&g.to_str_radix(16).into_bytes()));
[INFO] [stdout]     |             ^^^
[INFO] [stdout] 
[INFO] [stdout] 
[INFO] [stdout] warning: use of deprecated macro `try`: use the `?` operator instead
[INFO] [stdout]    --> src/asymmetric/commitments.rs:277:13
[INFO] [stdout]     |
[INFO] [stdout] 277 |     let _ = try!(file.write(b"\n"));
[INFO] [stdout]     |             ^^^
[INFO] [stdout] 
[INFO] [stdout] 
[INFO] [stdout] warning: use of deprecated macro `try`: use the `?` operator instead
[INFO] [stdout]    --> src/asymmetric/commitments.rs:278:13
[INFO] [stdout]     |
[INFO] [stdout] 278 |     let _ = try!(file.write(&h.to_str_radix(16).into_bytes()));
[INFO] [stdout]     |             ^^^
[INFO] [stdout] 
[INFO] [stdout] 
[INFO] [stdout] warning: use of deprecated macro `try`: use the `?` operator instead
[INFO] [stdout]    --> src/asymmetric/commitments.rs:289:5
[INFO] [stdout]     |
[INFO] [stdout] 289 |     try!(reader.read_line(&mut p_str));
[INFO] [stdout]     |     ^^^
[INFO] [stdout] 
[INFO] [stdout] 
[INFO] [stdout] warning: use of deprecated macro `try`: use the `?` operator instead
[INFO] [stdout]    --> src/asymmetric/commitments.rs:290:5
[INFO] [stdout]     |
[INFO] [stdout] 290 |     try!(reader.read_line(&mut q_str));
[INFO] [stdout]     |     ^^^
[INFO] [stdout] 
[INFO] [stdout] 
[INFO] [stdout] warning: use of deprecated macro `try`: use the `?` operator instead
[INFO] [stdout]    --> src/asymmetric/commitments.rs:291:5
[INFO] [stdout]     |
[INFO] [stdout] 291 |     try!(reader.read_line(&mut g_str));
[INFO] [stdout]     |     ^^^
[INFO] [stdout] 
[INFO] [stdout] 
[INFO] [stdout] warning: use of deprecated macro `try`: use the `?` operator instead
[INFO] [stdout]    --> src/asymmetric/commitments.rs:292:5
[INFO] [stdout]     |
[INFO] [stdout] 292 |     try!(reader.read_line(&mut h_str));
[INFO] [stdout]     |     ^^^
[INFO] [stdout] 
[INFO] [stdout] 
[INFO] [stdout] warning: use of deprecated macro `try`: use the `?` operator instead
[INFO] [stdout]    --> src/asymmetric/commitments.rs:285:16
[INFO] [stdout]     |
[INFO] [stdout] 285 |     let file = try!(fs::File::open(path));
[INFO] [stdout]     |                ^^^
[INFO] [stdout] 
[INFO] [stdout] 
[INFO] [stderr]     Finished `dev` profile [unoptimized + debuginfo] target(s) in 3.37s
[INFO] running `Command { std: "docker" "inspect" "1ed9890629bb8c939b30e332ce57f6d1a60f9ed7fe02e9047c894b1954b8c16d", kill_on_drop: false }`
[INFO] running `Command { std: "docker" "rm" "-f" "1ed9890629bb8c939b30e332ce57f6d1a60f9ed7fe02e9047c894b1954b8c16d", kill_on_drop: false }`
[INFO] [stdout] 1ed9890629bb8c939b30e332ce57f6d1a60f9ed7fe02e9047c894b1954b8c16d
[INFO] running `Command { std: "docker" "create" "-v" "/var/lib/crater-agent-workspace/builds/worker-2-tc2/target:/opt/rustwide/target:rw,Z" "-v" "/var/lib/crater-agent-workspace/builds/worker-2-tc2/source:/opt/rustwide/workdir:ro,Z" "-v" "/var/lib/crater-agent-workspace/cargo-home:/opt/rustwide/cargo-home:ro,Z" "-v" "/var/lib/crater-agent-workspace/rustup-home:/opt/rustwide/rustup-home:ro,Z" "-e" "SOURCE_DIR=/opt/rustwide/workdir" "-e" "CARGO_TARGET_DIR=/opt/rustwide/target" "-e" "CARGO_INCREMENTAL=0" "-e" "RUST_BACKTRACE=full" "-e" "RUSTFLAGS=--cap-lints=forbid -Zrandomize-layout" "-e" "RUSTDOCFLAGS=--cap-lints=forbid" "-e" "CARGO_HOME=/opt/rustwide/cargo-home" "-e" "RUSTUP_HOME=/opt/rustwide/rustup-home" "-w" "/opt/rustwide/workdir" "-m" "1610612736" "--user" "0:0" "--network" "none" "ghcr.io/rust-lang/crates-build-env/linux@sha256:819108c5571ea2e421544af4d832f968d213c87fbe3707a016657f43d2f853bc" "/opt/rustwide/cargo-home/bin/cargo" "+nightly-2025-01-18" "test" "--frozen" "--no-run" "--message-format=json", kill_on_drop: false }`
[INFO] [stdout] c64ede73439127a9cdd8b7b7a91293ab7018c9715050aea2966b49ee31eb65d1
[INFO] running `Command { std: "docker" "start" "-a" "c64ede73439127a9cdd8b7b7a91293ab7018c9715050aea2966b49ee31eb65d1", kill_on_drop: false }`
[INFO] [stderr] warning: no edition set: defaulting to the 2015 edition while the latest is 2024
[INFO] [stderr] warning: unused manifest key: package.licence
[INFO] [stdout] warning: unnecessary qualification
[INFO] [stdout]   --> src/asymmetric/sign.rs:42:86
[INFO] [stdout]    |
[INFO] [stdout] 42 | pub fn key_gen_to_file<P: AsRef<Path> + Display + Clone>(file_path: P) where String: std::convert::From<P> {
[INFO] [stdout]    |                                                                                      ^^^^^^^^^^^^^^^^^^^^^
[INFO] [stdout]    |
[INFO] [stdout] note: the lint level is defined here
[INFO] [stdout]   --> src/lib.rs:27:9
[INFO] [stdout]    |
[INFO] [stdout] 27 | #![warn(unused_qualifications)]
[INFO] [stdout]    |         ^^^^^^^^^^^^^^^^^^^^^
[INFO] [stdout] help: remove the unnecessary path segments
[INFO] [stdout]    |
[INFO] [stdout] 42 - pub fn key_gen_to_file<P: AsRef<Path> + Display + Clone>(file_path: P) where String: std::convert::From<P> {
[INFO] [stdout] 42 + pub fn key_gen_to_file<P: AsRef<Path> + Display + Clone>(file_path: P) where String: From<P> {
[INFO] [stdout]    |
[INFO] [stdout] 
[INFO] [stdout] 
[INFO] [stdout] warning: use of deprecated macro `try`: use the `?` operator instead
[INFO] [stdout]    --> src/asymmetric/commitments.rs:263:20
[INFO] [stdout]     |
[INFO] [stdout] 263 |     let mut file = try!(fs::OpenOptions::new()
[INFO] [stdout]     |                    ^^^
[INFO] [stdout]     |
[INFO] [stdout]     = note: `#[warn(deprecated)]` on by default
[INFO] [stdout] 
[INFO] [stdout] 
[INFO] [stdout] warning: use of deprecated macro `try`: use the `?` operator instead
[INFO] [stdout]    --> src/asymmetric/commitments.rs:272:13
[INFO] [stdout]     |
[INFO] [stdout] 272 |     let _ = try!(file.write(&p.to_str_radix(16).into_bytes()));
[INFO] [stdout]     |             ^^^
[INFO] [stdout] 
[INFO] [stdout] 
[INFO] [stdout] warning: use of deprecated macro `try`: use the `?` operator instead
[INFO] [stdout]    --> src/asymmetric/commitments.rs:273:13
[INFO] [stdout]     |
[INFO] [stdout] 273 |     let _ = try!(file.write(b"\n"));
[INFO] [stdout]     |             ^^^
[INFO] [stdout] 
[INFO] [stdout] 
[INFO] [stdout] warning: use of deprecated macro `try`: use the `?` operator instead
[INFO] [stdout]    --> src/asymmetric/commitments.rs:274:13
[INFO] [stdout]     |
[INFO] [stdout] 274 |     let _ = try!(file.write(&q.to_str_radix(16).into_bytes()));
[INFO] [stdout]     |             ^^^
[INFO] [stdout] 
[INFO] [stdout] 
[INFO] [stdout] warning: use of deprecated macro `try`: use the `?` operator instead
[INFO] [stdout]    --> src/asymmetric/commitments.rs:275:13
[INFO] [stdout]     |
[INFO] [stdout] 275 |     let _ = try!(file.write(b"\n"));
[INFO] [stdout]     |             ^^^
[INFO] [stdout] 
[INFO] [stdout] 
[INFO] [stdout] warning: use of deprecated macro `try`: use the `?` operator instead
[INFO] [stdout]    --> src/asymmetric/commitments.rs:276:13
[INFO] [stdout]     |
[INFO] [stdout] 276 |     let _ = try!(file.write(&g.to_str_radix(16).into_bytes()));
[INFO] [stdout]     |             ^^^
[INFO] [stdout] 
[INFO] [stdout] 
[INFO] [stdout] warning: use of deprecated macro `try`: use the `?` operator instead
[INFO] [stdout]    --> src/asymmetric/commitments.rs:277:13
[INFO] [stdout]     |
[INFO] [stdout] 277 |     let _ = try!(file.write(b"\n"));
[INFO] [stdout]     |             ^^^
[INFO] [stdout] 
[INFO] [stdout] 
[INFO] [stdout] warning: use of deprecated macro `try`: use the `?` operator instead
[INFO] [stdout]    --> src/asymmetric/commitments.rs:278:13
[INFO] [stdout]     |
[INFO] [stdout] 278 |     let _ = try!(file.write(&h.to_str_radix(16).into_bytes()));
[INFO] [stdout]     |             ^^^
[INFO] [stdout] 
[INFO] [stdout] 
[INFO] [stdout] warning: use of deprecated macro `try`: use the `?` operator instead
[INFO] [stdout]    --> src/asymmetric/commitments.rs:289:5
[INFO] [stdout]     |
[INFO] [stdout] 289 |     try!(reader.read_line(&mut p_str));
[INFO] [stdout]     |     ^^^
[INFO] [stdout] 
[INFO] [stdout] 
[INFO] [stdout] warning: use of deprecated macro `try`: use the `?` operator instead
[INFO] [stdout]    --> src/asymmetric/commitments.rs:290:5
[INFO] [stdout]     |
[INFO] [stdout] 290 |     try!(reader.read_line(&mut q_str));
[INFO] [stdout]     |     ^^^
[INFO] [stdout] 
[INFO] [stdout] 
[INFO] [stdout] warning: use of deprecated macro `try`: use the `?` operator instead
[INFO] [stdout]    --> src/asymmetric/commitments.rs:291:5
[INFO] [stdout]     |
[INFO] [stdout] 291 |     try!(reader.read_line(&mut g_str));
[INFO] [stdout]     |     ^^^
[INFO] [stdout] 
[INFO] [stdout] 
[INFO] [stdout] warning: use of deprecated macro `try`: use the `?` operator instead
[INFO] [stdout]    --> src/asymmetric/commitments.rs:292:5
[INFO] [stdout]     |
[INFO] [stdout] 292 |     try!(reader.read_line(&mut h_str));
[INFO] [stdout]     |     ^^^
[INFO] [stdout] 
[INFO] [stdout] 
[INFO] [stdout] warning: use of deprecated macro `try`: use the `?` operator instead
[INFO] [stdout]    --> src/asymmetric/commitments.rs:285:16
[INFO] [stdout]     |
[INFO] [stdout] 285 |     let file = try!(fs::File::open(path));
[INFO] [stdout]     |                ^^^
[INFO] [stdout] 
[INFO] [stdout] 
[INFO] [stderr]    Compiling proj_crypto v0.2.0 (/opt/rustwide/workdir)
[INFO] [stdout] warning: unused import: `std::str`
[INFO] [stdout]    --> src/symmetric/mod.rs:210:9
[INFO] [stdout]     |
[INFO] [stdout] 210 |     use std::str;
[INFO] [stdout]     |         ^^^^^^^^
[INFO] [stdout]     |
[INFO] [stdout]     = note: `#[warn(unused_imports)]` on by default
[INFO] [stdout] 
[INFO] [stdout] 
[INFO] [stdout] warning: unnecessary qualification
[INFO] [stdout]   --> src/asymmetric/sign.rs:42:86
[INFO] [stdout]    |
[INFO] [stdout] 42 | pub fn key_gen_to_file<P: AsRef<Path> + Display + Clone>(file_path: P) where String: std::convert::From<P> {
[INFO] [stdout]    |                                                                                      ^^^^^^^^^^^^^^^^^^^^^
[INFO] [stdout]    |
[INFO] [stdout] note: the lint level is defined here
[INFO] [stdout]   --> src/lib.rs:27:9
[INFO] [stdout]    |
[INFO] [stdout] 27 | #![warn(unused_qualifications)]
[INFO] [stdout]    |         ^^^^^^^^^^^^^^^^^^^^^
[INFO] [stdout] help: remove the unnecessary path segments
[INFO] [stdout]    |
[INFO] [stdout] 42 - pub fn key_gen_to_file<P: AsRef<Path> + Display + Clone>(file_path: P) where String: std::convert::From<P> {
[INFO] [stdout] 42 + pub fn key_gen_to_file<P: AsRef<Path> + Display + Clone>(file_path: P) where String: From<P> {
[INFO] [stdout]    |
[INFO] [stdout] 
[INFO] [stdout] 
[INFO] [stdout] warning: use of deprecated macro `try`: use the `?` operator instead
[INFO] [stdout]    --> src/asymmetric/commitments.rs:263:20
[INFO] [stdout]     |
[INFO] [stdout] 263 |     let mut file = try!(fs::OpenOptions::new()
[INFO] [stdout]     |                    ^^^
[INFO] [stdout]     |
[INFO] [stdout]     = note: `#[warn(deprecated)]` on by default
[INFO] [stdout] 
[INFO] [stdout] 
[INFO] [stdout] warning: use of deprecated macro `try`: use the `?` operator instead
[INFO] [stdout]    --> src/asymmetric/commitments.rs:272:13
[INFO] [stdout]     |
[INFO] [stdout] 272 |     let _ = try!(file.write(&p.to_str_radix(16).into_bytes()));
[INFO] [stdout]     |             ^^^
[INFO] [stdout] 
[INFO] [stdout] 
[INFO] [stdout] warning: use of deprecated macro `try`: use the `?` operator instead
[INFO] [stdout]    --> src/asymmetric/commitments.rs:273:13
[INFO] [stdout]     |
[INFO] [stdout] 273 |     let _ = try!(file.write(b"\n"));
[INFO] [stdout]     |             ^^^
[INFO] [stdout] 
[INFO] [stdout] 
[INFO] [stdout] warning: use of deprecated macro `try`: use the `?` operator instead
[INFO] [stdout]    --> src/asymmetric/commitments.rs:274:13
[INFO] [stdout]     |
[INFO] [stdout] 274 |     let _ = try!(file.write(&q.to_str_radix(16).into_bytes()));
[INFO] [stdout]     |             ^^^
[INFO] [stdout] 
[INFO] [stdout] 
[INFO] [stdout] warning: use of deprecated macro `try`: use the `?` operator instead
[INFO] [stdout]    --> src/asymmetric/commitments.rs:275:13
[INFO] [stdout]     |
[INFO] [stdout] 275 |     let _ = try!(file.write(b"\n"));
[INFO] [stdout]     |             ^^^
[INFO] [stdout] 
[INFO] [stdout] 
[INFO] [stdout] warning: use of deprecated macro `try`: use the `?` operator instead
[INFO] [stdout]    --> src/asymmetric/commitments.rs:276:13
[INFO] [stdout]     |
[INFO] [stdout] 276 |     let _ = try!(file.write(&g.to_str_radix(16).into_bytes()));
[INFO] [stdout]     |             ^^^
[INFO] [stdout] 
[INFO] [stdout] 
[INFO] [stdout] warning: use of deprecated macro `try`: use the `?` operator instead
[INFO] [stdout]    --> src/asymmetric/commitments.rs:277:13
[INFO] [stdout]     |
[INFO] [stdout] 277 |     let _ = try!(file.write(b"\n"));
[INFO] [stdout]     |             ^^^
[INFO] [stdout] 
[INFO] [stdout] 
[INFO] [stdout] warning: use of deprecated macro `try`: use the `?` operator instead
[INFO] [stdout]    --> src/asymmetric/commitments.rs:278:13
[INFO] [stdout]     |
[INFO] [stdout] 278 |     let _ = try!(file.write(&h.to_str_radix(16).into_bytes()));
[INFO] [stdout]     |             ^^^
[INFO] [stdout] 
[INFO] [stdout] 
[INFO] [stdout] warning: use of deprecated macro `try`: use the `?` operator instead
[INFO] [stdout]    --> src/asymmetric/commitments.rs:289:5
[INFO] [stdout]     |
[INFO] [stdout] 289 |     try!(reader.read_line(&mut p_str));
[INFO] [stdout]     |     ^^^
[INFO] [stdout] 
[INFO] [stdout] 
[INFO] [stdout] warning: use of deprecated macro `try`: use the `?` operator instead
[INFO] [stdout]    --> src/asymmetric/commitments.rs:290:5
[INFO] [stdout]     |
[INFO] [stdout] 290 |     try!(reader.read_line(&mut q_str));
[INFO] [stdout]     |     ^^^
[INFO] [stdout] 
[INFO] [stdout] 
[INFO] [stdout] warning: use of deprecated macro `try`: use the `?` operator instead
[INFO] [stdout]    --> src/asymmetric/commitments.rs:291:5
[INFO] [stdout]     |
[INFO] [stdout] 291 |     try!(reader.read_line(&mut g_str));
[INFO] [stdout]     |     ^^^
[INFO] [stdout] 
[INFO] [stdout] 
[INFO] [stdout] warning: use of deprecated macro `try`: use the `?` operator instead
[INFO] [stdout]    --> src/asymmetric/commitments.rs:292:5
[INFO] [stdout]     |
[INFO] [stdout] 292 |     try!(reader.read_line(&mut h_str));
[INFO] [stdout]     |     ^^^
[INFO] [stdout] 
[INFO] [stdout] 
[INFO] [stdout] warning: use of deprecated macro `try`: use the `?` operator instead
[INFO] [stdout]    --> src/asymmetric/commitments.rs:285:16
[INFO] [stdout]     |
[INFO] [stdout] 285 |     let file = try!(fs::File::open(path));
[INFO] [stdout]     |                ^^^
[INFO] [stdout] 
[INFO] [stdout] 
[INFO] [stderr]     Finished `test` profile [unoptimized + debuginfo] target(s) in 0.85s
[INFO] running `Command { std: "docker" "inspect" "c64ede73439127a9cdd8b7b7a91293ab7018c9715050aea2966b49ee31eb65d1", kill_on_drop: false }`
[INFO] running `Command { std: "docker" "rm" "-f" "c64ede73439127a9cdd8b7b7a91293ab7018c9715050aea2966b49ee31eb65d1", kill_on_drop: false }`
[INFO] [stdout] c64ede73439127a9cdd8b7b7a91293ab7018c9715050aea2966b49ee31eb65d1
[INFO] running `Command { std: "docker" "create" "-v" "/var/lib/crater-agent-workspace/builds/worker-2-tc2/target:/opt/rustwide/target:rw,Z" "-v" "/var/lib/crater-agent-workspace/builds/worker-2-tc2/source:/opt/rustwide/workdir:ro,Z" "-v" "/var/lib/crater-agent-workspace/cargo-home:/opt/rustwide/cargo-home:ro,Z" "-v" "/var/lib/crater-agent-workspace/rustup-home:/opt/rustwide/rustup-home:ro,Z" "-e" "SOURCE_DIR=/opt/rustwide/workdir" "-e" "CARGO_TARGET_DIR=/opt/rustwide/target" "-e" "CARGO_INCREMENTAL=0" "-e" "RUST_BACKTRACE=full" "-e" "RUSTFLAGS=--cap-lints=forbid -Zrandomize-layout" "-e" "RUSTDOCFLAGS=--cap-lints=forbid" "-e" "CARGO_HOME=/opt/rustwide/cargo-home" "-e" "RUSTUP_HOME=/opt/rustwide/rustup-home" "-w" "/opt/rustwide/workdir" "-m" "1610612736" "--user" "0:0" "--network" "none" "ghcr.io/rust-lang/crates-build-env/linux@sha256:819108c5571ea2e421544af4d832f968d213c87fbe3707a016657f43d2f853bc" "/opt/rustwide/cargo-home/bin/cargo" "+nightly-2025-01-18" "test" "--frozen", kill_on_drop: false }`
[INFO] [stdout] 64d11bf225b289e3f74b22572cd78c87659533ff719224a5fa9eb22c8bae2c30
[INFO] running `Command { std: "docker" "start" "-a" "64d11bf225b289e3f74b22572cd78c87659533ff719224a5fa9eb22c8bae2c30", kill_on_drop: false }`
[INFO] [stderr] warning: no edition set: defaulting to the 2015 edition while the latest is 2024
[INFO] [stderr] warning: unused manifest key: package.licence
[INFO] [stderr] warning: unnecessary qualification
[INFO] [stderr]   --> src/asymmetric/sign.rs:42:86
[INFO] [stderr]    |
[INFO] [stderr] 42 | pub fn key_gen_to_file<P: AsRef<Path> + Display + Clone>(file_path: P) where String: std::convert::From<P> {
[INFO] [stderr]    |                                                                                      ^^^^^^^^^^^^^^^^^^^^^
[INFO] [stderr]    |
[INFO] [stderr] note: the lint level is defined here
[INFO] [stderr]   --> src/lib.rs:27:9
[INFO] [stderr]    |
[INFO] [stderr] 27 | #![warn(unused_qualifications)]
[INFO] [stderr]    |         ^^^^^^^^^^^^^^^^^^^^^
[INFO] [stderr] help: remove the unnecessary path segments
[INFO] [stderr]    |
[INFO] [stderr] 42 - pub fn key_gen_to_file<P: AsRef<Path> + Display + Clone>(file_path: P) where String: std::convert::From<P> {
[INFO] [stderr] 42 + pub fn key_gen_to_file<P: AsRef<Path> + Display + Clone>(file_path: P) where String: From<P> {
[INFO] [stderr]    |
[INFO] [stderr] 
[INFO] [stderr] warning: use of deprecated macro `try`: use the `?` operator instead
[INFO] [stderr]    --> src/asymmetric/commitments.rs:263:20
[INFO] [stderr]     |
[INFO] [stderr] 263 |     let mut file = try!(fs::OpenOptions::new()
[INFO] [stderr]     |                    ^^^
[INFO] [stderr]     |
[INFO] [stderr]     = note: `#[warn(deprecated)]` on by default
[INFO] [stderr] 
[INFO] [stderr] warning: use of deprecated macro `try`: use the `?` operator instead
[INFO] [stderr]    --> src/asymmetric/commitments.rs:272:13
[INFO] [stderr]     |
[INFO] [stderr] 272 |     let _ = try!(file.write(&p.to_str_radix(16).into_bytes()));
[INFO] [stderr]     |             ^^^
[INFO] [stderr] 
[INFO] [stderr] warning: use of deprecated macro `try`: use the `?` operator instead
[INFO] [stderr]    --> src/asymmetric/commitments.rs:273:13
[INFO] [stderr]     |
[INFO] [stderr] 273 |     let _ = try!(file.write(b"\n"));
[INFO] [stderr]     |             ^^^
[INFO] [stderr] 
[INFO] [stderr] warning: use of deprecated macro `try`: use the `?` operator instead
[INFO] [stderr]    --> src/asymmetric/commitments.rs:274:13
[INFO] [stderr]     |
[INFO] [stderr] 274 |     let _ = try!(file.write(&q.to_str_radix(16).into_bytes()));
[INFO] [stderr]     |             ^^^
[INFO] [stderr] 
[INFO] [stderr] warning: use of deprecated macro `try`: use the `?` operator instead
[INFO] [stderr]    --> src/asymmetric/commitments.rs:275:13
[INFO] [stderr]     |
[INFO] [stderr] 275 |     let _ = try!(file.write(b"\n"));
[INFO] [stderr]     |             ^^^
[INFO] [stderr] 
[INFO] [stderr] warning: use of deprecated macro `try`: use the `?` operator instead
[INFO] [stderr]    --> src/asymmetric/commitments.rs:276:13
[INFO] [stderr]     |
[INFO] [stderr] 276 |     let _ = try!(file.write(&g.to_str_radix(16).into_bytes()));
[INFO] [stderr]     |             ^^^
[INFO] [stderr] 
[INFO] [stderr] warning: use of deprecated macro `try`: use the `?` operator instead
[INFO] [stderr]    --> src/asymmetric/commitments.rs:277:13
[INFO] [stderr]     |
[INFO] [stderr] 277 |     let _ = try!(file.write(b"\n"));
[INFO] [stderr]     |             ^^^
[INFO] [stderr] 
[INFO] [stderr] warning: use of deprecated macro `try`: use the `?` operator instead
[INFO] [stderr]    --> src/asymmetric/commitments.rs:278:13
[INFO] [stderr]     |
[INFO] [stderr] 278 |     let _ = try!(file.write(&h.to_str_radix(16).into_bytes()));
[INFO] [stderr]     |             ^^^
[INFO] [stderr] 
[INFO] [stderr] warning: use of deprecated macro `try`: use the `?` operator instead
[INFO] [stderr]    --> src/asymmetric/commitments.rs:289:5
[INFO] [stderr]     |
[INFO] [stderr] 289 |     try!(reader.read_line(&mut p_str));
[INFO] [stderr]     |     ^^^
[INFO] [stderr] 
[INFO] [stderr] warning: use of deprecated macro `try`: use the `?` operator instead
[INFO] [stderr]    --> src/asymmetric/commitments.rs:290:5
[INFO] [stderr]     |
[INFO] [stderr] 290 |     try!(reader.read_line(&mut q_str));
[INFO] [stderr]     |     ^^^
[INFO] [stderr] 
[INFO] [stderr] warning: use of deprecated macro `try`: use the `?` operator instead
[INFO] [stderr]    --> src/asymmetric/commitments.rs:291:5
[INFO] [stderr]     |
[INFO] [stderr] 291 |     try!(reader.read_line(&mut g_str));
[INFO] [stderr]     |     ^^^
[INFO] [stderr] 
[INFO] [stderr] warning: use of deprecated macro `try`: use the `?` operator instead
[INFO] [stderr]    --> src/asymmetric/commitments.rs:292:5
[INFO] [stderr]     |
[INFO] [stderr] 292 |     try!(reader.read_line(&mut h_str));
[INFO] [stderr]     |     ^^^
[INFO] [stderr] 
[INFO] [stderr] warning: use of deprecated macro `try`: use the `?` operator instead
[INFO] [stderr]    --> src/asymmetric/commitments.rs:285:16
[INFO] [stderr]     |
[INFO] [stderr] 285 |     let file = try!(fs::File::open(path));
[INFO] [stderr]     |                ^^^
[INFO] [stderr] 
[INFO] [stderr] warning: `proj_crypto` (lib) generated 14 warnings (run `cargo fix --lib -p proj_crypto` to apply 1 suggestion)
[INFO] [stderr] warning: unused import: `std::str`
[INFO] [stderr]    --> src/symmetric/mod.rs:210:9
[INFO] [stderr]     |
[INFO] [stderr] 210 |     use std::str;
[INFO] [stderr]     |         ^^^^^^^^
[INFO] [stderr]     |
[INFO] [stderr]     = note: `#[warn(unused_imports)]` on by default
[INFO] [stderr] 
[INFO] [stderr] warning: `proj_crypto` (lib test) generated 15 warnings (14 duplicates) (run `cargo fix --lib -p proj_crypto --tests` to apply 1 suggestion)
[INFO] [stderr]     Finished `test` profile [unoptimized + debuginfo] target(s) in 0.02s
[INFO] [stderr]      Running unittests src/lib.rs (/opt/rustwide/target/debug/deps/proj_crypto-2e44ff502c98c7cf)
[INFO] [stdout] 
[INFO] [stdout] running 21 tests
[INFO] [stdout] test asymmetric::commitments::tests::dh_params_file ... ignored
[INFO] [stdout] test asymmetric::commitments::tests::gen_dh_params_test ... ignored
[INFO] [stdout] test asymmetric::commitments::tests::random_prime_test ... ok
[INFO] [stdout] test asymmetric::key_exchange::tests::key_exchange_test ... ok
[INFO] [stdout] test symmetric::ratchet::tests::first ... ok
[INFO] [stdout] test asymmetric::key_id::tests::find_public_key_correct ... ok
[INFO] [stdout] test symmetric::chacha20hmacsha512256::tests::new ... ok
[INFO] [stdout] test symmetric::chacha20hmacsha512256::tests::authenticated_encryptor_decryptor ... ok
[INFO] [stdout] test symmetric::chacha20hmacsha512256::tests::authentication ... ok
[INFO] [stdout] test symmetric::chacha20hmacsha512256::tests::old_example ... ok
[INFO] [stdout] test symmetric::ratchet::tests::increase_iter_to ... ok
[INFO] [stdout] test symmetric::tests::encrypt_decrypt_zero ... ok
[INFO] [stdout] test symmetric::ratchet::tests::nth_key ... ok
[INFO] [stdout] test asymmetric::sign::tests::key_files ... FAILED
[INFO] [stdout] test asymmetric::key_id::tests::find_public_key_bad_id - should panic ... ok
[INFO] [stdout] test asymmetric::key_id::tests::find_public_key_unknown - should panic ... ok
[INFO] [stdout] test symmetric::chacha20hmacsha512256::tests::authenticated_encryptor_decryptor_corrupted_enc - should panic ... ok
[INFO] [stdout] test symmetric::chacha20hmacsha512256::tests::authenticated_encryptor_decryptor_corrupted_auth - should panic ... ok
[INFO] [stdout] test symmetric::ratchet::tests::nth_key_bad_n - should panic ... ok
[INFO] [stdout] test symmetric::tests::encrypt_decrypt_random ... ok
[INFO] [stdout] test symmetric::tests::plain_auth_random ... ok
[INFO] [stdout] 
[INFO] [stdout] failures:
[INFO] [stderr] error: test failed, to rerun pass `--lib`
[INFO] [stdout] 
[INFO] [stdout] ---- asymmetric::sign::tests::key_files stdout ----
[INFO] [stdout] 
[INFO] [stdout] thread 'asymmetric::sign::tests::key_files' panicked at src/asymmetric/sign.rs:53:19:
[INFO] [stdout] Opening file 'key_files_test_keyfile_deleteme' failed with error: Read-only file system (os error 30)
[INFO] [stdout] stack backtrace:
[INFO] [stdout]    0:     0x6302fc7239aa - std::backtrace_rs::backtrace::libunwind::trace::hb059275cfc8d6126
[INFO] [stdout]                                at /rustc/6067b36314ab5eb2eb47cecc464545ba58e1ad24/library/std/src/../../backtrace/src/backtrace/libunwind.rs:116:5
[INFO] [stdout]    1:     0x6302fc7239aa - std::backtrace_rs::backtrace::trace_unsynchronized::h2da071e4327ce3ee
[INFO] [stdout]                                at /rustc/6067b36314ab5eb2eb47cecc464545ba58e1ad24/library/std/src/../../backtrace/src/backtrace/mod.rs:66:5
[INFO] [stdout]    2:     0x6302fc7239aa - std::sys::backtrace::_print_fmt::h842a1474e6f8d23f
[INFO] [stdout]                                at /rustc/6067b36314ab5eb2eb47cecc464545ba58e1ad24/library/std/src/sys/backtrace.rs:66:9
[INFO] [stdout]    3:     0x6302fc7239aa - <std::sys::backtrace::BacktraceLock::print::DisplayBacktrace as core::fmt::Display>::fmt::h71a62eb3b9696b12
[INFO] [stdout]                                at /rustc/6067b36314ab5eb2eb47cecc464545ba58e1ad24/library/std/src/sys/backtrace.rs:39:26
[INFO] [stdout]    4:     0x6302fc74b083 - core::fmt::rt::Argument::fmt::hdb6b616786b41dc1
[INFO] [stdout]                                at /rustc/6067b36314ab5eb2eb47cecc464545ba58e1ad24/library/core/src/fmt/rt.rs:177:76
[INFO] [stdout]    5:     0x6302fc74b083 - core::fmt::write::h2cc1698af7e2d686
[INFO] [stdout]                                at /rustc/6067b36314ab5eb2eb47cecc464545ba58e1ad24/library/core/src/fmt/mod.rs:1440:21
[INFO] [stdout]    6:     0x6302fc720453 - std::io::Write::write_fmt::hab1b4cd059a79022
[INFO] [stdout]                                at /rustc/6067b36314ab5eb2eb47cecc464545ba58e1ad24/library/std/src/io/mod.rs:1887:15
[INFO] [stdout]    7:     0x6302fc7237f2 - std::sys::backtrace::BacktraceLock::print::h147fe35b4ea13b08
[INFO] [stdout]                                at /rustc/6067b36314ab5eb2eb47cecc464545ba58e1ad24/library/std/src/sys/backtrace.rs:42:9
[INFO] [stdout]    8:     0x6302fc724dcf - std::panicking::default_hook::{{closure}}::hbd44223dbdc0d208
[INFO] [stdout]                                at /rustc/6067b36314ab5eb2eb47cecc464545ba58e1ad24/library/std/src/panicking.rs:298:22
[INFO] [stdout]    9:     0x6302fc724be8 - std::panicking::default_hook::h20f81eb0576efcec
[INFO] [stdout]                                at /rustc/6067b36314ab5eb2eb47cecc464545ba58e1ad24/library/std/src/panicking.rs:322:9
[INFO] [stdout]   10:     0x6302fc6e5563 - <alloc::boxed::Box<F,A> as core::ops::function::Fn<Args>>::call::hdb53814c496a4d34
[INFO] [stdout]                                at /rustc/6067b36314ab5eb2eb47cecc464545ba58e1ad24/library/alloc/src/boxed.rs:2027:9
[INFO] [stdout]   11:     0x6302fc6e5563 - test::test_main::{{closure}}::hc0a4963c59427c24
[INFO] [stdout]                                at /rustc/6067b36314ab5eb2eb47cecc464545ba58e1ad24/library/test/src/lib.rs:134:21
[INFO] [stdout]   12:     0x6302fc7258c3 - <alloc::boxed::Box<F,A> as core::ops::function::Fn<Args>>::call::h591b2225413a77e9
[INFO] [stdout]                                at /rustc/6067b36314ab5eb2eb47cecc464545ba58e1ad24/library/alloc/src/boxed.rs:2027:9
[INFO] [stdout]   13:     0x6302fc7258c3 - std::panicking::rust_panic_with_hook::h625eea43051b2edc
[INFO] [stdout]                                at /rustc/6067b36314ab5eb2eb47cecc464545ba58e1ad24/library/std/src/panicking.rs:839:13
[INFO] [stdout]   14:     0x6302fc72557a - std::panicking::begin_panic_handler::{{closure}}::h4f9159cfbc3f6bd3
[INFO] [stdout]                                at /rustc/6067b36314ab5eb2eb47cecc464545ba58e1ad24/library/std/src/panicking.rs:704:13
[INFO] [stdout]   15:     0x6302fc723ea9 - std::sys::backtrace::__rust_end_short_backtrace::h0390abce48353151
[INFO] [stdout]                                at /rustc/6067b36314ab5eb2eb47cecc464545ba58e1ad24/library/std/src/sys/backtrace.rs:168:18
[INFO] [stdout]   16:     0x6302fc72520d - rust_begin_unwind
[INFO] [stdout]                                at /rustc/6067b36314ab5eb2eb47cecc464545ba58e1ad24/library/std/src/panicking.rs:695:5
[INFO] [stdout]   17:     0x6302fc749b00 - core::panicking::panic_fmt::h9e7c637e9e5f29c9
[INFO] [stdout]                                at /rustc/6067b36314ab5eb2eb47cecc464545ba58e1ad24/library/core/src/panicking.rs:75:14
[INFO] [stdout]   18:     0x6302fc69aa79 - proj_crypto::asymmetric::sign::key_gen_to_file::h32242706978d8524
[INFO] [stdout]                                at /opt/rustwide/workdir/src/asymmetric/sign.rs:53:19
[INFO] [stdout]   19:     0x6302fc69db2a - proj_crypto::asymmetric::sign::tests::key_files::h42d5d8932c227910
[INFO] [stdout]                                at /opt/rustwide/workdir/src/asymmetric/sign.rs:201:9
[INFO] [stdout]   20:     0x6302fc69da97 - proj_crypto::asymmetric::sign::tests::key_files::{{closure}}::hb1a82aa0ba61a90a
[INFO] [stdout]                                at /opt/rustwide/workdir/src/asymmetric/sign.rs:197:19
[INFO] [stdout]   21:     0x6302fc696b76 - core::ops::function::FnOnce::call_once::h40a5959baf95d553
[INFO] [stdout]                                at /rustc/6067b36314ab5eb2eb47cecc464545ba58e1ad24/library/core/src/ops/function.rs:250:5
[INFO] [stdout]   22:     0x6302fc6eacbb - core::ops::function::FnOnce::call_once::he27718dfdd183f43
[INFO] [stdout]                                at /rustc/6067b36314ab5eb2eb47cecc464545ba58e1ad24/library/core/src/ops/function.rs:250:5
[INFO] [stdout]   23:     0x6302fc6eacbb - test::__rust_begin_short_backtrace::h4e84902998457a5d
[INFO] [stdout]                                at /rustc/6067b36314ab5eb2eb47cecc464545ba58e1ad24/library/test/src/lib.rs:632:18
[INFO] [stdout]   24:     0x6302fc6e9bf3 - test::run_test_in_process::{{closure}}::h7176fd18fc1feca0
[INFO] [stdout]                                at /rustc/6067b36314ab5eb2eb47cecc464545ba58e1ad24/library/test/src/lib.rs:655:60
[INFO] [stdout]   25:     0x6302fc6e9bf3 - <core::panic::unwind_safe::AssertUnwindSafe<F> as core::ops::function::FnOnce<()>>::call_once::hf79cff2a624d8cf7
[INFO] [stdout]                                at /rustc/6067b36314ab5eb2eb47cecc464545ba58e1ad24/library/core/src/panic/unwind_safe.rs:272:9
[INFO] [stdout]   26:     0x6302fc6e9bf3 - std::panicking::try::do_call::h3da0561d9ab99c25
[INFO] [stdout]                                at /rustc/6067b36314ab5eb2eb47cecc464545ba58e1ad24/library/std/src/panicking.rs:587:40
[INFO] [stdout]   27:     0x6302fc6e9bf3 - std::panicking::try::h41c9fa508bc61df6
[INFO] [stdout]                                at /rustc/6067b36314ab5eb2eb47cecc464545ba58e1ad24/library/std/src/panicking.rs:550:19
[INFO] [stdout]   28:     0x6302fc6e9bf3 - std::panic::catch_unwind::h6b3ff07bb5afad93
[INFO] [stdout]                                at /rustc/6067b36314ab5eb2eb47cecc464545ba58e1ad24/library/std/src/panic.rs:358:14
[INFO] [stdout]   29:     0x6302fc6e9bf3 - test::run_test_in_process::hc7253dd11b39b9f4
[INFO] [stdout]                                at /rustc/6067b36314ab5eb2eb47cecc464545ba58e1ad24/library/test/src/lib.rs:655:27
[INFO] [stdout]   30:     0x6302fc6e9bf3 - test::run_test::{{closure}}::hfb2007f8649c30bb
[INFO] [stdout]                                at /rustc/6067b36314ab5eb2eb47cecc464545ba58e1ad24/library/test/src/lib.rs:576:43
[INFO] [stdout]   31:     0x6302fc6accd5 - test::run_test::{{closure}}::h56a17aa7a282a9f4
[INFO] [stdout]                                at /rustc/6067b36314ab5eb2eb47cecc464545ba58e1ad24/library/test/src/lib.rs:606:41
[INFO] [stdout]   32:     0x6302fc6accd5 - std::sys::backtrace::__rust_begin_short_backtrace::hd2d2d2fb8e8c6aac
[INFO] [stdout]                                at /rustc/6067b36314ab5eb2eb47cecc464545ba58e1ad24/library/std/src/sys/backtrace.rs:152:18
[INFO] [stdout]   33:     0x6302fc6b05ba - std::thread::Builder::spawn_unchecked_::{{closure}}::{{closure}}::h4faa3f9db6133423
[INFO] [stdout]                                at /rustc/6067b36314ab5eb2eb47cecc464545ba58e1ad24/library/std/src/thread/mod.rs:559:17
[INFO] [stdout]   34:     0x6302fc6b05ba - <core::panic::unwind_safe::AssertUnwindSafe<F> as core::ops::function::FnOnce<()>>::call_once::hf2e855a36a4ea846
[INFO] [stdout]                                at /rustc/6067b36314ab5eb2eb47cecc464545ba58e1ad24/library/core/src/panic/unwind_safe.rs:272:9
[INFO] [stdout]   35:     0x6302fc6b05ba - std::panicking::try::do_call::h2f73af3616c35465
[INFO] [stdout]                                at /rustc/6067b36314ab5eb2eb47cecc464545ba58e1ad24/library/std/src/panicking.rs:587:40
[INFO] [stdout]   36:     0x6302fc6b05ba - std::panicking::try::hd1660ce9efadef5a
[INFO] [stdout]                                at /rustc/6067b36314ab5eb2eb47cecc464545ba58e1ad24/library/std/src/panicking.rs:550:19
[INFO] [stdout]   37:     0x6302fc6b05ba - std::panic::catch_unwind::h5ee8d7823b8ca744
[INFO] [stdout]                                at /rustc/6067b36314ab5eb2eb47cecc464545ba58e1ad24/library/std/src/panic.rs:358:14
[INFO] [stdout]   38:     0x6302fc6b05ba - std::thread::Builder::spawn_unchecked_::{{closure}}::h53c3a1894dce8407
[INFO] [stdout]                                at /rustc/6067b36314ab5eb2eb47cecc464545ba58e1ad24/library/std/src/thread/mod.rs:557:30
[INFO] [stdout]   39:     0x6302fc6b05ba - core::ops::function::FnOnce::call_once{{vtable.shim}}::h048ce291ad4f62bf
[INFO] [stdout]                                at /rustc/6067b36314ab5eb2eb47cecc464545ba58e1ad24/library/core/src/ops/function.rs:250:5
[INFO] [stdout]   40:     0x6302fc7298eb - <alloc::boxed::Box<F,A> as core::ops::function::FnOnce<Args>>::call_once::ha52bedf99a3b4981
[INFO] [stdout]                                at /rustc/6067b36314ab5eb2eb47cecc464545ba58e1ad24/library/alloc/src/boxed.rs:2013:9
[INFO] [stdout]   41:     0x6302fc7298eb - <alloc::boxed::Box<F,A> as core::ops::function::FnOnce<Args>>::call_once::h567748934d80ccf8
[INFO] [stdout]                                at /rustc/6067b36314ab5eb2eb47cecc464545ba58e1ad24/library/alloc/src/boxed.rs:2013:9
[INFO] [stdout]   42:     0x6302fc7298eb - std::sys::pal::unix::thread::Thread::new::thread_start::h2d970728ae887adc
[INFO] [stdout]                                at /rustc/6067b36314ab5eb2eb47cecc464545ba58e1ad24/library/std/src/sys/pal/unix/thread.rs:106:17
[INFO] [stdout]   43:     0x7a65a26e3ac3 - <unknown>
[INFO] [stdout]   44:     0x7a65a2774a04 - clone
[INFO] [stdout]   45:                0x0 - <unknown>
[INFO] [stdout] 
[INFO] [stdout] 
[INFO] [stdout] failures:
[INFO] [stdout]     asymmetric::sign::tests::key_files
[INFO] [stdout] 
[INFO] [stdout] test result: FAILED. 18 passed; 1 failed; 2 ignored; 0 measured; 0 filtered out; finished in 0.22s
[INFO] [stdout] 
[INFO] running `Command { std: "docker" "inspect" "64d11bf225b289e3f74b22572cd78c87659533ff719224a5fa9eb22c8bae2c30", kill_on_drop: false }`
[INFO] running `Command { std: "docker" "rm" "-f" "64d11bf225b289e3f74b22572cd78c87659533ff719224a5fa9eb22c8bae2c30", kill_on_drop: false }`
[INFO] [stdout] 64d11bf225b289e3f74b22572cd78c87659533ff719224a5fa9eb22c8bae2c30
