[INFO] cloning repository https://github.com/sylvain-reynaud/graphdb-rs
[INFO] running `Command { std: "git" "-c" "credential.helper=" "-c" "credential.helper=/workspace/cargo-home/bin/git-credential-null" "clone" "--bare" "https://github.com/sylvain-reynaud/graphdb-rs" "/workspace/cache/git-repos/https%3A%2F%2Fgithub.com%2Fsylvain-reynaud%2Fgraphdb-rs", kill_on_drop: false }`
[INFO] [stderr] Cloning into bare repository '/workspace/cache/git-repos/https%3A%2F%2Fgithub.com%2Fsylvain-reynaud%2Fgraphdb-rs'...
[INFO] running `Command { std: "git" "rev-parse" "HEAD", kill_on_drop: false }`
[INFO] [stdout] 7e10d2b8d94c76b4efe8cd6ad5ba6310fe0d4c27
[INFO] testing sylvain-reynaud/graphdb-rs against nightly-2025-01-18 for randomize-layout-2
[INFO] running `Command { std: "git" "clone" "/workspace/cache/git-repos/https%3A%2F%2Fgithub.com%2Fsylvain-reynaud%2Fgraphdb-rs" "/workspace/builds/worker-1-tc1/source", kill_on_drop: false }`
[INFO] [stderr] Cloning into '/workspace/builds/worker-1-tc1/source'...
[INFO] [stderr] done.
[INFO] validating manifest of git repo https://github.com/sylvain-reynaud/graphdb-rs on toolchain nightly-2025-01-18
[INFO] running `Command { std: CARGO_HOME="/workspace/cargo-home" RUSTUP_HOME="/workspace/rustup-home" "/workspace/cargo-home/bin/cargo" "+nightly-2025-01-18" "metadata" "--manifest-path" "Cargo.toml" "--no-deps", kill_on_drop: false }`
[INFO] started tweaking git repo https://github.com/sylvain-reynaud/graphdb-rs
[INFO] finished tweaking git repo https://github.com/sylvain-reynaud/graphdb-rs
[INFO] tweaked toml for git repo https://github.com/sylvain-reynaud/graphdb-rs written to /workspace/builds/worker-1-tc1/source/Cargo.toml
[INFO] crate git repo https://github.com/sylvain-reynaud/graphdb-rs already has a lockfile, it will not be regenerated
[INFO] running `Command { std: CARGO_HOME="/workspace/cargo-home" RUSTUP_HOME="/workspace/rustup-home" "/workspace/cargo-home/bin/cargo" "+nightly-2025-01-18" "fetch" "--manifest-path" "Cargo.toml", kill_on_drop: false }`
[INFO] running `Command { std: "docker" "create" "-v" "/var/lib/crater-agent-workspace/builds/worker-1-tc1/target:/opt/rustwide/target:rw,Z" "-v" "/var/lib/crater-agent-workspace/builds/worker-1-tc1/source:/opt/rustwide/workdir:ro,Z" "-v" "/var/lib/crater-agent-workspace/cargo-home:/opt/rustwide/cargo-home:ro,Z" "-v" "/var/lib/crater-agent-workspace/rustup-home:/opt/rustwide/rustup-home:ro,Z" "-e" "SOURCE_DIR=/opt/rustwide/workdir" "-e" "CARGO_TARGET_DIR=/opt/rustwide/target" "-e" "CARGO_HOME=/opt/rustwide/cargo-home" "-e" "RUSTUP_HOME=/opt/rustwide/rustup-home" "-w" "/opt/rustwide/workdir" "-m" "1610612736" "--user" "0:0" "--network" "none" "ghcr.io/rust-lang/crates-build-env/linux@sha256:819108c5571ea2e421544af4d832f968d213c87fbe3707a016657f43d2f853bc" "/opt/rustwide/cargo-home/bin/cargo" "+nightly-2025-01-18" "metadata" "--no-deps" "--format-version=1", kill_on_drop: false }`
[INFO] [stdout] 3eae57cca9c2824eef43c070d87e241c50e7ef54c094d56a7fe353b29e3f942f
[INFO] running `Command { std: "docker" "start" "-a" "3eae57cca9c2824eef43c070d87e241c50e7ef54c094d56a7fe353b29e3f942f", kill_on_drop: false }`
[INFO] running `Command { std: "docker" "inspect" "3eae57cca9c2824eef43c070d87e241c50e7ef54c094d56a7fe353b29e3f942f", kill_on_drop: false }`
[INFO] running `Command { std: "docker" "rm" "-f" "3eae57cca9c2824eef43c070d87e241c50e7ef54c094d56a7fe353b29e3f942f", kill_on_drop: false }`
[INFO] [stdout] 3eae57cca9c2824eef43c070d87e241c50e7ef54c094d56a7fe353b29e3f942f
[INFO] running `Command { std: "docker" "create" "-v" "/var/lib/crater-agent-workspace/builds/worker-1-tc1/target:/opt/rustwide/target:rw,Z" "-v" "/var/lib/crater-agent-workspace/builds/worker-1-tc1/source:/opt/rustwide/workdir:ro,Z" "-v" "/var/lib/crater-agent-workspace/cargo-home:/opt/rustwide/cargo-home:ro,Z" "-v" "/var/lib/crater-agent-workspace/rustup-home:/opt/rustwide/rustup-home:ro,Z" "-e" "SOURCE_DIR=/opt/rustwide/workdir" "-e" "CARGO_TARGET_DIR=/opt/rustwide/target" "-e" "CARGO_INCREMENTAL=0" "-e" "RUST_BACKTRACE=full" "-e" "RUSTFLAGS=--cap-lints=forbid" "-e" "RUSTDOCFLAGS=--cap-lints=forbid" "-e" "CARGO_HOME=/opt/rustwide/cargo-home" "-e" "RUSTUP_HOME=/opt/rustwide/rustup-home" "-w" "/opt/rustwide/workdir" "-m" "1610612736" "--user" "0:0" "--network" "none" "ghcr.io/rust-lang/crates-build-env/linux@sha256:819108c5571ea2e421544af4d832f968d213c87fbe3707a016657f43d2f853bc" "/opt/rustwide/cargo-home/bin/cargo" "+nightly-2025-01-18" "build" "--frozen" "--message-format=json", kill_on_drop: false }`
[INFO] [stdout] e0bdb03785d3fbf1c4aa4f7c2d87ce4cb10b0af3e71014ce3a36bfabb9537be0
[INFO] running `Command { std: "docker" "start" "-a" "e0bdb03785d3fbf1c4aa4f7c2d87ce4cb10b0af3e71014ce3a36bfabb9537be0", kill_on_drop: false }`
[INFO] [stderr]    Compiling basic_and_recursive_traversal v0.1.0 (/opt/rustwide/workdir)
[INFO] [stdout] warning: struct `Graph` is never constructed
[INFO] [stdout]   --> src/Graph.rs:10:8
[INFO] [stdout]    |
[INFO] [stdout] 10 | struct Graph {
[INFO] [stdout]    |        ^^^^^
[INFO] [stdout]    |
[INFO] [stdout]    = note: `#[warn(dead_code)]` on by default
[INFO] [stdout] 
[INFO] [stdout] 
[INFO] [stdout] warning: struct `Property` is never constructed
[INFO] [stdout]   --> src/Graph.rs:16:8
[INFO] [stdout]    |
[INFO] [stdout] 16 | struct Property {
[INFO] [stdout]    |        ^^^^^^^^
[INFO] [stdout] 
[INFO] [stdout] 
[INFO] [stdout] warning: struct `Vertex` is never constructed
[INFO] [stdout]   --> src/Graph.rs:21:8
[INFO] [stdout]    |
[INFO] [stdout] 21 | struct Vertex {
[INFO] [stdout]    |        ^^^^^^
[INFO] [stdout] 
[INFO] [stdout] 
[INFO] [stdout] warning: trait `VecExt` is never used
[INFO] [stdout]   --> src/Graph.rs:27:7
[INFO] [stdout]    |
[INFO] [stdout] 27 | trait VecExt {
[INFO] [stdout]    |       ^^^^^^
[INFO] [stdout] 
[INFO] [stdout] 
[INFO] [stdout] warning: struct `Edge` is never constructed
[INFO] [stdout]   --> src/Graph.rs:79:8
[INFO] [stdout]    |
[INFO] [stdout] 79 | struct Edge {
[INFO] [stdout]    |        ^^^^
[INFO] [stdout] 
[INFO] [stdout] 
[INFO] [stdout] warning: associated items `new`, `addV`, `addV_with_properties`, `addE`, `V`, and `E` are never used
[INFO] [stdout]    --> src/Graph.rs:86:8
[INFO] [stdout]     |
[INFO] [stdout] 85  | impl Graph {
[INFO] [stdout]     | ---------- associated items in this implementation
[INFO] [stdout] 86  |     fn new(name: String) -> Graph {
[INFO] [stdout]     |        ^^^
[INFO] [stdout] ...
[INFO] [stdout] 94  |     fn addV(&mut self, name: String) {
[INFO] [stdout]     |        ^^^^
[INFO] [stdout] ...
[INFO] [stdout] 102 |     fn addV_with_properties(&mut self, name: String, properties: Vec<Property>) {
[INFO] [stdout]     |        ^^^^^^^^^^^^^^^^^^^^
[INFO] [stdout] ...
[INFO] [stdout] 110 |     fn addE(&mut self, name: String) -> EdgeBuilder {
[INFO] [stdout]     |        ^^^^
[INFO] [stdout] ...
[INFO] [stdout] 117 |     fn V(&self) -> &Vec<Vertex> {
[INFO] [stdout]     |        ^
[INFO] [stdout] ...
[INFO] [stdout] 121 |     fn E(&self) -> &Vec<Edge> {
[INFO] [stdout]     |        ^
[INFO] [stdout] 
[INFO] [stdout] 
[INFO] [stdout] warning: struct `EdgeBuilder` is never constructed
[INFO] [stdout]    --> src/Graph.rs:126:8
[INFO] [stdout]     |
[INFO] [stdout] 126 | struct EdgeBuilder<'a> {
[INFO] [stdout]     |        ^^^^^^^^^^^
[INFO] [stdout] 
[INFO] [stdout] 
[INFO] [stdout] warning: method `from` is never used
[INFO] [stdout]    --> src/Graph.rs:132:8
[INFO] [stdout]     |
[INFO] [stdout] 131 | impl<'a> EdgeBuilder<'a> {
[INFO] [stdout]     | ------------------------ method in this implementation
[INFO] [stdout] 132 |     fn from(self, from: String) -> EdgeToBuilder<'a> {
[INFO] [stdout]     |        ^^^^
[INFO] [stdout] 
[INFO] [stdout] 
[INFO] [stdout] warning: struct `EdgeToBuilder` is never constructed
[INFO] [stdout]    --> src/Graph.rs:140:8
[INFO] [stdout]     |
[INFO] [stdout] 140 | struct EdgeToBuilder<'a> {
[INFO] [stdout]     |        ^^^^^^^^^^^^^
[INFO] [stdout] 
[INFO] [stdout] 
[INFO] [stdout] warning: method `to` is never used
[INFO] [stdout]    --> src/Graph.rs:146:8
[INFO] [stdout]     |
[INFO] [stdout] 145 | impl<'a> EdgeToBuilder<'a> {
[INFO] [stdout]     | -------------------------- method in this implementation
[INFO] [stdout] 146 |     fn to(self, to: String) {
[INFO] [stdout]     |        ^^
[INFO] [stdout] 
[INFO] [stdout] 
[INFO] [stdout] warning: module `Graph` should have a snake case name
[INFO] [stdout]  --> src/lib.rs:1:5
[INFO] [stdout]   |
[INFO] [stdout] 1 | mod Graph;
[INFO] [stdout]   |     ^^^^^ help: convert the identifier to snake case: `graph`
[INFO] [stdout]   |
[INFO] [stdout]   = note: `#[warn(non_snake_case)]` on by default
[INFO] [stdout] 
[INFO] [stdout] 
[INFO] [stdout] warning: trait method `outE` should have a snake case name
[INFO] [stdout]   --> src/Graph.rs:31:8
[INFO] [stdout]    |
[INFO] [stdout] 31 |     fn outE(&self, edge_name: &str) -> Vec<&Edge>;
[INFO] [stdout]    |        ^^^^ help: convert the identifier to snake case: `out_e`
[INFO] [stdout] 
[INFO] [stdout] 
[INFO] [stdout] warning: trait method `inE` should have a snake case name
[INFO] [stdout]   --> src/Graph.rs:32:8
[INFO] [stdout]    |
[INFO] [stdout] 32 |     fn inE(&self, edge_name: &str) -> Vec<&Edge>;
[INFO] [stdout]    |        ^^^ help: convert the identifier to snake case: `in_e`
[INFO] [stdout] 
[INFO] [stdout] 
[INFO] [stdout] warning: method `addV` should have a snake case name
[INFO] [stdout]   --> src/Graph.rs:94:8
[INFO] [stdout]    |
[INFO] [stdout] 94 |     fn addV(&mut self, name: String) {
[INFO] [stdout]    |        ^^^^ help: convert the identifier to snake case: `add_v`
[INFO] [stdout] 
[INFO] [stdout] 
[INFO] [stdout] warning: method `addV_with_properties` should have a snake case name
[INFO] [stdout]    --> src/Graph.rs:102:8
[INFO] [stdout]     |
[INFO] [stdout] 102 |     fn addV_with_properties(&mut self, name: String, properties: Vec<Property>) {
[INFO] [stdout]     |        ^^^^^^^^^^^^^^^^^^^^ help: convert the identifier to snake case: `add_v_with_properties`
[INFO] [stdout] 
[INFO] [stdout] 
[INFO] [stdout] warning: method `addE` should have a snake case name
[INFO] [stdout]    --> src/Graph.rs:110:8
[INFO] [stdout]     |
[INFO] [stdout] 110 |     fn addE(&mut self, name: String) -> EdgeBuilder {
[INFO] [stdout]     |        ^^^^ help: convert the identifier to snake case: `add_e`
[INFO] [stdout] 
[INFO] [stdout] 
[INFO] [stdout] warning: method `V` should have a snake case name
[INFO] [stdout]    --> src/Graph.rs:117:8
[INFO] [stdout]     |
[INFO] [stdout] 117 |     fn V(&self) -> &Vec<Vertex> {
[INFO] [stdout]     |        ^ help: convert the identifier to snake case (notice the capitalization): `v`
[INFO] [stdout] 
[INFO] [stdout] 
[INFO] [stdout] warning: method `E` should have a snake case name
[INFO] [stdout]    --> src/Graph.rs:121:8
[INFO] [stdout]     |
[INFO] [stdout] 121 |     fn E(&self) -> &Vec<Edge> {
[INFO] [stdout]     |        ^ help: convert the identifier to snake case: `e`
[INFO] [stdout] 
[INFO] [stdout] 
[INFO] [stderr]     Finished `dev` profile [unoptimized + debuginfo] target(s) in 0.22s
[INFO] running `Command { std: "docker" "inspect" "e0bdb03785d3fbf1c4aa4f7c2d87ce4cb10b0af3e71014ce3a36bfabb9537be0", kill_on_drop: false }`
[INFO] running `Command { std: "docker" "rm" "-f" "e0bdb03785d3fbf1c4aa4f7c2d87ce4cb10b0af3e71014ce3a36bfabb9537be0", kill_on_drop: false }`
[INFO] [stdout] e0bdb03785d3fbf1c4aa4f7c2d87ce4cb10b0af3e71014ce3a36bfabb9537be0
[INFO] running `Command { std: "docker" "create" "-v" "/var/lib/crater-agent-workspace/builds/worker-1-tc1/target:/opt/rustwide/target:rw,Z" "-v" "/var/lib/crater-agent-workspace/builds/worker-1-tc1/source:/opt/rustwide/workdir:ro,Z" "-v" "/var/lib/crater-agent-workspace/cargo-home:/opt/rustwide/cargo-home:ro,Z" "-v" "/var/lib/crater-agent-workspace/rustup-home:/opt/rustwide/rustup-home:ro,Z" "-e" "SOURCE_DIR=/opt/rustwide/workdir" "-e" "CARGO_TARGET_DIR=/opt/rustwide/target" "-e" "CARGO_INCREMENTAL=0" "-e" "RUST_BACKTRACE=full" "-e" "RUSTFLAGS=--cap-lints=forbid" "-e" "RUSTDOCFLAGS=--cap-lints=forbid" "-e" "CARGO_HOME=/opt/rustwide/cargo-home" "-e" "RUSTUP_HOME=/opt/rustwide/rustup-home" "-w" "/opt/rustwide/workdir" "-m" "1610612736" "--user" "0:0" "--network" "none" "ghcr.io/rust-lang/crates-build-env/linux@sha256:819108c5571ea2e421544af4d832f968d213c87fbe3707a016657f43d2f853bc" "/opt/rustwide/cargo-home/bin/cargo" "+nightly-2025-01-18" "test" "--frozen" "--no-run" "--message-format=json", kill_on_drop: false }`
[INFO] [stdout] 6b4837c891f6f0ef543cf80ecc5be9a3c7d68268acd717de8ff0ab555ce774d7
[INFO] running `Command { std: "docker" "start" "-a" "6b4837c891f6f0ef543cf80ecc5be9a3c7d68268acd717de8ff0ab555ce774d7", kill_on_drop: false }`
[INFO] [stderr]    Compiling basic_and_recursive_traversal v0.1.0 (/opt/rustwide/workdir)
[INFO] [stdout] warning: struct `Graph` is never constructed
[INFO] [stdout]   --> src/Graph.rs:10:8
[INFO] [stdout]    |
[INFO] [stdout] 10 | struct Graph {
[INFO] [stdout]    |        ^^^^^
[INFO] [stdout]    |
[INFO] [stdout]    = note: `#[warn(dead_code)]` on by default
[INFO] [stdout] 
[INFO] [stdout] 
[INFO] [stdout] warning: struct `Property` is never constructed
[INFO] [stdout]   --> src/Graph.rs:16:8
[INFO] [stdout]    |
[INFO] [stdout] 16 | struct Property {
[INFO] [stdout]    |        ^^^^^^^^
[INFO] [stdout] 
[INFO] [stdout] 
[INFO] [stdout] warning: struct `Vertex` is never constructed
[INFO] [stdout]   --> src/Graph.rs:21:8
[INFO] [stdout]    |
[INFO] [stdout] 21 | struct Vertex {
[INFO] [stdout]    |        ^^^^^^
[INFO] [stdout] 
[INFO] [stdout] 
[INFO] [stdout] warning: trait `VecExt` is never used
[INFO] [stdout]   --> src/Graph.rs:27:7
[INFO] [stdout]    |
[INFO] [stdout] 27 | trait VecExt {
[INFO] [stdout]    |       ^^^^^^
[INFO] [stdout] 
[INFO] [stdout] 
[INFO] [stdout] warning: struct `Edge` is never constructed
[INFO] [stdout]   --> src/Graph.rs:79:8
[INFO] [stdout]    |
[INFO] [stdout] 79 | struct Edge {
[INFO] [stdout]    |        ^^^^
[INFO] [stdout] 
[INFO] [stdout] 
[INFO] [stdout] warning: associated items `new`, `addV`, `addV_with_properties`, `addE`, `V`, and `E` are never used
[INFO] [stdout]    --> src/Graph.rs:86:8
[INFO] [stdout]     |
[INFO] [stdout] 85  | impl Graph {
[INFO] [stdout]     | ---------- associated items in this implementation
[INFO] [stdout] 86  |     fn new(name: String) -> Graph {
[INFO] [stdout]     |        ^^^
[INFO] [stdout] ...
[INFO] [stdout] 94  |     fn addV(&mut self, name: String) {
[INFO] [stdout]     |        ^^^^
[INFO] [stdout] ...
[INFO] [stdout] 102 |     fn addV_with_properties(&mut self, name: String, properties: Vec<Property>) {
[INFO] [stdout]     |        ^^^^^^^^^^^^^^^^^^^^
[INFO] [stdout] ...
[INFO] [stdout] 110 |     fn addE(&mut self, name: String) -> EdgeBuilder {
[INFO] [stdout]     |        ^^^^
[INFO] [stdout] ...
[INFO] [stdout] 117 |     fn V(&self) -> &Vec<Vertex> {
[INFO] [stdout]     |        ^
[INFO] [stdout] ...
[INFO] [stdout] 121 |     fn E(&self) -> &Vec<Edge> {
[INFO] [stdout]     |        ^
[INFO] [stdout] 
[INFO] [stdout] 
[INFO] [stdout] warning: struct `EdgeBuilder` is never constructed
[INFO] [stdout]    --> src/Graph.rs:126:8
[INFO] [stdout]     |
[INFO] [stdout] 126 | struct EdgeBuilder<'a> {
[INFO] [stdout]     |        ^^^^^^^^^^^
[INFO] [stdout] 
[INFO] [stdout] 
[INFO] [stdout] warning: method `from` is never used
[INFO] [stdout]    --> src/Graph.rs:132:8
[INFO] [stdout]     |
[INFO] [stdout] 131 | impl<'a> EdgeBuilder<'a> {
[INFO] [stdout]     | ------------------------ method in this implementation
[INFO] [stdout] 132 |     fn from(self, from: String) -> EdgeToBuilder<'a> {
[INFO] [stdout]     |        ^^^^
[INFO] [stdout] 
[INFO] [stdout] 
[INFO] [stdout] warning: struct `EdgeToBuilder` is never constructed
[INFO] [stdout]    --> src/Graph.rs:140:8
[INFO] [stdout]     |
[INFO] [stdout] 140 | struct EdgeToBuilder<'a> {
[INFO] [stdout]     |        ^^^^^^^^^^^^^
[INFO] [stdout] 
[INFO] [stdout] 
[INFO] [stdout] warning: method `to` is never used
[INFO] [stdout]    --> src/Graph.rs:146:8
[INFO] [stdout]     |
[INFO] [stdout] 145 | impl<'a> EdgeToBuilder<'a> {
[INFO] [stdout]     | -------------------------- method in this implementation
[INFO] [stdout] 146 |     fn to(self, to: String) {
[INFO] [stdout]     |        ^^
[INFO] [stdout] 
[INFO] [stdout] 
[INFO] [stdout] warning: module `Graph` should have a snake case name
[INFO] [stdout]  --> src/lib.rs:1:5
[INFO] [stdout]   |
[INFO] [stdout] 1 | mod Graph;
[INFO] [stdout]   |     ^^^^^ help: convert the identifier to snake case: `graph`
[INFO] [stdout]   |
[INFO] [stdout]   = note: `#[warn(non_snake_case)]` on by default
[INFO] [stdout] 
[INFO] [stdout] 
[INFO] [stdout] warning: trait method `outE` should have a snake case name
[INFO] [stdout]   --> src/Graph.rs:31:8
[INFO] [stdout]    |
[INFO] [stdout] 31 |     fn outE(&self, edge_name: &str) -> Vec<&Edge>;
[INFO] [stdout]    |        ^^^^ help: convert the identifier to snake case: `out_e`
[INFO] [stdout] 
[INFO] [stdout] 
[INFO] [stdout] warning: trait method `inE` should have a snake case name
[INFO] [stdout]   --> src/Graph.rs:32:8
[INFO] [stdout]    |
[INFO] [stdout] 32 |     fn inE(&self, edge_name: &str) -> Vec<&Edge>;
[INFO] [stdout]    |        ^^^ help: convert the identifier to snake case: `in_e`
[INFO] [stdout] 
[INFO] [stdout] 
[INFO] [stdout] warning: method `addV` should have a snake case name
[INFO] [stdout]   --> src/Graph.rs:94:8
[INFO] [stdout]    |
[INFO] [stdout] 94 |     fn addV(&mut self, name: String) {
[INFO] [stdout]    |        ^^^^ help: convert the identifier to snake case: `add_v`
[INFO] [stdout] 
[INFO] [stdout] 
[INFO] [stdout] warning: method `addV_with_properties` should have a snake case name
[INFO] [stdout]    --> src/Graph.rs:102:8
[INFO] [stdout]     |
[INFO] [stdout] 102 |     fn addV_with_properties(&mut self, name: String, properties: Vec<Property>) {
[INFO] [stdout]     |        ^^^^^^^^^^^^^^^^^^^^ help: convert the identifier to snake case: `add_v_with_properties`
[INFO] [stdout] 
[INFO] [stdout] 
[INFO] [stdout] warning: method `addE` should have a snake case name
[INFO] [stdout]    --> src/Graph.rs:110:8
[INFO] [stdout]     |
[INFO] [stdout] 110 |     fn addE(&mut self, name: String) -> EdgeBuilder {
[INFO] [stdout]     |        ^^^^ help: convert the identifier to snake case: `add_e`
[INFO] [stdout] 
[INFO] [stdout] 
[INFO] [stdout] warning: method `V` should have a snake case name
[INFO] [stdout]    --> src/Graph.rs:117:8
[INFO] [stdout]     |
[INFO] [stdout] 117 |     fn V(&self) -> &Vec<Vertex> {
[INFO] [stdout]     |        ^ help: convert the identifier to snake case (notice the capitalization): `v`
[INFO] [stdout] 
[INFO] [stdout] 
[INFO] [stdout] warning: method `E` should have a snake case name
[INFO] [stdout]    --> src/Graph.rs:121:8
[INFO] [stdout]     |
[INFO] [stdout] 121 |     fn E(&self) -> &Vec<Edge> {
[INFO] [stdout]     |        ^ help: convert the identifier to snake case: `e`
[INFO] [stdout] 
[INFO] [stdout] 
[INFO] [stdout] warning: field `name` is never read
[INFO] [stdout]   --> src/Graph.rs:11:5
[INFO] [stdout]    |
[INFO] [stdout] 10 | struct Graph {
[INFO] [stdout]    |        ----- field in this struct
[INFO] [stdout] 11 |     name: String,
[INFO] [stdout]    |     ^^^^
[INFO] [stdout]    |
[INFO] [stdout]    = note: `#[warn(dead_code)]` on by default
[INFO] [stdout] 
[INFO] [stdout] 
[INFO] [stdout] warning: method `inE` is never used
[INFO] [stdout]   --> src/Graph.rs:32:8
[INFO] [stdout]    |
[INFO] [stdout] 27 | trait VecExt {
[INFO] [stdout]    |       ------ method in this trait
[INFO] [stdout] ...
[INFO] [stdout] 32 |     fn inE(&self, edge_name: &str) -> Vec<&Edge>;
[INFO] [stdout]    |        ^^^
[INFO] [stdout] 
[INFO] [stdout] 
[INFO] [stdout] warning: field `to` is never read
[INFO] [stdout]   --> src/Graph.rs:82:5
[INFO] [stdout]    |
[INFO] [stdout] 79 | struct Edge {
[INFO] [stdout]    |        ---- field in this struct
[INFO] [stdout] ...
[INFO] [stdout] 82 |     to: String,
[INFO] [stdout]    |     ^^
[INFO] [stdout] 
[INFO] [stdout] 
[INFO] [stdout] warning: module `Graph` should have a snake case name
[INFO] [stdout]  --> src/lib.rs:1:5
[INFO] [stdout]   |
[INFO] [stdout] 1 | mod Graph;
[INFO] [stdout]   |     ^^^^^ help: convert the identifier to snake case: `graph`
[INFO] [stdout]   |
[INFO] [stdout]   = note: `#[warn(non_snake_case)]` on by default
[INFO] [stdout] 
[INFO] [stdout] 
[INFO] [stdout] warning: trait method `outE` should have a snake case name
[INFO] [stdout]   --> src/Graph.rs:31:8
[INFO] [stdout]    |
[INFO] [stdout] 31 |     fn outE(&self, edge_name: &str) -> Vec<&Edge>;
[INFO] [stdout]    |        ^^^^ help: convert the identifier to snake case: `out_e`
[INFO] [stdout] 
[INFO] [stdout] 
[INFO] [stdout] warning: trait method `inE` should have a snake case name
[INFO] [stdout]   --> src/Graph.rs:32:8
[INFO] [stdout]    |
[INFO] [stdout] 32 |     fn inE(&self, edge_name: &str) -> Vec<&Edge>;
[INFO] [stdout]    |        ^^^ help: convert the identifier to snake case: `in_e`
[INFO] [stdout] 
[INFO] [stdout] 
[INFO] [stdout] warning: method `addV` should have a snake case name
[INFO] [stdout]   --> src/Graph.rs:94:8
[INFO] [stdout]    |
[INFO] [stdout] 94 |     fn addV(&mut self, name: String) {
[INFO] [stdout]    |        ^^^^ help: convert the identifier to snake case: `add_v`
[INFO] [stdout] 
[INFO] [stdout] 
[INFO] [stdout] warning: method `addV_with_properties` should have a snake case name
[INFO] [stdout]    --> src/Graph.rs:102:8
[INFO] [stdout]     |
[INFO] [stdout] 102 |     fn addV_with_properties(&mut self, name: String, properties: Vec<Property>) {
[INFO] [stdout]     |        ^^^^^^^^^^^^^^^^^^^^ help: convert the identifier to snake case: `add_v_with_properties`
[INFO] [stdout] 
[INFO] [stdout] 
[INFO] [stdout] warning: method `addE` should have a snake case name
[INFO] [stdout]    --> src/Graph.rs:110:8
[INFO] [stdout]     |
[INFO] [stdout] 110 |     fn addE(&mut self, name: String) -> EdgeBuilder {
[INFO] [stdout]     |        ^^^^ help: convert the identifier to snake case: `add_e`
[INFO] [stdout] 
[INFO] [stdout] 
[INFO] [stdout] warning: method `V` should have a snake case name
[INFO] [stdout]    --> src/Graph.rs:117:8
[INFO] [stdout]     |
[INFO] [stdout] 117 |     fn V(&self) -> &Vec<Vertex> {
[INFO] [stdout]     |        ^ help: convert the identifier to snake case (notice the capitalization): `v`
[INFO] [stdout] 
[INFO] [stdout] 
[INFO] [stdout] warning: method `E` should have a snake case name
[INFO] [stdout]    --> src/Graph.rs:121:8
[INFO] [stdout]     |
[INFO] [stdout] 121 |     fn E(&self) -> &Vec<Edge> {
[INFO] [stdout]     |        ^ help: convert the identifier to snake case: `e`
[INFO] [stdout] 
[INFO] [stdout] 
[INFO] [stderr]     Finished `test` profile [unoptimized + debuginfo] target(s) in 0.42s
[INFO] running `Command { std: "docker" "inspect" "6b4837c891f6f0ef543cf80ecc5be9a3c7d68268acd717de8ff0ab555ce774d7", kill_on_drop: false }`
[INFO] running `Command { std: "docker" "rm" "-f" "6b4837c891f6f0ef543cf80ecc5be9a3c7d68268acd717de8ff0ab555ce774d7", kill_on_drop: false }`
[INFO] [stdout] 6b4837c891f6f0ef543cf80ecc5be9a3c7d68268acd717de8ff0ab555ce774d7
[INFO] running `Command { std: "docker" "create" "-v" "/var/lib/crater-agent-workspace/builds/worker-1-tc1/target:/opt/rustwide/target:rw,Z" "-v" "/var/lib/crater-agent-workspace/builds/worker-1-tc1/source:/opt/rustwide/workdir:ro,Z" "-v" "/var/lib/crater-agent-workspace/cargo-home:/opt/rustwide/cargo-home:ro,Z" "-v" "/var/lib/crater-agent-workspace/rustup-home:/opt/rustwide/rustup-home:ro,Z" "-e" "SOURCE_DIR=/opt/rustwide/workdir" "-e" "CARGO_TARGET_DIR=/opt/rustwide/target" "-e" "CARGO_INCREMENTAL=0" "-e" "RUST_BACKTRACE=full" "-e" "RUSTFLAGS=--cap-lints=forbid" "-e" "RUSTDOCFLAGS=--cap-lints=forbid" "-e" "CARGO_HOME=/opt/rustwide/cargo-home" "-e" "RUSTUP_HOME=/opt/rustwide/rustup-home" "-w" "/opt/rustwide/workdir" "-m" "1610612736" "--user" "0:0" "--network" "none" "ghcr.io/rust-lang/crates-build-env/linux@sha256:819108c5571ea2e421544af4d832f968d213c87fbe3707a016657f43d2f853bc" "/opt/rustwide/cargo-home/bin/cargo" "+nightly-2025-01-18" "test" "--frozen", kill_on_drop: false }`
[INFO] [stdout] ecc9602f0a559eb57a3692a50d85ca5e312f44a69b18a52cd19d9f3e9cfbfaa4
[INFO] running `Command { std: "docker" "start" "-a" "ecc9602f0a559eb57a3692a50d85ca5e312f44a69b18a52cd19d9f3e9cfbfaa4", kill_on_drop: false }`
[INFO] [stderr] warning: struct `Graph` is never constructed
[INFO] [stderr]   --> src/Graph.rs:10:8
[INFO] [stderr]    |
[INFO] [stderr] 10 | struct Graph {
[INFO] [stderr]    |        ^^^^^
[INFO] [stderr]    |
[INFO] [stderr]    = note: `#[warn(dead_code)]` on by default
[INFO] [stderr] 
[INFO] [stderr] warning: struct `Property` is never constructed
[INFO] [stderr]   --> src/Graph.rs:16:8
[INFO] [stderr]    |
[INFO] [stderr] 16 | struct Property {
[INFO] [stderr]    |        ^^^^^^^^
[INFO] [stderr] 
[INFO] [stderr] warning: struct `Vertex` is never constructed
[INFO] [stderr]   --> src/Graph.rs:21:8
[INFO] [stderr]    |
[INFO] [stderr] 21 | struct Vertex {
[INFO] [stderr]    |        ^^^^^^
[INFO] [stderr] 
[INFO] [stderr] warning: trait `VecExt` is never used
[INFO] [stderr]   --> src/Graph.rs:27:7
[INFO] [stderr]    |
[INFO] [stderr] 27 | trait VecExt {
[INFO] [stderr]    |       ^^^^^^
[INFO] [stderr] 
[INFO] [stderr] warning: struct `Edge` is never constructed
[INFO] [stderr]   --> src/Graph.rs:79:8
[INFO] [stderr]    |
[INFO] [stderr] 79 | struct Edge {
[INFO] [stderr]    |        ^^^^
[INFO] [stderr] 
[INFO] [stderr] warning: associated items `new`, `addV`, `addV_with_properties`, `addE`, `V`, and `E` are never used
[INFO] [stderr]    --> src/Graph.rs:86:8
[INFO] [stderr]     |
[INFO] [stderr] 85  | impl Graph {
[INFO] [stderr]     | ---------- associated items in this implementation
[INFO] [stderr] 86  |     fn new(name: String) -> Graph {
[INFO] [stderr]     |        ^^^
[INFO] [stderr] ...
[INFO] [stderr] 94  |     fn addV(&mut self, name: String) {
[INFO] [stderr]     |        ^^^^
[INFO] [stderr] ...
[INFO] [stderr] 102 |     fn addV_with_properties(&mut self, name: String, properties: Vec<Property>) {
[INFO] [stderr]     |        ^^^^^^^^^^^^^^^^^^^^
[INFO] [stderr] ...
[INFO] [stderr] 110 |     fn addE(&mut self, name: String) -> EdgeBuilder {
[INFO] [stderr]     |        ^^^^
[INFO] [stderr] ...
[INFO] [stderr] 117 |     fn V(&self) -> &Vec<Vertex> {
[INFO] [stderr]     |        ^
[INFO] [stderr] ...
[INFO] [stderr] 121 |     fn E(&self) -> &Vec<Edge> {
[INFO] [stderr]     |        ^
[INFO] [stderr] 
[INFO] [stderr] warning: struct `EdgeBuilder` is never constructed
[INFO] [stderr]    --> src/Graph.rs:126:8
[INFO] [stderr]     |
[INFO] [stderr] 126 | struct EdgeBuilder<'a> {
[INFO] [stderr]     |        ^^^^^^^^^^^
[INFO] [stderr] 
[INFO] [stderr] warning: method `from` is never used
[INFO] [stderr]    --> src/Graph.rs:132:8
[INFO] [stderr]     |
[INFO] [stderr] 131 | impl<'a> EdgeBuilder<'a> {
[INFO] [stderr]     | ------------------------ method in this implementation
[INFO] [stderr] 132 |     fn from(self, from: String) -> EdgeToBuilder<'a> {
[INFO] [stderr]     |        ^^^^
[INFO] [stderr] 
[INFO] [stderr] warning: struct `EdgeToBuilder` is never constructed
[INFO] [stderr]    --> src/Graph.rs:140:8
[INFO] [stderr]     |
[INFO] [stderr] 140 | struct EdgeToBuilder<'a> {
[INFO] [stderr]     |        ^^^^^^^^^^^^^
[INFO] [stderr] 
[INFO] [stderr] warning: method `to` is never used
[INFO] [stderr]    --> src/Graph.rs:146:8
[INFO] [stderr]     |
[INFO] [stderr] 145 | impl<'a> EdgeToBuilder<'a> {
[INFO] [stderr]     | -------------------------- method in this implementation
[INFO] [stderr] 146 |     fn to(self, to: String) {
[INFO] [stderr]     |        ^^
[INFO] [stderr] 
[INFO] [stderr] warning: module `Graph` should have a snake case name
[INFO] [stderr]  --> src/lib.rs:1:5
[INFO] [stderr]   |
[INFO] [stderr] 1 | mod Graph;
[INFO] [stderr]   |     ^^^^^ help: convert the identifier to snake case: `graph`
[INFO] [stderr]   |
[INFO] [stderr]   = note: `#[warn(non_snake_case)]` on by default
[INFO] [stderr] 
[INFO] [stderr] warning: trait method `outE` should have a snake case name
[INFO] [stderr]   --> src/Graph.rs:31:8
[INFO] [stderr]    |
[INFO] [stderr] 31 |     fn outE(&self, edge_name: &str) -> Vec<&Edge>;
[INFO] [stderr]    |        ^^^^ help: convert the identifier to snake case: `out_e`
[INFO] [stderr] 
[INFO] [stderr] warning: trait method `inE` should have a snake case name
[INFO] [stderr]   --> src/Graph.rs:32:8
[INFO] [stderr]    |
[INFO] [stderr] 32 |     fn inE(&self, edge_name: &str) -> Vec<&Edge>;
[INFO] [stderr]    |        ^^^ help: convert the identifier to snake case: `in_e`
[INFO] [stderr] 
[INFO] [stderr] warning: method `addV` should have a snake case name
[INFO] [stderr]   --> src/Graph.rs:94:8
[INFO] [stderr]    |
[INFO] [stderr] 94 |     fn addV(&mut self, name: String) {
[INFO] [stderr]    |        ^^^^ help: convert the identifier to snake case: `add_v`
[INFO] [stderr] 
[INFO] [stderr] warning: method `addV_with_properties` should have a snake case name
[INFO] [stderr]    --> src/Graph.rs:102:8
[INFO] [stderr]     |
[INFO] [stderr] 102 |     fn addV_with_properties(&mut self, name: String, properties: Vec<Property>) {
[INFO] [stderr]     |        ^^^^^^^^^^^^^^^^^^^^ help: convert the identifier to snake case: `add_v_with_properties`
[INFO] [stderr] 
[INFO] [stderr] warning: method `addE` should have a snake case name
[INFO] [stderr]    --> src/Graph.rs:110:8
[INFO] [stderr]     |
[INFO] [stderr] 110 |     fn addE(&mut self, name: String) -> EdgeBuilder {
[INFO] [stderr]     |        ^^^^ help: convert the identifier to snake case: `add_e`
[INFO] [stderr] 
[INFO] [stderr] warning: method `V` should have a snake case name
[INFO] [stderr]    --> src/Graph.rs:117:8
[INFO] [stderr]     |
[INFO] [stderr] 117 |     fn V(&self) -> &Vec<Vertex> {
[INFO] [stderr]     |        ^ help: convert the identifier to snake case (notice the capitalization): `v`
[INFO] [stderr] 
[INFO] [stderr] warning: method `E` should have a snake case name
[INFO] [stderr]    --> src/Graph.rs:121:8
[INFO] [stderr]     |
[INFO] [stderr] 121 |     fn E(&self) -> &Vec<Edge> {
[INFO] [stderr]     |        ^ help: convert the identifier to snake case: `e`
[INFO] [stderr] 
[INFO] [stderr] warning: `basic_and_recursive_traversal` (lib) generated 18 warnings
[INFO] [stderr] warning: field `name` is never read
[INFO] [stderr]   --> src/Graph.rs:11:5
[INFO] [stdout] 
[INFO] [stderr]    |
[INFO] [stdout] running 9 tests
[INFO] [stderr] 10 | struct Graph {
[INFO] [stderr]    |        ----- field in this struct
[INFO] [stderr] 11 |     name: String,
[INFO] [stderr]    |     ^^^^
[INFO] [stderr]    |
[INFO] [stderr]    = note: `#[warn(dead_code)]` on by default
[INFO] [stderr] 
[INFO] [stderr] warning: method `inE` is never used
[INFO] [stderr]   --> src/Graph.rs:32:8
[INFO] [stderr]    |
[INFO] [stderr] 27 | trait VecExt {
[INFO] [stderr]    |       ------ method in this trait
[INFO] [stderr] ...
[INFO] [stderr] 32 |     fn inE(&self, edge_name: &str) -> Vec<&Edge>;
[INFO] [stderr]    |        ^^^
[INFO] [stderr] 
[INFO] [stderr] warning: field `to` is never read
[INFO] [stderr]   --> src/Graph.rs:82:5
[INFO] [stderr]    |
[INFO] [stderr] 79 | struct Edge {
[INFO] [stderr]    |        ---- field in this struct
[INFO] [stderr] ...
[INFO] [stderr] 82 |     to: String,
[INFO] [stderr]    |     ^^
[INFO] [stderr] 
[INFO] [stderr] warning: `basic_and_recursive_traversal` (lib test) generated 11 warnings (8 duplicates)
[INFO] [stderr]     Finished `test` profile [unoptimized + debuginfo] target(s) in 0.02s
[INFO] [stderr]      Running unittests src/lib.rs (/opt/rustwide/target/debug/deps/basic_and_recursive_traversal-338284a214523778)
[INFO] [stdout] test Graph::tests::e_returns_all_edges ... ok
[INFO] [stdout] test tests::it_works ... ok
[INFO] [stdout] test Graph::tests::add_2_vertices_to_graph ... ok
[INFO] [stdout] test Graph::tests::v_returns_all_vertices ... ok
[INFO] [stdout] test Graph::tests::add_e_to_graph ... ok
[INFO] [stdout] test Graph::tests::add_e_from_to_chained_adds_edge_to_graph ... ok
[INFO] [stdout] test Graph::tests::v_has_returns_matching_properties ... ok
[INFO] [stdout] test Graph::tests::add_v_adds_vertex_to_graph ... ok
[INFO] [stdout] test Graph::tests::out_e_returns_matching_edges ... FAILED
[INFO] [stdout] 
[INFO] [stdout] failures:
[INFO] [stdout] 
[INFO] [stdout] ---- Graph::tests::out_e_returns_matching_edges stdout ----
[INFO] [stdout] 
[INFO] [stdout] thread 'Graph::tests::out_e_returns_matching_edges' panicked at src/Graph.rs:226:9:
[INFO] [stdout] assertion `left == right` failed
[INFO] [stdout]   left: 0
[INFO] [stdout]  right: 1
[INFO] [stdout] stack backtrace:
[INFO] [stdout]    0:     0x5fe31acafaaa - std::backtrace_rs::backtrace::libunwind::trace::hb059275cfc8d6126
[INFO] [stdout]                                at /rustc/6067b36314ab5eb2eb47cecc464545ba58e1ad24/library/std/src/../../backtrace/src/backtrace/libunwind.rs:116:5
[INFO] [stdout]    1:     0x5fe31acafaaa - std::backtrace_rs::backtrace::trace_unsynchronized::h2da071e4327ce3ee
[INFO] [stdout]                                at /rustc/6067b36314ab5eb2eb47cecc464545ba58e1ad24/library/std/src/../../backtrace/src/backtrace/mod.rs:66:5
[INFO] [stdout]    2:     0x5fe31acafaaa - std::sys::backtrace::_print_fmt::h842a1474e6f8d23f
[INFO] [stdout]                                at /rustc/6067b36314ab5eb2eb47cecc464545ba58e1ad24/library/std/src/sys/backtrace.rs:66:9
[INFO] [stdout]    3:     0x5fe31acafaaa - <std::sys::backtrace::BacktraceLock::print::DisplayBacktrace as core::fmt::Display>::fmt::h71a62eb3b9696b12
[INFO] [stdout]                                at /rustc/6067b36314ab5eb2eb47cecc464545ba58e1ad24/library/std/src/sys/backtrace.rs:39:26
[INFO] [stdout]    4:     0x5fe31acd70e3 - core::fmt::rt::Argument::fmt::hdb6b616786b41dc1
[INFO] [stdout]                                at /rustc/6067b36314ab5eb2eb47cecc464545ba58e1ad24/library/core/src/fmt/rt.rs:177:76
[INFO] [stdout]    5:     0x5fe31acd70e3 - core::fmt::write::h2cc1698af7e2d686
[INFO] [stdout]                                at /rustc/6067b36314ab5eb2eb47cecc464545ba58e1ad24/library/core/src/fmt/mod.rs:1440:21
[INFO] [stdout]    6:     0x5fe31acac603 - std::io::Write::write_fmt::hab1b4cd059a79022
[INFO] [stdout]                                at /rustc/6067b36314ab5eb2eb47cecc464545ba58e1ad24/library/std/src/io/mod.rs:1887:15
[INFO] [stdout]    7:     0x5fe31acaf8f2 - std::sys::backtrace::BacktraceLock::print::h147fe35b4ea13b08
[INFO] [stdout]                                at /rustc/6067b36314ab5eb2eb47cecc464545ba58e1ad24/library/std/src/sys/backtrace.rs:42:9
[INFO] [stdout]    8:     0x5fe31acb0ecf - std::panicking::default_hook::{{closure}}::hbd44223dbdc0d208
[INFO] [stdout]                                at /rustc/6067b36314ab5eb2eb47cecc464545ba58e1ad24/library/std/src/panicking.rs:298:22
[INFO] [stdout]    9:     0x5fe31acb0ce8 - std::panicking::default_hook::h20f81eb0576efcec
[INFO] [stdout]                                at /rustc/6067b36314ab5eb2eb47cecc464545ba58e1ad24/library/std/src/panicking.rs:322:9
[INFO] [stdout]   10:     0x5fe31ac79b03 - <alloc::boxed::Box<F,A> as core::ops::function::Fn<Args>>::call::hdb53814c496a4d34
[INFO] [stdout]                                at /rustc/6067b36314ab5eb2eb47cecc464545ba58e1ad24/library/alloc/src/boxed.rs:2027:9
[INFO] [stdout]   11:     0x5fe31ac79b03 - test::test_main::{{closure}}::hc0a4963c59427c24
[INFO] [stdout]                                at /rustc/6067b36314ab5eb2eb47cecc464545ba58e1ad24/library/test/src/lib.rs:134:21
[INFO] [stdout]   12:     0x5fe31acb19c3 - <alloc::boxed::Box<F,A> as core::ops::function::Fn<Args>>::call::h591b2225413a77e9
[INFO] [stdout]                                at /rustc/6067b36314ab5eb2eb47cecc464545ba58e1ad24/library/alloc/src/boxed.rs:2027:9
[INFO] [stdout]   13:     0x5fe31acb19c3 - std::panicking::rust_panic_with_hook::h625eea43051b2edc
[INFO] [stdout]                                at /rustc/6067b36314ab5eb2eb47cecc464545ba58e1ad24/library/std/src/panicking.rs:839:13
[INFO] [stdout]   14:     0x5fe31acb167a - std::panicking::begin_panic_handler::{{closure}}::h4f9159cfbc3f6bd3
[INFO] [stdout]                                at /rustc/6067b36314ab5eb2eb47cecc464545ba58e1ad24/library/std/src/panicking.rs:704:13
[INFO] [stdout]   15:     0x5fe31acaffa9 - std::sys::backtrace::__rust_end_short_backtrace::h0390abce48353151
[INFO] [stdout]                                at /rustc/6067b36314ab5eb2eb47cecc464545ba58e1ad24/library/std/src/sys/backtrace.rs:168:18
[INFO] [stdout]   16:     0x5fe31acb130d - rust_begin_unwind
[INFO] [stdout]                                at /rustc/6067b36314ab5eb2eb47cecc464545ba58e1ad24/library/std/src/panicking.rs:695:5
[INFO] [stdout]   17:     0x5fe31acd5ac0 - core::panicking::panic_fmt::h9e7c637e9e5f29c9
[INFO] [stdout]                                at /rustc/6067b36314ab5eb2eb47cecc464545ba58e1ad24/library/core/src/panicking.rs:75:14
[INFO] [stdout]   18:     0x5fe31acd5eb2 - core::panicking::assert_failed_inner::h538bec7c1374cd9c
[INFO] [stdout]   19:     0x5fe31acd5d69 - core::panicking::assert_failed::h7fe8c93d80615b71
[INFO] [stdout]                                at /rustc/6067b36314ab5eb2eb47cecc464545ba58e1ad24/library/core/src/panicking.rs:364:5
[INFO] [stdout]   20:     0x5fe31ac3f698 - basic_and_recursive_traversal::Graph::tests::out_e_returns_matching_edges::h4a3e4f986c211b39
[INFO] [stdout]                                at /opt/rustwide/workdir/src/Graph.rs:226:9
[INFO] [stdout]   21:     0x5fe31ac3f137 - basic_and_recursive_traversal::Graph::tests::out_e_returns_matching_edges::{{closure}}::hc288b39f26d08039
[INFO] [stdout]                                at /opt/rustwide/workdir/src/Graph.rs:219:38
[INFO] [stdout]   22:     0x5fe31ac3a936 - core::ops::function::FnOnce::call_once::h9b415cb3b7558db9
[INFO] [stdout]                                at /rustc/6067b36314ab5eb2eb47cecc464545ba58e1ad24/library/core/src/ops/function.rs:250:5
[INFO] [stdout]   23:     0x5fe31ac7f25b - core::ops::function::FnOnce::call_once::he27718dfdd183f43
[INFO] [stdout]                                at /rustc/6067b36314ab5eb2eb47cecc464545ba58e1ad24/library/core/src/ops/function.rs:250:5
[INFO] [stdout]   24:     0x5fe31ac7f25b - test::__rust_begin_short_backtrace::h4e84902998457a5d
[INFO] [stdout]                                at /rustc/6067b36314ab5eb2eb47cecc464545ba58e1ad24/library/test/src/lib.rs:632:18
[INFO] [stdout]   25:     0x5fe31ac7e193 - test::run_test_in_process::{{closure}}::h7176fd18fc1feca0
[INFO] [stdout]                                at /rustc/6067b36314ab5eb2eb47cecc464545ba58e1ad24/library/test/src/lib.rs:655:60
[INFO] [stdout]   26:     0x5fe31ac7e193 - <core::panic::unwind_safe::AssertUnwindSafe<F> as core::ops::function::FnOnce<()>>::call_once::hf79cff2a624d8cf7
[INFO] [stdout]                                at /rustc/6067b36314ab5eb2eb47cecc464545ba58e1ad24/library/core/src/panic/unwind_safe.rs:272:9
[INFO] [stdout]   27:     0x5fe31ac7e193 - std::panicking::try::do_call::h3da0561d9ab99c25
[INFO] [stdout]                                at /rustc/6067b36314ab5eb2eb47cecc464545ba58e1ad24/library/std/src/panicking.rs:587:40
[INFO] [stderr] error: test failed, to rerun pass `--lib`
[INFO] [stdout]   28:     0x5fe31ac7e193 - std::panicking::try::h41c9fa508bc61df6
[INFO] [stdout]                                at /rustc/6067b36314ab5eb2eb47cecc464545ba58e1ad24/library/std/src/panicking.rs:550:19
[INFO] [stdout]   29:     0x5fe31ac7e193 - std::panic::catch_unwind::h6b3ff07bb5afad93
[INFO] [stdout]                                at /rustc/6067b36314ab5eb2eb47cecc464545ba58e1ad24/library/std/src/panic.rs:358:14
[INFO] [stdout]   30:     0x5fe31ac7e193 - test::run_test_in_process::hc7253dd11b39b9f4
[INFO] [stdout]                                at /rustc/6067b36314ab5eb2eb47cecc464545ba58e1ad24/library/test/src/lib.rs:655:27
[INFO] [stdout]   31:     0x5fe31ac7e193 - test::run_test::{{closure}}::hfb2007f8649c30bb
[INFO] [stdout]                                at /rustc/6067b36314ab5eb2eb47cecc464545ba58e1ad24/library/test/src/lib.rs:576:43
[INFO] [stdout]   32:     0x5fe31ac41275 - test::run_test::{{closure}}::h56a17aa7a282a9f4
[INFO] [stdout]                                at /rustc/6067b36314ab5eb2eb47cecc464545ba58e1ad24/library/test/src/lib.rs:606:41
[INFO] [stdout]   33:     0x5fe31ac41275 - std::sys::backtrace::__rust_begin_short_backtrace::hd2d2d2fb8e8c6aac
[INFO] [stdout]                                at /rustc/6067b36314ab5eb2eb47cecc464545ba58e1ad24/library/std/src/sys/backtrace.rs:152:18
[INFO] [stdout]   34:     0x5fe31ac44b5a - std::thread::Builder::spawn_unchecked_::{{closure}}::{{closure}}::h4faa3f9db6133423
[INFO] [stdout]                                at /rustc/6067b36314ab5eb2eb47cecc464545ba58e1ad24/library/std/src/thread/mod.rs:559:17
[INFO] [stdout]   35:     0x5fe31ac44b5a - <core::panic::unwind_safe::AssertUnwindSafe<F> as core::ops::function::FnOnce<()>>::call_once::hf2e855a36a4ea846
[INFO] [stdout]                                at /rustc/6067b36314ab5eb2eb47cecc464545ba58e1ad24/library/core/src/panic/unwind_safe.rs:272:9
[INFO] [stdout]   36:     0x5fe31ac44b5a - std::panicking::try::do_call::h2f73af3616c35465
[INFO] [stdout]                                at /rustc/6067b36314ab5eb2eb47cecc464545ba58e1ad24/library/std/src/panicking.rs:587:40
[INFO] [stdout]   37:     0x5fe31ac44b5a - std::panicking::try::hd1660ce9efadef5a
[INFO] [stdout]                                at /rustc/6067b36314ab5eb2eb47cecc464545ba58e1ad24/library/std/src/panicking.rs:550:19
[INFO] [stdout]   38:     0x5fe31ac44b5a - std::panic::catch_unwind::h5ee8d7823b8ca744
[INFO] [stdout]                                at /rustc/6067b36314ab5eb2eb47cecc464545ba58e1ad24/library/std/src/panic.rs:358:14
[INFO] [stdout]   39:     0x5fe31ac44b5a - std::thread::Builder::spawn_unchecked_::{{closure}}::h53c3a1894dce8407
[INFO] [stdout]                                at /rustc/6067b36314ab5eb2eb47cecc464545ba58e1ad24/library/std/src/thread/mod.rs:557:30
[INFO] [stdout]   40:     0x5fe31ac44b5a - core::ops::function::FnOnce::call_once{{vtable.shim}}::h048ce291ad4f62bf
[INFO] [stdout]                                at /rustc/6067b36314ab5eb2eb47cecc464545ba58e1ad24/library/core/src/ops/function.rs:250:5
[INFO] [stdout]   41:     0x5fe31acb58fb - <alloc::boxed::Box<F,A> as core::ops::function::FnOnce<Args>>::call_once::ha52bedf99a3b4981
[INFO] [stdout]                                at /rustc/6067b36314ab5eb2eb47cecc464545ba58e1ad24/library/alloc/src/boxed.rs:2013:9
[INFO] [stdout]   42:     0x5fe31acb58fb - <alloc::boxed::Box<F,A> as core::ops::function::FnOnce<Args>>::call_once::h567748934d80ccf8
[INFO] [stdout]                                at /rustc/6067b36314ab5eb2eb47cecc464545ba58e1ad24/library/alloc/src/boxed.rs:2013:9
[INFO] [stdout]   43:     0x5fe31acb58fb - std::sys::pal::unix::thread::Thread::new::thread_start::h2d970728ae887adc
[INFO] [stdout]                                at /rustc/6067b36314ab5eb2eb47cecc464545ba58e1ad24/library/std/src/sys/pal/unix/thread.rs:106:17
[INFO] [stdout]   44:     0x7fadee864ac3 - <unknown>
[INFO] [stdout]   45:     0x7fadee8f5a04 - clone
[INFO] [stdout]   46:                0x0 - <unknown>
[INFO] [stdout] 
[INFO] [stdout] 
[INFO] [stdout] failures:
[INFO] [stdout]     Graph::tests::out_e_returns_matching_edges
[INFO] [stdout] 
[INFO] [stdout] test result: FAILED. 8 passed; 1 failed; 0 ignored; 0 measured; 0 filtered out; finished in 0.04s
[INFO] [stdout] 
[INFO] running `Command { std: "docker" "inspect" "ecc9602f0a559eb57a3692a50d85ca5e312f44a69b18a52cd19d9f3e9cfbfaa4", kill_on_drop: false }`
[INFO] running `Command { std: "docker" "rm" "-f" "ecc9602f0a559eb57a3692a50d85ca5e312f44a69b18a52cd19d9f3e9cfbfaa4", kill_on_drop: false }`
[INFO] [stdout] ecc9602f0a559eb57a3692a50d85ca5e312f44a69b18a52cd19d9f3e9cfbfaa4
