[INFO] cloning repository https://github.com/svenslaggare/gitnotes
[INFO] running `Command { std: "git" "-c" "credential.helper=" "-c" "credential.helper=/workspace/cargo-home/bin/git-credential-null" "clone" "--bare" "https://github.com/svenslaggare/gitnotes" "/workspace/cache/git-repos/https%3A%2F%2Fgithub.com%2Fsvenslaggare%2Fgitnotes", kill_on_drop: false }`
[INFO] [stderr] Cloning into bare repository '/workspace/cache/git-repos/https%3A%2F%2Fgithub.com%2Fsvenslaggare%2Fgitnotes'...
[INFO] running `Command { std: "git" "rev-parse" "HEAD", kill_on_drop: false }`
[INFO] [stdout] d67f90eaccf2d704de89ab60bb7e566cd716b0f0
[INFO] testing svenslaggare/gitnotes against nightly-2025-01-18+rustflags=-Zrandomize-layout for randomize-layout-2
[INFO] running `Command { std: "git" "clone" "/workspace/cache/git-repos/https%3A%2F%2Fgithub.com%2Fsvenslaggare%2Fgitnotes" "/workspace/builds/worker-4-tc2/source", kill_on_drop: false }`
[INFO] [stderr] Cloning into '/workspace/builds/worker-4-tc2/source'...
[INFO] [stderr] done.
[INFO] validating manifest of git repo https://github.com/svenslaggare/gitnotes on toolchain nightly-2025-01-18
[INFO] running `Command { std: CARGO_HOME="/workspace/cargo-home" RUSTUP_HOME="/workspace/rustup-home" "/workspace/cargo-home/bin/cargo" "+nightly-2025-01-18" "metadata" "--manifest-path" "Cargo.toml" "--no-deps", kill_on_drop: false }`
[INFO] started tweaking git repo https://github.com/svenslaggare/gitnotes
[INFO] finished tweaking git repo https://github.com/svenslaggare/gitnotes
[INFO] tweaked toml for git repo https://github.com/svenslaggare/gitnotes written to /workspace/builds/worker-4-tc2/source/Cargo.toml
[INFO] crate git repo https://github.com/svenslaggare/gitnotes already has a lockfile, it will not be regenerated
[INFO] running `Command { std: CARGO_HOME="/workspace/cargo-home" RUSTUP_HOME="/workspace/rustup-home" "/workspace/cargo-home/bin/cargo" "+nightly-2025-01-18" "fetch" "--manifest-path" "Cargo.toml", kill_on_drop: false }`
[INFO] running `Command { std: "docker" "create" "-v" "/var/lib/crater-agent-workspace/builds/worker-4-tc2/target:/opt/rustwide/target:rw,Z" "-v" "/var/lib/crater-agent-workspace/builds/worker-4-tc2/source:/opt/rustwide/workdir:ro,Z" "-v" "/var/lib/crater-agent-workspace/cargo-home:/opt/rustwide/cargo-home:ro,Z" "-v" "/var/lib/crater-agent-workspace/rustup-home:/opt/rustwide/rustup-home:ro,Z" "-e" "SOURCE_DIR=/opt/rustwide/workdir" "-e" "CARGO_TARGET_DIR=/opt/rustwide/target" "-e" "CARGO_HOME=/opt/rustwide/cargo-home" "-e" "RUSTUP_HOME=/opt/rustwide/rustup-home" "-w" "/opt/rustwide/workdir" "-m" "1610612736" "--user" "0:0" "--network" "none" "ghcr.io/rust-lang/crates-build-env/linux@sha256:819108c5571ea2e421544af4d832f968d213c87fbe3707a016657f43d2f853bc" "/opt/rustwide/cargo-home/bin/cargo" "+nightly-2025-01-18" "metadata" "--no-deps" "--format-version=1", kill_on_drop: false }`
[INFO] [stdout] b179a5fc7c1ad9b113fd12c344de18d680b1af7afc3de69e26a431c2f4ddf2ab
[INFO] running `Command { std: "docker" "start" "-a" "b179a5fc7c1ad9b113fd12c344de18d680b1af7afc3de69e26a431c2f4ddf2ab", kill_on_drop: false }`
[INFO] running `Command { std: "docker" "inspect" "b179a5fc7c1ad9b113fd12c344de18d680b1af7afc3de69e26a431c2f4ddf2ab", kill_on_drop: false }`
[INFO] running `Command { std: "docker" "rm" "-f" "b179a5fc7c1ad9b113fd12c344de18d680b1af7afc3de69e26a431c2f4ddf2ab", kill_on_drop: false }`
[INFO] [stdout] b179a5fc7c1ad9b113fd12c344de18d680b1af7afc3de69e26a431c2f4ddf2ab
[INFO] running `Command { std: "docker" "create" "-v" "/var/lib/crater-agent-workspace/builds/worker-4-tc2/target:/opt/rustwide/target:rw,Z" "-v" "/var/lib/crater-agent-workspace/builds/worker-4-tc2/source:/opt/rustwide/workdir:ro,Z" "-v" "/var/lib/crater-agent-workspace/cargo-home:/opt/rustwide/cargo-home:ro,Z" "-v" "/var/lib/crater-agent-workspace/rustup-home:/opt/rustwide/rustup-home:ro,Z" "-e" "SOURCE_DIR=/opt/rustwide/workdir" "-e" "CARGO_TARGET_DIR=/opt/rustwide/target" "-e" "CARGO_INCREMENTAL=0" "-e" "RUST_BACKTRACE=full" "-e" "RUSTFLAGS=--cap-lints=forbid -Zrandomize-layout" "-e" "RUSTDOCFLAGS=--cap-lints=forbid" "-e" "CARGO_HOME=/opt/rustwide/cargo-home" "-e" "RUSTUP_HOME=/opt/rustwide/rustup-home" "-w" "/opt/rustwide/workdir" "-m" "1610612736" "--user" "0:0" "--network" "none" "ghcr.io/rust-lang/crates-build-env/linux@sha256:819108c5571ea2e421544af4d832f968d213c87fbe3707a016657f43d2f853bc" "/opt/rustwide/cargo-home/bin/cargo" "+nightly-2025-01-18" "build" "--frozen" "--message-format=json", kill_on_drop: false }`
[INFO] [stdout] 245b951fa13b80ab9d3becc7155036c3a02ba8623ea0638e38ca3d3d4672f336
[INFO] running `Command { std: "docker" "start" "-a" "245b951fa13b80ab9d3becc7155036c3a02ba8623ea0638e38ca3d3d4672f336", kill_on_drop: false }`
[INFO] [stderr]    Compiling libc v0.2.169
[INFO] [stderr]    Compiling proc-macro2 v1.0.93
[INFO] [stderr]    Compiling unicode-ident v1.0.11
[INFO] [stderr]    Compiling version_check v0.9.4
[INFO] [stderr]    Compiling cfg-if v1.0.0
[INFO] [stderr]    Compiling autocfg v1.1.0
[INFO] [stderr]    Compiling pkg-config v0.3.27
[INFO] [stderr]    Compiling serde v1.0.176
[INFO] [stderr]    Compiling serde_derive v1.0.176
[INFO] [stderr]    Compiling fnv v1.0.7
[INFO] [stderr]    Compiling memchr v2.5.0
[INFO] [stderr]    Compiling once_cell v1.18.0
[INFO] [stderr]    Compiling itoa v1.0.9
[INFO] [stderr]    Compiling bitflags v1.3.2
[INFO] [stderr]    Compiling log v0.4.19
[INFO] [stderr]    Compiling bitflags v2.7.0
[INFO] [stderr]    Compiling smallvec v1.11.0
[INFO] [stderr]    Compiling unicase v2.6.0
[INFO] [stderr]    Compiling rustversion v1.0.14
[INFO] [stderr]    Compiling futures-core v0.3.28
[INFO] [stderr]    Compiling quote v1.0.38
[INFO] [stderr]    Compiling rustix v0.38.43
[INFO] [stderr]    Compiling pin-project-lite v0.2.10
[INFO] [stderr]    Compiling syn v2.0.96
[INFO] [stderr]    Compiling lock_api v0.4.10
[INFO] [stderr]    Compiling parking_lot_core v0.9.8
[INFO] [stderr]    Compiling linux-raw-sys v0.4.15
[INFO] [stderr]    Compiling bytes v1.4.0
[INFO] [stderr]    Compiling jobserver v0.1.26
[INFO] [stderr]    Compiling cc v1.0.79
[INFO] [stderr]    Compiling scopeguard v1.2.0
[INFO] [stderr]    Compiling futures-task v0.3.28
[INFO] [stderr]    Compiling vcpkg v0.2.15
[INFO] [stderr]    Compiling futures-util v0.3.28
[INFO] [stderr]    Compiling mime v0.3.17
[INFO] [stderr]    Compiling tokio v1.29.1
[INFO] [stderr]    Compiling signal-hook-registry v1.4.1
[INFO] [stderr]    Compiling pin-utils v0.1.0
[INFO] [stderr]    Compiling io-lifetimes v1.0.11
[INFO] [stderr]    Compiling openssl-sys v0.9.90
[INFO] [stderr]    Compiling libz-sys v1.1.12
[INFO] [stderr]    Compiling parking_lot v0.12.1
[INFO] [stderr]    Compiling tinyvec_macros v0.1.1
[INFO] [stderr]    Compiling percent-encoding v2.3.0
[INFO] [stderr]    Compiling tinyvec v1.6.0
[INFO] [stderr]    Compiling socket2 v0.4.9
[INFO] [stderr]    Compiling mio v0.8.8
[INFO] [stderr]    Compiling num_cpus v1.16.0
[INFO] [stderr]    Compiling http v0.2.9
[INFO] [stderr]    Compiling utf8parse v0.2.1
[INFO] [stderr]    Compiling ident_case v1.0.1
[INFO] [stderr]    Compiling rustix v0.37.23
[INFO] [stderr]    Compiling strsim v0.11.1
[INFO] [stderr]    Compiling unicode-normalization v0.1.22
[INFO] [stderr]    Compiling onig_sys v69.8.1
[INFO] [stderr]    Compiling libssh2-sys v0.3.0
[INFO] [stderr]    Compiling aho-corasick v1.0.2
[INFO] [stderr]    Compiling tracing-core v0.1.31
[INFO] [stderr]    Compiling proc-macro-error-attr v1.0.4
[INFO] [stderr]    Compiling ryu v1.0.15
[INFO] [stderr]    Compiling regex-syntax v0.7.4
[INFO] [stderr]    Compiling tower-service v0.3.2
[INFO] [stderr]    Compiling lazy_static v1.4.0
[INFO] [stderr]    Compiling darling_core v0.20.10
[INFO] [stderr]    Compiling prettyplease v0.2.27
[INFO] [stderr]    Compiling crc32fast v1.3.2
[INFO] [stderr]    Compiling syn v1.0.109
[INFO] [stderr]    Compiling serde_json v1.0.104
[INFO] [stderr]    Compiling linux-raw-sys v0.3.8
[INFO] [stderr]    Compiling httparse v1.8.0
[INFO] [stderr]    Compiling tracing v0.1.37
[INFO] [stderr]    Compiling http-body v0.4.5
[INFO] [stderr]    Compiling is-terminal v0.4.9
[INFO] [stderr]    Compiling anstyle-parse v0.2.1
[INFO] [stderr]    Compiling form_urlencoded v1.2.0
[INFO] [stderr]    Compiling mime_guess v2.0.4
[INFO] [stderr]    Compiling proc-macro-error v1.0.4
[INFO] [stderr]    Compiling num-traits v0.2.16
[INFO] [stderr]    Compiling thiserror v1.0.44
[INFO] [stderr]    Compiling unicode-segmentation v1.10.1
[INFO] [stderr]    Compiling anstyle-query v1.0.0
[INFO] [stderr]    Compiling anstyle v1.0.1
[INFO] [stderr]    Compiling tokio-macros v2.1.0
[INFO] [stderr]    Compiling regex-automata v0.3.3
[INFO] [stderr]    Compiling colorchoice v1.0.0
[INFO] [stderr]    Compiling tower-layer v0.3.2
[INFO] [stderr]    Compiling adler v1.0.2
[INFO] [stderr]    Compiling unicode-width v0.1.10
[INFO] [stderr]    Compiling async-trait v0.1.72
[INFO] [stderr]    Compiling futures-channel v0.3.28
[INFO] [stderr]    Compiling libm v0.2.7
[INFO] [stderr]    Compiling signal-hook v0.3.17
[INFO] [stderr]    Compiling miniz_oxide v0.7.1
[INFO] [stderr]    Compiling anstream v0.3.2
[INFO] [stderr]    Compiling thiserror-impl v1.0.44
[INFO] [stderr]    Compiling pin-project-internal v1.1.2
[INFO] [stderr]    Compiling terminal_size v0.2.6
[INFO] [stderr]    Compiling darling_macro v0.20.10
[INFO] [stderr]    Compiling darling v0.20.10
[INFO] [stderr]    Compiling libgit2-sys v0.18.0+1.9.0
[INFO] [stderr]    Compiling getrandom v0.2.10
[INFO] [stderr]    Compiling axum-core v0.3.4
[INFO] [stderr]    Compiling regex v1.9.1
[INFO] [stderr]    Compiling multer v2.1.0
[INFO] [stderr]    Compiling minimal-lexical v0.2.1
[INFO] [stderr]    Compiling equivalent v1.0.1
[INFO] [stderr]    Compiling hashbrown v0.14.0
[INFO] [stderr]    Compiling clap_lex v0.5.0
[INFO] [stderr]    Compiling try-lock v0.2.5
[INFO] [stderr]    Compiling strsim v0.10.0
[INFO] [stderr]    Compiling unicode-bidi v0.3.13
[INFO] [stderr]    Compiling heck v0.4.1
[INFO] [stderr]    Compiling httpdate v1.0.2
[INFO] [stderr]    Compiling same-file v1.0.6
[INFO] [stderr]    Compiling clap_derive v4.3.12
[INFO] [stderr]    Compiling walkdir v2.3.3
[INFO] [stderr]    Compiling idna v0.4.0
[INFO] [stderr]    Compiling indexmap v2.0.0
[INFO] [stderr]    Compiling clap_builder v4.3.19
[INFO] [stderr]    Compiling want v0.3.1
[INFO] [stderr]    Compiling nom v7.1.3
[INFO] [stderr]    Compiling bon-macros v3.3.2
[INFO] [stderr]    Compiling rand_core v0.6.4
[INFO] [stderr]    Compiling pin-project v1.1.2
[INFO] [stderr]    Compiling flate2 v1.0.26
[INFO] [stderr]    Compiling textwrap v0.11.0
[INFO] [stderr]    Compiling heck v0.3.3
[INFO] [stderr]    Compiling bincode v1.3.3
[INFO] [stderr]    Compiling serde_spanned v0.6.4
[INFO] [stderr]    Compiling toml_datetime v0.6.5
[INFO] [stderr]    Compiling basic-toml v0.1.4
[INFO] [stderr]    Compiling mio v1.0.3
[INFO] [stderr]    Compiling atty v0.2.14
[INFO] [stderr]    Compiling axum v0.6.20
[INFO] [stderr]    Compiling nibble_vec v0.1.0
[INFO] [stderr]    Compiling is-docker v0.2.0
[INFO] [stderr]    Compiling substring v1.4.5
[INFO] [stderr]    Compiling encoding_rs v0.8.33
[INFO] [stderr]    Compiling deunicode v0.4.3
[INFO] [stderr]    Compiling winnow v0.5.1
[INFO] [stderr]    Compiling regex-syntax v0.6.29
[INFO] [stderr]    Compiling spin v0.9.8
[INFO] [stderr]    Compiling ansi_term v0.12.1
[INFO] [stderr]    Compiling strsim v0.8.0
[INFO] [stderr]    Compiling static_assertions v1.1.0
[INFO] [stderr]    Compiling vec_map v0.8.2
[INFO] [stderr]    Compiling thiserror v2.0.11
[INFO] [stderr]    Compiling endian-type v0.1.2
[INFO] [stderr]    Compiling futures-sink v0.3.28
[INFO] [stderr]    Compiling ppv-lite86 v0.2.17
[INFO] [stderr]    Compiling tokio-util v0.7.8
[INFO] [stderr]    Compiling bon v3.3.2
[INFO] [stderr]    Compiling radix_trie v0.2.1
[INFO] [stderr]    Compiling clap v2.34.0
[INFO] [stderr]    Compiling rand_chacha v0.3.1
[INFO] [stderr]    Compiling toml_edit v0.21.0
[INFO] [stderr]    Compiling nix v0.26.2
[INFO] [stderr]    Compiling askama_derive v0.12.1
[INFO] [stderr]    Compiling slug v0.1.4
[INFO] [stderr]    Compiling signal-hook-mio v0.2.4
[INFO] [stderr]    Compiling is-wsl v0.4.0
[INFO] [stderr]    Compiling structopt-derive v0.4.18
[INFO] [stderr]    Compiling humansize v2.1.3
[INFO] [stderr]    Compiling clap v4.3.19
[INFO] [stderr]    Compiling hyper v0.14.27
[INFO] [stderr]    Compiling tower v0.4.13
[INFO] [stderr]    Compiling url v2.4.0
[INFO] [stderr]    Compiling thiserror-impl v2.0.11
[INFO] [stderr]    Compiling serde_urlencoded v0.7.1
[INFO] [stderr]    Compiling caseless v0.2.2
[INFO] [stderr]    Compiling fd-lock v3.0.13
[INFO] [stderr]    Compiling serde_path_to_error v0.1.14
[INFO] [stderr]    Compiling time v0.1.45
[INFO] [stderr]    Compiling bstr v1.6.0
[INFO] [stderr]    Compiling unicode_categories v0.1.1
[INFO] [stderr]    Compiling pathdiff v0.2.1
[INFO] [stderr]    Compiling openssl-probe v0.1.5
[INFO] [stderr]    Compiling shell-words v1.1.0
[INFO] [stderr]    Compiling xdg v2.5.2
[INFO] [stderr]    Compiling askama_escape v0.10.3
[INFO] [stderr]    Compiling home v0.5.5
[INFO] [stderr]    Compiling sync_wrapper v0.1.2
[INFO] [stderr]    Compiling entities v1.0.1
[INFO] [stderr]    Compiling http-range-header v0.3.1
[INFO] [stderr]    Compiling typed-arena v2.0.2
[INFO] [stderr]    Compiling fastrand v2.0.0
[INFO] [stderr]    Compiling matchit v0.7.1
[INFO] [stderr]    Compiling iana-time-zone v0.1.57
[INFO] [stderr]    Compiling tower-http v0.4.3
[INFO] [stderr]    Compiling chrono v0.4.26
[INFO] [stderr]    Compiling tempfile v3.7.0
[INFO] [stderr]    Compiling rustyline v12.0.0
[INFO] [stderr]    Compiling globset v0.4.13
[INFO] [stderr]    Compiling askama v0.12.0
[INFO] [stderr]    Compiling open v5.0.0
[INFO] [stderr]    Compiling structopt v0.3.26
[INFO] [stderr]    Compiling toml v0.8.8
[INFO] [stderr]    Compiling crossterm v0.28.1
[INFO] [stderr]    Compiling rand v0.8.5
[INFO] [stderr]    Compiling shellwords v1.1.0
[INFO] [stderr]    Compiling rake v0.3.3
[INFO] [stderr]    Compiling rustyline-derive v0.9.0
[INFO] [stderr]    Compiling float-ord v0.3.2
[INFO] [stderr]    Compiling onig v6.4.0
[INFO] [stderr]    Compiling syntect v5.0.0
[INFO] [stderr]    Compiling comrak v0.33.0
[INFO] [stderr]    Compiling git2 v0.20.0
[INFO] [stderr]    Compiling gitnotes v0.1.0 (/opt/rustwide/workdir)
[INFO] [stdout] warning: methods `iter` and `len` are never used
[INFO] [stdout]   --> src/helpers.rs:65:12
[INFO] [stdout]    |
[INFO] [stdout] 57 | impl<T> OrderedSet<T> where T: Eq + Hash {
[INFO] [stdout]    | ---------------------------------------- methods in this implementation
[INFO] [stdout] ...
[INFO] [stdout] 65 |     pub fn iter(&self) -> impl Iterator<Item=&T> {
[INFO] [stdout]    |            ^^^^
[INFO] [stdout] ...
[INFO] [stdout] 73 |     pub fn len(&self) -> usize {
[INFO] [stdout]    |            ^^^
[INFO] [stdout]    |
[INFO] [stdout]    = note: `#[warn(dead_code)]` on by default
[INFO] [stdout] 
[INFO] [stdout] 
[INFO] [stdout] warning: field `is_first` is never read
[INFO] [stdout]    --> src/model.rs:474:9
[INFO] [stdout]     |
[INFO] [stdout] 473 | pub struct NoteFileTreeWalkStack<'a> {
[INFO] [stdout]     |            --------------------- field in this struct
[INFO] [stdout] 474 |     pub is_first: bool,
[INFO] [stdout]     |         ^^^^^^^^
[INFO] [stdout] 
[INFO] [stdout] 
[INFO] [stdout] warning: associated function `new` is never used
[INFO] [stdout]    --> src/querying.rs:650:12
[INFO] [stdout]     |
[INFO] [stdout] 649 | impl RegexMatcher {
[INFO] [stdout]     | ----------------- associated function in this implementation
[INFO] [stdout] 650 |     pub fn new(str: &str) -> RegexMatcher {
[INFO] [stdout]     |            ^^^
[INFO] [stdout] 
[INFO] [stdout] 
[INFO] [stdout] warning: variant `CompilerNotFound` is never constructed
[INFO] [stdout]   --> src/snippets.rs:21:5
[INFO] [stdout]    |
[INFO] [stdout] 16 | pub enum SnippetError {
[INFO] [stdout]    |          ------------ variant in this enum
[INFO] [stdout] ...
[INFO] [stdout] 21 |     CompilerNotFound,
[INFO] [stdout]    |     ^^^^^^^^^^^^^^^^
[INFO] [stdout]    |
[INFO] [stdout]    = note: `SnippetError` has a derived impl for the trait `Debug`, but this is intentionally ignored during dead code analysis
[INFO] [stdout] 
[INFO] [stdout] 
[INFO] [stdout] warning: method `set_working_dir` is never used
[INFO] [stdout]    --> src/app.rs:629:12
[INFO] [stdout]     |
[INFO] [stdout] 38  | impl App {
[INFO] [stdout]     | -------- method in this implementation
[INFO] [stdout] ...
[INFO] [stdout] 629 |     pub fn set_working_dir(&mut self, working_dir: &Path) {
[INFO] [stdout]     |            ^^^^^^^^^^^^^^^
[INFO] [stdout] 
[INFO] [stdout] 
[INFO] [stderr]     Finished `dev` profile [unoptimized + debuginfo] target(s) in 3m 18s
[INFO] running `Command { std: "docker" "inspect" "245b951fa13b80ab9d3becc7155036c3a02ba8623ea0638e38ca3d3d4672f336", kill_on_drop: false }`
[INFO] running `Command { std: "docker" "rm" "-f" "245b951fa13b80ab9d3becc7155036c3a02ba8623ea0638e38ca3d3d4672f336", kill_on_drop: false }`
[INFO] [stdout] 245b951fa13b80ab9d3becc7155036c3a02ba8623ea0638e38ca3d3d4672f336
[INFO] running `Command { std: "docker" "create" "-v" "/var/lib/crater-agent-workspace/builds/worker-4-tc2/target:/opt/rustwide/target:rw,Z" "-v" "/var/lib/crater-agent-workspace/builds/worker-4-tc2/source:/opt/rustwide/workdir:ro,Z" "-v" "/var/lib/crater-agent-workspace/cargo-home:/opt/rustwide/cargo-home:ro,Z" "-v" "/var/lib/crater-agent-workspace/rustup-home:/opt/rustwide/rustup-home:ro,Z" "-e" "SOURCE_DIR=/opt/rustwide/workdir" "-e" "CARGO_TARGET_DIR=/opt/rustwide/target" "-e" "CARGO_INCREMENTAL=0" "-e" "RUST_BACKTRACE=full" "-e" "RUSTFLAGS=--cap-lints=forbid -Zrandomize-layout" "-e" "RUSTDOCFLAGS=--cap-lints=forbid" "-e" "CARGO_HOME=/opt/rustwide/cargo-home" "-e" "RUSTUP_HOME=/opt/rustwide/rustup-home" "-w" "/opt/rustwide/workdir" "-m" "1610612736" "--user" "0:0" "--network" "none" "ghcr.io/rust-lang/crates-build-env/linux@sha256:819108c5571ea2e421544af4d832f968d213c87fbe3707a016657f43d2f853bc" "/opt/rustwide/cargo-home/bin/cargo" "+nightly-2025-01-18" "test" "--frozen" "--no-run" "--message-format=json", kill_on_drop: false }`
[INFO] [stdout] 111418edb67760a3589e195677e0d7b3b92f1445975450da50611a2755d13461
[INFO] running `Command { std: "docker" "start" "-a" "111418edb67760a3589e195677e0d7b3b92f1445975450da50611a2755d13461", kill_on_drop: false }`
[INFO] [stderr]    Compiling gitnotes v0.1.0 (/opt/rustwide/workdir)
[INFO] [stdout] warning: field `is_first` is never read
[INFO] [stdout]    --> src/model.rs:474:9
[INFO] [stdout]     |
[INFO] [stdout] 473 | pub struct NoteFileTreeWalkStack<'a> {
[INFO] [stdout]     |            --------------------- field in this struct
[INFO] [stdout] 474 |     pub is_first: bool,
[INFO] [stdout]     |         ^^^^^^^^
[INFO] [stdout]     |
[INFO] [stdout]     = note: `#[warn(dead_code)]` on by default
[INFO] [stdout] 
[INFO] [stdout] 
[INFO] [stdout] warning: associated function `new` is never used
[INFO] [stdout]    --> src/querying.rs:650:12
[INFO] [stdout]     |
[INFO] [stdout] 649 | impl RegexMatcher {
[INFO] [stdout]     | ----------------- associated function in this implementation
[INFO] [stdout] 650 |     pub fn new(str: &str) -> RegexMatcher {
[INFO] [stdout]     |            ^^^
[INFO] [stdout] 
[INFO] [stdout] 
[INFO] [stdout] warning: variant `CompilerNotFound` is never constructed
[INFO] [stdout]   --> src/snippets.rs:21:5
[INFO] [stdout]    |
[INFO] [stdout] 16 | pub enum SnippetError {
[INFO] [stdout]    |          ------------ variant in this enum
[INFO] [stdout] ...
[INFO] [stdout] 21 |     CompilerNotFound,
[INFO] [stdout]    |     ^^^^^^^^^^^^^^^^
[INFO] [stdout]    |
[INFO] [stdout]    = note: `SnippetError` has a derived impl for the trait `Debug`, but this is intentionally ignored during dead code analysis
[INFO] [stdout] 
[INFO] [stdout] 
[INFO] [stderr]     Finished `test` profile [unoptimized + debuginfo] target(s) in 10.61s
[INFO] running `Command { std: "docker" "inspect" "111418edb67760a3589e195677e0d7b3b92f1445975450da50611a2755d13461", kill_on_drop: false }`
[INFO] running `Command { std: "docker" "rm" "-f" "111418edb67760a3589e195677e0d7b3b92f1445975450da50611a2755d13461", kill_on_drop: false }`
[INFO] [stdout] 111418edb67760a3589e195677e0d7b3b92f1445975450da50611a2755d13461
[INFO] running `Command { std: "docker" "create" "-v" "/var/lib/crater-agent-workspace/builds/worker-4-tc2/target:/opt/rustwide/target:rw,Z" "-v" "/var/lib/crater-agent-workspace/builds/worker-4-tc2/source:/opt/rustwide/workdir:ro,Z" "-v" "/var/lib/crater-agent-workspace/cargo-home:/opt/rustwide/cargo-home:ro,Z" "-v" "/var/lib/crater-agent-workspace/rustup-home:/opt/rustwide/rustup-home:ro,Z" "-e" "SOURCE_DIR=/opt/rustwide/workdir" "-e" "CARGO_TARGET_DIR=/opt/rustwide/target" "-e" "CARGO_INCREMENTAL=0" "-e" "RUST_BACKTRACE=full" "-e" "RUSTFLAGS=--cap-lints=forbid -Zrandomize-layout" "-e" "RUSTDOCFLAGS=--cap-lints=forbid" "-e" "CARGO_HOME=/opt/rustwide/cargo-home" "-e" "RUSTUP_HOME=/opt/rustwide/rustup-home" "-w" "/opt/rustwide/workdir" "-m" "1610612736" "--user" "0:0" "--network" "none" "ghcr.io/rust-lang/crates-build-env/linux@sha256:819108c5571ea2e421544af4d832f968d213c87fbe3707a016657f43d2f853bc" "/opt/rustwide/cargo-home/bin/cargo" "+nightly-2025-01-18" "test" "--frozen", kill_on_drop: false }`
[INFO] [stdout] 25706f55f638eb7cf8fccb4edd9fb729a17932824105dc7590e747d87a8afe79
[INFO] running `Command { std: "docker" "start" "-a" "25706f55f638eb7cf8fccb4edd9fb729a17932824105dc7590e747d87a8afe79", kill_on_drop: false }`
[INFO] [stderr] warning: field `is_first` is never read
[INFO] [stderr]    --> src/model.rs:474:9
[INFO] [stderr]     |
[INFO] [stderr] 473 | pub struct NoteFileTreeWalkStack<'a> {
[INFO] [stderr]     |            --------------------- field in this struct
[INFO] [stderr] 474 |     pub is_first: bool,
[INFO] [stderr]     |         ^^^^^^^^
[INFO] [stderr]     |
[INFO] [stderr]     = note: `#[warn(dead_code)]` on by default
[INFO] [stderr] 
[INFO] [stderr] warning: associated function `new` is never used
[INFO] [stderr]    --> src/querying.rs:650:12
[INFO] [stderr]     |
[INFO] [stderr] 649 | impl RegexMatcher {
[INFO] [stderr]     | ----------------- associated function in this implementation
[INFO] [stderr] 650 |     pub fn new(str: &str) -> RegexMatcher {
[INFO] [stderr]     |            ^^^
[INFO] [stderr] 
[INFO] [stderr] warning: variant `CompilerNotFound` is never constructed
[INFO] [stderr]   --> src/snippets.rs:21:5
[INFO] [stderr]    |
[INFO] [stderr] 16 | pub enum SnippetError {
[INFO] [stderr]    |          ------------ variant in this enum
[INFO] [stderr] ...
[INFO] [stderr] 21 |     CompilerNotFound,
[INFO] [stderr]    |     ^^^^^^^^^^^^^^^^
[INFO] [stderr]    |
[INFO] [stderr]    = note: `SnippetError` has a derived impl for the trait `Debug`, but this is intentionally ignored during dead code analysis
[INFO] [stderr] 
[INFO] [stderr] warning: `gitnotes` (bin "gitnotes" test) generated 3 warnings
[INFO] [stderr]     Finished `test` profile [unoptimized + debuginfo] target(s) in 0.36s
[INFO] [stderr]      Running unittests src/main.rs (/opt/rustwide/target/debug/deps/gitnotes-9b9d387cdc022dac)
[INFO] [stdout] 
[INFO] [stdout] running 50 tests
[INFO] [stdout] test app::test_change_working_dir3 ... ok
[INFO] [stdout] test app::test_change_working_dir2 ... ok
[INFO] [stdout] test app::test_change_working_dir1 ... ok
[INFO] [stdout] test app::test_change_working_dir5 ... ok
[INFO] [stdout] test app::test_change_working_dir6 ... ok
[INFO] [stdout] test app::test_change_working_dir7 ... ok
[INFO] [stdout] test app::test_change_working_dir8 ... ok
[INFO] [stdout] test app::test_change_working_dir4 ... ok
[INFO] [stdout] test app::test_change_working_dir9 ... ok
[INFO] [stdout] test app_tests::test_change_tags ... ok
[INFO] [stdout] test app_tests::test_add_with_editor ... ok
[INFO] [stdout] test app_tests::test_add_with_working_dir ... ok
[INFO] [stdout] test app_tests::test_edit_with_editor_and_history ... ok
[INFO] [stdout] test app_tests::test_move ... ok
[INFO] [stdout] test app_tests::test_edit ... ok
[INFO] [stdout] test app_tests::test_add ... ok
[INFO] [stdout] test app_tests::test_edit_note_id ... ok
[INFO] [stdout] test app_tests::test_edit_with_editor ... ok
[INFO] [stdout] test app_tests::test_move_dir_to_existing1 ... ok
[INFO] [stdout] test app_tests::test_move_dir1 ... ok
[INFO] [stdout] test app_tests::test_move_to_existing1 ... ok
[INFO] [stdout] test app_tests::test_move_file_to_dir ... ok
[INFO] [stdout] test app_tests::test_remove ... ok
[INFO] [stdout] test app_tests::test_move_dir2 ... ok
[INFO] [stdout] test app_tests::test_move_glob1 ... ok
[INFO] [stdout] test helpers::test_ordered_set1 ... ok
[INFO] [stdout] test app_tests::test_move_to_existing2 ... ok
[INFO] [stdout] test app_tests::test_remove_glob2 ... ok
[INFO] [stdout] test helpers::test_ordered_set2 ... ok
[INFO] [stdout] test app_tests::test_move_glob2 ... ok
[INFO] [stdout] test model::test_find_tree1 ... ok
[INFO] [stdout] test model::test_create_tree1 ... ok
[INFO] [stdout] test app_tests::test_remove_recursive ... ok
[INFO] [stdout] test snippets::test_manager_success1 ... ok
[INFO] [stderr] /tmp/.tmpvVWgxZ.cpp: In function 'int main()':
[INFO] [stderr] /tmp/.tmpvVWgxZ.cpp:3:10: error: 'cout' is not a member of 'std'
[INFO] [stderr]     3 |     std::cout << "Hello, World!" << std::endl;
[INFO] [stderr]       |          ^~~~
[INFO] [stderr] /tmp/.tmpvVWgxZ.cpp:1:1: note: 'std::cout' is defined in header '<iostream>'; did you forget to '#include <iostream>'?
[INFO] [stderr]   +++ |+#include <iostream>
[INFO] [stderr]     1 | 
[INFO] [stderr] /tmp/.tmpvVWgxZ.cpp:3:42: error: 'endl' is not a member of 'std'
[INFO] [stderr]     3 |     std::cout << "Hello, World!" << std::endl;
[INFO] [stderr]       |                                          ^~~~
[INFO] [stderr] /tmp/.tmpvVWgxZ.cpp:1:1: note: 'std::endl' is defined in header '<ostream>'; did you forget to '#include <ostream>'?
[INFO] [stderr]   +++ |+#include <ostream>
[INFO] [stderr]     1 | 
[INFO] [stdout] test snippets::test_cpp_fail1 ... ok
[INFO] [stdout] test snippets::test_python_change_config1 ... ok
[INFO] [stdout] test app_tests::test_remove_glob1 ... ok
[INFO] [stdout] test app_tests::test_run_snippet ... ok
[INFO] [stdout] test snippets::test_python_fail1 ... ok
[INFO] [stdout] test app_tests::test_undo ... ok
[INFO] [stdout] test snippets::test_python_success1 ... ok
[INFO] [stdout] test tags::test_automatic1 ... ok
[INFO] [stdout] test tags::test_automatic2 ... ok
[INFO] [stdout] test snippets::test_javascript_success ... ok
[INFO] [stdout] test snippets::test_rust_success1 ... ok
[INFO] [stdout] test snippets::test_rust_success2 ... ok
[INFO] [stdout] test snippets::test_typescript_success ... FAILED
[INFO] [stdout] test snippets::test_manager_success3 ... ok
[INFO] [stdout] test snippets::test_cpp_success1 ... ok
[INFO] [stdout] test snippets::test_manager_success2 ... ok
[INFO] [stdout] 
[INFO] [stdout] failures:
[INFO] [stdout] 
[INFO] [stdout] ---- snippets::test_typescript_success stdout ----
[INFO] [stdout] 
[INFO] [stdout] thread 'snippets::test_typescript_success' panicked at src/snippets.rs:619:53:
[INFO] [stdout] called `Result::unwrap()` on an `Err` value: IO(Os { code: 2, kind: NotFound, message: "No such file or directory" })
[INFO] [stdout] stack backtrace:
[INFO] [stdout]    0:     0x5a10a09fad2a - std::backtrace_rs::backtrace::libunwind::trace::hb059275cfc8d6126
[INFO] [stdout]                                at /rustc/6067b36314ab5eb2eb47cecc464545ba58e1ad24/library/std/src/../../backtrace/src/backtrace/libunwind.rs:116:5
[INFO] [stdout]    1:     0x5a10a09fad2a - std::backtrace_rs::backtrace::trace_unsynchronized::h2da071e4327ce3ee
[INFO] [stdout]                                at /rustc/6067b36314ab5eb2eb47cecc464545ba58e1ad24/library/std/src/../../backtrace/src/backtrace/mod.rs:66:5
[INFO] [stdout]    2:     0x5a10a09fad2a - std::sys::backtrace::_print_fmt::h842a1474e6f8d23f
[INFO] [stdout]                                at /rustc/6067b36314ab5eb2eb47cecc464545ba58e1ad24/library/std/src/sys/backtrace.rs:66:9
[INFO] [stdout]    3:     0x5a10a09fad2a - <std::sys::backtrace::BacktraceLock::print::DisplayBacktrace as core::fmt::Display>::fmt::h71a62eb3b9696b12
[INFO] [stdout]                                at /rustc/6067b36314ab5eb2eb47cecc464545ba58e1ad24/library/std/src/sys/backtrace.rs:39:26
[INFO] [stdout]    4:     0x5a10a0a2aa13 - core::fmt::rt::Argument::fmt::hdb6b616786b41dc1
[INFO] [stdout]                                at /rustc/6067b36314ab5eb2eb47cecc464545ba58e1ad24/library/core/src/fmt/rt.rs:177:76
[INFO] [stdout]    5:     0x5a10a0a2aa13 - core::fmt::write::h2cc1698af7e2d686
[INFO] [stdout]                                at /rustc/6067b36314ab5eb2eb47cecc464545ba58e1ad24/library/core/src/fmt/mod.rs:1440:21
[INFO] [stdout]    6:     0x5a10a09f6313 - std::io::Write::write_fmt::hab1b4cd059a79022
[INFO] [stdout]                                at /rustc/6067b36314ab5eb2eb47cecc464545ba58e1ad24/library/std/src/io/mod.rs:1887:15
[INFO] [stdout]    7:     0x5a10a09fab72 - std::sys::backtrace::BacktraceLock::print::h147fe35b4ea13b08
[INFO] [stdout]                                at /rustc/6067b36314ab5eb2eb47cecc464545ba58e1ad24/library/std/src/sys/backtrace.rs:42:9
[INFO] [stdout]    8:     0x5a10a09fc1cf - std::panicking::default_hook::{{closure}}::hbd44223dbdc0d208
[INFO] [stdout]                                at /rustc/6067b36314ab5eb2eb47cecc464545ba58e1ad24/library/std/src/panicking.rs:298:22
[INFO] [stdout]    9:     0x5a10a09fbfe8 - std::panicking::default_hook::h20f81eb0576efcec
[INFO] [stdout]                                at /rustc/6067b36314ab5eb2eb47cecc464545ba58e1ad24/library/std/src/panicking.rs:322:9
[INFO] [stdout]   10:     0x5a10a01f46b3 - <alloc::boxed::Box<F,A> as core::ops::function::Fn<Args>>::call::hdb53814c496a4d34
[INFO] [stdout]                                at /rustc/6067b36314ab5eb2eb47cecc464545ba58e1ad24/library/alloc/src/boxed.rs:2027:9
[INFO] [stdout]   11:     0x5a10a01f46b3 - test::test_main::{{closure}}::hc0a4963c59427c24
[INFO] [stdout]                                at /rustc/6067b36314ab5eb2eb47cecc464545ba58e1ad24/library/test/src/lib.rs:134:21
[INFO] [stdout]   12:     0x5a10a09fccc3 - <alloc::boxed::Box<F,A> as core::ops::function::Fn<Args>>::call::h591b2225413a77e9
[INFO] [stdout]                                at /rustc/6067b36314ab5eb2eb47cecc464545ba58e1ad24/library/alloc/src/boxed.rs:2027:9
[INFO] [stdout]   13:     0x5a10a09fccc3 - std::panicking::rust_panic_with_hook::h625eea43051b2edc
[INFO] [stdout]                                at /rustc/6067b36314ab5eb2eb47cecc464545ba58e1ad24/library/std/src/panicking.rs:839:13
[INFO] [stdout]   14:     0x5a10a09fc97a - std::panicking::begin_panic_handler::{{closure}}::h4f9159cfbc3f6bd3
[INFO] [stdout]                                at /rustc/6067b36314ab5eb2eb47cecc464545ba58e1ad24/library/std/src/panicking.rs:704:13
[INFO] [stdout]   15:     0x5a10a09fb229 - std::sys::backtrace::__rust_end_short_backtrace::h0390abce48353151
[INFO] [stdout]                                at /rustc/6067b36314ab5eb2eb47cecc464545ba58e1ad24/library/std/src/sys/backtrace.rs:168:18
[INFO] [stdout]   16:     0x5a10a09fc60d - rust_begin_unwind
[INFO] [stdout]                                at /rustc/6067b36314ab5eb2eb47cecc464545ba58e1ad24/library/std/src/panicking.rs:695:5
[INFO] [stdout]   17:     0x5a10a0a28280 - core::panicking::panic_fmt::h9e7c637e9e5f29c9
[INFO] [stdout]                                at /rustc/6067b36314ab5eb2eb47cecc464545ba58e1ad24/library/core/src/panicking.rs:75:14
[INFO] [stdout]   18:     0x5a10a0a28756 - core::result::unwrap_failed::h7979f09313fe1849
[INFO] [stdout]                                at /rustc/6067b36314ab5eb2eb47cecc464545ba58e1ad24/library/core/src/result.rs:1704:5
[INFO] [stdout]   19:     0x5a109ff8781a - core::result::Result<T,E>::unwrap::h70e03c6b01ad1897
[INFO] [stdout]                                at /rustc/6067b36314ab5eb2eb47cecc464545ba58e1ad24/library/core/src/result.rs:1109:23
[INFO] [stdout]   20:     0x5a109ff8781a - gitnotes::snippets::test_typescript_success::h7f4255698542508b
[INFO] [stdout]                                at /opt/rustwide/workdir/src/snippets.rs:619:46
[INFO] [stdout]   21:     0x5a109ff876b7 - gitnotes::snippets::test_typescript_success::{{closure}}::ha4d2a0d912550809
[INFO] [stdout]                                at /opt/rustwide/workdir/src/snippets.rs:609:29
[INFO] [stdout]   22:     0x5a109fec1ba6 - core::ops::function::FnOnce::call_once::ha1823f0fd3e8968d
[INFO] [stdout]                                at /rustc/6067b36314ab5eb2eb47cecc464545ba58e1ad24/library/core/src/ops/function.rs:250:5
[INFO] [stdout]   23:     0x5a10a01f9e0b - core::ops::function::FnOnce::call_once::he27718dfdd183f43
[INFO] [stdout]                                at /rustc/6067b36314ab5eb2eb47cecc464545ba58e1ad24/library/core/src/ops/function.rs:250:5
[INFO] [stdout]   24:     0x5a10a01f9e0b - test::__rust_begin_short_backtrace::h4e84902998457a5d
[INFO] [stdout]                                at /rustc/6067b36314ab5eb2eb47cecc464545ba58e1ad24/library/test/src/lib.rs:632:18
[INFO] [stdout]   25:     0x5a10a01f8d43 - test::run_test_in_process::{{closure}}::h7176fd18fc1feca0
[INFO] [stdout]                                at /rustc/6067b36314ab5eb2eb47cecc464545ba58e1ad24/library/test/src/lib.rs:655:60
[INFO] [stdout]   26:     0x5a10a01f8d43 - <core::panic::unwind_safe::AssertUnwindSafe<F> as core::ops::function::FnOnce<()>>::call_once::hf79cff2a624d8cf7
[INFO] [stdout]                                at /rustc/6067b36314ab5eb2eb47cecc464545ba58e1ad24/library/core/src/panic/unwind_safe.rs:272:9
[INFO] [stdout]   27:     0x5a10a01f8d43 - std::panicking::try::do_call::h3da0561d9ab99c25
[INFO] [stdout]                                at /rustc/6067b36314ab5eb2eb47cecc464545ba58e1ad24/library/std/src/panicking.rs:587:40
[INFO] [stdout]   28:     0x5a10a01f8d43 - std::panicking::try::h41c9fa508bc61df6
[INFO] [stdout]                                at /rustc/6067b36314ab5eb2eb47cecc464545ba58e1ad24/library/std/src/panicking.rs:550:19
[INFO] [stdout]   29:     0x5a10a01f8d43 - std::panic::catch_unwind::h6b3ff07bb5afad93
[INFO] [stdout]                                at /rustc/6067b36314ab5eb2eb47cecc464545ba58e1ad24/library/std/src/panic.rs:358:14
[INFO] [stdout]   30:     0x5a10a01f8d43 - test::run_test_in_process::hc7253dd11b39b9f4
[INFO] [stdout]                                at /rustc/6067b36314ab5eb2eb47cecc464545ba58e1ad24/library/test/src/lib.rs:655:27
[INFO] [stdout]   31:     0x5a10a01f8d43 - test::run_test::{{closure}}::hfb2007f8649c30bb
[INFO] [stdout]                                at /rustc/6067b36314ab5eb2eb47cecc464545ba58e1ad24/library/test/src/lib.rs:576:43
[INFO] [stdout]   32:     0x5a10a01bbe25 - test::run_test::{{closure}}::h56a17aa7a282a9f4
[INFO] [stdout]                                at /rustc/6067b36314ab5eb2eb47cecc464545ba58e1ad24/library/test/src/lib.rs:606:41
[INFO] [stdout]   33:     0x5a10a01bbe25 - std::sys::backtrace::__rust_begin_short_backtrace::hd2d2d2fb8e8c6aac
[INFO] [stdout]                                at /rustc/6067b36314ab5eb2eb47cecc464545ba58e1ad24/library/std/src/sys/backtrace.rs:152:18
[INFO] [stdout]   34:     0x5a10a01bf70a - std::thread::Builder::spawn_unchecked_::{{closure}}::{{closure}}::h4faa3f9db6133423
[INFO] [stdout]                                at /rustc/6067b36314ab5eb2eb47cecc464545ba58e1ad24/library/std/src/thread/mod.rs:559:17
[INFO] [stdout]   35:     0x5a10a01bf70a - <core::panic::unwind_safe::AssertUnwindSafe<F> as core::ops::function::FnOnce<()>>::call_once::hf2e855a36a4ea846
[INFO] [stdout]                                at /rustc/6067b36314ab5eb2eb47cecc464545ba58e1ad24/library/core/src/panic/unwind_safe.rs:272:9
[INFO] [stdout]   36:     0x5a10a01bf70a - std::panicking::try::do_call::h2f73af3616c35465
[INFO] [stdout]                                at /rustc/6067b36314ab5eb2eb47cecc464545ba58e1ad24/library/std/src/panicking.rs:587:40
[INFO] [stdout]   37:     0x5a10a01bf70a - std::panicking::try::hd1660ce9efadef5a
[INFO] [stdout]                                at /rustc/6067b36314ab5eb2eb47cecc464545ba58e1ad24/library/std/src/panicking.rs:550:19
[INFO] [stdout]   38:     0x5a10a01bf70a - std::panic::catch_unwind::h5ee8d7823b8ca744
[INFO] [stdout]                                at /rustc/6067b36314ab5eb2eb47cecc464545ba58e1ad24/library/std/src/panic.rs:358:14
[INFO] [stdout]   39:     0x5a10a01bf70a - std::thread::Builder::spawn_unchecked_::{{closure}}::h53c3a1894dce8407
[INFO] [stdout]                                at /rustc/6067b36314ab5eb2eb47cecc464545ba58e1ad24/library/std/src/thread/mod.rs:557:30
[INFO] [stdout]   40:     0x5a10a01bf70a - core::ops::function::FnOnce::call_once{{vtable.shim}}::h048ce291ad4f62bf
[INFO] [stdout]                                at /rustc/6067b36314ab5eb2eb47cecc464545ba58e1ad24/library/core/src/ops/function.rs:250:5
[INFO] [stdout]   41:     0x5a10a0a0369b - <alloc::boxed::Box<F,A> as core::ops::function::FnOnce<Args>>::call_once::ha52bedf99a3b4981
[INFO] [stdout]                                at /rustc/6067b36314ab5eb2eb47cecc464545ba58e1ad24/library/alloc/src/boxed.rs:2013:9
[INFO] [stdout]   42:     0x5a10a0a0369b - <alloc::boxed::Box<F,A> as core::ops::function::FnOnce<Args>>::call_once::h567748934d80ccf8
[INFO] [stdout]                                at /rustc/6067b36314ab5eb2eb47cecc464545ba58e1ad24/library/alloc/src/boxed.rs:2013:9
[INFO] [stdout]   43:     0x5a10a0a0369b - std::sys::pal::unix::thread::Thread::new::thread_start::h2d970728ae887adc
[INFO] [stdout]                                at /rustc/6067b36314ab5eb2eb47cecc464545ba58e1ad24/library/std/src/sys/pal/unix/thread.rs:106:17
[INFO] [stdout]   44:     0x760d9639aac3 - <unknown>
[INFO] [stdout]   45:     0x760d9642ba04 - clone
[INFO] [stdout]   46:                0x0 - <unknown>
[INFO] [stdout] 
[INFO] [stdout] 
[INFO] [stdout] failures:
[INFO] [stdout]     snippets::test_typescript_success
[INFO] [stdout] 
[INFO] [stdout] test result: FAILED. 49 passed; 1 failed; 0 ignored; 0 measured; 0 filtered out; finished in 2.08s
[INFO] [stdout] 
[INFO] [stderr] error: test failed, to rerun pass `--bin gitnotes`
[INFO] running `Command { std: "docker" "inspect" "25706f55f638eb7cf8fccb4edd9fb729a17932824105dc7590e747d87a8afe79", kill_on_drop: false }`
[INFO] running `Command { std: "docker" "rm" "-f" "25706f55f638eb7cf8fccb4edd9fb729a17932824105dc7590e747d87a8afe79", kill_on_drop: false }`
[INFO] [stdout] 25706f55f638eb7cf8fccb4edd9fb729a17932824105dc7590e747d87a8afe79
