[INFO] cloning repository https://github.com/super119/pemon
[INFO] running `Command { std: "git" "-c" "credential.helper=" "-c" "credential.helper=/workspace/cargo-home/bin/git-credential-null" "clone" "--bare" "https://github.com/super119/pemon" "/workspace/cache/git-repos/https%3A%2F%2Fgithub.com%2Fsuper119%2Fpemon", kill_on_drop: false }`
[INFO] [stderr] Cloning into bare repository '/workspace/cache/git-repos/https%3A%2F%2Fgithub.com%2Fsuper119%2Fpemon'...
[INFO] running `Command { std: "git" "rev-parse" "HEAD", kill_on_drop: false }`
[INFO] [stdout] 36cdebf5929cafe8bead60b78c536a539a46cbcd
[INFO] testing super119/pemon against nightly-2025-01-18 for randomize-layout-2
[INFO] running `Command { std: "git" "clone" "/workspace/cache/git-repos/https%3A%2F%2Fgithub.com%2Fsuper119%2Fpemon" "/workspace/builds/worker-1-tc1/source", kill_on_drop: false }`
[INFO] [stderr] Cloning into '/workspace/builds/worker-1-tc1/source'...
[INFO] [stderr] done.
[INFO] validating manifest of git repo https://github.com/super119/pemon on toolchain nightly-2025-01-18
[INFO] running `Command { std: CARGO_HOME="/workspace/cargo-home" RUSTUP_HOME="/workspace/rustup-home" "/workspace/cargo-home/bin/cargo" "+nightly-2025-01-18" "metadata" "--manifest-path" "Cargo.toml" "--no-deps", kill_on_drop: false }`
[INFO] started tweaking git repo https://github.com/super119/pemon
[INFO] finished tweaking git repo https://github.com/super119/pemon
[INFO] tweaked toml for git repo https://github.com/super119/pemon written to /workspace/builds/worker-1-tc1/source/Cargo.toml
[INFO] crate git repo https://github.com/super119/pemon already has a lockfile, it will not be regenerated
[INFO] running `Command { std: CARGO_HOME="/workspace/cargo-home" RUSTUP_HOME="/workspace/rustup-home" "/workspace/cargo-home/bin/cargo" "+nightly-2025-01-18" "fetch" "--manifest-path" "Cargo.toml", kill_on_drop: false }`
[INFO] running `Command { std: "docker" "create" "-v" "/var/lib/crater-agent-workspace/builds/worker-1-tc1/target:/opt/rustwide/target:rw,Z" "-v" "/var/lib/crater-agent-workspace/builds/worker-1-tc1/source:/opt/rustwide/workdir:ro,Z" "-v" "/var/lib/crater-agent-workspace/cargo-home:/opt/rustwide/cargo-home:ro,Z" "-v" "/var/lib/crater-agent-workspace/rustup-home:/opt/rustwide/rustup-home:ro,Z" "-e" "SOURCE_DIR=/opt/rustwide/workdir" "-e" "CARGO_TARGET_DIR=/opt/rustwide/target" "-e" "CARGO_HOME=/opt/rustwide/cargo-home" "-e" "RUSTUP_HOME=/opt/rustwide/rustup-home" "-w" "/opt/rustwide/workdir" "-m" "1610612736" "--user" "0:0" "--network" "none" "ghcr.io/rust-lang/crates-build-env/linux@sha256:819108c5571ea2e421544af4d832f968d213c87fbe3707a016657f43d2f853bc" "/opt/rustwide/cargo-home/bin/cargo" "+nightly-2025-01-18" "metadata" "--no-deps" "--format-version=1", kill_on_drop: false }`
[INFO] [stdout] 3baa02d8d97e35cba67f4a8f9690d23e88452ed7350d993ab30abef6e7044564
[INFO] running `Command { std: "docker" "start" "-a" "3baa02d8d97e35cba67f4a8f9690d23e88452ed7350d993ab30abef6e7044564", kill_on_drop: false }`
[INFO] running `Command { std: "docker" "inspect" "3baa02d8d97e35cba67f4a8f9690d23e88452ed7350d993ab30abef6e7044564", kill_on_drop: false }`
[INFO] running `Command { std: "docker" "rm" "-f" "3baa02d8d97e35cba67f4a8f9690d23e88452ed7350d993ab30abef6e7044564", kill_on_drop: false }`
[INFO] [stdout] 3baa02d8d97e35cba67f4a8f9690d23e88452ed7350d993ab30abef6e7044564
[INFO] running `Command { std: "docker" "create" "-v" "/var/lib/crater-agent-workspace/builds/worker-1-tc1/target:/opt/rustwide/target:rw,Z" "-v" "/var/lib/crater-agent-workspace/builds/worker-1-tc1/source:/opt/rustwide/workdir:ro,Z" "-v" "/var/lib/crater-agent-workspace/cargo-home:/opt/rustwide/cargo-home:ro,Z" "-v" "/var/lib/crater-agent-workspace/rustup-home:/opt/rustwide/rustup-home:ro,Z" "-e" "SOURCE_DIR=/opt/rustwide/workdir" "-e" "CARGO_TARGET_DIR=/opt/rustwide/target" "-e" "CARGO_INCREMENTAL=0" "-e" "RUST_BACKTRACE=full" "-e" "RUSTFLAGS=--cap-lints=forbid" "-e" "RUSTDOCFLAGS=--cap-lints=forbid" "-e" "CARGO_HOME=/opt/rustwide/cargo-home" "-e" "RUSTUP_HOME=/opt/rustwide/rustup-home" "-w" "/opt/rustwide/workdir" "-m" "1610612736" "--user" "0:0" "--network" "none" "ghcr.io/rust-lang/crates-build-env/linux@sha256:819108c5571ea2e421544af4d832f968d213c87fbe3707a016657f43d2f853bc" "/opt/rustwide/cargo-home/bin/cargo" "+nightly-2025-01-18" "build" "--frozen" "--message-format=json", kill_on_drop: false }`
[INFO] [stdout] f8b90a7891da29e69e177268c59dd85610d1b1a398012cfdf0cb5edf12ac6ada
[INFO] running `Command { std: "docker" "start" "-a" "f8b90a7891da29e69e177268c59dd85610d1b1a398012cfdf0cb5edf12ac6ada", kill_on_drop: false }`
[INFO] [stderr]    Compiling libc v0.2.60
[INFO] [stderr]    Compiling cfg-if v0.1.9
[INFO] [stderr]    Compiling cc v1.0.37
[INFO] [stderr]    Compiling memchr v2.2.1
[INFO] [stderr]    Compiling bitflags v1.1.0
[INFO] [stderr]    Compiling version_check v0.1.5
[INFO] [stderr]    Compiling log v0.4.7
[INFO] [stderr]    Compiling lazy_static v1.3.0
[INFO] [stderr]    Compiling regex v1.1.9
[INFO] [stderr]    Compiling ucd-util v0.1.3
[INFO] [stderr]    Compiling rustc-demangle v0.1.15
[INFO] [stderr]    Compiling unicode-width v0.1.5
[INFO] [stderr]    Compiling quick-error v1.2.2
[INFO] [stderr]    Compiling nix v0.14.1
[INFO] [stderr]    Compiling utf8-ranges v1.0.3
[INFO] [stderr]    Compiling vec_map v0.8.1
[INFO] [stderr]    Compiling void v1.0.2
[INFO] [stderr]    Compiling thread_local v0.3.6
[INFO] [stderr]    Compiling textwrap v0.11.0
[INFO] [stderr]    Compiling humantime v1.2.0
[INFO] [stderr]    Compiling strsim v0.8.0
[INFO] [stderr]    Compiling regex-syntax v0.6.8
[INFO] [stderr]    Compiling ansi_term v0.11.0
[INFO] [stderr]    Compiling termcolor v1.0.5
[INFO] [stderr]    Compiling error-chain v0.12.1
[INFO] [stderr]    Compiling aho-corasick v0.7.4
[INFO] [stderr]    Compiling backtrace-sys v0.1.31
[INFO] [stderr]    Compiling atty v0.2.13
[INFO] [stderr]    Compiling clap v2.33.0
[INFO] [stderr]    Compiling backtrace v0.3.33
[INFO] [stderr]    Compiling env_logger v0.6.2
[INFO] [stderr]    Compiling pemon v0.1.0 (/opt/rustwide/workdir)
[INFO] [stdout] warning: use of deprecated method `std::error::Error::description`: use the Display impl or to_string()
[INFO] [stdout]   --> src/errors.rs:1:1
[INFO] [stdout]    |
[INFO] [stdout] 1  | / error_chain! {
[INFO] [stdout] ...  |
[INFO] [stdout] 62 | | }
[INFO] [stdout]    | |_^
[INFO] [stdout]    |
[INFO] [stdout]    = note: `#[warn(deprecated)]` on by default
[INFO] [stdout]    = note: this warning originates in the macro `impl_error_chain_processed` which comes from the expansion of the macro `error_chain` (in Nightly builds, run with -Z macro-backtrace for more info)
[INFO] [stdout] 
[INFO] [stdout] 
[INFO] [stderr]     Finished `dev` profile [unoptimized + debuginfo] target(s) in 7.01s
[INFO] running `Command { std: "docker" "inspect" "f8b90a7891da29e69e177268c59dd85610d1b1a398012cfdf0cb5edf12ac6ada", kill_on_drop: false }`
[INFO] running `Command { std: "docker" "rm" "-f" "f8b90a7891da29e69e177268c59dd85610d1b1a398012cfdf0cb5edf12ac6ada", kill_on_drop: false }`
[INFO] [stdout] f8b90a7891da29e69e177268c59dd85610d1b1a398012cfdf0cb5edf12ac6ada
[INFO] running `Command { std: "docker" "create" "-v" "/var/lib/crater-agent-workspace/builds/worker-1-tc1/target:/opt/rustwide/target:rw,Z" "-v" "/var/lib/crater-agent-workspace/builds/worker-1-tc1/source:/opt/rustwide/workdir:ro,Z" "-v" "/var/lib/crater-agent-workspace/cargo-home:/opt/rustwide/cargo-home:ro,Z" "-v" "/var/lib/crater-agent-workspace/rustup-home:/opt/rustwide/rustup-home:ro,Z" "-e" "SOURCE_DIR=/opt/rustwide/workdir" "-e" "CARGO_TARGET_DIR=/opt/rustwide/target" "-e" "CARGO_INCREMENTAL=0" "-e" "RUST_BACKTRACE=full" "-e" "RUSTFLAGS=--cap-lints=forbid" "-e" "RUSTDOCFLAGS=--cap-lints=forbid" "-e" "CARGO_HOME=/opt/rustwide/cargo-home" "-e" "RUSTUP_HOME=/opt/rustwide/rustup-home" "-w" "/opt/rustwide/workdir" "-m" "1610612736" "--user" "0:0" "--network" "none" "ghcr.io/rust-lang/crates-build-env/linux@sha256:819108c5571ea2e421544af4d832f968d213c87fbe3707a016657f43d2f853bc" "/opt/rustwide/cargo-home/bin/cargo" "+nightly-2025-01-18" "test" "--frozen" "--no-run" "--message-format=json", kill_on_drop: false }`
[INFO] [stdout] 3aa3f1a2254f1af74dd860c9ceaa16cb583b6418e6f4556571fde2a3a577a97e
[INFO] running `Command { std: "docker" "start" "-a" "3aa3f1a2254f1af74dd860c9ceaa16cb583b6418e6f4556571fde2a3a577a97e", kill_on_drop: false }`
[INFO] [stderr]    Compiling pemon v0.1.0 (/opt/rustwide/workdir)
[INFO] [stdout] warning: use of deprecated method `std::error::Error::description`: use the Display impl or to_string()
[INFO] [stdout]   --> src/errors.rs:1:1
[INFO] [stdout]    |
[INFO] [stdout] 1  | / error_chain! {
[INFO] [stdout] ...  |
[INFO] [stdout] 62 | | }
[INFO] [stdout]    | |_^
[INFO] [stdout]    |
[INFO] [stdout]    = note: `#[warn(deprecated)]` on by default
[INFO] [stdout]    = note: this warning originates in the macro `impl_error_chain_processed` which comes from the expansion of the macro `error_chain` (in Nightly builds, run with -Z macro-backtrace for more info)
[INFO] [stdout] 
[INFO] [stdout] 
[INFO] [stderr]     Finished `test` profile [unoptimized + debuginfo] target(s) in 0.77s
[INFO] running `Command { std: "docker" "inspect" "3aa3f1a2254f1af74dd860c9ceaa16cb583b6418e6f4556571fde2a3a577a97e", kill_on_drop: false }`
[INFO] running `Command { std: "docker" "rm" "-f" "3aa3f1a2254f1af74dd860c9ceaa16cb583b6418e6f4556571fde2a3a577a97e", kill_on_drop: false }`
[INFO] [stdout] 3aa3f1a2254f1af74dd860c9ceaa16cb583b6418e6f4556571fde2a3a577a97e
[INFO] running `Command { std: "docker" "create" "-v" "/var/lib/crater-agent-workspace/builds/worker-1-tc1/target:/opt/rustwide/target:rw,Z" "-v" "/var/lib/crater-agent-workspace/builds/worker-1-tc1/source:/opt/rustwide/workdir:ro,Z" "-v" "/var/lib/crater-agent-workspace/cargo-home:/opt/rustwide/cargo-home:ro,Z" "-v" "/var/lib/crater-agent-workspace/rustup-home:/opt/rustwide/rustup-home:ro,Z" "-e" "SOURCE_DIR=/opt/rustwide/workdir" "-e" "CARGO_TARGET_DIR=/opt/rustwide/target" "-e" "CARGO_INCREMENTAL=0" "-e" "RUST_BACKTRACE=full" "-e" "RUSTFLAGS=--cap-lints=forbid" "-e" "RUSTDOCFLAGS=--cap-lints=forbid" "-e" "CARGO_HOME=/opt/rustwide/cargo-home" "-e" "RUSTUP_HOME=/opt/rustwide/rustup-home" "-w" "/opt/rustwide/workdir" "-m" "1610612736" "--user" "0:0" "--network" "none" "ghcr.io/rust-lang/crates-build-env/linux@sha256:819108c5571ea2e421544af4d832f968d213c87fbe3707a016657f43d2f853bc" "/opt/rustwide/cargo-home/bin/cargo" "+nightly-2025-01-18" "test" "--frozen", kill_on_drop: false }`
[INFO] [stdout] 78203a6569ed9e46eaf38be1e0cad86619b3596194dd975c7cbd70ba3a45a256
[INFO] running `Command { std: "docker" "start" "-a" "78203a6569ed9e46eaf38be1e0cad86619b3596194dd975c7cbd70ba3a45a256", kill_on_drop: false }`
[INFO] [stderr] warning: use of deprecated method `std::error::Error::description`: use the Display impl or to_string()
[INFO] [stderr]   --> src/errors.rs:1:1
[INFO] [stderr]    |
[INFO] [stderr] 1  | / error_chain! {
[INFO] [stderr] ...  |
[INFO] [stderr] 62 | | }
[INFO] [stderr]    | |_^
[INFO] [stderr]    |
[INFO] [stderr]    = note: `#[warn(deprecated)]` on by default
[INFO] [stderr]    = note: this warning originates in the macro `impl_error_chain_processed` which comes from the expansion of the macro `error_chain` (in Nightly builds, run with -Z macro-backtrace for more info)
[INFO] [stderr] 
[INFO] [stderr] warning: `pemon` (bin "pemon" test) generated 1 warning
[INFO] [stderr]     Finished `test` profile [unoptimized + debuginfo] target(s) in 0.07s
[INFO] [stderr]      Running unittests src/main.rs (/opt/rustwide/target/debug/deps/pemon-fca5af0e96c26554)
[INFO] [stdout] 
[INFO] [stdout] running 4 tests
[INFO] [stdout] test cpu::tests::test_get_cpu_num ... ok
[INFO] [stdout] test hdd::tests::test_get_nvme_hdd_temp ... FAILED
[INFO] [stdout] test sensors::tests::test_get_sensor ... FAILED
[INFO] [stdout] test cpu::tests::test_collect_cpu_info ... ok
[INFO] [stdout] 
[INFO] [stdout] failures:
[INFO] [stdout] 
[INFO] [stdout] ---- hdd::tests::test_get_nvme_hdd_temp stdout ----
[INFO] [stdout] 
[INFO] [stdout] thread 'hdd::tests::test_get_nvme_hdd_temp' panicked at src/hdd.rs:64:41:
[INFO] [stdout] called `Result::unwrap()` on an `Err` value: Error(Io(Os { code: 2, kind: NotFound, message: "No such file or directory" }), State { next_error: None, backtrace: InternalBacktrace { backtrace: Some(stack backtrace:
[INFO] [stdout]    0: error_chain::backtrace::imp::InternalBacktrace::new::h9305655d65712fc5 (0x611c76ede96f)
[INFO] [stdout]              at src/backtrace.rs:56
[INFO] [stdout]    1: <error_chain::State as core::default::Default>::default::hed2e62bf9738185e (0x611c76ededff)
[INFO] [stdout]              at src/lib.rs:671
[INFO] [stdout]    2: pemon::errors::Error::from_kind::h37160b218c4bea5e (0x611c76e8c7ec)
[INFO] [stdout]              at /opt/rustwide/cargo-home/registry/src/index.crates.io-1949cf8c6b5b557f/error-chain-0.12.1/src/error_chain.rs:194
[INFO] [stdout]    3: <pemon::errors::Error as core::convert::From<std::io::error::Error>>::from::h6a43cacbcb5627af (0x611c76e8c88e)
[INFO] [stdout]              at /opt/rustwide/cargo-home/registry/src/index.crates.io-1949cf8c6b5b557f/error-chain-0.12.1/src/error_chain.rs:284
[INFO] [stdout]    4: <core::result::Result<T,F> as core::ops::try_trait::FromResidual<core::result::Result<core::convert::Infallible,E>>>::from_residual::h765cc40532374cee (0x611c76e833e7)
[INFO] [stdout]              at /rustc/6067b36314ab5eb2eb47cecc464545ba58e1ad24/library/core/src/result.rs:2014
[INFO] [stdout]    5: pemon::hdd::get_nvme_hdd_temp::h85d658e3fab5ac9d (0x611c76e8a91d)
[INFO] [stdout]              at src/hdd.rs:11
[INFO] [stdout]    6: pemon::hdd::tests::test_get_nvme_hdd_temp::h302aa04da7f98e59 (0x611c76e8d461)
[INFO] [stdout]              at src/hdd.rs:64
[INFO] [stdout]    7: pemon::hdd::tests::test_get_nvme_hdd_temp::{{closure}}::hb7971162c6be276a (0x611c76e8d437)
[INFO] [stdout]              at src/hdd.rs:63
[INFO] [stdout]    8: core::ops::function::FnOnce::call_once::hbab7370e7fe8ce75 (0x611c76e83bd6)
[INFO] [stdout]              at /rustc/6067b36314ab5eb2eb47cecc464545ba58e1ad24/library/core/src/ops/function.rs:250
[INFO] [stdout]    9: core::ops::function::FnOnce::call_once::he27718dfdd183f43 (0x611c76ecd0fb)
[INFO] [stdout]              at library/core/src/ops/function.rs:250
[INFO] [stdout]       test::__rust_begin_short_backtrace::h4e84902998457a5d
[INFO] [stdout]              at library/test/src/lib.rs:632
[INFO] [stdout]   10: test::run_test_in_process::{{closure}}::h7176fd18fc1feca0 (0x611c76ecc033)
[INFO] [stdout]              at library/test/src/lib.rs:655
[INFO] [stdout]       <core::panic::unwind_safe::AssertUnwindSafe<F> as core::ops::function::FnOnce<()>>::call_once::hf79cff2a624d8cf7
[INFO] [stdout]              at library/core/src/panic/unwind_safe.rs:272
[INFO] [stdout]       std::panicking::try::do_call::h3da0561d9ab99c25
[INFO] [stdout]              at library/std/src/panicking.rs:587
[INFO] [stdout]       std::panicking::try::h41c9fa508bc61df6
[INFO] [stdout]              at library/std/src/panicking.rs:550
[INFO] [stdout]       std::panic::catch_unwind::h6b3ff07bb5afad93
[INFO] [stdout]              at library/std/src/panic.rs:358
[INFO] [stdout]       test::run_test_in_process::hc7253dd11b39b9f4
[INFO] [stdout]              at library/test/src/lib.rs:655
[INFO] [stdout]       test::run_test::{{closure}}::hfb2007f8649c30bb
[INFO] [stdout]              at library/test/src/lib.rs:576
[INFO] [stdout]   11: test::run_test::{{closure}}::h56a17aa7a282a9f4 (0x611c76e8f115)
[INFO] [stdout]              at library/test/src/lib.rs:606
[INFO] [stdout]       std::sys::backtrace::__rust_begin_short_backtrace::hd2d2d2fb8e8c6aac
[INFO] [stdout]              at library/std/src/sys/backtrace.rs:152
[INFO] [stdout]   12: std::thread::Builder::spawn_unchecked_::{{closure}}::{{closure}}::h4faa3f9db6133423 (0x611c76e929fa)
[INFO] [stdout]              at library/std/src/thread/mod.rs:559
[INFO] [stdout]       <core::panic::unwind_safe::AssertUnwindSafe<F> as core::ops::function::FnOnce<()>>::call_once::hf2e855a36a4ea846
[INFO] [stdout]              at library/core/src/panic/unwind_safe.rs:272
[INFO] [stdout]       std::panicking::try::do_call::h2f73af3616c35465
[INFO] [stdout]              at library/std/src/panicking.rs:587
[INFO] [stdout]       std::panicking::try::hd1660ce9efadef5a
[INFO] [stdout]              at library/std/src/panicking.rs:550
[INFO] [stdout]       std::panic::catch_unwind::h5ee8d7823b8ca744
[INFO] [stdout]              at library/std/src/panic.rs:358
[INFO] [stdout]       std::thread::Builder::spawn_unchecked_::{{closure}}::h53c3a1894dce8407
[INFO] [stdout]              at library/std/src/thread/mod.rs:557
[INFO] [stdout]       core::ops::function::FnOnce::call_once{{vtable.shim}}::h048ce291ad4f62bf
[INFO] [stdout]              at library/core/src/ops/function.rs:250
[INFO] [stdout]   13: <alloc::boxed::Box<F,A> as core::ops::function::FnOnce<Args>>::call_once::ha52bedf99a3b4981 (0x611c76f366db)
[INFO] [stdout]              at library/alloc/src/boxed.rs:2013
[INFO] [stdout]       <alloc::boxed::Box<F,A> as core::ops::function::FnOnce<Args>>::call_once::h567748934d80ccf8
[INFO] [stdout]              at library/alloc/src/boxed.rs:2013
[INFO] [stdout]       std::sys::pal::unix::thread::Thread::new::thread_start::h2d970728ae887adc
[INFO] [stdout]              at library/std/src/sys/pal/unix/thread.rs:106
[INFO] [stdout]   14: <unknown> (0x707b47599ac3)
[INFO] [stdout]   15: __clone (0x707b4762aa04)
[INFO] [stdout]   16: <unknown> (0x0)) } })
[INFO] [stdout] stack backtrace:
[INFO] [stdout]    0:     0x611c76f3063a - std::backtrace_rs::backtrace::libunwind::trace::hb059275cfc8d6126
[INFO] [stdout]                                at /rustc/6067b36314ab5eb2eb47cecc464545ba58e1ad24/library/std/src/../../backtrace/src/backtrace/libunwind.rs:116:5
[INFO] [stdout]    1:     0x611c76f3063a - std::backtrace_rs::backtrace::trace_unsynchronized::h2da071e4327ce3ee
[INFO] [stdout]                                at /rustc/6067b36314ab5eb2eb47cecc464545ba58e1ad24/library/std/src/../../backtrace/src/backtrace/mod.rs:66:5
[INFO] [stdout]    2:     0x611c76f3063a - std::sys::backtrace::_print_fmt::h842a1474e6f8d23f
[INFO] [stdout]                                at /rustc/6067b36314ab5eb2eb47cecc464545ba58e1ad24/library/std/src/sys/backtrace.rs:66:9
[INFO] [stdout]    3:     0x611c76f3063a - <std::sys::backtrace::BacktraceLock::print::DisplayBacktrace as core::fmt::Display>::fmt::h71a62eb3b9696b12
[INFO] [stdout]                                at /rustc/6067b36314ab5eb2eb47cecc464545ba58e1ad24/library/std/src/sys/backtrace.rs:39:26
[INFO] [stdout]    4:     0x611c76f58e73 - core::fmt::rt::Argument::fmt::hdb6b616786b41dc1
[INFO] [stdout]                                at /rustc/6067b36314ab5eb2eb47cecc464545ba58e1ad24/library/core/src/fmt/rt.rs:177:76
[INFO] [stdout]    5:     0x611c76f58e73 - core::fmt::write::h2cc1698af7e2d686
[INFO] [stdout]                                at /rustc/6067b36314ab5eb2eb47cecc464545ba58e1ad24/library/core/src/fmt/mod.rs:1440:21
[INFO] [stdout]    6:     0x611c76f2d173 - std::io::Write::write_fmt::hab1b4cd059a79022
[INFO] [stdout]                                at /rustc/6067b36314ab5eb2eb47cecc464545ba58e1ad24/library/std/src/io/mod.rs:1887:15
[INFO] [stdout]    7:     0x611c76f30482 - std::sys::backtrace::BacktraceLock::print::h147fe35b4ea13b08
[INFO] [stdout]                                at /rustc/6067b36314ab5eb2eb47cecc464545ba58e1ad24/library/std/src/sys/backtrace.rs:42:9
[INFO] [stdout]    8:     0x611c76f31a5f - std::panicking::default_hook::{{closure}}::hbd44223dbdc0d208
[INFO] [stdout]                                at /rustc/6067b36314ab5eb2eb47cecc464545ba58e1ad24/library/std/src/panicking.rs:298:22
[INFO] [stdout]    9:     0x611c76f31878 - std::panicking::default_hook::h20f81eb0576efcec
[INFO] [stdout]                                at /rustc/6067b36314ab5eb2eb47cecc464545ba58e1ad24/library/std/src/panicking.rs:322:9
[INFO] [stdout]   10:     0x611c76ec79a3 - <alloc::boxed::Box<F,A> as core::ops::function::Fn<Args>>::call::hdb53814c496a4d34
[INFO] [stdout]                                at /rustc/6067b36314ab5eb2eb47cecc464545ba58e1ad24/library/alloc/src/boxed.rs:2027:9
[INFO] [stdout]   11:     0x611c76ec79a3 - test::test_main::{{closure}}::hc0a4963c59427c24
[INFO] [stdout]                                at /rustc/6067b36314ab5eb2eb47cecc464545ba58e1ad24/library/test/src/lib.rs:134:21
[INFO] [stdout]   12:     0x611c76f32553 - <alloc::boxed::Box<F,A> as core::ops::function::Fn<Args>>::call::h591b2225413a77e9
[INFO] [stdout]                                at /rustc/6067b36314ab5eb2eb47cecc464545ba58e1ad24/library/alloc/src/boxed.rs:2027:9
[INFO] [stdout]   13:     0x611c76f32553 - std::panicking::rust_panic_with_hook::h625eea43051b2edc
[INFO] [stdout]                                at /rustc/6067b36314ab5eb2eb47cecc464545ba58e1ad24/library/std/src/panicking.rs:839:13
[INFO] [stdout]   14:     0x611c76f3220a - std::panicking::begin_panic_handler::{{closure}}::h4f9159cfbc3f6bd3
[INFO] [stdout]                                at /rustc/6067b36314ab5eb2eb47cecc464545ba58e1ad24/library/std/src/panicking.rs:704:13
[INFO] [stdout]   15:     0x611c76f30b39 - std::sys::backtrace::__rust_end_short_backtrace::h0390abce48353151
[INFO] [stdout]                                at /rustc/6067b36314ab5eb2eb47cecc464545ba58e1ad24/library/std/src/sys/backtrace.rs:168:18
[INFO] [stdout]   16:     0x611c76f31e9d - rust_begin_unwind
[INFO] [stdout]                                at /rustc/6067b36314ab5eb2eb47cecc464545ba58e1ad24/library/std/src/panicking.rs:695:5
[INFO] [stdout]   17:     0x611c76f57850 - core::panicking::panic_fmt::h9e7c637e9e5f29c9
[INFO] [stdout]                                at /rustc/6067b36314ab5eb2eb47cecc464545ba58e1ad24/library/core/src/panicking.rs:75:14
[INFO] [stdout]   18:     0x611c76f57cc6 - core::result::unwrap_failed::h7979f09313fe1849
[INFO] [stdout]                                at /rustc/6067b36314ab5eb2eb47cecc464545ba58e1ad24/library/core/src/result.rs:1704:5
[INFO] [stdout]   19:     0x611c76e8d4cd - core::result::Result<T,E>::unwrap::h3801d98139db59db
[INFO] [stdout]                                at /rustc/6067b36314ab5eb2eb47cecc464545ba58e1ad24/library/core/src/result.rs:1109:23
[INFO] [stdout]   20:     0x611c76e8d4cd - pemon::hdd::tests::test_get_nvme_hdd_temp::h302aa04da7f98e59
[INFO] [stdout]                                at /opt/rustwide/workdir/src/hdd.rs:64:21
[INFO] [stdout]   21:     0x611c76e8d437 - pemon::hdd::tests::test_get_nvme_hdd_temp::{{closure}}::hb7971162c6be276a
[INFO] [stdout]                                at /opt/rustwide/workdir/src/hdd.rs:63:32
[INFO] [stdout]   22:     0x611c76e83bd6 - core::ops::function::FnOnce::call_once::hbab7370e7fe8ce75
[INFO] [stdout]                                at /rustc/6067b36314ab5eb2eb47cecc464545ba58e1ad24/library/core/src/ops/function.rs:250:5
[INFO] [stdout]   23:     0x611c76ecd0fb - core::ops::function::FnOnce::call_once::he27718dfdd183f43
[INFO] [stdout]                                at /rustc/6067b36314ab5eb2eb47cecc464545ba58e1ad24/library/core/src/ops/function.rs:250:5
[INFO] [stdout]   24:     0x611c76ecd0fb - test::__rust_begin_short_backtrace::h4e84902998457a5d
[INFO] [stdout]                                at /rustc/6067b36314ab5eb2eb47cecc464545ba58e1ad24/library/test/src/lib.rs:632:18
[INFO] [stdout]   25:     0x611c76ecc033 - test::run_test_in_process::{{closure}}::h7176fd18fc1feca0
[INFO] [stdout]                                at /rustc/6067b36314ab5eb2eb47cecc464545ba58e1ad24/library/test/src/lib.rs:655:60
[INFO] [stdout]   26:     0x611c76ecc033 - <core::panic::unwind_safe::AssertUnwindSafe<F> as core::ops::function::FnOnce<()>>::call_once::hf79cff2a624d8cf7
[INFO] [stdout]                                at /rustc/6067b36314ab5eb2eb47cecc464545ba58e1ad24/library/core/src/panic/unwind_safe.rs:272:9
[INFO] [stdout]   27:     0x611c76ecc033 - std::panicking::try::do_call::h3da0561d9ab99c25
[INFO] [stdout]                                at /rustc/6067b36314ab5eb2eb47cecc464545ba58e1ad24/library/std/src/panicking.rs:587:40
[INFO] [stdout]   28:     0x611c76ecc033 - std::panicking::try::h41c9fa508bc61df6
[INFO] [stdout]                                at /rustc/6067b36314ab5eb2eb47cecc464545ba58e1ad24/library/std/src/panicking.rs:550:19
[INFO] [stdout]   29:     0x611c76ecc033 - std::panic::catch_unwind::h6b3ff07bb5afad93
[INFO] [stdout]                                at /rustc/6067b36314ab5eb2eb47cecc464545ba58e1ad24/library/std/src/panic.rs:358:14
[INFO] [stdout]   30:     0x611c76ecc033 - test::run_test_in_process::hc7253dd11b39b9f4
[INFO] [stdout]                                at /rustc/6067b36314ab5eb2eb47cecc464545ba58e1ad24/library/test/src/lib.rs:655:27
[INFO] [stdout]   31:     0x611c76ecc033 - test::run_test::{{closure}}::hfb2007f8649c30bb
[INFO] [stdout]                                at /rustc/6067b36314ab5eb2eb47cecc464545ba58e1ad24/library/test/src/lib.rs:576:43
[INFO] [stdout]   32:     0x611c76e8f115 - test::run_test::{{closure}}::h56a17aa7a282a9f4
[INFO] [stdout]                                at /rustc/6067b36314ab5eb2eb47cecc464545ba58e1ad24/library/test/src/lib.rs:606:41
[INFO] [stdout]   33:     0x611c76e8f115 - std::sys::backtrace::__rust_begin_short_backtrace::hd2d2d2fb8e8c6aac
[INFO] [stdout]                                at /rustc/6067b36314ab5eb2eb47cecc464545ba58e1ad24/library/std/src/sys/backtrace.rs:152:18
[INFO] [stdout]   34:     0x611c76e929fa - std::thread::Builder::spawn_unchecked_::{{closure}}::{{closure}}::h4faa3f9db6133423
[INFO] [stdout]                                at /rustc/6067b36314ab5eb2eb47cecc464545ba58e1ad24/library/std/src/thread/mod.rs:559:17
[INFO] [stdout]   35:     0x611c76e929fa - <core::panic::unwind_safe::AssertUnwindSafe<F> as core::ops::function::FnOnce<()>>::call_once::hf2e855a36a4ea846
[INFO] [stdout]                                at /rustc/6067b36314ab5eb2eb47cecc464545ba58e1ad24/library/core/src/panic/unwind_safe.rs:272:9
[INFO] [stdout]   36:     0x611c76e929fa - std::panicking::try::do_call::h2f73af3616c35465
[INFO] [stdout]                                at /rustc/6067b36314ab5eb2eb47cecc464545ba58e1ad24/library/std/src/panicking.rs:587:40
[INFO] [stdout]   37:     0x611c76e929fa - std::panicking::try::hd1660ce9efadef5a
[INFO] [stdout]                                at /rustc/6067b36314ab5eb2eb47cecc464545ba58e1ad24/library/std/src/panicking.rs:550:19
[INFO] [stdout]   38:     0x611c76e929fa - std::panic::catch_unwind::h5ee8d7823b8ca744
[INFO] [stdout]                                at /rustc/6067b36314ab5eb2eb47cecc464545ba58e1ad24/library/std/src/panic.rs:358:14
[INFO] [stdout]   39:     0x611c76e929fa - std::thread::Builder::spawn_unchecked_::{{closure}}::h53c3a1894dce8407
[INFO] [stdout]                                at /rustc/6067b36314ab5eb2eb47cecc464545ba58e1ad24/library/std/src/thread/mod.rs:557:30
[INFO] [stdout]   40:     0x611c76e929fa - core::ops::function::FnOnce::call_once{{vtable.shim}}::h048ce291ad4f62bf
[INFO] [stdout]                                at /rustc/6067b36314ab5eb2eb47cecc464545ba58e1ad24/library/core/src/ops/function.rs:250:5
[INFO] [stdout]   41:     0x611c76f366db - <alloc::boxed::Box<F,A> as core::ops::function::FnOnce<Args>>::call_once::ha52bedf99a3b4981
[INFO] [stdout]                                at /rustc/6067b36314ab5eb2eb47cecc464545ba58e1ad24/library/alloc/src/boxed.rs:2013:9
[INFO] [stdout]   42:     0x611c76f366db - <alloc::boxed::Box<F,A> as core::ops::function::FnOnce<Args>>::call_once::h567748934d80ccf8
[INFO] [stdout]                                at /rustc/6067b36314ab5eb2eb47cecc464545ba58e1ad24/library/alloc/src/boxed.rs:2013:9
[INFO] [stdout]   43:     0x611c76f366db - std::sys::pal::unix::thread::Thread::new::thread_start::h2d970728ae887adc
[INFO] [stdout]                                at /rustc/6067b36314ab5eb2eb47cecc464545ba58e1ad24/library/std/src/sys/pal/unix/thread.rs:106:17
[INFO] [stdout]   44:     0x707b47599ac3 - <unknown>
[INFO] [stdout]   45:     0x707b4762aa04 - clone
[INFO] [stdout]   46:                0x0 - <unknown>
[INFO] [stdout] 
[INFO] [stdout] ---- sensors::tests::test_get_sensor stdout ----
[INFO] [stdout] 
[INFO] [stdout] thread 'sensors::tests::test_get_sensor' panicked at src/sensors.rs:113:40:
[INFO] [stdout] called `Result::unwrap()` on an `Err` value: Error(Io(Os { code: 2, kind: NotFound, message: "No such file or directory" }), State { next_error: None, backtrace: InternalBacktrace { backtrace: Some(stack backtrace:
[INFO] [stdout]    0: error_chain::backtrace::imp::InternalBacktrace::new::h9305655d65712fc5 (0x611c76ede96f)
[INFO] [stdout]              at src/backtrace.rs:56
[INFO] [stdout]    1: <error_chain::State as core::default::Default>::default::hed2e62bf9738185e (0x611c76ededff)
[INFO] [stdout]              at src/lib.rs:671
[INFO] [stdout]    2: pemon::errors::Error::from_kind::h37160b218c4bea5e (0x611c76e8c7ec)
[INFO] [stdout]              at /opt/rustwide/cargo-home/registry/src/index.crates.io-1949cf8c6b5b557f/error-chain-0.12.1/src/error_chain.rs:194
[INFO] [stdout]    3: <pemon::errors::Error as core::convert::From<std::io::error::Error>>::from::h6a43cacbcb5627af (0x611c76e8c88e)
[INFO] [stdout]              at /opt/rustwide/cargo-home/registry/src/index.crates.io-1949cf8c6b5b557f/error-chain-0.12.1/src/error_chain.rs:284
[INFO] [stdout]    4: <core::result::Result<T,F> as core::ops::try_trait::FromResidual<core::result::Result<core::convert::Infallible,E>>>::from_residual::hbd621c532edfddbe (0x611c76e83487)
[INFO] [stdout]              at /rustc/6067b36314ab5eb2eb47cecc464545ba58e1ad24/library/core/src/result.rs:2014
[INFO] [stdout]    5: pemon::sensors::get_sensor_info::h80adacc6ca79451f (0x611c76e8bd7f)
[INFO] [stdout]              at src/sensors.rs:60
[INFO] [stdout]    6: pemon::sensors::tests::test_get_sensor::hcb0cbb931d0c26ea (0x611c76e8d631)
[INFO] [stdout]              at src/sensors.rs:113
[INFO] [stdout]    7: pemon::sensors::tests::test_get_sensor::{{closure}}::h0df1466f3a5a4d0d (0x611c76e8d607)
[INFO] [stdout]              at src/sensors.rs:112
[INFO] [stdout]    8: core::ops::function::FnOnce::call_once::ha846b854b3cbeec1 (0x611c76e83b56)
[INFO] [stdout]              at /rustc/6067b36314ab5eb2eb47cecc464545ba58e1ad24/library/core/src/ops/function.rs:250
[INFO] [stdout]    9: core::ops::function::FnOnce::call_once::he27718dfdd183f43 (0x611c76ecd0fb)
[INFO] [stdout]              at library/core/src/ops/function.rs:250
[INFO] [stdout]       test::__rust_begin_short_backtrace::h4e84902998457a5d
[INFO] [stdout]              at library/test/src/lib.rs:632
[INFO] [stdout]   10: test::run_test_in_process::{{closure}}::h7176fd18fc1feca0 (0x611c76ecc033)
[INFO] [stdout]              at library/test/src/lib.rs:655
[INFO] [stdout]       <core::panic::unwind_safe::AssertUnwindSafe<F> as core::ops::function::FnOnce<()>>::call_once::hf79cff2a624d8cf7
[INFO] [stdout]              at library/core/src/panic/unwind_safe.rs:272
[INFO] [stdout]       std::panicking::try::do_call::h3da0561d9ab99c25
[INFO] [stdout]              at library/std/src/panicking.rs:587
[INFO] [stdout]       std::panicking::try::h41c9fa508bc61df6
[INFO] [stdout]              at library/std/src/panicking.rs:550
[INFO] [stdout]       std::panic::catch_unwind::h6b3ff07bb5afad93
[INFO] [stdout]              at library/std/src/panic.rs:358
[INFO] [stdout]       test::run_test_in_process::hc7253dd11b39b9f4
[INFO] [stdout]              at library/test/src/lib.rs:655
[INFO] [stdout]       test::run_test::{{closure}}::hfb2007f8649c30bb
[INFO] [stdout]              at library/test/src/lib.rs:576
[INFO] [stdout]   11: test::run_test::{{closure}}::h56a17aa7a282a9f4 (0x611c76e8f115)
[INFO] [stdout]              at library/test/src/lib.rs:606
[INFO] [stdout]       std::sys::backtrace::__rust_begin_short_backtrace::hd2d2d2fb8e8c6aac
[INFO] [stdout]              at library/std/src/sys/backtrace.rs:152
[INFO] [stdout]   12: std::thread::Builder::spawn_unchecked_::{{closure}}::{{closure}}::h4faa3f9db6133423 (0x611c76e929fa)
[INFO] [stdout]              at library/std/src/thread/mod.rs:559
[INFO] [stdout]       <core::panic::unwind_safe::AssertUnwindSafe<F> as core::ops::function::FnOnce<()>>::call_once::hf2e855a36a4ea846
[INFO] [stdout]              at library/core/src/panic/unwind_safe.rs:272
[INFO] [stdout]       std::panicking::try::do_call::h2f73af3616c35465
[INFO] [stdout]              at library/std/src/panicking.rs:587
[INFO] [stdout]       std::panicking::try::hd1660ce9efadef5a
[INFO] [stdout]              at library/std/src/panicking.rs:550
[INFO] [stdout]       std::panic::catch_unwind::h5ee8d7823b8ca744
[INFO] [stdout]              at library/std/src/panic.rs:358
[INFO] [stdout]       std::thread::Builder::spawn_unchecked_::{{closure}}::h53c3a1894dce8407
[INFO] [stdout]              at library/std/src/thread/mod.rs:557
[INFO] [stdout]       core::ops::function::FnOnce::call_once{{vtable.shim}}::h048ce291ad4f62bf
[INFO] [stdout]              at library/core/src/ops/function.rs:250
[INFO] [stdout]   13: <alloc::boxed::Box<F,A> as core::ops::function::FnOnce<Args>>::call_once::ha52bedf99a3b4981 (0x611c76f366db)
[INFO] [stdout]              at library/alloc/src/boxed.rs:2013
[INFO] [stdout]       <alloc::boxed::Box<F,A> as core::ops::function::FnOnce<Args>>::call_once::h567748934d80ccf8
[INFO] [stdout]              at library/alloc/src/boxed.rs:2013
[INFO] [stdout]       std::sys::pal::unix::thread::Thread::new::thread_start::h2d970728ae887adc
[INFO] [stdout]              at library/std/src/sys/pal/unix/thread.rs:106
[INFO] [stdout]   14: <unknown> (0x707b47599ac3)
[INFO] [stdout]   15: __clone (0x707b4762aa04)
[INFO] [stdout]   16: <unknown> (0x0)) } })
[INFO] [stdout] stack backtrace:
[INFO] [stdout]    0:     0x611c76f3063a - std::backtrace_rs::backtrace::libunwind::trace::hb059275cfc8d6126
[INFO] [stdout]                                at /rustc/6067b36314ab5eb2eb47cecc464545ba58e1ad24/library/std/src/../../backtrace/src/backtrace/libunwind.rs:116:5
[INFO] [stdout]    1:     0x611c76f3063a - std::backtrace_rs::backtrace::trace_unsynchronized::h2da071e4327ce3ee
[INFO] [stdout]                                at /rustc/6067b36314ab5eb2eb47cecc464545ba58e1ad24/library/std/src/../../backtrace/src/backtrace/mod.rs:66:5
[INFO] [stdout]    2:     0x611c76f3063a - std::sys::backtrace::_print_fmt::h842a1474e6f8d23f
[INFO] [stdout]                                at /rustc/6067b36314ab5eb2eb47cecc464545ba58e1ad24/library/std/src/sys/backtrace.rs:66:9
[INFO] [stdout]    3:     0x611c76f3063a - <std::sys::backtrace::BacktraceLock::print::DisplayBacktrace as core::fmt::Display>::fmt::h71a62eb3b9696b12
[INFO] [stdout]                                at /rustc/6067b36314ab5eb2eb47cecc464545ba58e1ad24/library/std/src/sys/backtrace.rs:39:26
[INFO] [stdout]    4:     0x611c76f58e73 - core::fmt::rt::Argument::fmt::hdb6b616786b41dc1
[INFO] [stdout]                                at /rustc/6067b36314ab5eb2eb47cecc464545ba58e1ad24/library/core/src/fmt/rt.rs:177:76
[INFO] [stdout]    5:     0x611c76f58e73 - core::fmt::write::h2cc1698af7e2d686
[INFO] [stdout]                                at /rustc/6067b36314ab5eb2eb47cecc464545ba58e1ad24/library/core/src/fmt/mod.rs:1440:21
[INFO] [stdout]    6:     0x611c76f2d173 - std::io::Write::write_fmt::hab1b4cd059a79022
[INFO] [stdout]                                at /rustc/6067b36314ab5eb2eb47cecc464545ba58e1ad24/library/std/src/io/mod.rs:1887:15
[INFO] [stdout]    7:     0x611c76f30482 - std::sys::backtrace::BacktraceLock::print::h147fe35b4ea13b08
[INFO] [stdout]                                at /rustc/6067b36314ab5eb2eb47cecc464545ba58e1ad24/library/std/src/sys/backtrace.rs:42:9
[INFO] [stdout]    8:     0x611c76f31a5f - std::panicking::default_hook::{{closure}}::hbd44223dbdc0d208
[INFO] [stdout]                                at /rustc/6067b36314ab5eb2eb47cecc464545ba58e1ad24/library/std/src/panicking.rs:298:22
[INFO] [stdout]    9:     0x611c76f31878 - std::panicking::default_hook::h20f81eb0576efcec
[INFO] [stdout]                                at /rustc/6067b36314ab5eb2eb47cecc464545ba58e1ad24/library/std/src/panicking.rs:322:9
[INFO] [stdout]   10:     0x611c76ec79a3 - <alloc::boxed::Box<F,A> as core::ops::function::Fn<Args>>::call::hdb53814c496a4d34
[INFO] [stdout]                                at /rustc/6067b36314ab5eb2eb47cecc464545ba58e1ad24/library/alloc/src/boxed.rs:2027:9
[INFO] [stdout]   11:     0x611c76ec79a3 - test::test_main::{{closure}}::hc0a4963c59427c24
[INFO] [stdout]                                at /rustc/6067b36314ab5eb2eb47cecc464545ba58e1ad24/library/test/src/lib.rs:134:21
[INFO] [stdout]   12:     0x611c76f32553 - <alloc::boxed::Box<F,A> as core::ops::function::Fn<Args>>::call::h591b2225413a77e9
[INFO] [stdout]                                at /rustc/6067b36314ab5eb2eb47cecc464545ba58e1ad24/library/alloc/src/boxed.rs:2027:9
[INFO] [stdout]   13:     0x611c76f32553 - std::panicking::rust_panic_with_hook::h625eea43051b2edc
[INFO] [stdout]                                at /rustc/6067b36314ab5eb2eb47cecc464545ba58e1ad24/library/std/src/panicking.rs:839:13
[INFO] [stdout]   14:     0x611c76f3220a - std::panicking::begin_panic_handler::{{closure}}::h4f9159cfbc3f6bd3
[INFO] [stdout]                                at /rustc/6067b36314ab5eb2eb47cecc464545ba58e1ad24/library/std/src/panicking.rs:704:13
[INFO] [stdout]   15:     0x611c76f30b39 - std::sys::backtrace::__rust_end_short_backtrace::h0390abce48353151
[INFO] [stdout]                                at /rustc/6067b36314ab5eb2eb47cecc464545ba58e1ad24/library/std/src/sys/backtrace.rs:168:18
[INFO] [stdout]   16:     0x611c76f31e9d - rust_begin_unwind
[INFO] [stdout]                                at /rustc/6067b36314ab5eb2eb47cecc464545ba58e1ad24/library/std/src/panicking.rs:695:5
[INFO] [stdout]   17:     0x611c76f57850 - core::panicking::panic_fmt::h9e7c637e9e5f29c9
[INFO] [stdout]                                at /rustc/6067b36314ab5eb2eb47cecc464545ba58e1ad24/library/core/src/panicking.rs:75:14
[INFO] [stdout]   18:     0x611c76f57cc6 - core::result::unwrap_failed::h7979f09313fe1849
[INFO] [stdout]                                at /rustc/6067b36314ab5eb2eb47cecc464545ba58e1ad24/library/core/src/result.rs:1704:5
[INFO] [stdout]   19:     0x611c76e8d69d - core::result::Result<T,E>::unwrap::h604822b98489917f
[INFO] [stdout]                                at /rustc/6067b36314ab5eb2eb47cecc464545ba58e1ad24/library/core/src/result.rs:1109:23
[INFO] [stdout]   20:     0x611c76e8d69d - pemon::sensors::tests::test_get_sensor::hcb0cbb931d0c26ea
[INFO] [stdout]                                at /opt/rustwide/workdir/src/sensors.rs:113:22
[INFO] [stdout]   21:     0x611c76e8d607 - pemon::sensors::tests::test_get_sensor::{{closure}}::h0df1466f3a5a4d0d
[INFO] [stdout]                                at /opt/rustwide/workdir/src/sensors.rs:112:25
[INFO] [stdout]   22:     0x611c76e83b56 - core::ops::function::FnOnce::call_once::ha846b854b3cbeec1
[INFO] [stdout]                                at /rustc/6067b36314ab5eb2eb47cecc464545ba58e1ad24/library/core/src/ops/function.rs:250:5
[INFO] [stdout]   23:     0x611c76ecd0fb - core::ops::function::FnOnce::call_once::he27718dfdd183f43
[INFO] [stdout]                                at /rustc/6067b36314ab5eb2eb47cecc464545ba58e1ad24/library/core/src/ops/function.rs:250:5
[INFO] [stdout]   24:     0x611c76ecd0fb - test::__rust_begin_short_backtrace::h4e84902998457a5d
[INFO] [stdout]                                at /rustc/6067b36314ab5eb2eb47cecc464545ba58e1ad24/library/test/src/lib.rs:632:18
[INFO] [stdout]   25:     0x611c76ecc033 - test::run_test_in_process::{{closure}}::h7176fd18fc1feca0
[INFO] [stdout]                                at /rustc/6067b36314ab5eb2eb47cecc464545ba58e1ad24/library/test/src/lib.rs:655:60
[INFO] [stdout]   26:     0x611c76ecc033 - <core::panic::unwind_safe::AssertUnwindSafe<F> as core::ops::function::FnOnce<()>>::call_once::hf79cff2a624d8cf7
[INFO] [stdout]                                at /rustc/6067b36314ab5eb2eb47cecc464545ba58e1ad24/library/core/src/panic/unwind_safe.rs:272:9
[INFO] [stdout]   27:     0x611c76ecc033 - std::panicking::try::do_call::h3da0561d9ab99c25
[INFO] [stdout]                                at /rustc/6067b36314ab5eb2eb47cecc464545ba58e1ad24/library/std/src/panicking.rs:587:40
[INFO] [stdout]   28:     0x611c76ecc033 - std::panicking::try::h41c9fa508bc61df6
[INFO] [stdout]                                at /rustc/6067b36314ab5eb2eb47cecc464545ba58e1ad24/library/std/src/panicking.rs:550:19
[INFO] [stdout]   29:     0x611c76ecc033 - std::panic::catch_unwind::h6b3ff07bb5afad93
[INFO] [stdout]                                at /rustc/6067b36314ab5eb2eb47cecc464545ba58e1ad24/library/std/src/panic.rs:358:14
[INFO] [stdout]   30:     0x611c76ecc033 - test::run_test_in_process::hc7253dd11b39b9f4
[INFO] [stdout]                                at /rustc/6067b36314ab5eb2eb47cecc464545ba58e1ad24/library/test/src/lib.rs:655:27
[INFO] [stdout]   31:     0x611c76ecc033 - test::run_test::{{closure}}::hfb2007f8649c30bb
[INFO] [stdout]                                at /rustc/6067b36314ab5eb2eb47cecc464545ba58e1ad24/library/test/src/lib.rs:576:43
[INFO] [stdout]   32:     0x611c76e8f115 - test::run_test::{{closure}}::h56a17aa7a282a9f4
[INFO] [stdout]                                at /rustc/6067b36314ab5eb2eb47cecc464545ba58e1ad24/library/test/src/lib.rs:606:41
[INFO] [stdout]   33:     0x611c76e8f115 - std::sys::backtrace::__rust_begin_short_backtrace::hd2d2d2fb8e8c6aac
[INFO] [stdout]                                at /rustc/6067b36314ab5eb2eb47cecc464545ba58e1ad24/library/std/src/sys/backtrace.rs:152:18
[INFO] [stdout]   34:     0x611c76e929fa - std::thread::Builder::spawn_unchecked_::{{closure}}::{{closure}}::h4faa3f9db6133423
[INFO] [stdout]                                at /rustc/6067b36314ab5eb2eb47cecc464545ba58e1ad24/library/std/src/thread/mod.rs:559:17
[INFO] [stdout]   35:     0x611c76e929fa - <core::panic::unwind_safe::AssertUnwindSafe<F> as core::ops::function::FnOnce<()>>::call_once::hf2e855a36a4ea846
[INFO] [stdout]                                at /rustc/6067b36314ab5eb2eb47cecc464545ba58e1ad24/library/core/src/panic/unwind_safe.rs:272:9
[INFO] [stdout]   36:     0x611c76e929fa - std::panicking::try::do_call::h2f73af3616c35465
[INFO] [stdout]                                at /rustc/6067b36314ab5eb2eb47cecc464545ba58e1ad24/library/std/src/panicking.rs:587:40
[INFO] [stdout]   37:     0x611c76e929fa - std::panicking::try::hd1660ce9efadef5a
[INFO] [stdout]                                at /rustc/6067b36314ab5eb2eb47cecc464545ba58e1ad24/library/std/src/panicking.rs:550:19
[INFO] [stdout]   38:     0x611c76e929fa - std::panic::catch_unwind::h5ee8d7823b8ca744
[INFO] [stdout]                                at /rustc/6067b36314ab5eb2eb47cecc464545ba58e1ad24/library/std/src/panic.rs:358:14
[INFO] [stdout]   39:     0x611c76e929fa - std::thread::Builder::spawn_unchecked_::{{closure}}::h53c3a1894dce8407
[INFO] [stdout]                                at /rustc/6067b36314ab5eb2eb47cecc464545ba58e1ad24/library/std/src/thread/mod.rs:557:30
[INFO] [stdout]   40:     0x611c76e929fa - core::ops::function::FnOnce::call_once{{vtable.shim}}::h048ce291ad4f62bf
[INFO] [stdout]                                at /rustc/6067b36314ab5eb2eb47cecc464545ba58e1ad24/library/core/src/ops/function.rs:250:5
[INFO] [stdout]   41:     0x611c76f366db - <alloc::boxed::Box<F,A> as core::ops::function::FnOnce<Args>>::call_once::ha52bedf99a3b4981
[INFO] [stdout]                                at /rustc/6067b36314ab5eb2eb47cecc464545ba58e1ad24/library/alloc/src/boxed.rs:2013:9
[INFO] [stdout]   42:     0x611c76f366db - <alloc::boxed::Box<F,A> as core::ops::function::FnOnce<Args>>::call_once::h567748934d80ccf8
[INFO] [stdout]                                at /rustc/6067b36314ab5eb2eb47cecc464545ba58e1ad24/library/alloc/src/boxed.rs:2013:9
[INFO] [stdout]   43:     0x611c76f366db - std::sys::pal::unix::thread::Thread::new::thread_start::h2d970728ae887adc
[INFO] [stdout]                                at /rustc/6067b36314ab5eb2eb47cecc464545ba58e1ad24/library/std/src/sys/pal/unix/thread.rs:106:17
[INFO] [stdout]   44:     0x707b47599ac3 - <unknown>
[INFO] [stdout]   45:     0x707b4762aa04 - clone
[INFO] [stdout]   46:                0x0 - <unknown>
[INFO] [stdout] 
[INFO] [stdout] 
[INFO] [stdout] failures:
[INFO] [stdout]     hdd::tests::test_get_nvme_hdd_temp
[INFO] [stdout]     sensors::tests::test_get_sensor
[INFO] [stdout] 
[INFO] [stdout] test result: FAILED. 2 passed; 2 failed; 0 ignored; 0 measured; 0 filtered out; finished in 2.00s
[INFO] [stdout] 
[INFO] [stderr] error: test failed, to rerun pass `--bin pemon`
[INFO] running `Command { std: "docker" "inspect" "78203a6569ed9e46eaf38be1e0cad86619b3596194dd975c7cbd70ba3a45a256", kill_on_drop: false }`
[INFO] running `Command { std: "docker" "rm" "-f" "78203a6569ed9e46eaf38be1e0cad86619b3596194dd975c7cbd70ba3a45a256", kill_on_drop: false }`
[INFO] [stdout] 78203a6569ed9e46eaf38be1e0cad86619b3596194dd975c7cbd70ba3a45a256
