[INFO] cloning repository https://github.com/suhanyujie/rust-cookbook-note
[INFO] running `Command { std: "git" "-c" "credential.helper=" "-c" "credential.helper=/workspace/cargo-home/bin/git-credential-null" "clone" "--bare" "https://github.com/suhanyujie/rust-cookbook-note" "/workspace/cache/git-repos/https%3A%2F%2Fgithub.com%2Fsuhanyujie%2Frust-cookbook-note", kill_on_drop: false }`
[INFO] [stderr] Cloning into bare repository '/workspace/cache/git-repos/https%3A%2F%2Fgithub.com%2Fsuhanyujie%2Frust-cookbook-note'...
[INFO] running `Command { std: "git" "rev-parse" "HEAD", kill_on_drop: false }`
[INFO] [stdout] 66acbfcbeae3d5f99905786b9c84192c43e47560
[INFO] testing suhanyujie/rust-cookbook-note against nightly-2025-01-18 for randomize-layout-2
[INFO] running `Command { std: "git" "clone" "/workspace/cache/git-repos/https%3A%2F%2Fgithub.com%2Fsuhanyujie%2Frust-cookbook-note" "/workspace/builds/worker-3-tc1/source", kill_on_drop: false }`
[INFO] [stderr] Cloning into '/workspace/builds/worker-3-tc1/source'...
[INFO] [stderr] done.
[INFO] validating manifest of git repo https://github.com/suhanyujie/rust-cookbook-note on toolchain nightly-2025-01-18
[INFO] running `Command { std: CARGO_HOME="/workspace/cargo-home" RUSTUP_HOME="/workspace/rustup-home" "/workspace/cargo-home/bin/cargo" "+nightly-2025-01-18" "metadata" "--manifest-path" "Cargo.toml" "--no-deps", kill_on_drop: false }`
[INFO] started tweaking git repo https://github.com/suhanyujie/rust-cookbook-note
[INFO] finished tweaking git repo https://github.com/suhanyujie/rust-cookbook-note
[INFO] tweaked toml for git repo https://github.com/suhanyujie/rust-cookbook-note written to /workspace/builds/worker-3-tc1/source/Cargo.toml
[INFO] crate git repo https://github.com/suhanyujie/rust-cookbook-note already has a lockfile, it will not be regenerated
[INFO] running `Command { std: CARGO_HOME="/workspace/cargo-home" RUSTUP_HOME="/workspace/rustup-home" "/workspace/cargo-home/bin/cargo" "+nightly-2025-01-18" "fetch" "--manifest-path" "Cargo.toml", kill_on_drop: false }`
[INFO] running `Command { std: "docker" "create" "-v" "/var/lib/crater-agent-workspace/builds/worker-3-tc1/target:/opt/rustwide/target:rw,Z" "-v" "/var/lib/crater-agent-workspace/builds/worker-3-tc1/source:/opt/rustwide/workdir:ro,Z" "-v" "/var/lib/crater-agent-workspace/cargo-home:/opt/rustwide/cargo-home:ro,Z" "-v" "/var/lib/crater-agent-workspace/rustup-home:/opt/rustwide/rustup-home:ro,Z" "-e" "SOURCE_DIR=/opt/rustwide/workdir" "-e" "CARGO_TARGET_DIR=/opt/rustwide/target" "-e" "CARGO_HOME=/opt/rustwide/cargo-home" "-e" "RUSTUP_HOME=/opt/rustwide/rustup-home" "-w" "/opt/rustwide/workdir" "-m" "1610612736" "--user" "0:0" "--network" "none" "ghcr.io/rust-lang/crates-build-env/linux@sha256:819108c5571ea2e421544af4d832f968d213c87fbe3707a016657f43d2f853bc" "/opt/rustwide/cargo-home/bin/cargo" "+nightly-2025-01-18" "metadata" "--no-deps" "--format-version=1", kill_on_drop: false }`
[INFO] [stdout] ed2eda8d631353f5fa1e8d3c75eb45dea8c86919e993394c41eee83047f6504e
[INFO] running `Command { std: "docker" "start" "-a" "ed2eda8d631353f5fa1e8d3c75eb45dea8c86919e993394c41eee83047f6504e", kill_on_drop: false }`
[INFO] running `Command { std: "docker" "inspect" "ed2eda8d631353f5fa1e8d3c75eb45dea8c86919e993394c41eee83047f6504e", kill_on_drop: false }`
[INFO] running `Command { std: "docker" "rm" "-f" "ed2eda8d631353f5fa1e8d3c75eb45dea8c86919e993394c41eee83047f6504e", kill_on_drop: false }`
[INFO] [stdout] ed2eda8d631353f5fa1e8d3c75eb45dea8c86919e993394c41eee83047f6504e
[INFO] running `Command { std: "docker" "create" "-v" "/var/lib/crater-agent-workspace/builds/worker-3-tc1/target:/opt/rustwide/target:rw,Z" "-v" "/var/lib/crater-agent-workspace/builds/worker-3-tc1/source:/opt/rustwide/workdir:ro,Z" "-v" "/var/lib/crater-agent-workspace/cargo-home:/opt/rustwide/cargo-home:ro,Z" "-v" "/var/lib/crater-agent-workspace/rustup-home:/opt/rustwide/rustup-home:ro,Z" "-e" "SOURCE_DIR=/opt/rustwide/workdir" "-e" "CARGO_TARGET_DIR=/opt/rustwide/target" "-e" "CARGO_INCREMENTAL=0" "-e" "RUST_BACKTRACE=full" "-e" "RUSTFLAGS=--cap-lints=forbid" "-e" "RUSTDOCFLAGS=--cap-lints=forbid" "-e" "CARGO_HOME=/opt/rustwide/cargo-home" "-e" "RUSTUP_HOME=/opt/rustwide/rustup-home" "-w" "/opt/rustwide/workdir" "-m" "1610612736" "--user" "0:0" "--network" "none" "ghcr.io/rust-lang/crates-build-env/linux@sha256:819108c5571ea2e421544af4d832f968d213c87fbe3707a016657f43d2f853bc" "/opt/rustwide/cargo-home/bin/cargo" "+nightly-2025-01-18" "build" "--frozen" "--message-format=json", kill_on_drop: false }`
[INFO] [stdout] 501750ec5261f60f3338709ff757f1a25e95e94368d70f702143fb1f3b281228
[INFO] running `Command { std: "docker" "start" "-a" "501750ec5261f60f3338709ff757f1a25e95e94368d70f702143fb1f3b281228", kill_on_drop: false }`
[INFO] [stderr]    Compiling libc v0.2.125
[INFO] [stderr]    Compiling autocfg v1.0.0
[INFO] [stderr]    Compiling getrandom v0.1.14
[INFO] [stderr]    Compiling cfg-if v0.1.10
[INFO] [stderr]    Compiling ppv-lite86 v0.2.6
[INFO] [stderr]    Compiling bitflags v1.2.1
[INFO] [stderr]    Compiling unicode-width v0.1.7
[INFO] [stderr]    Compiling vec_map v0.8.1
[INFO] [stderr]    Compiling ansi_term v0.11.0
[INFO] [stderr]    Compiling strsim v0.8.0
[INFO] [stderr]    Compiling ansi_term v0.12.1
[INFO] [stderr]    Compiling lazy_static v1.4.0
[INFO] [stderr]    Compiling textwrap v0.11.0
[INFO] [stderr]    Compiling num-traits v0.2.12
[INFO] [stderr]    Compiling num-integer v0.1.43
[INFO] [stderr]    Compiling c2-chacha v0.2.3
[INFO] [stderr]    Compiling time v0.1.43
[INFO] [stderr]    Compiling atty v0.2.14
[INFO] [stderr]    Compiling clap v2.33.0
[INFO] [stderr]    Compiling rand_core v0.5.1
[INFO] [stderr]    Compiling rand_chacha v0.2.1
[INFO] [stderr]    Compiling rand v0.7.3
[INFO] [stderr]    Compiling chrono v0.4.13
[INFO] [stderr]    Compiling cookbook v0.1.0 (/opt/rustwide/workdir)
[INFO] [stdout] warning: unused `#[macro_use]` import
[INFO] [stdout]  --> src/main.rs:1:1
[INFO] [stdout]   |
[INFO] [stdout] 1 | #[macro_use]
[INFO] [stdout]   | ^^^^^^^^^^^^
[INFO] [stdout]   |
[INFO] [stdout]   = note: `#[warn(unused_imports)]` on by default
[INFO] [stdout] 
[INFO] [stdout] 
[INFO] [stdout] warning: unused import: `std::mem`
[INFO] [stdout]  --> src/notes/alpha.rs:3:5
[INFO] [stdout]   |
[INFO] [stdout] 3 | use std::mem;
[INFO] [stdout]   |     ^^^^^^^^
[INFO] [stdout] 
[INFO] [stdout] 
[INFO] [stdout] warning: unused import: `std::cmp::Ordering`
[INFO] [stdout]  --> src/notes/copy_trait.rs:1:5
[INFO] [stdout]   |
[INFO] [stdout] 1 | use std::cmp::Ordering;
[INFO] [stdout]   |     ^^^^^^^^^^^^^^^^^^
[INFO] [stdout] 
[INFO] [stdout] 
[INFO] [stdout] warning: unused imports: `Div`, `Mul`, and `Sub`
[INFO] [stdout]  --> src/notes/op_rhs.rs:1:21
[INFO] [stdout]   |
[INFO] [stdout] 1 | use std::ops::{Add, Div, Mul, Sub};
[INFO] [stdout]   |                     ^^^  ^^^  ^^^
[INFO] [stdout] 
[INFO] [stdout] 
[INFO] [stdout] warning: unused import: `notes::alpha`
[INFO] [stdout]  --> src/main.rs:9:5
[INFO] [stdout]   |
[INFO] [stdout] 9 | use notes::alpha;
[INFO] [stdout]   |     ^^^^^^^^^^^^
[INFO] [stdout] 
[INFO] [stdout] 
[INFO] [stdout] warning: crate-level attribute should be in the root module
[INFO] [stdout]  --> src/notes/alpha.rs:1:1
[INFO] [stdout]   |
[INFO] [stdout] 1 | #![feature(dyn_trait)]
[INFO] [stdout]   | ^^^^^^^^^^^^^^^^^^^^^^
[INFO] [stdout]   |
[INFO] [stdout]   = note: `#[warn(unused_attributes)]` on by default
[INFO] [stdout] 
[INFO] [stdout] 
[INFO] [stdout] warning: unreachable statement
[INFO] [stdout]   --> src/main.rs:24:5
[INFO] [stdout]    |
[INFO] [stdout] 20 |     process::exit(-1);
[INFO] [stdout]    |     ----------------- any code following this expression is unreachable
[INFO] [stdout] ...
[INFO] [stdout] 24 |     command::try_with_test_param();
[INFO] [stdout]    |     ^^^^^^^^^^^^^^^^^^^^^^^^^^^^^^^ unreachable statement
[INFO] [stdout]    |
[INFO] [stdout]    = note: `#[warn(unreachable_code)]` on by default
[INFO] [stdout] 
[INFO] [stdout] 
[INFO] [stdout] warning: variable does not need to be mutable
[INFO] [stdout]   --> src/algorithm.rs:93:9
[INFO] [stdout]    |
[INFO] [stdout] 93 |     let mut rng = rand::thread_rng();
[INFO] [stdout]    |         ----^^^
[INFO] [stdout]    |         |
[INFO] [stdout]    |         help: remove this `mut`
[INFO] [stdout]    |
[INFO] [stdout]    = note: `#[warn(unused_mut)]` on by default
[INFO] [stdout] 
[INFO] [stdout] 
[INFO] [stdout] warning: unused variable: `status`
[INFO] [stdout]   --> src/command.rs:47:13
[INFO] [stdout]    |
[INFO] [stdout] 47 |             status,
[INFO] [stdout]    |             ^^^^^^ help: try ignoring the field: `status: _`
[INFO] [stdout]    |
[INFO] [stdout]    = note: `#[warn(unused_variables)]` on by default
[INFO] [stdout] 
[INFO] [stdout] 
[INFO] [stdout] warning: unused variable: `stderr`
[INFO] [stdout]   --> src/command.rs:49:13
[INFO] [stdout]    |
[INFO] [stdout] 49 |             stderr,
[INFO] [stdout]    |             ^^^^^^ help: try ignoring the field: `stderr: _`
[INFO] [stdout] 
[INFO] [stdout] 
[INFO] [stdout] warning: unused variable: `p_duck`
[INFO] [stdout]   --> src/notes/alpha.rs:24:22
[INFO] [stdout]    |
[INFO] [stdout] 24 | fn print_traitobject(p_duck: &dyn Bird) {
[INFO] [stdout]    |                      ^^^^^^ help: if this is intentional, prefix it with an underscore: `_p_duck`
[INFO] [stdout] 
[INFO] [stdout] 
[INFO] [stdout] warning: unused variable: `d3`
[INFO] [stdout]   --> src/notes/alpha.rs:32:9
[INFO] [stdout]    |
[INFO] [stdout] 32 |     let d3 = d2 as &dyn Bird;
[INFO] [stdout]    |         ^^ help: if this is intentional, prefix it with an underscore: `_d3`
[INFO] [stdout] 
[INFO] [stdout] 
[INFO] [stdout] warning: unused variable: `v2`
[INFO] [stdout]   --> src/notes/copy_trait.rs:20:9
[INFO] [stdout]    |
[INFO] [stdout] 20 |     let v2 = v1;
[INFO] [stdout]    |         ^^ help: if this is intentional, prefix it with an underscore: `_v2`
[INFO] [stdout] 
[INFO] [stdout] 
[INFO] [stdout] warning: unused variable: `i`
[INFO] [stdout]   --> src/notes/process_data_competition.rs:42:13
[INFO] [stdout]    |
[INFO] [stdout] 42 |         for i in 0..COUNT {
[INFO] [stdout]    |             ^ help: if this is intentional, prefix it with an underscore: `_i`
[INFO] [stdout] 
[INFO] [stdout] 
[INFO] [stdout] warning: unused variable: `i`
[INFO] [stdout]   --> src/notes/process_data_competition.rs:50:13
[INFO] [stdout]    |
[INFO] [stdout] 50 |         for i in 0..COUNT {
[INFO] [stdout]    |             ^ help: if this is intentional, prefix it with an underscore: `_i`
[INFO] [stdout] 
[INFO] [stdout] 
[INFO] [stdout] warning: unreachable pattern
[INFO] [stdout]   --> src/notes/process_data_competition.rs:83:9
[INFO] [stdout]    |
[INFO] [stdout] 63 |         MyData(data1) => {
[INFO] [stdout]    |         ------------- matches any value
[INFO] [stdout] ...
[INFO] [stdout] 83 |         _ => {
[INFO] [stdout]    |         ^ no value can reach this
[INFO] [stdout]    |
[INFO] [stdout]    = note: `#[warn(unreachable_patterns)]` on by default
[INFO] [stdout] 
[INFO] [stdout] 
[INFO] [stdout] warning: unused variable: `i`
[INFO] [stdout]   --> src/notes/process_data_competition.rs:66:21
[INFO] [stdout]    |
[INFO] [stdout] 66 |                 for i in 0..COUNT {
[INFO] [stdout]    |                     ^ help: if this is intentional, prefix it with an underscore: `_i`
[INFO] [stdout] 
[INFO] [stdout] 
[INFO] [stdout] warning: unused variable: `i`
[INFO] [stdout]   --> src/notes/process_data_competition.rs:74:21
[INFO] [stdout]    |
[INFO] [stdout] 74 |                 for i in 0..COUNT {
[INFO] [stdout]    |                     ^ help: if this is intentional, prefix it with an underscore: `_i`
[INFO] [stdout] 
[INFO] [stdout] 
[INFO] [stdout] warning: function `gen_a_u8_num` is never used
[INFO] [stdout]   --> src/algorithm.rs:36:8
[INFO] [stdout]    |
[INFO] [stdout] 36 | pub fn gen_a_u8_num() -> u8 {
[INFO] [stdout]    |        ^^^^^^^^^^^^
[INFO] [stdout]    |
[INFO] [stdout]    = note: `#[warn(dead_code)]` on by default
[INFO] [stdout] 
[INFO] [stdout] 
[INFO] [stdout] warning: function `gen_a_i32_num` is never used
[INFO] [stdout]   --> src/algorithm.rs:45:8
[INFO] [stdout]    |
[INFO] [stdout] 45 | pub fn gen_a_i32_num() -> i32 {
[INFO] [stdout]    |        ^^^^^^^^^^^^^
[INFO] [stdout] 
[INFO] [stdout] 
[INFO] [stdout] warning: function `gen_random_within_range` is never used
[INFO] [stdout]   --> src/algorithm.rs:53:8
[INFO] [stdout]    |
[INFO] [stdout] 53 | pub fn gen_random_within_range(min: isize, max: isize) -> isize {
[INFO] [stdout]    |        ^^^^^^^^^^^^^^^^^^^^^^^
[INFO] [stdout] 
[INFO] [stdout] 
[INFO] [stdout] warning: fields `x` and `y` are never read
[INFO] [stdout]   --> src/algorithm.rs:71:5
[INFO] [stdout]    |
[INFO] [stdout] 70 | struct Point {
[INFO] [stdout]    |        ----- fields in this struct
[INFO] [stdout] 71 |     x: i32,
[INFO] [stdout]    |     ^
[INFO] [stdout] 72 |     y: i32,
[INFO] [stdout]    |     ^
[INFO] [stdout]    |
[INFO] [stdout]    = note: `Point` has a derived impl for the trait `Debug`, but this is intentionally ignored during dead code analysis
[INFO] [stdout] 
[INFO] [stdout] 
[INFO] [stdout] warning: function `get_random_string` is never used
[INFO] [stdout]   --> src/algorithm.rs:92:8
[INFO] [stdout]    |
[INFO] [stdout] 92 | pub fn get_random_string(length: u8) -> String {
[INFO] [stdout]    |        ^^^^^^^^^^^^^^^^^
[INFO] [stdout] 
[INFO] [stdout] 
[INFO] [stdout] warning: function `get_random_string_from_customer_str` is never used
[INFO] [stdout]    --> src/algorithm.rs:111:8
[INFO] [stdout]     |
[INFO] [stdout] 111 | pub fn get_random_string_from_customer_str(length: u8) -> String {
[INFO] [stdout]     |        ^^^^^^^^^^^^^^^^^^^^^^^^^^^^^^^^^^^
[INFO] [stdout] 
[INFO] [stdout] 
[INFO] [stdout] warning: trait `Bird` is never used
[INFO] [stdout]  --> src/notes/alpha.rs:5:7
[INFO] [stdout]   |
[INFO] [stdout] 5 | trait Bird {
[INFO] [stdout]   |       ^^^^
[INFO] [stdout] 
[INFO] [stdout] 
[INFO] [stdout] warning: struct `Duck` is never constructed
[INFO] [stdout]  --> src/notes/alpha.rs:9:8
[INFO] [stdout]   |
[INFO] [stdout] 9 | struct Duck;
[INFO] [stdout]   |        ^^^^
[INFO] [stdout] 
[INFO] [stdout] 
[INFO] [stdout] warning: struct `Swan` is never constructed
[INFO] [stdout]   --> src/notes/alpha.rs:10:8
[INFO] [stdout]    |
[INFO] [stdout] 10 | struct Swan;
[INFO] [stdout]    |        ^^^^
[INFO] [stdout] 
[INFO] [stdout] 
[INFO] [stdout] warning: function `print_traitobject` is never used
[INFO] [stdout]   --> src/notes/alpha.rs:24:4
[INFO] [stdout]    |
[INFO] [stdout] 24 | fn print_traitobject(p_duck: &dyn Bird) {
[INFO] [stdout]    |    ^^^^^^^^^^^^^^^^^
[INFO] [stdout] 
[INFO] [stdout] 
[INFO] [stdout] warning: function `run` is never used
[INFO] [stdout]   --> src/notes/alpha.rs:29:8
[INFO] [stdout]    |
[INFO] [stdout] 29 | pub fn run() {
[INFO] [stdout]    |        ^^^
[INFO] [stdout] 
[INFO] [stdout] 
[INFO] [stdout] warning: fields `x_value` and `y_value` are never read
[INFO] [stdout]   --> src/notes/copy_trait.rs:11:5
[INFO] [stdout]    |
[INFO] [stdout] 10 | struct Point {
[INFO] [stdout]    |        ----- fields in this struct
[INFO] [stdout] 11 |     x_value: i32,
[INFO] [stdout]    |     ^^^^^^^
[INFO] [stdout] 12 |     y_value: i32,
[INFO] [stdout]    |     ^^^^^^^
[INFO] [stdout]    |
[INFO] [stdout]    = note: `Point` has a derived impl for the trait `Debug`, but this is intentionally ignored during dead code analysis
[INFO] [stdout] 
[INFO] [stdout] 
[INFO] [stdout] warning: struct `MyData0` is never constructed
[INFO] [stdout]   --> src/notes/process_data_competition.rs:15:8
[INFO] [stdout]    |
[INFO] [stdout] 15 | struct MyData0(Rc<isize>);
[INFO] [stdout]    |        ^^^^^^^
[INFO] [stdout] 
[INFO] [stdout] 
[INFO] [stdout] warning: associated function `new` is never used
[INFO] [stdout]   --> src/notes/process_data_competition.rs:18:12
[INFO] [stdout]    |
[INFO] [stdout] 17 | impl MyData0 {
[INFO] [stdout]    | ------------ associated function in this implementation
[INFO] [stdout] 18 |     pub fn new(num: isize) -> MyData0 {
[INFO] [stdout]    |            ^^^
[INFO] [stdout] 
[INFO] [stdout] 
[INFO] [stdout] warning: field `0` is never read
[INFO] [stdout]   --> src/notes/process_data_competition.rs:24:19
[INFO] [stdout]    |
[INFO] [stdout] 24 | pub struct MyData(Arc<Mutex<isize>>);
[INFO] [stdout]    |            ------ ^^^^^^^^^^^^^^^^^
[INFO] [stdout]    |            |
[INFO] [stdout]    |            field in this struct
[INFO] [stdout]    |
[INFO] [stdout]    = help: consider removing this field
[INFO] [stdout]    = note: `MyData` has a derived impl for the trait `Debug`, but this is intentionally ignored during dead code analysis
[INFO] [stdout] 
[INFO] [stdout] 
[INFO] [stdout] warning: function `test_resolve_competition` is never used
[INFO] [stdout]   --> src/notes/process_data_competition.rs:61:8
[INFO] [stdout]    |
[INFO] [stdout] 61 | pub fn test_resolve_competition() {
[INFO] [stdout]    |        ^^^^^^^^^^^^^^^^^^^^^^^^
[INFO] [stdout] 
[INFO] [stdout] 
[INFO] [stdout] warning: function `simple_bubble` is never used
[INFO] [stdout]  --> src/notes/sort.rs:1:8
[INFO] [stdout]   |
[INFO] [stdout] 1 | pub fn simple_bubble(arr: &mut Vec<i32>) -> &Vec<i32> {
[INFO] [stdout]   |        ^^^^^^^^^^^^^
[INFO] [stdout] 
[INFO] [stdout] 
[INFO] [stdout] warning: function `insert` is never used
[INFO] [stdout]   --> src/notes/sort.rs:20:8
[INFO] [stdout]    |
[INFO] [stdout] 20 | pub fn insert(arr: &mut Vec<i32>) {
[INFO] [stdout]    |        ^^^^^^
[INFO] [stdout] 
[INFO] [stdout] 
[INFO] [stdout] warning: function `shell_sort` is never used
[INFO] [stdout]   --> src/notes/sort.rs:40:8
[INFO] [stdout]    |
[INFO] [stdout] 40 | pub fn shell_sort(arr: &Vec<i32>) {
[INFO] [stdout]    |        ^^^^^^^^^^
[INFO] [stdout] 
[INFO] [stdout] 
[INFO] [stdout] warning: function `get_shell_addition_rate` is never used
[INFO] [stdout]   --> src/notes/sort.rs:49:4
[INFO] [stdout]    |
[INFO] [stdout] 49 | fn get_shell_addition_rate(l: usize) -> usize {
[INFO] [stdout]    |    ^^^^^^^^^^^^^^^^^^^^^^^
[INFO] [stdout] 
[INFO] [stdout] 
[INFO] [stdout] warning: function `one_file_func` is never used
[INFO] [stdout]  --> src/notes/test_module/one_file.rs:2:8
[INFO] [stdout]   |
[INFO] [stdout] 2 | pub fn one_file_func() {
[INFO] [stdout]   |        ^^^^^^^^^^^^^
[INFO] [stdout] 
[INFO] [stdout] 
[INFO] [stdout] warning: trait `Human` is never used
[INFO] [stdout]  --> src/notes/test_module/one_file.rs:6:7
[INFO] [stdout]   |
[INFO] [stdout] 6 | trait Human {
[INFO] [stdout]   |       ^^^^^
[INFO] [stdout] 
[INFO] [stdout] 
[INFO] [stdout] warning: fields `id`, `name`, and `age` are never read
[INFO] [stdout]   --> src/notes/test_module/one_file.rs:13:5
[INFO] [stdout]    |
[INFO] [stdout] 12 | pub struct Stu {
[INFO] [stdout]    |            --- fields in this struct
[INFO] [stdout] 13 |     id: i32,
[INFO] [stdout]    |     ^^
[INFO] [stdout] 14 |     name: String,
[INFO] [stdout]    |     ^^^^
[INFO] [stdout] 15 |     age: u8,
[INFO] [stdout]    |     ^^^
[INFO] [stdout]    |
[INFO] [stdout]    = note: `Stu` has a derived impl for the trait `Debug`, but this is intentionally ignored during dead code analysis
[INFO] [stdout] 
[INFO] [stdout] 
[INFO] [stderr]     Finished `dev` profile [unoptimized + debuginfo] target(s) in 8.75s
[INFO] running `Command { std: "docker" "inspect" "501750ec5261f60f3338709ff757f1a25e95e94368d70f702143fb1f3b281228", kill_on_drop: false }`
[INFO] running `Command { std: "docker" "rm" "-f" "501750ec5261f60f3338709ff757f1a25e95e94368d70f702143fb1f3b281228", kill_on_drop: false }`
[INFO] [stdout] 501750ec5261f60f3338709ff757f1a25e95e94368d70f702143fb1f3b281228
[INFO] running `Command { std: "docker" "create" "-v" "/var/lib/crater-agent-workspace/builds/worker-3-tc1/target:/opt/rustwide/target:rw,Z" "-v" "/var/lib/crater-agent-workspace/builds/worker-3-tc1/source:/opt/rustwide/workdir:ro,Z" "-v" "/var/lib/crater-agent-workspace/cargo-home:/opt/rustwide/cargo-home:ro,Z" "-v" "/var/lib/crater-agent-workspace/rustup-home:/opt/rustwide/rustup-home:ro,Z" "-e" "SOURCE_DIR=/opt/rustwide/workdir" "-e" "CARGO_TARGET_DIR=/opt/rustwide/target" "-e" "CARGO_INCREMENTAL=0" "-e" "RUST_BACKTRACE=full" "-e" "RUSTFLAGS=--cap-lints=forbid" "-e" "RUSTDOCFLAGS=--cap-lints=forbid" "-e" "CARGO_HOME=/opt/rustwide/cargo-home" "-e" "RUSTUP_HOME=/opt/rustwide/rustup-home" "-w" "/opt/rustwide/workdir" "-m" "1610612736" "--user" "0:0" "--network" "none" "ghcr.io/rust-lang/crates-build-env/linux@sha256:819108c5571ea2e421544af4d832f968d213c87fbe3707a016657f43d2f853bc" "/opt/rustwide/cargo-home/bin/cargo" "+nightly-2025-01-18" "test" "--frozen" "--no-run" "--message-format=json", kill_on_drop: false }`
[INFO] [stdout] d41bcb5c71b54aa8f87d78d170988c6adaeb51d5e84ec2b7aac9c7e48e59749e
[INFO] running `Command { std: "docker" "start" "-a" "d41bcb5c71b54aa8f87d78d170988c6adaeb51d5e84ec2b7aac9c7e48e59749e", kill_on_drop: false }`
[INFO] [stderr]    Compiling cookbook v0.1.0 (/opt/rustwide/workdir)
[INFO] [stdout] warning: unused `#[macro_use]` import
[INFO] [stdout]  --> src/main.rs:1:1
[INFO] [stdout]   |
[INFO] [stdout] 1 | #[macro_use]
[INFO] [stdout]   | ^^^^^^^^^^^^
[INFO] [stdout]   |
[INFO] [stdout]   = note: `#[warn(unused_imports)]` on by default
[INFO] [stdout] 
[INFO] [stdout] 
[INFO] [stdout] warning: unused import: `std::mem`
[INFO] [stdout]  --> src/notes/alpha.rs:3:5
[INFO] [stdout]   |
[INFO] [stdout] 3 | use std::mem;
[INFO] [stdout]   |     ^^^^^^^^
[INFO] [stdout] 
[INFO] [stdout] 
[INFO] [stdout] warning: unused import: `std::cmp::Ordering`
[INFO] [stdout]  --> src/notes/copy_trait.rs:1:5
[INFO] [stdout]   |
[INFO] [stdout] 1 | use std::cmp::Ordering;
[INFO] [stdout]   |     ^^^^^^^^^^^^^^^^^^
[INFO] [stdout] 
[INFO] [stdout] 
[INFO] [stdout] warning: unused imports: `Div`, `Mul`, and `Sub`
[INFO] [stdout]  --> src/notes/op_rhs.rs:1:21
[INFO] [stdout]   |
[INFO] [stdout] 1 | use std::ops::{Add, Div, Mul, Sub};
[INFO] [stdout]   |                     ^^^  ^^^  ^^^
[INFO] [stdout] 
[INFO] [stdout] 
[INFO] [stdout] warning: unused import: `notes::alpha`
[INFO] [stdout]  --> src/main.rs:9:5
[INFO] [stdout]   |
[INFO] [stdout] 9 | use notes::alpha;
[INFO] [stdout]   |     ^^^^^^^^^^^^
[INFO] [stdout] 
[INFO] [stdout] 
[INFO] [stdout] warning: crate-level attribute should be in the root module
[INFO] [stdout]  --> src/notes/alpha.rs:1:1
[INFO] [stdout]   |
[INFO] [stdout] 1 | #![feature(dyn_trait)]
[INFO] [stdout]   | ^^^^^^^^^^^^^^^^^^^^^^
[INFO] [stdout]   |
[INFO] [stdout]   = note: `#[warn(unused_attributes)]` on by default
[INFO] [stdout] 
[INFO] [stdout] 
[INFO] [stdout] warning: unreachable statement
[INFO] [stdout]   --> src/main.rs:24:5
[INFO] [stdout]    |
[INFO] [stdout] 20 |     process::exit(-1);
[INFO] [stdout]    |     ----------------- any code following this expression is unreachable
[INFO] [stdout] ...
[INFO] [stdout] 24 |     command::try_with_test_param();
[INFO] [stdout]    |     ^^^^^^^^^^^^^^^^^^^^^^^^^^^^^^^ unreachable statement
[INFO] [stdout]    |
[INFO] [stdout]    = note: `#[warn(unreachable_code)]` on by default
[INFO] [stdout] 
[INFO] [stdout] 
[INFO] [stdout] warning: variable does not need to be mutable
[INFO] [stdout]   --> src/algorithm.rs:93:9
[INFO] [stdout]    |
[INFO] [stdout] 93 |     let mut rng = rand::thread_rng();
[INFO] [stdout]    |         ----^^^
[INFO] [stdout]    |         |
[INFO] [stdout]    |         help: remove this `mut`
[INFO] [stdout]    |
[INFO] [stdout]    = note: `#[warn(unused_mut)]` on by default
[INFO] [stdout] 
[INFO] [stdout] 
[INFO] [stdout] warning: unused variable: `status`
[INFO] [stdout]   --> src/command.rs:47:13
[INFO] [stdout]    |
[INFO] [stdout] 47 |             status,
[INFO] [stdout]    |             ^^^^^^ help: try ignoring the field: `status: _`
[INFO] [stdout]    |
[INFO] [stdout]    = note: `#[warn(unused_variables)]` on by default
[INFO] [stdout] 
[INFO] [stdout] 
[INFO] [stdout] warning: unused variable: `stderr`
[INFO] [stdout]   --> src/command.rs:49:13
[INFO] [stdout]    |
[INFO] [stdout] 49 |             stderr,
[INFO] [stdout]    |             ^^^^^^ help: try ignoring the field: `stderr: _`
[INFO] [stdout] 
[INFO] [stdout] 
[INFO] [stdout] warning: unused variable: `p_duck`
[INFO] [stdout]   --> src/notes/alpha.rs:24:22
[INFO] [stdout]    |
[INFO] [stdout] 24 | fn print_traitobject(p_duck: &dyn Bird) {
[INFO] [stdout]    |                      ^^^^^^ help: if this is intentional, prefix it with an underscore: `_p_duck`
[INFO] [stdout] 
[INFO] [stdout] 
[INFO] [stdout] warning: unused variable: `d3`
[INFO] [stdout]   --> src/notes/alpha.rs:32:9
[INFO] [stdout]    |
[INFO] [stdout] 32 |     let d3 = d2 as &dyn Bird;
[INFO] [stdout]    |         ^^ help: if this is intentional, prefix it with an underscore: `_d3`
[INFO] [stdout] 
[INFO] [stdout] 
[INFO] [stdout] warning: unused variable: `v2`
[INFO] [stdout]   --> src/notes/copy_trait.rs:20:9
[INFO] [stdout]    |
[INFO] [stdout] 20 |     let v2 = v1;
[INFO] [stdout]    |         ^^ help: if this is intentional, prefix it with an underscore: `_v2`
[INFO] [stdout] 
[INFO] [stdout] 
[INFO] [stdout] warning: unused variable: `i`
[INFO] [stdout]   --> src/notes/process_data_competition.rs:42:13
[INFO] [stdout]    |
[INFO] [stdout] 42 |         for i in 0..COUNT {
[INFO] [stdout]    |             ^ help: if this is intentional, prefix it with an underscore: `_i`
[INFO] [stdout] 
[INFO] [stdout] 
[INFO] [stdout] warning: unused variable: `i`
[INFO] [stdout]   --> src/notes/process_data_competition.rs:50:13
[INFO] [stdout]    |
[INFO] [stdout] 50 |         for i in 0..COUNT {
[INFO] [stdout]    |             ^ help: if this is intentional, prefix it with an underscore: `_i`
[INFO] [stdout] 
[INFO] [stdout] 
[INFO] [stdout] warning: unreachable pattern
[INFO] [stdout]   --> src/notes/process_data_competition.rs:83:9
[INFO] [stdout]    |
[INFO] [stdout] 63 |         MyData(data1) => {
[INFO] [stdout]    |         ------------- matches any value
[INFO] [stdout] ...
[INFO] [stdout] 83 |         _ => {
[INFO] [stdout]    |         ^ no value can reach this
[INFO] [stdout]    |
[INFO] [stdout]    = note: `#[warn(unreachable_patterns)]` on by default
[INFO] [stdout] 
[INFO] [stdout] 
[INFO] [stdout] warning: unused variable: `i`
[INFO] [stdout]   --> src/notes/process_data_competition.rs:66:21
[INFO] [stdout]    |
[INFO] [stdout] 66 |                 for i in 0..COUNT {
[INFO] [stdout]    |                     ^ help: if this is intentional, prefix it with an underscore: `_i`
[INFO] [stdout] 
[INFO] [stdout] 
[INFO] [stdout] warning: unused variable: `i`
[INFO] [stdout]   --> src/notes/process_data_competition.rs:74:21
[INFO] [stdout]    |
[INFO] [stdout] 74 |                 for i in 0..COUNT {
[INFO] [stdout]    |                     ^ help: if this is intentional, prefix it with an underscore: `_i`
[INFO] [stdout] 
[INFO] [stdout] 
[INFO] [stdout] warning: function `gen_a_u8_num` is never used
[INFO] [stdout]   --> src/algorithm.rs:36:8
[INFO] [stdout]    |
[INFO] [stdout] 36 | pub fn gen_a_u8_num() -> u8 {
[INFO] [stdout]    |        ^^^^^^^^^^^^
[INFO] [stdout]    |
[INFO] [stdout]    = note: `#[warn(dead_code)]` on by default
[INFO] [stdout] 
[INFO] [stdout] 
[INFO] [stdout] warning: function `gen_a_i32_num` is never used
[INFO] [stdout]   --> src/algorithm.rs:45:8
[INFO] [stdout]    |
[INFO] [stdout] 45 | pub fn gen_a_i32_num() -> i32 {
[INFO] [stdout]    |        ^^^^^^^^^^^^^
[INFO] [stdout] 
[INFO] [stdout] 
[INFO] [stdout] warning: function `gen_random_within_range` is never used
[INFO] [stdout]   --> src/algorithm.rs:53:8
[INFO] [stdout]    |
[INFO] [stdout] 53 | pub fn gen_random_within_range(min: isize, max: isize) -> isize {
[INFO] [stdout]    |        ^^^^^^^^^^^^^^^^^^^^^^^
[INFO] [stdout] 
[INFO] [stdout] 
[INFO] [stdout] warning: fields `x` and `y` are never read
[INFO] [stdout]   --> src/algorithm.rs:71:5
[INFO] [stdout]    |
[INFO] [stdout] 70 | struct Point {
[INFO] [stdout]    |        ----- fields in this struct
[INFO] [stdout] 71 |     x: i32,
[INFO] [stdout]    |     ^
[INFO] [stdout] 72 |     y: i32,
[INFO] [stdout]    |     ^
[INFO] [stdout]    |
[INFO] [stdout]    = note: `Point` has a derived impl for the trait `Debug`, but this is intentionally ignored during dead code analysis
[INFO] [stdout] 
[INFO] [stdout] 
[INFO] [stdout] warning: trait `Bird` is never used
[INFO] [stdout]  --> src/notes/alpha.rs:5:7
[INFO] [stdout]   |
[INFO] [stdout] 5 | trait Bird {
[INFO] [stdout]   |       ^^^^
[INFO] [stdout] 
[INFO] [stdout] 
[INFO] [stdout] warning: struct `Duck` is never constructed
[INFO] [stdout]  --> src/notes/alpha.rs:9:8
[INFO] [stdout]   |
[INFO] [stdout] 9 | struct Duck;
[INFO] [stdout]   |        ^^^^
[INFO] [stdout] 
[INFO] [stdout] 
[INFO] [stdout] warning: struct `Swan` is never constructed
[INFO] [stdout]   --> src/notes/alpha.rs:10:8
[INFO] [stdout]    |
[INFO] [stdout] 10 | struct Swan;
[INFO] [stdout]    |        ^^^^
[INFO] [stdout] 
[INFO] [stdout] 
[INFO] [stdout] warning: function `print_traitobject` is never used
[INFO] [stdout]   --> src/notes/alpha.rs:24:4
[INFO] [stdout]    |
[INFO] [stdout] 24 | fn print_traitobject(p_duck: &dyn Bird) {
[INFO] [stdout]    |    ^^^^^^^^^^^^^^^^^
[INFO] [stdout] 
[INFO] [stdout] 
[INFO] [stdout] warning: function `run` is never used
[INFO] [stdout]   --> src/notes/alpha.rs:29:8
[INFO] [stdout]    |
[INFO] [stdout] 29 | pub fn run() {
[INFO] [stdout]    |        ^^^
[INFO] [stdout] 
[INFO] [stdout] 
[INFO] [stdout] warning: fields `x_value` and `y_value` are never read
[INFO] [stdout]   --> src/notes/copy_trait.rs:11:5
[INFO] [stdout]    |
[INFO] [stdout] 10 | struct Point {
[INFO] [stdout]    |        ----- fields in this struct
[INFO] [stdout] 11 |     x_value: i32,
[INFO] [stdout]    |     ^^^^^^^
[INFO] [stdout] 12 |     y_value: i32,
[INFO] [stdout]    |     ^^^^^^^
[INFO] [stdout]    |
[INFO] [stdout]    = note: `Point` has a derived impl for the trait `Debug`, but this is intentionally ignored during dead code analysis
[INFO] [stdout] 
[INFO] [stdout] 
[INFO] [stdout] warning: struct `MyData0` is never constructed
[INFO] [stdout]   --> src/notes/process_data_competition.rs:15:8
[INFO] [stdout]    |
[INFO] [stdout] 15 | struct MyData0(Rc<isize>);
[INFO] [stdout]    |        ^^^^^^^
[INFO] [stdout] 
[INFO] [stdout] 
[INFO] [stdout] warning: associated function `new` is never used
[INFO] [stdout]   --> src/notes/process_data_competition.rs:18:12
[INFO] [stdout]    |
[INFO] [stdout] 17 | impl MyData0 {
[INFO] [stdout]    | ------------ associated function in this implementation
[INFO] [stdout] 18 |     pub fn new(num: isize) -> MyData0 {
[INFO] [stdout]    |            ^^^
[INFO] [stdout] 
[INFO] [stdout] 
[INFO] [stdout] warning: field `0` is never read
[INFO] [stdout]   --> src/notes/process_data_competition.rs:24:19
[INFO] [stdout]    |
[INFO] [stdout] 24 | pub struct MyData(Arc<Mutex<isize>>);
[INFO] [stdout]    |            ------ ^^^^^^^^^^^^^^^^^
[INFO] [stdout]    |            |
[INFO] [stdout]    |            field in this struct
[INFO] [stdout]    |
[INFO] [stdout]    = help: consider removing this field
[INFO] [stdout]    = note: `MyData` has a derived impl for the trait `Debug`, but this is intentionally ignored during dead code analysis
[INFO] [stdout] 
[INFO] [stdout] 
[INFO] [stdout] warning: function `test_resolve_competition` is never used
[INFO] [stdout]   --> src/notes/process_data_competition.rs:61:8
[INFO] [stdout]    |
[INFO] [stdout] 61 | pub fn test_resolve_competition() {
[INFO] [stdout]    |        ^^^^^^^^^^^^^^^^^^^^^^^^
[INFO] [stdout] 
[INFO] [stdout] 
[INFO] [stdout] warning: function `shell_sort` is never used
[INFO] [stdout]   --> src/notes/sort.rs:40:8
[INFO] [stdout]    |
[INFO] [stdout] 40 | pub fn shell_sort(arr: &Vec<i32>) {
[INFO] [stdout]    |        ^^^^^^^^^^
[INFO] [stdout] 
[INFO] [stdout] 
[INFO] [stdout] warning: function `get_shell_addition_rate` is never used
[INFO] [stdout]   --> src/notes/sort.rs:49:4
[INFO] [stdout]    |
[INFO] [stdout] 49 | fn get_shell_addition_rate(l: usize) -> usize {
[INFO] [stdout]    |    ^^^^^^^^^^^^^^^^^^^^^^^
[INFO] [stdout] 
[INFO] [stdout] 
[INFO] [stdout] warning: function `one_file_func` is never used
[INFO] [stdout]  --> src/notes/test_module/one_file.rs:2:8
[INFO] [stdout]   |
[INFO] [stdout] 2 | pub fn one_file_func() {
[INFO] [stdout]   |        ^^^^^^^^^^^^^
[INFO] [stdout] 
[INFO] [stdout] 
[INFO] [stdout] warning: trait `Human` is never used
[INFO] [stdout]  --> src/notes/test_module/one_file.rs:6:7
[INFO] [stdout]   |
[INFO] [stdout] 6 | trait Human {
[INFO] [stdout]   |       ^^^^^
[INFO] [stdout] 
[INFO] [stdout] 
[INFO] [stdout] warning: fields `id`, `name`, and `age` are never read
[INFO] [stdout]   --> src/notes/test_module/one_file.rs:13:5
[INFO] [stdout]    |
[INFO] [stdout] 12 | pub struct Stu {
[INFO] [stdout]    |            --- fields in this struct
[INFO] [stdout] 13 |     id: i32,
[INFO] [stdout]    |     ^^
[INFO] [stdout] 14 |     name: String,
[INFO] [stdout]    |     ^^^^
[INFO] [stdout] 15 |     age: u8,
[INFO] [stdout]    |     ^^^
[INFO] [stdout]    |
[INFO] [stdout]    = note: `Stu` has a derived impl for the trait `Debug`, but this is intentionally ignored during dead code analysis
[INFO] [stdout] 
[INFO] [stdout] 
[INFO] [stderr]     Finished `test` profile [unoptimized + debuginfo] target(s) in 0.81s
[INFO] running `Command { std: "docker" "inspect" "d41bcb5c71b54aa8f87d78d170988c6adaeb51d5e84ec2b7aac9c7e48e59749e", kill_on_drop: false }`
[INFO] running `Command { std: "docker" "rm" "-f" "d41bcb5c71b54aa8f87d78d170988c6adaeb51d5e84ec2b7aac9c7e48e59749e", kill_on_drop: false }`
[INFO] [stdout] d41bcb5c71b54aa8f87d78d170988c6adaeb51d5e84ec2b7aac9c7e48e59749e
[INFO] running `Command { std: "docker" "create" "-v" "/var/lib/crater-agent-workspace/builds/worker-3-tc1/target:/opt/rustwide/target:rw,Z" "-v" "/var/lib/crater-agent-workspace/builds/worker-3-tc1/source:/opt/rustwide/workdir:ro,Z" "-v" "/var/lib/crater-agent-workspace/cargo-home:/opt/rustwide/cargo-home:ro,Z" "-v" "/var/lib/crater-agent-workspace/rustup-home:/opt/rustwide/rustup-home:ro,Z" "-e" "SOURCE_DIR=/opt/rustwide/workdir" "-e" "CARGO_TARGET_DIR=/opt/rustwide/target" "-e" "CARGO_INCREMENTAL=0" "-e" "RUST_BACKTRACE=full" "-e" "RUSTFLAGS=--cap-lints=forbid" "-e" "RUSTDOCFLAGS=--cap-lints=forbid" "-e" "CARGO_HOME=/opt/rustwide/cargo-home" "-e" "RUSTUP_HOME=/opt/rustwide/rustup-home" "-w" "/opt/rustwide/workdir" "-m" "1610612736" "--user" "0:0" "--network" "none" "ghcr.io/rust-lang/crates-build-env/linux@sha256:819108c5571ea2e421544af4d832f968d213c87fbe3707a016657f43d2f853bc" "/opt/rustwide/cargo-home/bin/cargo" "+nightly-2025-01-18" "test" "--frozen", kill_on_drop: false }`
[INFO] [stdout] 2b1c04de11b1c569c795395d969a461318372c5e74ec3863f69aeee7efba210f
[INFO] running `Command { std: "docker" "start" "-a" "2b1c04de11b1c569c795395d969a461318372c5e74ec3863f69aeee7efba210f", kill_on_drop: false }`
[INFO] [stderr] warning: unused `#[macro_use]` import
[INFO] [stderr]  --> src/main.rs:1:1
[INFO] [stderr]   |
[INFO] [stderr] 1 | #[macro_use]
[INFO] [stderr]   | ^^^^^^^^^^^^
[INFO] [stderr]   |
[INFO] [stderr]   = note: `#[warn(unused_imports)]` on by default
[INFO] [stderr] 
[INFO] [stderr] warning: unused import: `std::mem`
[INFO] [stderr]  --> src/notes/alpha.rs:3:5
[INFO] [stderr]   |
[INFO] [stderr] 3 | use std::mem;
[INFO] [stderr]   |     ^^^^^^^^
[INFO] [stderr] 
[INFO] [stderr] warning: unused import: `std::cmp::Ordering`
[INFO] [stderr]  --> src/notes/copy_trait.rs:1:5
[INFO] [stderr]   |
[INFO] [stderr] 1 | use std::cmp::Ordering;
[INFO] [stderr]   |     ^^^^^^^^^^^^^^^^^^
[INFO] [stderr] 
[INFO] [stderr] warning: unused imports: `Div`, `Mul`, and `Sub`
[INFO] [stderr]  --> src/notes/op_rhs.rs:1:21
[INFO] [stderr]   |
[INFO] [stderr] 1 | use std::ops::{Add, Div, Mul, Sub};
[INFO] [stderr]   |                     ^^^  ^^^  ^^^
[INFO] [stderr] 
[INFO] [stderr] warning: unused import: `notes::alpha`
[INFO] [stderr]  --> src/main.rs:9:5
[INFO] [stderr]   |
[INFO] [stderr] 9 | use notes::alpha;
[INFO] [stderr]   |     ^^^^^^^^^^^^
[INFO] [stderr] 
[INFO] [stderr] warning: crate-level attribute should be in the root module
[INFO] [stderr]  --> src/notes/alpha.rs:1:1
[INFO] [stderr]   |
[INFO] [stderr] 1 | #![feature(dyn_trait)]
[INFO] [stderr]   | ^^^^^^^^^^^^^^^^^^^^^^
[INFO] [stderr]   |
[INFO] [stderr]   = note: `#[warn(unused_attributes)]` on by default
[INFO] [stderr] 
[INFO] [stderr] warning: unreachable statement
[INFO] [stderr]   --> src/main.rs:24:5
[INFO] [stderr]    |
[INFO] [stderr] 20 |     process::exit(-1);
[INFO] [stderr]    |     ----------------- any code following this expression is unreachable
[INFO] [stderr] ...
[INFO] [stderr] 24 |     command::try_with_test_param();
[INFO] [stderr]    |     ^^^^^^^^^^^^^^^^^^^^^^^^^^^^^^^ unreachable statement
[INFO] [stderr]    |
[INFO] [stderr]    = note: `#[warn(unreachable_code)]` on by default
[INFO] [stderr] 
[INFO] [stderr] warning: variable does not need to be mutable
[INFO] [stderr]   --> src/algorithm.rs:93:9
[INFO] [stderr]    |
[INFO] [stderr] 93 |     let mut rng = rand::thread_rng();
[INFO] [stderr]    |         ----^^^
[INFO] [stderr]    |         |
[INFO] [stderr]    |         help: remove this `mut`
[INFO] [stderr]    |
[INFO] [stderr]    = note: `#[warn(unused_mut)]` on by default
[INFO] [stderr] 
[INFO] [stderr] warning: unused variable: `status`
[INFO] [stderr]   --> src/command.rs:47:13
[INFO] [stderr]    |
[INFO] [stderr] 47 |             status,
[INFO] [stderr]    |             ^^^^^^ help: try ignoring the field: `status: _`
[INFO] [stderr]    |
[INFO] [stderr]    = note: `#[warn(unused_variables)]` on by default
[INFO] [stderr] 
[INFO] [stderr] warning: unused variable: `stderr`
[INFO] [stderr]   --> src/command.rs:49:13
[INFO] [stderr]    |
[INFO] [stderr] 49 |             stderr,
[INFO] [stderr]    |             ^^^^^^ help: try ignoring the field: `stderr: _`
[INFO] [stderr] 
[INFO] [stderr] warning: unused variable: `p_duck`
[INFO] [stderr]   --> src/notes/alpha.rs:24:22
[INFO] [stderr]    |
[INFO] [stderr] 24 | fn print_traitobject(p_duck: &dyn Bird) {
[INFO] [stderr]    |                      ^^^^^^ help: if this is intentional, prefix it with an underscore: `_p_duck`
[INFO] [stderr] 
[INFO] [stderr] warning: unused variable: `d3`
[INFO] [stderr]   --> src/notes/alpha.rs:32:9
[INFO] [stderr]    |
[INFO] [stderr] 32 |     let d3 = d2 as &dyn Bird;
[INFO] [stderr]    |         ^^ help: if this is intentional, prefix it with an underscore: `_d3`
[INFO] [stderr] 
[INFO] [stderr] warning: unused variable: `v2`
[INFO] [stderr]   --> src/notes/copy_trait.rs:20:9
[INFO] [stderr]    |
[INFO] [stderr] 20 |     let v2 = v1;
[INFO] [stderr]    |         ^^ help: if this is intentional, prefix it with an underscore: `_v2`
[INFO] [stderr] 
[INFO] [stderr] warning: unused variable: `i`
[INFO] [stderr]   --> src/notes/process_data_competition.rs:42:13
[INFO] [stderr]    |
[INFO] [stderr] 42 |         for i in 0..COUNT {
[INFO] [stderr]    |             ^ help: if this is intentional, prefix it with an underscore: `_i`
[INFO] [stderr] 
[INFO] [stderr] warning: unused variable: `i`
[INFO] [stderr]   --> src/notes/process_data_competition.rs:50:13
[INFO] [stderr]    |
[INFO] [stderr] 50 |         for i in 0..COUNT {
[INFO] [stderr]    |             ^ help: if this is intentional, prefix it with an underscore: `_i`
[INFO] [stderr] 
[INFO] [stderr] warning: unreachable pattern
[INFO] [stderr]   --> src/notes/process_data_competition.rs:83:9
[INFO] [stderr]    |
[INFO] [stderr] 63 |         MyData(data1) => {
[INFO] [stderr]    |         ------------- matches any value
[INFO] [stderr] ...
[INFO] [stderr] 83 |         _ => {
[INFO] [stderr]    |         ^ no value can reach this
[INFO] [stderr]    |
[INFO] [stderr]    = note: `#[warn(unreachable_patterns)]` on by default
[INFO] [stderr] 
[INFO] [stderr] warning: unused variable: `i`
[INFO] [stderr]   --> src/notes/process_data_competition.rs:66:21
[INFO] [stderr]    |
[INFO] [stderr] 66 |                 for i in 0..COUNT {
[INFO] [stderr]    |                     ^ help: if this is intentional, prefix it with an underscore: `_i`
[INFO] [stderr] 
[INFO] [stderr] warning: unused variable: `i`
[INFO] [stderr]   --> src/notes/process_data_competition.rs:74:21
[INFO] [stderr]    |
[INFO] [stderr] 74 |                 for i in 0..COUNT {
[INFO] [stderr]    |                     ^ help: if this is intentional, prefix it with an underscore: `_i`
[INFO] [stderr] 
[INFO] [stderr] warning: function `gen_a_u8_num` is never used
[INFO] [stderr]   --> src/algorithm.rs:36:8
[INFO] [stderr]    |
[INFO] [stderr] 36 | pub fn gen_a_u8_num() -> u8 {
[INFO] [stderr]    |        ^^^^^^^^^^^^
[INFO] [stderr]    |
[INFO] [stderr]    = note: `#[warn(dead_code)]` on by default
[INFO] [stderr] 
[INFO] [stderr] warning: function `gen_a_i32_num` is never used
[INFO] [stderr]   --> src/algorithm.rs:45:8
[INFO] [stderr]    |
[INFO] [stderr] 45 | pub fn gen_a_i32_num() -> i32 {
[INFO] [stderr]    |        ^^^^^^^^^^^^^
[INFO] [stderr] 
[INFO] [stderr] warning: function `gen_random_within_range` is never used
[INFO] [stderr]   --> src/algorithm.rs:53:8
[INFO] [stderr]    |
[INFO] [stderr] 53 | pub fn gen_random_within_range(min: isize, max: isize) -> isize {
[INFO] [stderr]    |        ^^^^^^^^^^^^^^^^^^^^^^^
[INFO] [stderr] 
[INFO] [stderr] warning: fields `x` and `y` are never read
[INFO] [stderr]   --> src/algorithm.rs:71:5
[INFO] [stderr]    |
[INFO] [stderr] 70 | struct Point {
[INFO] [stderr]    |        ----- fields in this struct
[INFO] [stderr] 71 |     x: i32,
[INFO] [stderr]    |     ^
[INFO] [stderr] 72 |     y: i32,
[INFO] [stderr]    |     ^
[INFO] [stderr]    |
[INFO] [stderr]    = note: `Point` has a derived impl for the trait `Debug`, but this is intentionally ignored during dead code analysis
[INFO] [stderr] 
[INFO] [stderr] warning: trait `Bird` is never used
[INFO] [stderr]  --> src/notes/alpha.rs:5:7
[INFO] [stderr]   |
[INFO] [stderr] 5 | trait Bird {
[INFO] [stderr]   |       ^^^^
[INFO] [stderr] 
[INFO] [stderr] warning: struct `Duck` is never constructed
[INFO] [stderr]  --> src/notes/alpha.rs:9:8
[INFO] [stderr]   |
[INFO] [stderr] 9 | struct Duck;
[INFO] [stderr]   |        ^^^^
[INFO] [stderr] 
[INFO] [stderr] warning: struct `Swan` is never constructed
[INFO] [stderr]   --> src/notes/alpha.rs:10:8
[INFO] [stderr]    |
[INFO] [stderr] 10 | struct Swan;
[INFO] [stderr]    |        ^^^^
[INFO] [stderr] 
[INFO] [stderr] warning: function `print_traitobject` is never used
[INFO] [stderr]   --> src/notes/alpha.rs:24:4
[INFO] [stderr]    |
[INFO] [stderr] 24 | fn print_traitobject(p_duck: &dyn Bird) {
[INFO] [stderr]    |    ^^^^^^^^^^^^^^^^^
[INFO] [stderr] 
[INFO] [stderr] warning: function `run` is never used
[INFO] [stderr]   --> src/notes/alpha.rs:29:8
[INFO] [stderr]    |
[INFO] [stderr] 29 | pub fn run() {
[INFO] [stderr]    |        ^^^
[INFO] [stderr] 
[INFO] [stderr] warning: fields `x_value` and `y_value` are never read
[INFO] [stderr]   --> src/notes/copy_trait.rs:11:5
[INFO] [stderr]    |
[INFO] [stderr] 10 | struct Point {
[INFO] [stderr]    |        ----- fields in this struct
[INFO] [stderr] 11 |     x_value: i32,
[INFO] [stderr]    |     ^^^^^^^
[INFO] [stderr] 12 |     y_value: i32,
[INFO] [stderr]    |     ^^^^^^^
[INFO] [stderr]    |
[INFO] [stderr]    = note: `Point` has a derived impl for the trait `Debug`, but this is intentionally ignored during dead code analysis
[INFO] [stderr] 
[INFO] [stderr] warning: struct `MyData0` is never constructed
[INFO] [stderr]   --> src/notes/process_data_competition.rs:15:8
[INFO] [stderr]    |
[INFO] [stderr] 15 | struct MyData0(Rc<isize>);
[INFO] [stderr]    |        ^^^^^^^
[INFO] [stderr] 
[INFO] [stderr] warning: associated function `new` is never used
[INFO] [stderr]   --> src/notes/process_data_competition.rs:18:12
[INFO] [stderr]    |
[INFO] [stderr] 17 | impl MyData0 {
[INFO] [stderr]    | ------------ associated function in this implementation
[INFO] [stderr] 18 |     pub fn new(num: isize) -> MyData0 {
[INFO] [stderr]    |            ^^^
[INFO] [stderr] 
[INFO] [stderr] warning: field `0` is never read
[INFO] [stderr]   --> src/notes/process_data_competition.rs:24:19
[INFO] [stderr]    |
[INFO] [stderr] 24 | pub struct MyData(Arc<Mutex<isize>>);
[INFO] [stderr]    |            ------ ^^^^^^^^^^^^^^^^^
[INFO] [stderr]    |            |
[INFO] [stderr]    |            field in this struct
[INFO] [stderr]    |
[INFO] [stderr]    = help: consider removing this field
[INFO] [stderr]    = note: `MyData` has a derived impl for the trait `Debug`, but this is intentionally ignored during dead code analysis
[INFO] [stderr] 
[INFO] [stderr] warning: function `test_resolve_competition` is never used
[INFO] [stderr]   --> src/notes/process_data_competition.rs:61:8
[INFO] [stderr]    |
[INFO] [stderr] 61 | pub fn test_resolve_competition() {
[INFO] [stderr]    |        ^^^^^^^^^^^^^^^^^^^^^^^^
[INFO] [stderr] 
[INFO] [stderr] warning: function `shell_sort` is never used
[INFO] [stderr]   --> src/notes/sort.rs:40:8
[INFO] [stderr]    |
[INFO] [stderr] 40 | pub fn shell_sort(arr: &Vec<i32>) {
[INFO] [stderr]    |        ^^^^^^^^^^
[INFO] [stderr] 
[INFO] [stderr] warning: function `get_shell_addition_rate` is never used
[INFO] [stderr]   --> src/notes/sort.rs:49:4
[INFO] [stderr]    |
[INFO] [stderr] 49 | fn get_shell_addition_rate(l: usize) -> usize {
[INFO] [stderr]    |    ^^^^^^^^^^^^^^^^^^^^^^^
[INFO] [stderr] 
[INFO] [stderr] warning: function `one_file_func` is never used
[INFO] [stderr]  --> src/notes/test_module/one_file.rs:2:8
[INFO] [stderr]   |
[INFO] [stderr] 2 | pub fn one_file_func() {
[INFO] [stderr]   |        ^^^^^^^^^^^^^
[INFO] [stderr] 
[INFO] [stderr] warning: trait `Human` is never used
[INFO] [stderr]  --> src/notes/test_module/one_file.rs:6:7
[INFO] [stderr]   |
[INFO] [stderr] 6 | trait Human {
[INFO] [stderr]   |       ^^^^^
[INFO] [stderr] 
[INFO] [stderr] warning: fields `id`, `name`, and `age` are never read
[INFO] [stderr]   --> src/notes/test_module/one_file.rs:13:5
[INFO] [stderr]    |
[INFO] [stderr] 12 | pub struct Stu {
[INFO] [stderr]    |            --- fields in this struct
[INFO] [stderr] 13 |     id: i32,
[INFO] [stderr]    |     ^^
[INFO] [stderr] 14 |     name: String,
[INFO] [stderr]    |     ^^^^
[INFO] [stderr] 15 |     age: u8,
[INFO] [stderr]    |     ^^^
[INFO] [stderr]    |
[INFO] [stderr]    = note: `Stu` has a derived impl for the trait `Debug`, but this is intentionally ignored during dead code analysis
[INFO] [stderr] 
[INFO] [stderr] warning: `cookbook` (bin "cookbook" test) generated 37 warnings (run `cargo fix --bin "cookbook" --tests` to apply 5 suggestions)
[INFO] [stderr]     Finished `test` profile [unoptimized + debuginfo] target(s) in 0.07s
[INFO] [stderr]      Running unittests src/main.rs (/opt/rustwide/target/debug/deps/cookbook-fb0113e630583a53)
[INFO] [stdout] 
[INFO] [stdout] running 9 tests
[INFO] [stdout] test algorithm::test_get_random_string ... ok
[INFO] [stdout] test algorithm::test_get_random_string_from_customer_str ... ok
[INFO] [stdout] test algorithm::tests::test_float_sort ... ok
[INFO] [stdout] test notes::op_rhs::tests::test_point_add ... ok
[INFO] [stdout] test notes::op_rhs::tests::test_vec_plus ... ok
[INFO] [stdout] test notes::sort::tests::test_simple_bubble ... ok
[INFO] [stdout] test notes::sort::tests::test_insert ... ok
[INFO] [stdout] test algorithm::tests::test_int_sort ... FAILED
[INFO] [stdout] test notes::sort::tests::test_get_a_vec ... FAILED
[INFO] [stdout] 
[INFO] [stdout] failures:
[INFO] [stdout] 
[INFO] [stdout] ---- algorithm::tests::test_int_sort stdout ----
[INFO] [stdout] the num is:[21, 32, 43, 67, 90, 98, 121]
[INFO] [stdout] 
[INFO] [stdout] thread 'algorithm::tests::test_int_sort' panicked at src/algorithm.rs:18:9:
[INFO] [stdout] assertion failed: false
[INFO] [stdout] stack backtrace:
[INFO] [stdout]    0:     0x60511ed6fbca - std::backtrace_rs::backtrace::libunwind::trace::hb059275cfc8d6126
[INFO] [stdout]                                at /rustc/6067b36314ab5eb2eb47cecc464545ba58e1ad24/library/std/src/../../backtrace/src/backtrace/libunwind.rs:116:5
[INFO] [stdout]    1:     0x60511ed6fbca - std::backtrace_rs::backtrace::trace_unsynchronized::h2da071e4327ce3ee
[INFO] [stdout]                                at /rustc/6067b36314ab5eb2eb47cecc464545ba58e1ad24/library/std/src/../../backtrace/src/backtrace/mod.rs:66:5
[INFO] [stdout]    2:     0x60511ed6fbca - std::sys::backtrace::_print_fmt::h842a1474e6f8d23f
[INFO] [stdout]                                at /rustc/6067b36314ab5eb2eb47cecc464545ba58e1ad24/library/std/src/sys/backtrace.rs:66:9
[INFO] [stdout]    3:     0x60511ed6fbca - <std::sys::backtrace::BacktraceLock::print::DisplayBacktrace as core::fmt::Display>::fmt::h71a62eb3b9696b12
[INFO] [stdout]                                at /rustc/6067b36314ab5eb2eb47cecc464545ba58e1ad24/library/std/src/sys/backtrace.rs:39:26
[INFO] [stdout]    4:     0x60511ed97ba3 - core::fmt::rt::Argument::fmt::hdb6b616786b41dc1
[INFO] [stdout]                                at /rustc/6067b36314ab5eb2eb47cecc464545ba58e1ad24/library/core/src/fmt/rt.rs:177:76
[INFO] [stdout]    5:     0x60511ed97ba3 - core::fmt::write::h2cc1698af7e2d686
[INFO] [stdout]                                at /rustc/6067b36314ab5eb2eb47cecc464545ba58e1ad24/library/core/src/fmt/mod.rs:1440:21
[INFO] [stdout]    6:     0x60511ed6c723 - std::io::Write::write_fmt::hab1b4cd059a79022
[INFO] [stdout]                                at /rustc/6067b36314ab5eb2eb47cecc464545ba58e1ad24/library/std/src/io/mod.rs:1887:15
[INFO] [stdout]    7:     0x60511ed6fa12 - std::sys::backtrace::BacktraceLock::print::h147fe35b4ea13b08
[INFO] [stdout]                                at /rustc/6067b36314ab5eb2eb47cecc464545ba58e1ad24/library/std/src/sys/backtrace.rs:42:9
[INFO] [stdout]    8:     0x60511ed70fef - std::panicking::default_hook::{{closure}}::hbd44223dbdc0d208
[INFO] [stdout]                                at /rustc/6067b36314ab5eb2eb47cecc464545ba58e1ad24/library/std/src/panicking.rs:298:22
[INFO] [stdout]    9:     0x60511ed70e08 - std::panicking::default_hook::h20f81eb0576efcec
[INFO] [stdout]                                at /rustc/6067b36314ab5eb2eb47cecc464545ba58e1ad24/library/std/src/panicking.rs:322:9
[INFO] [stdout]   10:     0x60511ed02983 - <alloc::boxed::Box<F,A> as core::ops::function::Fn<Args>>::call::hdb53814c496a4d34
[INFO] [stdout]                                at /rustc/6067b36314ab5eb2eb47cecc464545ba58e1ad24/library/alloc/src/boxed.rs:2027:9
[INFO] [stdout]   11:     0x60511ed02983 - test::test_main::{{closure}}::hc0a4963c59427c24
[INFO] [stdout]                                at /rustc/6067b36314ab5eb2eb47cecc464545ba58e1ad24/library/test/src/lib.rs:134:21
[INFO] [stdout]   12:     0x60511ed71ae3 - <alloc::boxed::Box<F,A> as core::ops::function::Fn<Args>>::call::h591b2225413a77e9
[INFO] [stdout]                                at /rustc/6067b36314ab5eb2eb47cecc464545ba58e1ad24/library/alloc/src/boxed.rs:2027:9
[INFO] [stdout]   13:     0x60511ed71ae3 - std::panicking::rust_panic_with_hook::h625eea43051b2edc
[INFO] [stdout]                                at /rustc/6067b36314ab5eb2eb47cecc464545ba58e1ad24/library/std/src/panicking.rs:839:13
[INFO] [stdout]   14:     0x60511ed71766 - std::panicking::begin_panic_handler::{{closure}}::h4f9159cfbc3f6bd3
[INFO] [stdout]                                at /rustc/6067b36314ab5eb2eb47cecc464545ba58e1ad24/library/std/src/panicking.rs:697:13
[INFO] [stdout]   15:     0x60511ed700c9 - std::sys::backtrace::__rust_end_short_backtrace::h0390abce48353151
[INFO] [stdout]                                at /rustc/6067b36314ab5eb2eb47cecc464545ba58e1ad24/library/std/src/sys/backtrace.rs:168:18
[INFO] [stdout]   16:     0x60511ed7142d - rust_begin_unwind
[INFO] [stdout]                                at /rustc/6067b36314ab5eb2eb47cecc464545ba58e1ad24/library/std/src/panicking.rs:695:5
[INFO] [stdout]   17:     0x60511ed961d0 - core::panicking::panic_fmt::h9e7c637e9e5f29c9
[INFO] [stdout]                                at /rustc/6067b36314ab5eb2eb47cecc464545ba58e1ad24/library/core/src/panicking.rs:75:14
[INFO] [stdout]   18:     0x60511ed9625c - core::panicking::panic::haa3255ea20181a33
[INFO] [stdout]                                at /rustc/6067b36314ab5eb2eb47cecc464545ba58e1ad24/library/core/src/panicking.rs:145:5
[INFO] [stdout]   19:     0x60511ecc51b2 - cookbook::algorithm::tests::test_int_sort::hc93d34c7fb0c6548
[INFO] [stdout]                                at /opt/rustwide/workdir/src/algorithm.rs:18:9
[INFO] [stdout]   20:     0x60511ecc5177 - cookbook::algorithm::tests::test_int_sort::{{closure}}::h962147dc912bad0c
[INFO] [stdout]                                at /opt/rustwide/workdir/src/algorithm.rs:16:23
[INFO] [stdout]   21:     0x60511ecc6526 - core::ops::function::FnOnce::call_once::h0db6ad421755d0e1
[INFO] [stdout]                                at /rustc/6067b36314ab5eb2eb47cecc464545ba58e1ad24/library/core/src/ops/function.rs:250:5
[INFO] [stdout]   22:     0x60511ed080db - core::ops::function::FnOnce::call_once::he27718dfdd183f43
[INFO] [stdout]                                at /rustc/6067b36314ab5eb2eb47cecc464545ba58e1ad24/library/core/src/ops/function.rs:250:5
[INFO] [stdout]   23:     0x60511ed080db - test::__rust_begin_short_backtrace::h4e84902998457a5d
[INFO] [stdout]                                at /rustc/6067b36314ab5eb2eb47cecc464545ba58e1ad24/library/test/src/lib.rs:632:18
[INFO] [stdout]   24:     0x60511ed07013 - test::run_test_in_process::{{closure}}::h7176fd18fc1feca0
[INFO] [stdout]                                at /rustc/6067b36314ab5eb2eb47cecc464545ba58e1ad24/library/test/src/lib.rs:655:60
[INFO] [stdout]   25:     0x60511ed07013 - <core::panic::unwind_safe::AssertUnwindSafe<F> as core::ops::function::FnOnce<()>>::call_once::hf79cff2a624d8cf7
[INFO] [stdout]                                at /rustc/6067b36314ab5eb2eb47cecc464545ba58e1ad24/library/core/src/panic/unwind_safe.rs:272:9
[INFO] [stdout]   26:     0x60511ed07013 - std::panicking::try::do_call::h3da0561d9ab99c25
[INFO] [stdout]                                at /rustc/6067b36314ab5eb2eb47cecc464545ba58e1ad24/library/std/src/panicking.rs:587:40
[INFO] [stdout]   27:     0x60511ed07013 - std::panicking::try::h41c9fa508bc61df6
[INFO] [stdout]                                at /rustc/6067b36314ab5eb2eb47cecc464545ba58e1ad24/library/std/src/panicking.rs:550:19
[INFO] [stdout]   28:     0x60511ed07013 - std::panic::catch_unwind::h6b3ff07bb5afad93
[INFO] [stdout]                                at /rustc/6067b36314ab5eb2eb47cecc464545ba58e1ad24/library/std/src/panic.rs:358:14
[INFO] [stdout]   29:     0x60511ed07013 - test::run_test_in_process::hc7253dd11b39b9f4
[INFO] [stdout]                                at /rustc/6067b36314ab5eb2eb47cecc464545ba58e1ad24/library/test/src/lib.rs:655:27
[INFO] [stdout]   30:     0x60511ed07013 - test::run_test::{{closure}}::hfb2007f8649c30bb
[INFO] [stdout]                                at /rustc/6067b36314ab5eb2eb47cecc464545ba58e1ad24/library/test/src/lib.rs:576:43
[INFO] [stdout]   31:     0x60511ecca0f5 - test::run_test::{{closure}}::h56a17aa7a282a9f4
[INFO] [stdout]                                at /rustc/6067b36314ab5eb2eb47cecc464545ba58e1ad24/library/test/src/lib.rs:606:41
[INFO] [stdout]   32:     0x60511ecca0f5 - std::sys::backtrace::__rust_begin_short_backtrace::hd2d2d2fb8e8c6aac
[INFO] [stdout]                                at /rustc/6067b36314ab5eb2eb47cecc464545ba58e1ad24/library/std/src/sys/backtrace.rs:152:18
[INFO] [stdout]   33:     0x60511eccd9da - std::thread::Builder::spawn_unchecked_::{{closure}}::{{closure}}::h4faa3f9db6133423
[INFO] [stdout]                                at /rustc/6067b36314ab5eb2eb47cecc464545ba58e1ad24/library/std/src/thread/mod.rs:559:17
[INFO] [stdout]   34:     0x60511eccd9da - <core::panic::unwind_safe::AssertUnwindSafe<F> as core::ops::function::FnOnce<()>>::call_once::hf2e855a36a4ea846
[INFO] [stdout]                                at /rustc/6067b36314ab5eb2eb47cecc464545ba58e1ad24/library/core/src/panic/unwind_safe.rs:272:9
[INFO] [stdout]   35:     0x60511eccd9da - std::panicking::try::do_call::h2f73af3616c35465
[INFO] [stdout]                                at /rustc/6067b36314ab5eb2eb47cecc464545ba58e1ad24/library/std/src/panicking.rs:587:40
[INFO] [stdout]   36:     0x60511eccd9da - std::panicking::try::hd1660ce9efadef5a
[INFO] [stdout]                                at /rustc/6067b36314ab5eb2eb47cecc464545ba58e1ad24/library/std/src/panicking.rs:550:19
[INFO] [stdout]   37:     0x60511eccd9da - std::panic::catch_unwind::h5ee8d7823b8ca744
[INFO] [stdout]                                at /rustc/6067b36314ab5eb2eb47cecc464545ba58e1ad24/library/std/src/panic.rs:358:14
[INFO] [stdout]   38:     0x60511eccd9da - std::thread::Builder::spawn_unchecked_::{{closure}}::h53c3a1894dce8407
[INFO] [stdout]                                at /rustc/6067b36314ab5eb2eb47cecc464545ba58e1ad24/library/std/src/thread/mod.rs:557:30
[INFO] [stdout]   39:     0x60511eccd9da - core::ops::function::FnOnce::call_once{{vtable.shim}}::h048ce291ad4f62bf
[INFO] [stdout]                                at /rustc/6067b36314ab5eb2eb47cecc464545ba58e1ad24/library/core/src/ops/function.rs:250:5
[INFO] [stdout]   40:     0x60511ed75a1b - <alloc::boxed::Box<F,A> as core::ops::function::FnOnce<Args>>::call_once::ha52bedf99a3b4981
[INFO] [stdout]                                at /rustc/6067b36314ab5eb2eb47cecc464545ba58e1ad24/library/alloc/src/boxed.rs:2013:9
[INFO] [stdout]   41:     0x60511ed75a1b - <alloc::boxed::Box<F,A> as core::ops::function::FnOnce<Args>>::call_once::h567748934d80ccf8
[INFO] [stdout]                                at /rustc/6067b36314ab5eb2eb47cecc464545ba58e1ad24/library/alloc/src/boxed.rs:2013:9
[INFO] [stdout]   42:     0x60511ed75a1b - std::sys::pal::unix::thread::Thread::new::thread_start::h2d970728ae887adc
[INFO] [stdout]                                at /rustc/6067b36314ab5eb2eb47cecc464545ba58e1ad24/library/std/src/sys/pal/unix/thread.rs:106:17
[INFO] [stdout]   43:     0x72411ae50ac3 - <unknown>
[INFO] [stdout]   44:     0x72411aee1a04 - clone
[INFO] [stdout]   45:                0x0 - <unknown>
[INFO] [stdout] 
[INFO] [stdout] ---- notes::sort::tests::test_get_a_vec stdout ----
[INFO] [stdout] [0, 1, 2, 3, 4, 5, 6, 7, 8, 9]
[INFO] [stdout] 
[INFO] [stdout] thread 'notes::sort::tests::test_get_a_vec' panicked at src/notes/sort.rs:84:9:
[INFO] [stdout] assertion failed: false
[INFO] [stdout] stack backtrace:
[INFO] [stdout]    0:     0x60511ed6fbca - std::backtrace_rs::backtrace::libunwind::trace::hb059275cfc8d6126
[INFO] [stdout]                                at /rustc/6067b36314ab5eb2eb47cecc464545ba58e1ad24/library/std/src/../../backtrace/src/backtrace/libunwind.rs:116:5
[INFO] [stdout]    1:     0x60511ed6fbca - std::backtrace_rs::backtrace::trace_unsynchronized::h2da071e4327ce3ee
[INFO] [stdout]                                at /rustc/6067b36314ab5eb2eb47cecc464545ba58e1ad24/library/std/src/../../backtrace/src/backtrace/mod.rs:66:5
[INFO] [stdout]    2:     0x60511ed6fbca - std::sys::backtrace::_print_fmt::h842a1474e6f8d23f
[INFO] [stdout]                                at /rustc/6067b36314ab5eb2eb47cecc464545ba58e1ad24/library/std/src/sys/backtrace.rs:66:9
[INFO] [stdout]    3:     0x60511ed6fbca - <std::sys::backtrace::BacktraceLock::print::DisplayBacktrace as core::fmt::Display>::fmt::h71a62eb3b9696b12
[INFO] [stdout]                                at /rustc/6067b36314ab5eb2eb47cecc464545ba58e1ad24/library/std/src/sys/backtrace.rs:39:26
[INFO] [stdout]    4:     0x60511ed97ba3 - core::fmt::rt::Argument::fmt::hdb6b616786b41dc1
[INFO] [stdout]                                at /rustc/6067b36314ab5eb2eb47cecc464545ba58e1ad24/library/core/src/fmt/rt.rs:177:76
[INFO] [stdout]    5:     0x60511ed97ba3 - core::fmt::write::h2cc1698af7e2d686
[INFO] [stdout]                                at /rustc/6067b36314ab5eb2eb47cecc464545ba58e1ad24/library/core/src/fmt/mod.rs:1440:21
[INFO] [stdout]    6:     0x60511ed6c723 - std::io::Write::write_fmt::hab1b4cd059a79022
[INFO] [stdout]                                at /rustc/6067b36314ab5eb2eb47cecc464545ba58e1ad24/library/std/src/io/mod.rs:1887:15
[INFO] [stdout]    7:     0x60511ed6fa12 - std::sys::backtrace::BacktraceLock::print::h147fe35b4ea13b08
[INFO] [stdout]                                at /rustc/6067b36314ab5eb2eb47cecc464545ba58e1ad24/library/std/src/sys/backtrace.rs:42:9
[INFO] [stdout]    8:     0x60511ed70fef - std::panicking::default_hook::{{closure}}::hbd44223dbdc0d208
[INFO] [stdout]                                at /rustc/6067b36314ab5eb2eb47cecc464545ba58e1ad24/library/std/src/panicking.rs:298:22
[INFO] [stdout]    9:     0x60511ed70e08 - std::panicking::default_hook::h20f81eb0576efcec
[INFO] [stdout]                                at /rustc/6067b36314ab5eb2eb47cecc464545ba58e1ad24/library/std/src/panicking.rs:322:9
[INFO] [stdout]   10:     0x60511ed02983 - <alloc::boxed::Box<F,A> as core::ops::function::Fn<Args>>::call::hdb53814c496a4d34
[INFO] [stdout]                                at /rustc/6067b36314ab5eb2eb47cecc464545ba58e1ad24/library/alloc/src/boxed.rs:2027:9
[INFO] [stdout]   11:     0x60511ed02983 - test::test_main::{{closure}}::hc0a4963c59427c24
[INFO] [stdout]                                at /rustc/6067b36314ab5eb2eb47cecc464545ba58e1ad24/library/test/src/lib.rs:134:21
[INFO] [stdout]   12:     0x60511ed71ae3 - <alloc::boxed::Box<F,A> as core::ops::function::Fn<Args>>::call::h591b2225413a77e9
[INFO] [stdout]                                at /rustc/6067b36314ab5eb2eb47cecc464545ba58e1ad24/library/alloc/src/boxed.rs:2027:9
[INFO] [stdout]   13:     0x60511ed71ae3 - std::panicking::rust_panic_with_hook::h625eea43051b2edc
[INFO] [stdout]                                at /rustc/6067b36314ab5eb2eb47cecc464545ba58e1ad24/library/std/src/panicking.rs:839:13
[INFO] [stdout]   14:     0x60511ed71766 - std::panicking::begin_panic_handler::{{closure}}::h4f9159cfbc3f6bd3
[INFO] [stdout]                                at /rustc/6067b36314ab5eb2eb47cecc464545ba58e1ad24/library/std/src/panicking.rs:697:13
[INFO] [stdout]   15:     0x60511ed700c9 - std::sys::backtrace::__rust_end_short_backtrace::h0390abce48353151
[INFO] [stdout]                                at /rustc/6067b36314ab5eb2eb47cecc464545ba58e1ad24/library/std/src/sys/backtrace.rs:168:18
[INFO] [stdout]   16:     0x60511ed7142d - rust_begin_unwind
[INFO] [stdout]                                at /rustc/6067b36314ab5eb2eb47cecc464545ba58e1ad24/library/std/src/panicking.rs:695:5
[INFO] [stdout]   17:     0x60511ed961d0 - core::panicking::panic_fmt::h9e7c637e9e5f29c9
[INFO] [stdout]                                at /rustc/6067b36314ab5eb2eb47cecc464545ba58e1ad24/library/core/src/panicking.rs:75:14
[INFO] [stdout]   18:     0x60511ed9625c - core::panicking::panic::haa3255ea20181a33
[INFO] [stderr] error: test failed, to rerun pass `--bin cookbook`
[INFO] [stdout]                                at /rustc/6067b36314ab5eb2eb47cecc464545ba58e1ad24/library/core/src/panicking.rs:145:5
[INFO] [stdout]   19:     0x60511ecc8855 - cookbook::notes::sort::tests::test_get_a_vec::hc92882249746615d
[INFO] [stdout]                                at /opt/rustwide/workdir/src/notes/sort.rs:84:9
[INFO] [stdout]   20:     0x60511ecc8717 - cookbook::notes::sort::tests::test_get_a_vec::{{closure}}::h29363ada402ed10d
[INFO] [stdout]                                at /opt/rustwide/workdir/src/notes/sort.rs:78:24
[INFO] [stdout]   21:     0x60511ecc6666 - core::ops::function::FnOnce::call_once::hcb79d29224973cd7
[INFO] [stdout]                                at /rustc/6067b36314ab5eb2eb47cecc464545ba58e1ad24/library/core/src/ops/function.rs:250:5
[INFO] [stdout]   22:     0x60511ed080db - core::ops::function::FnOnce::call_once::he27718dfdd183f43
[INFO] [stdout]                                at /rustc/6067b36314ab5eb2eb47cecc464545ba58e1ad24/library/core/src/ops/function.rs:250:5
[INFO] [stdout]   23:     0x60511ed080db - test::__rust_begin_short_backtrace::h4e84902998457a5d
[INFO] [stdout]                                at /rustc/6067b36314ab5eb2eb47cecc464545ba58e1ad24/library/test/src/lib.rs:632:18
[INFO] [stdout]   24:     0x60511ed07013 - test::run_test_in_process::{{closure}}::h7176fd18fc1feca0
[INFO] [stdout]                                at /rustc/6067b36314ab5eb2eb47cecc464545ba58e1ad24/library/test/src/lib.rs:655:60
[INFO] [stdout]   25:     0x60511ed07013 - <core::panic::unwind_safe::AssertUnwindSafe<F> as core::ops::function::FnOnce<()>>::call_once::hf79cff2a624d8cf7
[INFO] [stdout]                                at /rustc/6067b36314ab5eb2eb47cecc464545ba58e1ad24/library/core/src/panic/unwind_safe.rs:272:9
[INFO] [stdout]   26:     0x60511ed07013 - std::panicking::try::do_call::h3da0561d9ab99c25
[INFO] [stdout]                                at /rustc/6067b36314ab5eb2eb47cecc464545ba58e1ad24/library/std/src/panicking.rs:587:40
[INFO] [stdout]   27:     0x60511ed07013 - std::panicking::try::h41c9fa508bc61df6
[INFO] [stdout]                                at /rustc/6067b36314ab5eb2eb47cecc464545ba58e1ad24/library/std/src/panicking.rs:550:19
[INFO] [stdout]   28:     0x60511ed07013 - std::panic::catch_unwind::h6b3ff07bb5afad93
[INFO] [stdout]                                at /rustc/6067b36314ab5eb2eb47cecc464545ba58e1ad24/library/std/src/panic.rs:358:14
[INFO] [stdout]   29:     0x60511ed07013 - test::run_test_in_process::hc7253dd11b39b9f4
[INFO] [stdout]                                at /rustc/6067b36314ab5eb2eb47cecc464545ba58e1ad24/library/test/src/lib.rs:655:27
[INFO] [stdout]   30:     0x60511ed07013 - test::run_test::{{closure}}::hfb2007f8649c30bb
[INFO] [stdout]                                at /rustc/6067b36314ab5eb2eb47cecc464545ba58e1ad24/library/test/src/lib.rs:576:43
[INFO] [stdout]   31:     0x60511ecca0f5 - test::run_test::{{closure}}::h56a17aa7a282a9f4
[INFO] [stdout]                                at /rustc/6067b36314ab5eb2eb47cecc464545ba58e1ad24/library/test/src/lib.rs:606:41
[INFO] [stdout]   32:     0x60511ecca0f5 - std::sys::backtrace::__rust_begin_short_backtrace::hd2d2d2fb8e8c6aac
[INFO] [stdout]                                at /rustc/6067b36314ab5eb2eb47cecc464545ba58e1ad24/library/std/src/sys/backtrace.rs:152:18
[INFO] [stdout]   33:     0x60511eccd9da - std::thread::Builder::spawn_unchecked_::{{closure}}::{{closure}}::h4faa3f9db6133423
[INFO] [stdout]                                at /rustc/6067b36314ab5eb2eb47cecc464545ba58e1ad24/library/std/src/thread/mod.rs:559:17
[INFO] [stdout]   34:     0x60511eccd9da - <core::panic::unwind_safe::AssertUnwindSafe<F> as core::ops::function::FnOnce<()>>::call_once::hf2e855a36a4ea846
[INFO] [stdout]                                at /rustc/6067b36314ab5eb2eb47cecc464545ba58e1ad24/library/core/src/panic/unwind_safe.rs:272:9
[INFO] [stdout]   35:     0x60511eccd9da - std::panicking::try::do_call::h2f73af3616c35465
[INFO] [stdout]                                at /rustc/6067b36314ab5eb2eb47cecc464545ba58e1ad24/library/std/src/panicking.rs:587:40
[INFO] [stdout]   36:     0x60511eccd9da - std::panicking::try::hd1660ce9efadef5a
[INFO] [stdout]                                at /rustc/6067b36314ab5eb2eb47cecc464545ba58e1ad24/library/std/src/panicking.rs:550:19
[INFO] [stdout]   37:     0x60511eccd9da - std::panic::catch_unwind::h5ee8d7823b8ca744
[INFO] [stdout]                                at /rustc/6067b36314ab5eb2eb47cecc464545ba58e1ad24/library/std/src/panic.rs:358:14
[INFO] [stdout]   38:     0x60511eccd9da - std::thread::Builder::spawn_unchecked_::{{closure}}::h53c3a1894dce8407
[INFO] [stdout]                                at /rustc/6067b36314ab5eb2eb47cecc464545ba58e1ad24/library/std/src/thread/mod.rs:557:30
[INFO] [stdout]   39:     0x60511eccd9da - core::ops::function::FnOnce::call_once{{vtable.shim}}::h048ce291ad4f62bf
[INFO] [stdout]                                at /rustc/6067b36314ab5eb2eb47cecc464545ba58e1ad24/library/core/src/ops/function.rs:250:5
[INFO] [stdout]   40:     0x60511ed75a1b - <alloc::boxed::Box<F,A> as core::ops::function::FnOnce<Args>>::call_once::ha52bedf99a3b4981
[INFO] [stdout]                                at /rustc/6067b36314ab5eb2eb47cecc464545ba58e1ad24/library/alloc/src/boxed.rs:2013:9
[INFO] [stdout]   41:     0x60511ed75a1b - <alloc::boxed::Box<F,A> as core::ops::function::FnOnce<Args>>::call_once::h567748934d80ccf8
[INFO] [stdout]                                at /rustc/6067b36314ab5eb2eb47cecc464545ba58e1ad24/library/alloc/src/boxed.rs:2013:9
[INFO] [stdout]   42:     0x60511ed75a1b - std::sys::pal::unix::thread::Thread::new::thread_start::h2d970728ae887adc
[INFO] [stdout]                                at /rustc/6067b36314ab5eb2eb47cecc464545ba58e1ad24/library/std/src/sys/pal/unix/thread.rs:106:17
[INFO] [stdout]   43:     0x72411ae50ac3 - <unknown>
[INFO] [stdout]   44:     0x72411aee1a04 - clone
[INFO] [stdout]   45:                0x0 - <unknown>
[INFO] [stdout] 
[INFO] [stdout] 
[INFO] [stdout] failures:
[INFO] [stdout]     algorithm::tests::test_int_sort
[INFO] [stdout]     notes::sort::tests::test_get_a_vec
[INFO] [stdout] 
[INFO] [stdout] test result: FAILED. 7 passed; 2 failed; 0 ignored; 0 measured; 0 filtered out; finished in 0.09s
[INFO] [stdout] 
[INFO] running `Command { std: "docker" "inspect" "2b1c04de11b1c569c795395d969a461318372c5e74ec3863f69aeee7efba210f", kill_on_drop: false }`
[INFO] running `Command { std: "docker" "rm" "-f" "2b1c04de11b1c569c795395d969a461318372c5e74ec3863f69aeee7efba210f", kill_on_drop: false }`
[INFO] [stdout] 2b1c04de11b1c569c795395d969a461318372c5e74ec3863f69aeee7efba210f
