[INFO] cloning repository https://github.com/suguni/lox-rs
[INFO] running `Command { std: "git" "-c" "credential.helper=" "-c" "credential.helper=/workspace/cargo-home/bin/git-credential-null" "clone" "--bare" "https://github.com/suguni/lox-rs" "/workspace/cache/git-repos/https%3A%2F%2Fgithub.com%2Fsuguni%2Flox-rs", kill_on_drop: false }`
[INFO] [stderr] Cloning into bare repository '/workspace/cache/git-repos/https%3A%2F%2Fgithub.com%2Fsuguni%2Flox-rs'...
[INFO] running `Command { std: "git" "rev-parse" "HEAD", kill_on_drop: false }`
[INFO] [stdout] 7c157eaa587716d5296f1949fe7323e2bd7acf44
[INFO] testing suguni/lox-rs against nightly-2025-01-18+rustflags=-Zrandomize-layout for randomize-layout-2
[INFO] running `Command { std: "git" "clone" "/workspace/cache/git-repos/https%3A%2F%2Fgithub.com%2Fsuguni%2Flox-rs" "/workspace/builds/worker-3-tc2/source", kill_on_drop: false }`
[INFO] [stderr] Cloning into '/workspace/builds/worker-3-tc2/source'...
[INFO] [stderr] done.
[INFO] validating manifest of git repo https://github.com/suguni/lox-rs on toolchain nightly-2025-01-18
[INFO] running `Command { std: CARGO_HOME="/workspace/cargo-home" RUSTUP_HOME="/workspace/rustup-home" "/workspace/cargo-home/bin/cargo" "+nightly-2025-01-18" "metadata" "--manifest-path" "Cargo.toml" "--no-deps", kill_on_drop: false }`
[INFO] started tweaking git repo https://github.com/suguni/lox-rs
[INFO] finished tweaking git repo https://github.com/suguni/lox-rs
[INFO] tweaked toml for git repo https://github.com/suguni/lox-rs written to /workspace/builds/worker-3-tc2/source/Cargo.toml
[INFO] crate git repo https://github.com/suguni/lox-rs already has a lockfile, it will not be regenerated
[INFO] running `Command { std: CARGO_HOME="/workspace/cargo-home" RUSTUP_HOME="/workspace/rustup-home" "/workspace/cargo-home/bin/cargo" "+nightly-2025-01-18" "fetch" "--manifest-path" "Cargo.toml", kill_on_drop: false }`
[INFO] running `Command { std: "docker" "create" "-v" "/var/lib/crater-agent-workspace/builds/worker-3-tc2/target:/opt/rustwide/target:rw,Z" "-v" "/var/lib/crater-agent-workspace/builds/worker-3-tc2/source:/opt/rustwide/workdir:ro,Z" "-v" "/var/lib/crater-agent-workspace/cargo-home:/opt/rustwide/cargo-home:ro,Z" "-v" "/var/lib/crater-agent-workspace/rustup-home:/opt/rustwide/rustup-home:ro,Z" "-e" "SOURCE_DIR=/opt/rustwide/workdir" "-e" "CARGO_TARGET_DIR=/opt/rustwide/target" "-e" "CARGO_HOME=/opt/rustwide/cargo-home" "-e" "RUSTUP_HOME=/opt/rustwide/rustup-home" "-w" "/opt/rustwide/workdir" "-m" "1610612736" "--user" "0:0" "--network" "none" "ghcr.io/rust-lang/crates-build-env/linux@sha256:819108c5571ea2e421544af4d832f968d213c87fbe3707a016657f43d2f853bc" "/opt/rustwide/cargo-home/bin/cargo" "+nightly-2025-01-18" "metadata" "--no-deps" "--format-version=1", kill_on_drop: false }`
[INFO] [stdout] b483673cd56fce67a5fd021b218234ab270fcef7cda43eed1f26f488af369e9b
[INFO] running `Command { std: "docker" "start" "-a" "b483673cd56fce67a5fd021b218234ab270fcef7cda43eed1f26f488af369e9b", kill_on_drop: false }`
[INFO] running `Command { std: "docker" "inspect" "b483673cd56fce67a5fd021b218234ab270fcef7cda43eed1f26f488af369e9b", kill_on_drop: false }`
[INFO] running `Command { std: "docker" "rm" "-f" "b483673cd56fce67a5fd021b218234ab270fcef7cda43eed1f26f488af369e9b", kill_on_drop: false }`
[INFO] [stdout] b483673cd56fce67a5fd021b218234ab270fcef7cda43eed1f26f488af369e9b
[INFO] running `Command { std: "docker" "create" "-v" "/var/lib/crater-agent-workspace/builds/worker-3-tc2/target:/opt/rustwide/target:rw,Z" "-v" "/var/lib/crater-agent-workspace/builds/worker-3-tc2/source:/opt/rustwide/workdir:ro,Z" "-v" "/var/lib/crater-agent-workspace/cargo-home:/opt/rustwide/cargo-home:ro,Z" "-v" "/var/lib/crater-agent-workspace/rustup-home:/opt/rustwide/rustup-home:ro,Z" "-e" "SOURCE_DIR=/opt/rustwide/workdir" "-e" "CARGO_TARGET_DIR=/opt/rustwide/target" "-e" "CARGO_INCREMENTAL=0" "-e" "RUST_BACKTRACE=full" "-e" "RUSTFLAGS=--cap-lints=forbid -Zrandomize-layout" "-e" "RUSTDOCFLAGS=--cap-lints=forbid" "-e" "CARGO_HOME=/opt/rustwide/cargo-home" "-e" "RUSTUP_HOME=/opt/rustwide/rustup-home" "-w" "/opt/rustwide/workdir" "-m" "1610612736" "--user" "0:0" "--network" "none" "ghcr.io/rust-lang/crates-build-env/linux@sha256:819108c5571ea2e421544af4d832f968d213c87fbe3707a016657f43d2f853bc" "/opt/rustwide/cargo-home/bin/cargo" "+nightly-2025-01-18" "build" "--frozen" "--message-format=json", kill_on_drop: false }`
[INFO] [stdout] 96639ccf927909c9ee3dbb21936a881c180c14fef5d3609561dde3885a649bbe
[INFO] running `Command { std: "docker" "start" "-a" "96639ccf927909c9ee3dbb21936a881c180c14fef5d3609561dde3885a649bbe", kill_on_drop: false }`
[INFO] [stderr]    Compiling lox-rs v0.1.0 (/opt/rustwide/workdir)
[INFO] [stdout] warning: unused import: `crate::token::Token`
[INFO] [stdout]  --> src/expressions/ast_printer.rs:5:5
[INFO] [stdout]   |
[INFO] [stdout] 5 | use crate::token::Token;
[INFO] [stdout]   |     ^^^^^^^^^^^^^^^^^^^
[INFO] [stdout]   |
[INFO] [stdout]   = note: `#[warn(unused_imports)]` on by default
[INFO] [stdout] 
[INFO] [stdout] 
[INFO] [stdout] warning: unused import: `std::mem`
[INFO] [stdout]  --> src/parser.rs:1:5
[INFO] [stdout]   |
[INFO] [stdout] 1 | use std::mem;
[INFO] [stdout]   |     ^^^^^^^^
[INFO] [stdout] 
[INFO] [stdout] 
[INFO] [stdout] warning: unused variable: `token_type`
[INFO] [stdout]    --> src/parser.rs:101:27
[INFO] [stdout]     |
[INFO] [stdout] 101 |     fn consume(&mut self, token_type: TokenType, message: &str) {
[INFO] [stdout]     |                           ^^^^^^^^^^ help: if this is intentional, prefix it with an underscore: `_token_type`
[INFO] [stdout]     |
[INFO] [stdout]     = note: `#[warn(unused_variables)]` on by default
[INFO] [stdout] 
[INFO] [stdout] 
[INFO] [stdout] warning: unused variable: `message`
[INFO] [stdout]    --> src/parser.rs:101:50
[INFO] [stdout]     |
[INFO] [stdout] 101 |     fn consume(&mut self, token_type: TokenType, message: &str) {
[INFO] [stdout]     |                                                  ^^^^^^^ help: if this is intentional, prefix it with an underscore: `_message`
[INFO] [stdout] 
[INFO] [stdout] 
[INFO] [stdout] warning: variants `True`, `False`, and `Nil` are never constructed
[INFO] [stdout]   --> src/token.rs:82:5
[INFO] [stdout]    |
[INFO] [stdout] 79 | pub enum TokenLiteral {
[INFO] [stdout]    |          ------------ variants in this enum
[INFO] [stdout] ...
[INFO] [stdout] 82 |     True,
[INFO] [stdout]    |     ^^^^
[INFO] [stdout] 83 |     False,
[INFO] [stdout]    |     ^^^^^
[INFO] [stdout] 84 |     Nil,
[INFO] [stdout]    |     ^^^
[INFO] [stdout]    |
[INFO] [stdout]    = note: `TokenLiteral` has derived impls for the traits `Clone` and `Debug`, but these are intentionally ignored during dead code analysis
[INFO] [stdout]    = note: `#[warn(dead_code)]` on by default
[INFO] [stdout] 
[INFO] [stdout] 
[INFO] [stdout] warning: associated functions `minus` and `star` are never used
[INFO] [stdout]    --> src/token.rs:126:12
[INFO] [stdout]     |
[INFO] [stdout] 107 | impl Token {
[INFO] [stdout]     | ---------- associated functions in this implementation
[INFO] [stdout] ...
[INFO] [stdout] 126 |     pub fn minus(line: usize) -> Self {
[INFO] [stdout]     |            ^^^^^
[INFO] [stdout] ...
[INFO] [stdout] 135 |     pub fn star(line: usize) -> Self {
[INFO] [stdout]     |            ^^^^
[INFO] [stdout] 
[INFO] [stdout] 
[INFO] [stdout] warning: function `has_error` is never used
[INFO] [stdout]   --> src/error.rs:20:8
[INFO] [stdout]    |
[INFO] [stdout] 20 | pub fn has_error() -> bool {
[INFO] [stdout]    |        ^^^^^^^^^
[INFO] [stdout] 
[INFO] [stdout] 
[INFO] [stdout] warning: method `print` is never used
[INFO] [stdout]   --> src/expressions/ast_printer.rs:10:12
[INFO] [stdout]    |
[INFO] [stdout] 9  | impl AstPrinter {
[INFO] [stdout]    | --------------- method in this implementation
[INFO] [stdout] 10 |     pub fn print(&self, expr: &Expr) -> String {
[INFO] [stdout]    |            ^^^^^
[INFO] [stdout] 
[INFO] [stdout] 
[INFO] [stdout] warning: variants `Binary`, `Grouping`, `Literal`, and `Unary` are never constructed
[INFO] [stdout]  --> src/expressions/expr.rs:5:5
[INFO] [stdout]   |
[INFO] [stdout] 4 | pub enum Expr {
[INFO] [stdout]   |          ---- variants in this enum
[INFO] [stdout] 5 |     Binary(Box<Expr>, Token, Box<Expr>),
[INFO] [stdout]   |     ^^^^^^
[INFO] [stdout] 6 |     Grouping(Box<Expr>),
[INFO] [stdout]   |     ^^^^^^^^
[INFO] [stdout] 7 |     Literal(TokenLiteral),
[INFO] [stdout]   |     ^^^^^^^
[INFO] [stdout] 8 |     Unary(Token, Box<Expr>),
[INFO] [stdout]   |     ^^^^^
[INFO] [stdout] 
[INFO] [stdout] 
[INFO] [stdout] warning: associated function `number` is never used
[INFO] [stdout]   --> src/expressions/expr.rs:19:12
[INFO] [stdout]    |
[INFO] [stdout] 11 | impl Expr {
[INFO] [stdout]    | --------- associated function in this implementation
[INFO] [stdout] ...
[INFO] [stdout] 19 |     pub fn number(num: f64) -> Self {
[INFO] [stdout]    |            ^^^^^^
[INFO] [stdout] 
[INFO] [stdout] 
[INFO] [stdout] warning: struct `Parse` is never constructed
[INFO] [stdout]  --> src/parser.rs:5:12
[INFO] [stdout]   |
[INFO] [stdout] 5 | pub struct Parse {
[INFO] [stdout]   |            ^^^^^
[INFO] [stdout] 
[INFO] [stdout] 
[INFO] [stdout] warning: multiple associated items are never used
[INFO] [stdout]    --> src/parser.rs:11:8
[INFO] [stdout]     |
[INFO] [stdout] 10  | impl Parse {
[INFO] [stdout]     | ---------- associated items in this implementation
[INFO] [stdout] 11  |     fn new(tokens: Vec<Token>) -> Self {
[INFO] [stdout]     |        ^^^
[INFO] [stdout] ...
[INFO] [stdout] 18  |     fn expression(&mut self) -> Expr {
[INFO] [stdout]     |        ^^^^^^^^^^
[INFO] [stdout] ...
[INFO] [stdout] 22  |     fn equality(&mut self) -> Expr {
[INFO] [stdout]     |        ^^^^^^^^
[INFO] [stdout] ...
[INFO] [stdout] 33  |     fn comparison(&mut self) -> Expr {
[INFO] [stdout]     |        ^^^^^^^^^^
[INFO] [stdout] ...
[INFO] [stdout] 44  |     fn term(&mut self) -> Expr {
[INFO] [stdout]     |        ^^^^
[INFO] [stdout] ...
[INFO] [stdout] 55  |     fn factor(&mut self) -> Expr {
[INFO] [stdout]     |        ^^^^^^
[INFO] [stdout] ...
[INFO] [stdout] 66  |     fn unary(&mut self) -> Expr {
[INFO] [stdout]     |        ^^^^^
[INFO] [stdout] ...
[INFO] [stdout] 75  |     fn primary(&mut self) -> Expr {
[INFO] [stdout]     |        ^^^^^^^
[INFO] [stdout] ...
[INFO] [stdout] 101 |     fn consume(&mut self, token_type: TokenType, message: &str) {
[INFO] [stdout]     |        ^^^^^^^
[INFO] [stdout] ...
[INFO] [stdout] 105 |     fn match_tokens(&mut self, token_types: Vec<TokenType>) -> bool {
[INFO] [stdout]     |        ^^^^^^^^^^^^
[INFO] [stdout] ...
[INFO] [stdout] 115 |     fn previous(&mut self) -> &Token {
[INFO] [stdout]     |        ^^^^^^^^
[INFO] [stdout] ...
[INFO] [stdout] 119 |     fn advance(&mut self) -> &Token {
[INFO] [stdout]     |        ^^^^^^^
[INFO] [stdout] ...
[INFO] [stdout] 126 |     fn check(&self, token_type: &TokenType) -> bool {
[INFO] [stdout]     |        ^^^^^
[INFO] [stdout] ...
[INFO] [stdout] 130 |     fn peek(&self) -> &Token {
[INFO] [stdout]     |        ^^^^
[INFO] [stdout] ...
[INFO] [stdout] 134 |     fn is_at_end(&self) -> bool {
[INFO] [stdout]     |        ^^^^^^^^^
[INFO] [stdout] 
[INFO] [stdout] 
[INFO] [stderr]     Finished `dev` profile [unoptimized + debuginfo] target(s) in 0.62s
[INFO] running `Command { std: "docker" "inspect" "96639ccf927909c9ee3dbb21936a881c180c14fef5d3609561dde3885a649bbe", kill_on_drop: false }`
[INFO] running `Command { std: "docker" "rm" "-f" "96639ccf927909c9ee3dbb21936a881c180c14fef5d3609561dde3885a649bbe", kill_on_drop: false }`
[INFO] [stdout] 96639ccf927909c9ee3dbb21936a881c180c14fef5d3609561dde3885a649bbe
[INFO] running `Command { std: "docker" "create" "-v" "/var/lib/crater-agent-workspace/builds/worker-3-tc2/target:/opt/rustwide/target:rw,Z" "-v" "/var/lib/crater-agent-workspace/builds/worker-3-tc2/source:/opt/rustwide/workdir:ro,Z" "-v" "/var/lib/crater-agent-workspace/cargo-home:/opt/rustwide/cargo-home:ro,Z" "-v" "/var/lib/crater-agent-workspace/rustup-home:/opt/rustwide/rustup-home:ro,Z" "-e" "SOURCE_DIR=/opt/rustwide/workdir" "-e" "CARGO_TARGET_DIR=/opt/rustwide/target" "-e" "CARGO_INCREMENTAL=0" "-e" "RUST_BACKTRACE=full" "-e" "RUSTFLAGS=--cap-lints=forbid -Zrandomize-layout" "-e" "RUSTDOCFLAGS=--cap-lints=forbid" "-e" "CARGO_HOME=/opt/rustwide/cargo-home" "-e" "RUSTUP_HOME=/opt/rustwide/rustup-home" "-w" "/opt/rustwide/workdir" "-m" "1610612736" "--user" "0:0" "--network" "none" "ghcr.io/rust-lang/crates-build-env/linux@sha256:819108c5571ea2e421544af4d832f968d213c87fbe3707a016657f43d2f853bc" "/opt/rustwide/cargo-home/bin/cargo" "+nightly-2025-01-18" "test" "--frozen" "--no-run" "--message-format=json", kill_on_drop: false }`
[INFO] [stdout] c82c4e7ea4afb264b051c2772d55e8231550df1bece9e716b8f0bd1f8b92f781
[INFO] running `Command { std: "docker" "start" "-a" "c82c4e7ea4afb264b051c2772d55e8231550df1bece9e716b8f0bd1f8b92f781", kill_on_drop: false }`
[INFO] [stderr]    Compiling lox-rs v0.1.0 (/opt/rustwide/workdir)
[INFO] [stdout] warning: unused import: `std::mem`
[INFO] [stdout]  --> src/parser.rs:1:5
[INFO] [stdout]   |
[INFO] [stdout] 1 | use std::mem;
[INFO] [stdout]   |     ^^^^^^^^
[INFO] [stdout]   |
[INFO] [stdout]   = note: `#[warn(unused_imports)]` on by default
[INFO] [stdout] 
[INFO] [stdout] 
[INFO] [stdout] warning: unused variable: `token_type`
[INFO] [stdout]    --> src/parser.rs:101:27
[INFO] [stdout]     |
[INFO] [stdout] 101 |     fn consume(&mut self, token_type: TokenType, message: &str) {
[INFO] [stdout]     |                           ^^^^^^^^^^ help: if this is intentional, prefix it with an underscore: `_token_type`
[INFO] [stdout]     |
[INFO] [stdout]     = note: `#[warn(unused_variables)]` on by default
[INFO] [stdout] 
[INFO] [stdout] 
[INFO] [stdout] warning: unused variable: `message`
[INFO] [stdout]    --> src/parser.rs:101:50
[INFO] [stdout]     |
[INFO] [stdout] 101 |     fn consume(&mut self, token_type: TokenType, message: &str) {
[INFO] [stdout]     |                                                  ^^^^^^^ help: if this is intentional, prefix it with an underscore: `_message`
[INFO] [stdout] 
[INFO] [stdout] 
[INFO] [stdout] warning: variants `True`, `False`, and `Nil` are never constructed
[INFO] [stdout]   --> src/token.rs:82:5
[INFO] [stdout]    |
[INFO] [stdout] 79 | pub enum TokenLiteral {
[INFO] [stdout]    |          ------------ variants in this enum
[INFO] [stdout] ...
[INFO] [stdout] 82 |     True,
[INFO] [stdout]    |     ^^^^
[INFO] [stdout] 83 |     False,
[INFO] [stdout]    |     ^^^^^
[INFO] [stdout] 84 |     Nil,
[INFO] [stdout]    |     ^^^
[INFO] [stdout]    |
[INFO] [stdout]    = note: `TokenLiteral` has derived impls for the traits `Clone` and `Debug`, but these are intentionally ignored during dead code analysis
[INFO] [stdout]    = note: `#[warn(dead_code)]` on by default
[INFO] [stdout] 
[INFO] [stdout] 
[INFO] [stdout] warning: struct `Parse` is never constructed
[INFO] [stdout]  --> src/parser.rs:5:12
[INFO] [stdout]   |
[INFO] [stdout] 5 | pub struct Parse {
[INFO] [stdout]   |            ^^^^^
[INFO] [stdout] 
[INFO] [stdout] 
[INFO] [stdout] warning: multiple associated items are never used
[INFO] [stdout]    --> src/parser.rs:11:8
[INFO] [stdout]     |
[INFO] [stdout] 10  | impl Parse {
[INFO] [stdout]     | ---------- associated items in this implementation
[INFO] [stdout] 11  |     fn new(tokens: Vec<Token>) -> Self {
[INFO] [stdout]     |        ^^^
[INFO] [stdout] ...
[INFO] [stdout] 18  |     fn expression(&mut self) -> Expr {
[INFO] [stdout]     |        ^^^^^^^^^^
[INFO] [stdout] ...
[INFO] [stdout] 22  |     fn equality(&mut self) -> Expr {
[INFO] [stdout]     |        ^^^^^^^^
[INFO] [stdout] ...
[INFO] [stdout] 33  |     fn comparison(&mut self) -> Expr {
[INFO] [stdout]     |        ^^^^^^^^^^
[INFO] [stdout] ...
[INFO] [stdout] 44  |     fn term(&mut self) -> Expr {
[INFO] [stdout]     |        ^^^^
[INFO] [stdout] ...
[INFO] [stdout] 55  |     fn factor(&mut self) -> Expr {
[INFO] [stdout]     |        ^^^^^^
[INFO] [stdout] ...
[INFO] [stdout] 66  |     fn unary(&mut self) -> Expr {
[INFO] [stdout]     |        ^^^^^
[INFO] [stdout] ...
[INFO] [stdout] 75  |     fn primary(&mut self) -> Expr {
[INFO] [stdout]     |        ^^^^^^^
[INFO] [stdout] ...
[INFO] [stdout] 101 |     fn consume(&mut self, token_type: TokenType, message: &str) {
[INFO] [stdout]     |        ^^^^^^^
[INFO] [stdout] ...
[INFO] [stdout] 105 |     fn match_tokens(&mut self, token_types: Vec<TokenType>) -> bool {
[INFO] [stdout]     |        ^^^^^^^^^^^^
[INFO] [stdout] ...
[INFO] [stdout] 115 |     fn previous(&mut self) -> &Token {
[INFO] [stdout]     |        ^^^^^^^^
[INFO] [stdout] ...
[INFO] [stdout] 119 |     fn advance(&mut self) -> &Token {
[INFO] [stdout]     |        ^^^^^^^
[INFO] [stdout] ...
[INFO] [stdout] 126 |     fn check(&self, token_type: &TokenType) -> bool {
[INFO] [stdout]     |        ^^^^^
[INFO] [stdout] ...
[INFO] [stdout] 130 |     fn peek(&self) -> &Token {
[INFO] [stdout]     |        ^^^^
[INFO] [stdout] ...
[INFO] [stdout] 134 |     fn is_at_end(&self) -> bool {
[INFO] [stdout]     |        ^^^^^^^^^
[INFO] [stdout] 
[INFO] [stdout] 
[INFO] [stderr]     Finished `test` profile [unoptimized + debuginfo] target(s) in 0.76s
[INFO] running `Command { std: "docker" "inspect" "c82c4e7ea4afb264b051c2772d55e8231550df1bece9e716b8f0bd1f8b92f781", kill_on_drop: false }`
[INFO] running `Command { std: "docker" "rm" "-f" "c82c4e7ea4afb264b051c2772d55e8231550df1bece9e716b8f0bd1f8b92f781", kill_on_drop: false }`
[INFO] [stdout] c82c4e7ea4afb264b051c2772d55e8231550df1bece9e716b8f0bd1f8b92f781
[INFO] running `Command { std: "docker" "create" "-v" "/var/lib/crater-agent-workspace/builds/worker-3-tc2/target:/opt/rustwide/target:rw,Z" "-v" "/var/lib/crater-agent-workspace/builds/worker-3-tc2/source:/opt/rustwide/workdir:ro,Z" "-v" "/var/lib/crater-agent-workspace/cargo-home:/opt/rustwide/cargo-home:ro,Z" "-v" "/var/lib/crater-agent-workspace/rustup-home:/opt/rustwide/rustup-home:ro,Z" "-e" "SOURCE_DIR=/opt/rustwide/workdir" "-e" "CARGO_TARGET_DIR=/opt/rustwide/target" "-e" "CARGO_INCREMENTAL=0" "-e" "RUST_BACKTRACE=full" "-e" "RUSTFLAGS=--cap-lints=forbid -Zrandomize-layout" "-e" "RUSTDOCFLAGS=--cap-lints=forbid" "-e" "CARGO_HOME=/opt/rustwide/cargo-home" "-e" "RUSTUP_HOME=/opt/rustwide/rustup-home" "-w" "/opt/rustwide/workdir" "-m" "1610612736" "--user" "0:0" "--network" "none" "ghcr.io/rust-lang/crates-build-env/linux@sha256:819108c5571ea2e421544af4d832f968d213c87fbe3707a016657f43d2f853bc" "/opt/rustwide/cargo-home/bin/cargo" "+nightly-2025-01-18" "test" "--frozen", kill_on_drop: false }`
[INFO] [stdout] 4a7b31bdb981323c5a272a0faf722206555e3b97454a89e42548488a4ecab821
[INFO] running `Command { std: "docker" "start" "-a" "4a7b31bdb981323c5a272a0faf722206555e3b97454a89e42548488a4ecab821", kill_on_drop: false }`
[INFO] [stderr] warning: unused import: `std::mem`
[INFO] [stderr]  --> src/parser.rs:1:5
[INFO] [stderr]   |
[INFO] [stderr] 1 | use std::mem;
[INFO] [stderr]   |     ^^^^^^^^
[INFO] [stderr]   |
[INFO] [stderr]   = note: `#[warn(unused_imports)]` on by default
[INFO] [stderr] 
[INFO] [stderr] warning: unused variable: `token_type`
[INFO] [stderr]    --> src/parser.rs:101:27
[INFO] [stderr]     |
[INFO] [stderr] 101 |     fn consume(&mut self, token_type: TokenType, message: &str) {
[INFO] [stderr]     |                           ^^^^^^^^^^ help: if this is intentional, prefix it with an underscore: `_token_type`
[INFO] [stderr]     |
[INFO] [stderr]     = note: `#[warn(unused_variables)]` on by default
[INFO] [stderr] 
[INFO] [stderr] warning: unused variable: `message`
[INFO] [stderr]    --> src/parser.rs:101:50
[INFO] [stderr]     |
[INFO] [stderr] 101 |     fn consume(&mut self, token_type: TokenType, message: &str) {
[INFO] [stderr]     |                                                  ^^^^^^^ help: if this is intentional, prefix it with an underscore: `_message`
[INFO] [stderr] 
[INFO] [stderr] warning: variants `True`, `False`, and `Nil` are never constructed
[INFO] [stderr]   --> src/token.rs:82:5
[INFO] [stderr]    |
[INFO] [stderr] 79 | pub enum TokenLiteral {
[INFO] [stderr]    |          ------------ variants in this enum
[INFO] [stderr] ...
[INFO] [stderr] 82 |     True,
[INFO] [stderr]    |     ^^^^
[INFO] [stderr] 83 |     False,
[INFO] [stderr]    |     ^^^^^
[INFO] [stderr] 84 |     Nil,
[INFO] [stderr]    |     ^^^
[INFO] [stderr]    |
[INFO] [stderr]    = note: `TokenLiteral` has derived impls for the traits `Clone` and `Debug`, but these are intentionally ignored during dead code analysis
[INFO] [stderr]    = note: `#[warn(dead_code)]` on by default
[INFO] [stderr] 
[INFO] [stderr] warning: struct `Parse` is never constructed
[INFO] [stderr]  --> src/parser.rs:5:12
[INFO] [stderr]   |
[INFO] [stderr] 5 | pub struct Parse {
[INFO] [stderr]   |            ^^^^^
[INFO] [stderr] 
[INFO] [stderr] warning: multiple associated items are never used
[INFO] [stderr]    --> src/parser.rs:11:8
[INFO] [stderr]     |
[INFO] [stderr] 10  | impl Parse {
[INFO] [stderr]     | ---------- associated items in this implementation
[INFO] [stderr] 11  |     fn new(tokens: Vec<Token>) -> Self {
[INFO] [stderr]     |        ^^^
[INFO] [stderr] ...
[INFO] [stderr] 18  |     fn expression(&mut self) -> Expr {
[INFO] [stderr]     |        ^^^^^^^^^^
[INFO] [stderr] ...
[INFO] [stderr] 22  |     fn equality(&mut self) -> Expr {
[INFO] [stderr]     |        ^^^^^^^^
[INFO] [stderr] ...
[INFO] [stderr] 33  |     fn comparison(&mut self) -> Expr {
[INFO] [stderr]     |        ^^^^^^^^^^
[INFO] [stderr] ...
[INFO] [stderr] 44  |     fn term(&mut self) -> Expr {
[INFO] [stderr]     |        ^^^^
[INFO] [stderr] ...
[INFO] [stderr] 55  |     fn factor(&mut self) -> Expr {
[INFO] [stderr]     |        ^^^^^^
[INFO] [stderr] ...
[INFO] [stderr] 66  |     fn unary(&mut self) -> Expr {
[INFO] [stderr]     |        ^^^^^
[INFO] [stderr] ...
[INFO] [stderr] 75  |     fn primary(&mut self) -> Expr {
[INFO] [stderr]     |        ^^^^^^^
[INFO] [stderr] ...
[INFO] [stderr] 101 |     fn consume(&mut self, token_type: TokenType, message: &str) {
[INFO] [stderr]     |        ^^^^^^^
[INFO] [stderr] ...
[INFO] [stderr] 105 |     fn match_tokens(&mut self, token_types: Vec<TokenType>) -> bool {
[INFO] [stderr]     |        ^^^^^^^^^^^^
[INFO] [stderr] ...
[INFO] [stderr] 115 |     fn previous(&mut self) -> &Token {
[INFO] [stderr]     |        ^^^^^^^^
[INFO] [stderr] ...
[INFO] [stderr] 119 |     fn advance(&mut self) -> &Token {
[INFO] [stderr]     |        ^^^^^^^
[INFO] [stderr] ...
[INFO] [stderr] 126 |     fn check(&self, token_type: &TokenType) -> bool {
[INFO] [stderr]     |        ^^^^^
[INFO] [stderr] ...
[INFO] [stderr] 130 |     fn peek(&self) -> &Token {
[INFO] [stderr]     |        ^^^^
[INFO] [stderr] ...
[INFO] [stderr] 134 |     fn is_at_end(&self) -> bool {
[INFO] [stderr]     |        ^^^^^^^^^
[INFO] [stderr] 
[INFO] [stderr] warning: `lox-rs` (bin "lox-rs" test) generated 6 warnings (run `cargo fix --bin "lox-rs" --tests` to apply 1 suggestion)
[INFO] [stderr]     Finished `test` profile [unoptimized + debuginfo] target(s) in 0.02s
[INFO] [stderr]      Running unittests src/main.rs (/opt/rustwide/target/debug/deps/lox_rs-1d6518fa6f1f5508)
[INFO] [stdout] 
[INFO] [stdout] running 18 tests
[INFO] [stdout] test scanner::tests::test_block_comment ... ok
[INFO] [stdout] test scanner::tests::test_block_comment_in_code ... ok
[INFO] [stdout] test scanner::tests::test_eof ... ok
[INFO] [stdout] test scanner::tests::test_float_number_literal ... ok
[INFO] [stdout] test scanner::tests::test_int_number_literal ... ok
[INFO] [stdout] test scanner::tests::test_keyword ... ok
[INFO] [stdout] test scanner::tests::test_multi_line_string_literal ... ok
[INFO] [stdout] test expressions::ast_printer::tests::test_ast_printer_binary ... ok
[INFO] [stdout] test scanner::tests::test_nested_block_comment ... ok
[INFO] [stdout] test scanner::tests::test_single_line_string_literal ... ok
[INFO] [stdout] test scanner::tests::test_statement ... ok
[INFO] [stdout] test error::tests::test_error ... ok
[INFO] [stdout] test scanner::tests::test_identifier ... ok
[INFO] [stdout] test scanner::tests::test_two_char_op ... ok
[INFO] [stdout] test scanner::tests::test_uncompleted_string ... ok
[INFO] [stdout] test scanner::tests::test_comment ... ok
[INFO] [stdout] test scanner::tests::test_single_char_op ... ok
[INFO] [stdout] test token::tests::token_to_string ... FAILED
[INFO] [stdout] 
[INFO] [stdout] failures:
[INFO] [stdout] 
[INFO] [stdout] ---- token::tests::token_to_string stdout ----
[INFO] [stdout] 
[INFO] [stdout] thread 'token::tests::token_to_string' panicked at src/token.rs:164:9:
[INFO] [stdout] assertion `left == right` failed
[INFO] [stdout]   left: "Class class 10"
[INFO] [stdout]  right: "CLASS class 10"
[INFO] [stdout] stack backtrace:
[INFO] [stdout]    0:     0x5aff9f9970fa - std::backtrace_rs::backtrace::libunwind::trace::hb059275cfc8d6126
[INFO] [stdout]                                at /rustc/6067b36314ab5eb2eb47cecc464545ba58e1ad24/library/std/src/../../backtrace/src/backtrace/libunwind.rs:116:5
[INFO] [stdout]    1:     0x5aff9f9970fa - std::backtrace_rs::backtrace::trace_unsynchronized::h2da071e4327ce3ee
[INFO] [stdout]                                at /rustc/6067b36314ab5eb2eb47cecc464545ba58e1ad24/library/std/src/../../backtrace/src/backtrace/mod.rs:66:5
[INFO] [stdout]    2:     0x5aff9f9970fa - std::sys::backtrace::_print_fmt::h842a1474e6f8d23f
[INFO] [stdout]                                at /rustc/6067b36314ab5eb2eb47cecc464545ba58e1ad24/library/std/src/sys/backtrace.rs:66:9
[INFO] [stdout]    3:     0x5aff9f9970fa - <std::sys::backtrace::BacktraceLock::print::DisplayBacktrace as core::fmt::Display>::fmt::h71a62eb3b9696b12
[INFO] [stdout]                                at /rustc/6067b36314ab5eb2eb47cecc464545ba58e1ad24/library/std/src/sys/backtrace.rs:39:26
[INFO] [stdout]    4:     0x5aff9f9bfb23 - core::fmt::rt::Argument::fmt::hdb6b616786b41dc1
[INFO] [stdout]                                at /rustc/6067b36314ab5eb2eb47cecc464545ba58e1ad24/library/core/src/fmt/rt.rs:177:76
[INFO] [stdout]    5:     0x5aff9f9bfb23 - core::fmt::write::h2cc1698af7e2d686
[INFO] [stdout]                                at /rustc/6067b36314ab5eb2eb47cecc464545ba58e1ad24/library/core/src/fmt/mod.rs:1440:21
[INFO] [stdout]    6:     0x5aff9f993c53 - std::io::Write::write_fmt::hab1b4cd059a79022
[INFO] [stdout]                                at /rustc/6067b36314ab5eb2eb47cecc464545ba58e1ad24/library/std/src/io/mod.rs:1887:15
[INFO] [stdout]    7:     0x5aff9f996f42 - std::sys::backtrace::BacktraceLock::print::h147fe35b4ea13b08
[INFO] [stdout]                                at /rustc/6067b36314ab5eb2eb47cecc464545ba58e1ad24/library/std/src/sys/backtrace.rs:42:9
[INFO] [stdout]    8:     0x5aff9f99851f - std::panicking::default_hook::{{closure}}::hbd44223dbdc0d208
[INFO] [stdout]                                at /rustc/6067b36314ab5eb2eb47cecc464545ba58e1ad24/library/std/src/panicking.rs:298:22
[INFO] [stdout]    9:     0x5aff9f998338 - std::panicking::default_hook::h20f81eb0576efcec
[INFO] [stdout]                                at /rustc/6067b36314ab5eb2eb47cecc464545ba58e1ad24/library/std/src/panicking.rs:322:9
[INFO] [stdout]   10:     0x5aff9f961153 - <alloc::boxed::Box<F,A> as core::ops::function::Fn<Args>>::call::hdb53814c496a4d34
[INFO] [stdout]                                at /rustc/6067b36314ab5eb2eb47cecc464545ba58e1ad24/library/alloc/src/boxed.rs:2027:9
[INFO] [stdout]   11:     0x5aff9f961153 - test::test_main::{{closure}}::hc0a4963c59427c24
[INFO] [stdout]                                at /rustc/6067b36314ab5eb2eb47cecc464545ba58e1ad24/library/test/src/lib.rs:134:21
[INFO] [stdout]   12:     0x5aff9f999013 - <alloc::boxed::Box<F,A> as core::ops::function::Fn<Args>>::call::h591b2225413a77e9
[INFO] [stdout]                                at /rustc/6067b36314ab5eb2eb47cecc464545ba58e1ad24/library/alloc/src/boxed.rs:2027:9
[INFO] [stdout]   13:     0x5aff9f999013 - std::panicking::rust_panic_with_hook::h625eea43051b2edc
[INFO] [stdout]                                at /rustc/6067b36314ab5eb2eb47cecc464545ba58e1ad24/library/std/src/panicking.rs:839:13
[INFO] [stdout]   14:     0x5aff9f998cca - std::panicking::begin_panic_handler::{{closure}}::h4f9159cfbc3f6bd3
[INFO] [stdout]                                at /rustc/6067b36314ab5eb2eb47cecc464545ba58e1ad24/library/std/src/panicking.rs:704:13
[INFO] [stdout]   15:     0x5aff9f9975f9 - std::sys::backtrace::__rust_end_short_backtrace::h0390abce48353151
[INFO] [stdout]                                at /rustc/6067b36314ab5eb2eb47cecc464545ba58e1ad24/library/std/src/sys/backtrace.rs:168:18
[INFO] [stdout]   16:     0x5aff9f99895d - rust_begin_unwind
[INFO] [stdout]                                at /rustc/6067b36314ab5eb2eb47cecc464545ba58e1ad24/library/std/src/panicking.rs:695:5
[INFO] [stdout]   17:     0x5aff9f9be150 - core::panicking::panic_fmt::h9e7c637e9e5f29c9
[INFO] [stdout]                                at /rustc/6067b36314ab5eb2eb47cecc464545ba58e1ad24/library/core/src/panicking.rs:75:14
[INFO] [stdout]   18:     0x5aff9f9be542 - core::panicking::assert_failed_inner::h538bec7c1374cd9c
[INFO] [stdout]   19:     0x5aff9f91b559 - core::panicking::assert_failed::hdcc4de5f62c62090
[INFO] [stdout]                                at /rustc/6067b36314ab5eb2eb47cecc464545ba58e1ad24/library/core/src/panicking.rs:364:5
[INFO] [stdout]   20:     0x5aff9f926ac0 - lox_rs::token::tests::token_to_string::h30c03f23c11f4571
[INFO] [stdout]                                at /opt/rustwide/workdir/src/token.rs:164:9
[INFO] [stdout]   21:     0x5aff9f926927 - lox_rs::token::tests::token_to_string::{{closure}}::h14ceb974fa3a4c18
[INFO] [stdout]                                at /opt/rustwide/workdir/src/token.rs:156:25
[INFO] [stdout]   22:     0x5aff9f91a366 - core::ops::function::FnOnce::call_once::hf8352d87735259ab
[INFO] [stdout]                                at /rustc/6067b36314ab5eb2eb47cecc464545ba58e1ad24/library/core/src/ops/function.rs:250:5
[INFO] [stdout]   23:     0x5aff9f9668ab - core::ops::function::FnOnce::call_once::he27718dfdd183f43
[INFO] [stdout]                                at /rustc/6067b36314ab5eb2eb47cecc464545ba58e1ad24/library/core/src/ops/function.rs:250:5
[INFO] [stdout]   24:     0x5aff9f9668ab - test::__rust_begin_short_backtrace::h4e84902998457a5d
[INFO] [stdout]                                at /rustc/6067b36314ab5eb2eb47cecc464545ba58e1ad24/library/test/src/lib.rs:632:18
[INFO] [stdout]   25:     0x5aff9f9657e3 - test::run_test_in_process::{{closure}}::h7176fd18fc1feca0
[INFO] [stdout]                                at /rustc/6067b36314ab5eb2eb47cecc464545ba58e1ad24/library/test/src/lib.rs:655:60
[INFO] [stdout]   26:     0x5aff9f9657e3 - <core::panic::unwind_safe::AssertUnwindSafe<F> as core::ops::function::FnOnce<()>>::call_once::hf79cff2a624d8cf7
[INFO] [stdout]                                at /rustc/6067b36314ab5eb2eb47cecc464545ba58e1ad24/library/core/src/panic/unwind_safe.rs:272:9
[INFO] [stdout]   27:     0x5aff9f9657e3 - std::panicking::try::do_call::h3da0561d9ab99c25
[INFO] [stdout]                                at /rustc/6067b36314ab5eb2eb47cecc464545ba58e1ad24/library/std/src/panicking.rs:587:40
[INFO] [stdout]   28:     0x5aff9f9657e3 - std::panicking::try::h41c9fa508bc61df6
[INFO] [stdout]                                at /rustc/6067b36314ab5eb2eb47cecc464545ba58e1ad24/library/std/src/panicking.rs:550:19
[INFO] [stdout]   29:     0x5aff9f9657e3 - std::panic::catch_unwind::h6b3ff07bb5afad93
[INFO] [stdout]                                at /rustc/6067b36314ab5eb2eb47cecc464545ba58e1ad24/library/std/src/panic.rs:358:14
[INFO] [stdout]   30:     0x5aff9f9657e3 - test::run_test_in_process::hc7253dd11b39b9f4
[INFO] [stdout]                                at /rustc/6067b36314ab5eb2eb47cecc464545ba58e1ad24/library/test/src/lib.rs:655:27
[INFO] [stdout]   31:     0x5aff9f9657e3 - test::run_test::{{closure}}::hfb2007f8649c30bb
[INFO] [stdout]                                at /rustc/6067b36314ab5eb2eb47cecc464545ba58e1ad24/library/test/src/lib.rs:576:43
[INFO] [stdout]   32:     0x5aff9f9288c5 - test::run_test::{{closure}}::h56a17aa7a282a9f4
[INFO] [stdout]                                at /rustc/6067b36314ab5eb2eb47cecc464545ba58e1ad24/library/test/src/lib.rs:606:41
[INFO] [stdout]   33:     0x5aff9f9288c5 - std::sys::backtrace::__rust_begin_short_backtrace::hd2d2d2fb8e8c6aac
[INFO] [stdout]                                at /rustc/6067b36314ab5eb2eb47cecc464545ba58e1ad24/library/std/src/sys/backtrace.rs:152:18
[INFO] [stdout]   34:     0x5aff9f92c1aa - std::thread::Builder::spawn_unchecked_::{{closure}}::{{closure}}::h4faa3f9db6133423
[INFO] [stdout]                                at /rustc/6067b36314ab5eb2eb47cecc464545ba58e1ad24/library/std/src/thread/mod.rs:559:17
[INFO] [stdout]   35:     0x5aff9f92c1aa - <core::panic::unwind_safe::AssertUnwindSafe<F> as core::ops::function::FnOnce<()>>::call_once::hf2e855a36a4ea846
[INFO] [stdout]                                at /rustc/6067b36314ab5eb2eb47cecc464545ba58e1ad24/library/core/src/panic/unwind_safe.rs:272:9
[INFO] [stdout]   36:     0x5aff9f92c1aa - std::panicking::try::do_call::h2f73af3616c35465
[INFO] [stdout]                                at /rustc/6067b36314ab5eb2eb47cecc464545ba58e1ad24/library/std/src/panicking.rs:587:40
[INFO] [stdout]   37:     0x5aff9f92c1aa - std::panicking::try::hd1660ce9efadef5a
[INFO] [stdout]                                at /rustc/6067b36314ab5eb2eb47cecc464545ba58e1ad24/library/std/src/panicking.rs:550:19
[INFO] [stdout]   38:     0x5aff9f92c1aa - std::panic::catch_unwind::h5ee8d7823b8ca744
[INFO] [stdout]                                at /rustc/6067b36314ab5eb2eb47cecc464545ba58e1ad24/library/std/src/panic.rs:358:14
[INFO] [stdout]   39:     0x5aff9f92c1aa - std::thread::Builder::spawn_unchecked_::{{closure}}::h53c3a1894dce8407
[INFO] [stdout]                                at /rustc/6067b36314ab5eb2eb47cecc464545ba58e1ad24/library/std/src/thread/mod.rs:557:30
[INFO] [stdout]   40:     0x5aff9f92c1aa - core::ops::function::FnOnce::call_once{{vtable.shim}}::h048ce291ad4f62bf
[INFO] [stdout]                                at /rustc/6067b36314ab5eb2eb47cecc464545ba58e1ad24/library/core/src/ops/function.rs:250:5
[INFO] [stdout]   41:     0x5aff9f99cf4b - <alloc::boxed::Box<F,A> as core::ops::function::FnOnce<Args>>::call_once::ha52bedf99a3b4981
[INFO] [stdout]                                at /rustc/6067b36314ab5eb2eb47cecc464545ba58e1ad24/library/alloc/src/boxed.rs:2013:9
[INFO] [stdout]   42:     0x5aff9f99cf4b - <alloc::boxed::Box<F,A> as core::ops::function::FnOnce<Args>>::call_once::h567748934d80ccf8
[INFO] [stdout]                                at /rustc/6067b36314ab5eb2eb47cecc464545ba58e1ad24/library/alloc/src/boxed.rs:2013:9
[INFO] [stdout]   43:     0x5aff9f99cf4b - std::sys::pal::unix::thread::Thread::new::thread_start::h2d970728ae887adc
[INFO] [stdout]                                at /rustc/6067b36314ab5eb2eb47cecc464545ba58e1ad24/library/std/src/sys/pal/unix/thread.rs:106:17
[INFO] [stdout]   44:     0x713f04baaac3 - <unknown>
[INFO] [stdout]   45:     0x713f04c3ba04 - clone
[INFO] [stdout]   46:                0x0 - <unknown>
[INFO] [stdout] 
[INFO] [stdout] 
[INFO] [stdout] failures:
[INFO] [stdout]     token::tests::token_to_string
[INFO] [stdout] 
[INFO] [stdout] test result: FAILED. 17 passed; 1 failed; 0 ignored; 0 measured; 0 filtered out; finished in 0.07s
[INFO] [stdout] 
[INFO] [stderr] error: test failed, to rerun pass `--bin lox-rs`
[INFO] running `Command { std: "docker" "inspect" "4a7b31bdb981323c5a272a0faf722206555e3b97454a89e42548488a4ecab821", kill_on_drop: false }`
[INFO] running `Command { std: "docker" "rm" "-f" "4a7b31bdb981323c5a272a0faf722206555e3b97454a89e42548488a4ecab821", kill_on_drop: false }`
[INFO] [stdout] 4a7b31bdb981323c5a272a0faf722206555e3b97454a89e42548488a4ecab821
