[INFO] cloning repository https://github.com/suaviloquence/parrot
[INFO] running `Command { std: "git" "-c" "credential.helper=" "-c" "credential.helper=/workspace/cargo-home/bin/git-credential-null" "clone" "--bare" "https://github.com/suaviloquence/parrot" "/workspace/cache/git-repos/https%3A%2F%2Fgithub.com%2Fsuaviloquence%2Fparrot", kill_on_drop: false }`
[INFO] [stderr] Cloning into bare repository '/workspace/cache/git-repos/https%3A%2F%2Fgithub.com%2Fsuaviloquence%2Fparrot'...
[INFO] running `Command { std: "git" "rev-parse" "HEAD", kill_on_drop: false }`
[INFO] [stdout] df7e9d632d6fdc549f7ad09edeb8214ae9d61a6b
[INFO] testing suaviloquence/parrot against nightly-2025-01-18 for randomize-layout-2
[INFO] running `Command { std: "git" "clone" "/workspace/cache/git-repos/https%3A%2F%2Fgithub.com%2Fsuaviloquence%2Fparrot" "/workspace/builds/worker-3-tc1/source", kill_on_drop: false }`
[INFO] [stderr] Cloning into '/workspace/builds/worker-3-tc1/source'...
[INFO] [stderr] done.
[INFO] validating manifest of git repo https://github.com/suaviloquence/parrot on toolchain nightly-2025-01-18
[INFO] running `Command { std: CARGO_HOME="/workspace/cargo-home" RUSTUP_HOME="/workspace/rustup-home" "/workspace/cargo-home/bin/cargo" "+nightly-2025-01-18" "metadata" "--manifest-path" "Cargo.toml" "--no-deps", kill_on_drop: false }`
[INFO] started tweaking git repo https://github.com/suaviloquence/parrot
[INFO] finished tweaking git repo https://github.com/suaviloquence/parrot
[INFO] tweaked toml for git repo https://github.com/suaviloquence/parrot written to /workspace/builds/worker-3-tc1/source/Cargo.toml
[INFO] running `Command { std: CARGO_HOME="/workspace/cargo-home" RUSTUP_HOME="/workspace/rustup-home" "/workspace/cargo-home/bin/cargo" "+nightly-2025-01-18" "generate-lockfile" "--manifest-path" "Cargo.toml", kill_on_drop: false }`
[INFO] [stderr]     Updating crates.io index
[INFO] [stderr]      Locking 1 package to latest compatible version
[INFO] running `Command { std: CARGO_HOME="/workspace/cargo-home" RUSTUP_HOME="/workspace/rustup-home" "/workspace/cargo-home/bin/cargo" "+nightly-2025-01-18" "fetch" "--manifest-path" "Cargo.toml", kill_on_drop: false }`
[INFO] running `Command { std: "docker" "create" "-v" "/var/lib/crater-agent-workspace/builds/worker-3-tc1/target:/opt/rustwide/target:rw,Z" "-v" "/var/lib/crater-agent-workspace/builds/worker-3-tc1/source:/opt/rustwide/workdir:ro,Z" "-v" "/var/lib/crater-agent-workspace/cargo-home:/opt/rustwide/cargo-home:ro,Z" "-v" "/var/lib/crater-agent-workspace/rustup-home:/opt/rustwide/rustup-home:ro,Z" "-e" "SOURCE_DIR=/opt/rustwide/workdir" "-e" "CARGO_TARGET_DIR=/opt/rustwide/target" "-e" "CARGO_HOME=/opt/rustwide/cargo-home" "-e" "RUSTUP_HOME=/opt/rustwide/rustup-home" "-w" "/opt/rustwide/workdir" "-m" "1610612736" "--user" "0:0" "--network" "none" "ghcr.io/rust-lang/crates-build-env/linux@sha256:819108c5571ea2e421544af4d832f968d213c87fbe3707a016657f43d2f853bc" "/opt/rustwide/cargo-home/bin/cargo" "+nightly-2025-01-18" "metadata" "--no-deps" "--format-version=1", kill_on_drop: false }`
[INFO] [stdout] a88e8695c9e71d91cf40595ad6408229255ac368fd67d41d58042a35aee15510
[INFO] running `Command { std: "docker" "start" "-a" "a88e8695c9e71d91cf40595ad6408229255ac368fd67d41d58042a35aee15510", kill_on_drop: false }`
[INFO] running `Command { std: "docker" "inspect" "a88e8695c9e71d91cf40595ad6408229255ac368fd67d41d58042a35aee15510", kill_on_drop: false }`
[INFO] running `Command { std: "docker" "rm" "-f" "a88e8695c9e71d91cf40595ad6408229255ac368fd67d41d58042a35aee15510", kill_on_drop: false }`
[INFO] [stdout] a88e8695c9e71d91cf40595ad6408229255ac368fd67d41d58042a35aee15510
[INFO] running `Command { std: "docker" "create" "-v" "/var/lib/crater-agent-workspace/builds/worker-3-tc1/target:/opt/rustwide/target:rw,Z" "-v" "/var/lib/crater-agent-workspace/builds/worker-3-tc1/source:/opt/rustwide/workdir:ro,Z" "-v" "/var/lib/crater-agent-workspace/cargo-home:/opt/rustwide/cargo-home:ro,Z" "-v" "/var/lib/crater-agent-workspace/rustup-home:/opt/rustwide/rustup-home:ro,Z" "-e" "SOURCE_DIR=/opt/rustwide/workdir" "-e" "CARGO_TARGET_DIR=/opt/rustwide/target" "-e" "CARGO_INCREMENTAL=0" "-e" "RUST_BACKTRACE=full" "-e" "RUSTFLAGS=--cap-lints=forbid" "-e" "RUSTDOCFLAGS=--cap-lints=forbid" "-e" "CARGO_HOME=/opt/rustwide/cargo-home" "-e" "RUSTUP_HOME=/opt/rustwide/rustup-home" "-w" "/opt/rustwide/workdir" "-m" "1610612736" "--user" "0:0" "--network" "none" "ghcr.io/rust-lang/crates-build-env/linux@sha256:819108c5571ea2e421544af4d832f968d213c87fbe3707a016657f43d2f853bc" "/opt/rustwide/cargo-home/bin/cargo" "+nightly-2025-01-18" "build" "--frozen" "--message-format=json", kill_on_drop: false }`
[INFO] [stdout] af1947f8ba1e0c33567ac2acbe614d14604a9eac0ac7fd0f8696b8a0d4cd0a14
[INFO] running `Command { std: "docker" "start" "-a" "af1947f8ba1e0c33567ac2acbe614d14604a9eac0ac7fd0f8696b8a0d4cd0a14", kill_on_drop: false }`
[INFO] [stderr]    Compiling sha1_smol v1.0.1
[INFO] [stderr]    Compiling parrot v0.1.0 (/opt/rustwide/workdir)
[INFO] [stdout] warning: unused import: `decode::*`
[INFO] [stdout]  --> src/bencode/mod.rs:8:9
[INFO] [stdout]   |
[INFO] [stdout] 8 | pub use decode::*;
[INFO] [stdout]   |         ^^^^^^^^^
[INFO] [stdout]   |
[INFO] [stdout]   = note: `#[warn(unused_imports)]` on by default
[INFO] [stdout] 
[INFO] [stdout] 
[INFO] [stdout] warning: unused import: `mock_stream::*`
[INFO] [stdout]   --> src/test/mod.rs:3:9
[INFO] [stdout]    |
[INFO] [stdout] 3  | pub use mock_stream::*;
[INFO] [stdout]    |         ^^^^^^^^^^^^^^
[INFO] [stdout]    |
[INFO] [stdout] help: if this is a test module, consider adding a `#[cfg(test)]` to the containing module
[INFO] [stdout]   --> src/main.rs:24:1
[INFO] [stdout]    |
[INFO] [stdout] 24 | mod test;
[INFO] [stdout]    | ^^^^^^^^^
[INFO] [stdout] 
[INFO] [stdout] 
[INFO] [stdout] warning: unused import: `TrackerEvent`
[INFO] [stdout]  --> src/tracker/mod.rs:8:27
[INFO] [stdout]   |
[INFO] [stdout] 8 | pub use tracker_request::{TrackerEvent, TrackerRequest};
[INFO] [stdout]   |                           ^^^^^^^^^^^^
[INFO] [stdout] 
[INFO] [stdout] 
[INFO] [stdout] warning: function `to_dec_digit` is never used
[INFO] [stdout]  --> src/bencode/decode.rs:6:4
[INFO] [stdout]   |
[INFO] [stdout] 6 | fn to_dec_digit(byte: u8) -> Option<u8> {
[INFO] [stdout]   |    ^^^^^^^^^^^^
[INFO] [stdout]   |
[INFO] [stdout]   = note: `#[warn(dead_code)]` on by default
[INFO] [stdout] 
[INFO] [stdout] 
[INFO] [stdout] warning: function `decode_iter` is never used
[INFO] [stdout]   --> src/bencode/decode.rs:13:8
[INFO] [stdout]    |
[INFO] [stdout] 13 | pub fn decode_iter(bytes: &mut impl Iterator<Item = u8>) -> Result<Data, DataParseError> {
[INFO] [stdout]    |        ^^^^^^^^^^^
[INFO] [stdout] 
[INFO] [stdout] 
[INFO] [stdout] warning: function `decode` is never used
[INFO] [stdout]    --> src/bencode/decode.rs:134:8
[INFO] [stdout]     |
[INFO] [stdout] 134 | pub fn decode(data: impl Into<Vec<u8>>) -> Result<Data, DataParseError> {
[INFO] [stdout]     |        ^^^^^^
[INFO] [stdout] 
[INFO] [stdout] 
[INFO] [stdout] warning: function `try_decode_from` is never used
[INFO] [stdout]    --> src/bencode/decode.rs:138:8
[INFO] [stdout]     |
[INFO] [stdout] 138 | pub fn try_decode_from<T: TryFrom<Data>, D: Into<Vec<u8>>>(
[INFO] [stdout]     |        ^^^^^^^^^^^^^^^
[INFO] [stdout] 
[INFO] [stdout] 
[INFO] [stdout] warning: methods `to_string` and `to_alphanumeric_or_hex` are never used
[INFO] [stdout]  --> src/bytes.rs:3:5
[INFO] [stdout]   |
[INFO] [stdout] 1 | pub trait BytesExt {
[INFO] [stdout]   |           -------- methods in this trait
[INFO] [stdout] 2 |     fn to_hex_string(&self) -> String;
[INFO] [stdout] 3 |     fn to_string(&self) -> String;
[INFO] [stdout]   |        ^^^^^^^^^
[INFO] [stdout] 4 |     fn to_alphanumeric_or_hex(&self) -> String;
[INFO] [stdout]   |        ^^^^^^^^^^^^^^^^^^^^^^
[INFO] [stdout] 
[INFO] [stdout] 
[INFO] [stdout] warning: function `url_encode` is never used
[INFO] [stdout]   --> src/tracker/query_string.rs:42:4
[INFO] [stdout]    |
[INFO] [stdout] 42 | fn url_encode(s: Vec<u8>) -> Vec<u8> {
[INFO] [stdout]    |    ^^^^^^^^^^
[INFO] [stdout] 
[INFO] [stdout] 
[INFO] [stdout] warning: function `encode` is never used
[INFO] [stdout]   --> src/tracker/query_string.rs:67:8
[INFO] [stdout]    |
[INFO] [stdout] 67 | pub fn encode(data: QueryString) -> Vec<u8> {
[INFO] [stdout]    |        ^^^^^^
[INFO] [stdout] 
[INFO] [stdout] 
[INFO] [stderr]     Finished `dev` profile [unoptimized + debuginfo] target(s) in 2.19s
[INFO] running `Command { std: "docker" "inspect" "af1947f8ba1e0c33567ac2acbe614d14604a9eac0ac7fd0f8696b8a0d4cd0a14", kill_on_drop: false }`
[INFO] running `Command { std: "docker" "rm" "-f" "af1947f8ba1e0c33567ac2acbe614d14604a9eac0ac7fd0f8696b8a0d4cd0a14", kill_on_drop: false }`
[INFO] [stdout] af1947f8ba1e0c33567ac2acbe614d14604a9eac0ac7fd0f8696b8a0d4cd0a14
[INFO] running `Command { std: "docker" "create" "-v" "/var/lib/crater-agent-workspace/builds/worker-3-tc1/target:/opt/rustwide/target:rw,Z" "-v" "/var/lib/crater-agent-workspace/builds/worker-3-tc1/source:/opt/rustwide/workdir:ro,Z" "-v" "/var/lib/crater-agent-workspace/cargo-home:/opt/rustwide/cargo-home:ro,Z" "-v" "/var/lib/crater-agent-workspace/rustup-home:/opt/rustwide/rustup-home:ro,Z" "-e" "SOURCE_DIR=/opt/rustwide/workdir" "-e" "CARGO_TARGET_DIR=/opt/rustwide/target" "-e" "CARGO_INCREMENTAL=0" "-e" "RUST_BACKTRACE=full" "-e" "RUSTFLAGS=--cap-lints=forbid" "-e" "RUSTDOCFLAGS=--cap-lints=forbid" "-e" "CARGO_HOME=/opt/rustwide/cargo-home" "-e" "RUSTUP_HOME=/opt/rustwide/rustup-home" "-w" "/opt/rustwide/workdir" "-m" "1610612736" "--user" "0:0" "--network" "none" "ghcr.io/rust-lang/crates-build-env/linux@sha256:819108c5571ea2e421544af4d832f968d213c87fbe3707a016657f43d2f853bc" "/opt/rustwide/cargo-home/bin/cargo" "+nightly-2025-01-18" "test" "--frozen" "--no-run" "--message-format=json", kill_on_drop: false }`
[INFO] [stdout] 19f82ef3ee3618dca9881c2ed6d3b7c4c0f4f4c8153a7a393f88a0ef31da74c3
[INFO] running `Command { std: "docker" "start" "-a" "19f82ef3ee3618dca9881c2ed6d3b7c4c0f4f4c8153a7a393f88a0ef31da74c3", kill_on_drop: false }`
[INFO] [stderr]    Compiling parrot v0.1.0 (/opt/rustwide/workdir)
[INFO] [stdout] warning: unused import: `MockStream`
[INFO] [stdout]   --> src/test/mock_stream.rs:60:34
[INFO] [stdout]    |
[INFO] [stdout] 60 | pub use test::{assert_stream_eq, MockStream};
[INFO] [stdout]    |                                  ^^^^^^^^^^
[INFO] [stdout]    |
[INFO] [stdout]    = note: `#[warn(unused_imports)]` on by default
[INFO] [stdout] 
[INFO] [stdout] 
[INFO] [stdout] warning: unused import: `TrackerEvent`
[INFO] [stdout]  --> src/tracker/mod.rs:8:27
[INFO] [stdout]   |
[INFO] [stdout] 8 | pub use tracker_request::{TrackerEvent, TrackerRequest};
[INFO] [stdout]   |                           ^^^^^^^^^^^^
[INFO] [stdout] 
[INFO] [stdout] 
[INFO] [stdout] warning: method `to_alphanumeric_or_hex` is never used
[INFO] [stdout]  --> src/bytes.rs:4:5
[INFO] [stdout]   |
[INFO] [stdout] 1 | pub trait BytesExt {
[INFO] [stdout]   |           -------- method in this trait
[INFO] [stdout] ...
[INFO] [stdout] 4 |     fn to_alphanumeric_or_hex(&self) -> String;
[INFO] [stdout]   |        ^^^^^^^^^^^^^^^^^^^^^^
[INFO] [stdout]   |
[INFO] [stdout]   = note: `#[warn(dead_code)]` on by default
[INFO] [stdout] 
[INFO] [stdout] 
[INFO] [stderr]     Finished `test` profile [unoptimized + debuginfo] target(s) in 2.63s
[INFO] running `Command { std: "docker" "inspect" "19f82ef3ee3618dca9881c2ed6d3b7c4c0f4f4c8153a7a393f88a0ef31da74c3", kill_on_drop: false }`
[INFO] running `Command { std: "docker" "rm" "-f" "19f82ef3ee3618dca9881c2ed6d3b7c4c0f4f4c8153a7a393f88a0ef31da74c3", kill_on_drop: false }`
[INFO] [stdout] 19f82ef3ee3618dca9881c2ed6d3b7c4c0f4f4c8153a7a393f88a0ef31da74c3
[INFO] running `Command { std: "docker" "create" "-v" "/var/lib/crater-agent-workspace/builds/worker-3-tc1/target:/opt/rustwide/target:rw,Z" "-v" "/var/lib/crater-agent-workspace/builds/worker-3-tc1/source:/opt/rustwide/workdir:ro,Z" "-v" "/var/lib/crater-agent-workspace/cargo-home:/opt/rustwide/cargo-home:ro,Z" "-v" "/var/lib/crater-agent-workspace/rustup-home:/opt/rustwide/rustup-home:ro,Z" "-e" "SOURCE_DIR=/opt/rustwide/workdir" "-e" "CARGO_TARGET_DIR=/opt/rustwide/target" "-e" "CARGO_INCREMENTAL=0" "-e" "RUST_BACKTRACE=full" "-e" "RUSTFLAGS=--cap-lints=forbid" "-e" "RUSTDOCFLAGS=--cap-lints=forbid" "-e" "CARGO_HOME=/opt/rustwide/cargo-home" "-e" "RUSTUP_HOME=/opt/rustwide/rustup-home" "-w" "/opt/rustwide/workdir" "-m" "1610612736" "--user" "0:0" "--network" "none" "ghcr.io/rust-lang/crates-build-env/linux@sha256:819108c5571ea2e421544af4d832f968d213c87fbe3707a016657f43d2f853bc" "/opt/rustwide/cargo-home/bin/cargo" "+nightly-2025-01-18" "test" "--frozen", kill_on_drop: false }`
[INFO] [stdout] 6a4d911f57a81b37c0ba3dbf42b3452e0673c451594e59937b84063880018069
[INFO] running `Command { std: "docker" "start" "-a" "6a4d911f57a81b37c0ba3dbf42b3452e0673c451594e59937b84063880018069", kill_on_drop: false }`
[INFO] [stderr] warning: unused import: `MockStream`
[INFO] [stdout] 
[INFO] [stderr]   --> src/test/mock_stream.rs:60:34
[INFO] [stdout] running 28 tests
[INFO] [stderr]    |
[INFO] [stdout] test bencode::decode::tests::test_decode_int ... ok
[INFO] [stderr] 60 | pub use test::{assert_stream_eq, MockStream};
[INFO] [stdout] test bencode::encode::tests::test_encode_dict ... ok
[INFO] [stderr]    |                                  ^^^^^^^^^^
[INFO] [stdout] test bencode::encode::tests::test_encode_bytes ... ok
[INFO] [stderr]    |
[INFO] [stdout] test bencode::decode::tests::test_decode_str ... ok
[INFO] [stderr]    = note: `#[warn(unused_imports)]` on by default
[INFO] [stdout] test bencode::encode::tests::test_encode_int ... ok
[INFO] [stderr] 
[INFO] [stdout] test bencode::encode::tests::test_encode_list ... ok
[INFO] [stderr] warning: unused import: `TrackerEvent`
[INFO] [stdout] test config::tests::test_config_from ... ok
[INFO] [stderr]  --> src/tracker/mod.rs:8:27
[INFO] [stdout] test metainfo::file::tests::test_file_into ... ok
[INFO] [stderr]   |
[INFO] [stdout] test metainfo::file_info::tests::test_fileinfo_into ... ok
[INFO] [stderr] 8 | pub use tracker_request::{TrackerEvent, TrackerRequest};
[INFO] [stdout] test metainfo::file::tests::test_file_from ... ok
[INFO] [stderr]   |                           ^^^^^^^^^^^^
[INFO] [stdout] test metainfo::info::tests::test_info_from ... ok
[INFO] [stderr] 
[INFO] [stdout] test metainfo::info::tests::test_info_into ... ok
[INFO] [stderr] warning: method `to_alphanumeric_or_hex` is never used
[INFO] [stdout] test metainfo::meta_info::tests::test_metainfo_from ... ok
[INFO] [stderr]  --> src/bytes.rs:4:5
[INFO] [stdout] test metainfo::meta_info::tests::test_metainfo_into ... ok
[INFO] [stderr]   |
[INFO] [stdout] test peer::peer::tests::test_handle_connection ... ok
[INFO] [stderr] 1 | pub trait BytesExt {
[INFO] [stderr]   |           -------- method in this trait
[INFO] [stderr] ...
[INFO] [stderr] 4 |     fn to_alphanumeric_or_hex(&self) -> String;
[INFO] [stderr]   |        ^^^^^^^^^^^^^^^^^^^^^^
[INFO] [stderr]   |
[INFO] [stderr]   = note: `#[warn(dead_code)]` on by default
[INFO] [stderr] 
[INFO] [stderr] warning: `parrot` (bin "parrot" test) generated 3 warnings (run `cargo fix --bin "parrot" --tests` to apply 2 suggestions)
[INFO] [stderr]     Finished `test` profile [unoptimized + debuginfo] target(s) in 0.01s
[INFO] [stderr]      Running unittests src/main.rs (/opt/rustwide/target/debug/deps/parrot-a91f5eda2e6f12be)
[INFO] [stdout] test bencode::decode::tests::test_decode_dict ... ok
[INFO] [stdout] test bencode::decode::tests::test_decode_list ... ok
[INFO] [stdout] test tracker::query_string::tests::test_decode ... ok
[INFO] [stdout] test tracker::query_string::tests::test_encode ... ok
[INFO] [stdout] test tracker::query_string::tests::test_url_decode ... ok
[INFO] [stdout] test tracker::tracker_response::test::test_trackerresponse_into ... ok
[INFO] [stdout] test metainfo::file_info::tests::test_fileinfo_from ... ok
[INFO] [stdout] test tracker::query_string::tests::test_url_encode ... ok
[INFO] [stdout] test tracker::tracker_request::tests::test_trackerrequest_from ... ok
[INFO] [stdout] test config::tests::test_action_command ... ok
[INFO] [stdout] test config::tests::test_action_from ... ok
[INFO] [stdout] test tracker::tracker_response::test::test_peer_into ... FAILED
[INFO] [stdout] test tracker::server::tests::test_handle_req ... FAILED
[INFO] [stdout] 
[INFO] [stdout] failures:
[INFO] [stdout] 
[INFO] [stdout] ---- tracker::tracker_response::test::test_peer_into stdout ----
[INFO] [stdout] 
[INFO] [stdout] thread 'tracker::tracker_response::test::test_peer_into' panicked at src/bytes.rs:34:9:
[INFO] [stdout] Left is not equal to right:
[INFO] [stdout] 	"d2:ip9:127.0.0.17:peer id20:\0\0\0\0\0\0\0\0\0\0\0\0\0\0\0\0\0\0\0\04:porti25565ee"
[INFO] [stdout] 	"d2:ip3:::17:peer id20:\0\0\0\0\0\0\0\0\0\0\0\0\0\0\0\0\0\0\0\04:porti25565ee"
[INFO] [stdout] stack backtrace:
[INFO] [stdout]    0:     0x5c07ede77d1a - std::backtrace_rs::backtrace::libunwind::trace::hb059275cfc8d6126
[INFO] [stdout]                                at /rustc/6067b36314ab5eb2eb47cecc464545ba58e1ad24/library/std/src/../../backtrace/src/backtrace/libunwind.rs:116:5
[INFO] [stdout]    1:     0x5c07ede77d1a - std::backtrace_rs::backtrace::trace_unsynchronized::h2da071e4327ce3ee
[INFO] [stdout]                                at /rustc/6067b36314ab5eb2eb47cecc464545ba58e1ad24/library/std/src/../../backtrace/src/backtrace/mod.rs:66:5
[INFO] [stdout]    2:     0x5c07ede77d1a - std::sys::backtrace::_print_fmt::h842a1474e6f8d23f
[INFO] [stdout]                                at /rustc/6067b36314ab5eb2eb47cecc464545ba58e1ad24/library/std/src/sys/backtrace.rs:66:9
[INFO] [stdout]    3:     0x5c07ede77d1a - <std::sys::backtrace::BacktraceLock::print::DisplayBacktrace as core::fmt::Display>::fmt::h71a62eb3b9696b12
[INFO] [stdout]                                at /rustc/6067b36314ab5eb2eb47cecc464545ba58e1ad24/library/std/src/sys/backtrace.rs:39:26
[INFO] [stdout]    4:     0x5c07edea1e03 - core::fmt::rt::Argument::fmt::hdb6b616786b41dc1
[INFO] [stdout]                                at /rustc/6067b36314ab5eb2eb47cecc464545ba58e1ad24/library/core/src/fmt/rt.rs:177:76
[INFO] [stdout]    5:     0x5c07edea1e03 - core::fmt::write::h2cc1698af7e2d686
[INFO] [stdout]                                at /rustc/6067b36314ab5eb2eb47cecc464545ba58e1ad24/library/core/src/fmt/mod.rs:1440:21
[INFO] [stdout]    6:     0x5c07ede74783 - std::io::Write::write_fmt::hab1b4cd059a79022
[INFO] [stdout]                                at /rustc/6067b36314ab5eb2eb47cecc464545ba58e1ad24/library/std/src/io/mod.rs:1887:15
[INFO] [stdout]    7:     0x5c07ede77b62 - std::sys::backtrace::BacktraceLock::print::h147fe35b4ea13b08
[INFO] [stdout]                                at /rustc/6067b36314ab5eb2eb47cecc464545ba58e1ad24/library/std/src/sys/backtrace.rs:42:9
[INFO] [stdout]    8:     0x5c07ede7913f - std::panicking::default_hook::{{closure}}::hbd44223dbdc0d208
[INFO] [stdout]                                at /rustc/6067b36314ab5eb2eb47cecc464545ba58e1ad24/library/std/src/panicking.rs:298:22
[INFO] [stdout]    9:     0x5c07ede78f58 - std::panicking::default_hook::h20f81eb0576efcec
[INFO] [stdout]                                at /rustc/6067b36314ab5eb2eb47cecc464545ba58e1ad24/library/std/src/panicking.rs:322:9
[INFO] [stdout]   10:     0x5c07ede41163 - <alloc::boxed::Box<F,A> as core::ops::function::Fn<Args>>::call::hdb53814c496a4d34
[INFO] [stdout]                                at /rustc/6067b36314ab5eb2eb47cecc464545ba58e1ad24/library/alloc/src/boxed.rs:2027:9
[INFO] [stdout]   11:     0x5c07ede41163 - test::test_main::{{closure}}::hc0a4963c59427c24
[INFO] [stdout]                                at /rustc/6067b36314ab5eb2eb47cecc464545ba58e1ad24/library/test/src/lib.rs:134:21
[INFO] [stdout]   12:     0x5c07ede79c33 - <alloc::boxed::Box<F,A> as core::ops::function::Fn<Args>>::call::h591b2225413a77e9
[INFO] [stdout]                                at /rustc/6067b36314ab5eb2eb47cecc464545ba58e1ad24/library/alloc/src/boxed.rs:2027:9
[INFO] [stdout]   13:     0x5c07ede79c33 - std::panicking::rust_panic_with_hook::h625eea43051b2edc
[INFO] [stdout]                                at /rustc/6067b36314ab5eb2eb47cecc464545ba58e1ad24/library/std/src/panicking.rs:839:13
[INFO] [stdout]   14:     0x5c07ede798ea - std::panicking::begin_panic_handler::{{closure}}::h4f9159cfbc3f6bd3
[INFO] [stdout]                                at /rustc/6067b36314ab5eb2eb47cecc464545ba58e1ad24/library/std/src/panicking.rs:704:13
[INFO] [stdout]   15:     0x5c07ede78219 - std::sys::backtrace::__rust_end_short_backtrace::h0390abce48353151
[INFO] [stdout]                                at /rustc/6067b36314ab5eb2eb47cecc464545ba58e1ad24/library/std/src/sys/backtrace.rs:168:18
[INFO] [stdout]   16:     0x5c07ede7957d - rust_begin_unwind
[INFO] [stdout]                                at /rustc/6067b36314ab5eb2eb47cecc464545ba58e1ad24/library/std/src/panicking.rs:695:5
[INFO] [stdout]   17:     0x5c07edea0090 - core::panicking::panic_fmt::h9e7c637e9e5f29c9
[INFO] [stdout]                                at /rustc/6067b36314ab5eb2eb47cecc464545ba58e1ad24/library/core/src/panicking.rs:75:14
[INFO] [stdout]   18:     0x5c07edd93a44 - parrot::bytes::assert_bytes_eq::hdf6c1792d1436e4b
[INFO] [stdout]                                at /opt/rustwide/workdir/src/bytes.rs:34:3
[INFO] [stdout]   19:     0x5c07eddbdc9f - parrot::tracker::tracker_response::test::test_peer_into::h9c88c454ecbfe3b5
[INFO] [stdout]                                at /opt/rustwide/workdir/src/tracker/tracker_response.rs:130:3
[INFO] [stdout]   20:     0x5c07eddbda97 - parrot::tracker::tracker_response::test::test_peer_into::{{closure}}::h855538115b851824
[INFO] [stdout]                                at /opt/rustwide/workdir/src/tracker/tracker_response.rs:120:21
[INFO] [stdout]   21:     0x5c07eddb4b76 - core::ops::function::FnOnce::call_once::h039e619488bfbc85
[INFO] [stdout]                                at /rustc/6067b36314ab5eb2eb47cecc464545ba58e1ad24/library/core/src/ops/function.rs:250:5
[INFO] [stdout]   22:     0x5c07ede468bb - core::ops::function::FnOnce::call_once::he27718dfdd183f43
[INFO] [stdout]                                at /rustc/6067b36314ab5eb2eb47cecc464545ba58e1ad24/library/core/src/ops/function.rs:250:5
[INFO] [stdout]   23:     0x5c07ede468bb - test::__rust_begin_short_backtrace::h4e84902998457a5d
[INFO] [stdout]                                at /rustc/6067b36314ab5eb2eb47cecc464545ba58e1ad24/library/test/src/lib.rs:632:18
[INFO] [stdout]   24:     0x5c07ede457f3 - test::run_test_in_process::{{closure}}::h7176fd18fc1feca0
[INFO] [stdout]                                at /rustc/6067b36314ab5eb2eb47cecc464545ba58e1ad24/library/test/src/lib.rs:655:60
[INFO] [stdout]   25:     0x5c07ede457f3 - <core::panic::unwind_safe::AssertUnwindSafe<F> as core::ops::function::FnOnce<()>>::call_once::hf79cff2a624d8cf7
[INFO] [stdout]                                at /rustc/6067b36314ab5eb2eb47cecc464545ba58e1ad24/library/core/src/panic/unwind_safe.rs:272:9
[INFO] [stdout]   26:     0x5c07ede457f3 - std::panicking::try::do_call::h3da0561d9ab99c25
[INFO] [stdout]                                at /rustc/6067b36314ab5eb2eb47cecc464545ba58e1ad24/library/std/src/panicking.rs:587:40
[INFO] [stdout]   27:     0x5c07ede457f3 - std::panicking::try::h41c9fa508bc61df6
[INFO] [stdout]                                at /rustc/6067b36314ab5eb2eb47cecc464545ba58e1ad24/library/std/src/panicking.rs:550:19
[INFO] [stdout]   28:     0x5c07ede457f3 - std::panic::catch_unwind::h6b3ff07bb5afad93
[INFO] [stdout]                                at /rustc/6067b36314ab5eb2eb47cecc464545ba58e1ad24/library/std/src/panic.rs:358:14
[INFO] [stdout]   29:     0x5c07ede457f3 - test::run_test_in_process::hc7253dd11b39b9f4
[INFO] [stdout]                                at /rustc/6067b36314ab5eb2eb47cecc464545ba58e1ad24/library/test/src/lib.rs:655:27
[INFO] [stdout]   30:     0x5c07ede457f3 - test::run_test::{{closure}}::hfb2007f8649c30bb
[INFO] [stdout]                                at /rustc/6067b36314ab5eb2eb47cecc464545ba58e1ad24/library/test/src/lib.rs:576:43
[INFO] [stdout]   31:     0x5c07ede088d5 - test::run_test::{{closure}}::h56a17aa7a282a9f4
[INFO] [stdout]                                at /rustc/6067b36314ab5eb2eb47cecc464545ba58e1ad24/library/test/src/lib.rs:606:41
[INFO] [stdout]   32:     0x5c07ede088d5 - std::sys::backtrace::__rust_begin_short_backtrace::hd2d2d2fb8e8c6aac
[INFO] [stdout]                                at /rustc/6067b36314ab5eb2eb47cecc464545ba58e1ad24/library/std/src/sys/backtrace.rs:152:18
[INFO] [stdout]   33:     0x5c07ede0c1ba - std::thread::Builder::spawn_unchecked_::{{closure}}::{{closure}}::h4faa3f9db6133423
[INFO] [stdout]                                at /rustc/6067b36314ab5eb2eb47cecc464545ba58e1ad24/library/std/src/thread/mod.rs:559:17
[INFO] [stdout]   34:     0x5c07ede0c1ba - <core::panic::unwind_safe::AssertUnwindSafe<F> as core::ops::function::FnOnce<()>>::call_once::hf2e855a36a4ea846
[INFO] [stdout]                                at /rustc/6067b36314ab5eb2eb47cecc464545ba58e1ad24/library/core/src/panic/unwind_safe.rs:272:9
[INFO] [stdout]   35:     0x5c07ede0c1ba - std::panicking::try::do_call::h2f73af3616c35465
[INFO] [stdout]                                at /rustc/6067b36314ab5eb2eb47cecc464545ba58e1ad24/library/std/src/panicking.rs:587:40
[INFO] [stdout]   36:     0x5c07ede0c1ba - std::panicking::try::hd1660ce9efadef5a
[INFO] [stdout]                                at /rustc/6067b36314ab5eb2eb47cecc464545ba58e1ad24/library/std/src/panicking.rs:550:19
[INFO] [stdout]   37:     0x5c07ede0c1ba - std::panic::catch_unwind::h5ee8d7823b8ca744
[INFO] [stdout]                                at /rustc/6067b36314ab5eb2eb47cecc464545ba58e1ad24/library/std/src/panic.rs:358:14
[INFO] [stdout]   38:     0x5c07ede0c1ba - std::thread::Builder::spawn_unchecked_::{{closure}}::h53c3a1894dce8407
[INFO] [stdout]                                at /rustc/6067b36314ab5eb2eb47cecc464545ba58e1ad24/library/std/src/thread/mod.rs:557:30
[INFO] [stdout]   39:     0x5c07ede0c1ba - core::ops::function::FnOnce::call_once{{vtable.shim}}::h048ce291ad4f62bf
[INFO] [stdout]                                at /rustc/6067b36314ab5eb2eb47cecc464545ba58e1ad24/library/core/src/ops/function.rs:250:5
[INFO] [stdout]   40:     0x5c07ede7dcbb - <alloc::boxed::Box<F,A> as core::ops::function::FnOnce<Args>>::call_once::ha52bedf99a3b4981
[INFO] [stdout]                                at /rustc/6067b36314ab5eb2eb47cecc464545ba58e1ad24/library/alloc/src/boxed.rs:2013:9
[INFO] [stdout]   41:     0x5c07ede7dcbb - <alloc::boxed::Box<F,A> as core::ops::function::FnOnce<Args>>::call_once::h567748934d80ccf8
[INFO] [stdout]                                at /rustc/6067b36314ab5eb2eb47cecc464545ba58e1ad24/library/alloc/src/boxed.rs:2013:9
[INFO] [stdout]   42:     0x5c07ede7dcbb - std::sys::pal::unix::thread::Thread::new::thread_start::h2d970728ae887adc
[INFO] [stdout]                                at /rustc/6067b36314ab5eb2eb47cecc464545ba58e1ad24/library/std/src/sys/pal/unix/thread.rs:106:17
[INFO] [stdout]   43:     0x7dc7981e2ac3 - <unknown>
[INFO] [stdout]   44:     0x7dc798273a04 - clone
[INFO] [stdout]   45:                0x0 - <unknown>
[INFO] [stdout] 
[INFO] [stdout] ---- tracker::server::tests::test_handle_req stdout ----
[INFO] [stdout] 
[INFO] [stdout] thread 'tracker::server::tests::test_handle_req' panicked at src/bytes.rs:34:9:
[INFO] [stdout] Left is not equal to right:
[INFO] [stdout] 	""
[INFO] [stdout] 	"HTTP/1.1 400 BAD REQUEST\r\n\r\n"
[INFO] [stdout] stack backtrace:
[INFO] [stdout]    0:     0x5c07ede77d1a - std::backtrace_rs::backtrace::libunwind::trace::hb059275cfc8d6126
[INFO] [stdout]                                at /rustc/6067b36314ab5eb2eb47cecc464545ba58e1ad24/library/std/src/../../backtrace/src/backtrace/libunwind.rs:116:5
[INFO] [stdout]    1:     0x5c07ede77d1a - std::backtrace_rs::backtrace::trace_unsynchronized::h2da071e4327ce3ee
[INFO] [stdout]                                at /rustc/6067b36314ab5eb2eb47cecc464545ba58e1ad24/library/std/src/../../backtrace/src/backtrace/mod.rs:66:5
[INFO] [stdout]    2:     0x5c07ede77d1a - std::sys::backtrace::_print_fmt::h842a1474e6f8d23f
[INFO] [stdout]                                at /rustc/6067b36314ab5eb2eb47cecc464545ba58e1ad24/library/std/src/sys/backtrace.rs:66:9
[INFO] [stdout]    3:     0x5c07ede77d1a - <std::sys::backtrace::BacktraceLock::print::DisplayBacktrace as core::fmt::Display>::fmt::h71a62eb3b9696b12
[INFO] [stdout]                                at /rustc/6067b36314ab5eb2eb47cecc464545ba58e1ad24/library/std/src/sys/backtrace.rs:39:26
[INFO] [stdout]    4:     0x5c07edea1e03 - core::fmt::rt::Argument::fmt::hdb6b616786b41dc1
[INFO] [stdout]                                at /rustc/6067b36314ab5eb2eb47cecc464545ba58e1ad24/library/core/src/fmt/rt.rs:177:76
[INFO] [stdout]    5:     0x5c07edea1e03 - core::fmt::write::h2cc1698af7e2d686
[INFO] [stdout]                                at /rustc/6067b36314ab5eb2eb47cecc464545ba58e1ad24/library/core/src/fmt/mod.rs:1440:21
[INFO] [stdout]    6:     0x5c07ede74783 - std::io::Write::write_fmt::hab1b4cd059a79022
[INFO] [stdout]                                at /rustc/6067b36314ab5eb2eb47cecc464545ba58e1ad24/library/std/src/io/mod.rs:1887:15
[INFO] [stdout]    7:     0x5c07ede77b62 - std::sys::backtrace::BacktraceLock::print::h147fe35b4ea13b08
[INFO] [stdout]                                at /rustc/6067b36314ab5eb2eb47cecc464545ba58e1ad24/library/std/src/sys/backtrace.rs:42:9
[INFO] [stdout]    8:     0x5c07ede7913f - std::panicking::default_hook::{{closure}}::hbd44223dbdc0d208
[INFO] [stdout]                                at /rustc/6067b36314ab5eb2eb47cecc464545ba58e1ad24/library/std/src/panicking.rs:298:22
[INFO] [stdout]    9:     0x5c07ede78f58 - std::panicking::default_hook::h20f81eb0576efcec
[INFO] [stdout]                                at /rustc/6067b36314ab5eb2eb47cecc464545ba58e1ad24/library/std/src/panicking.rs:322:9
[INFO] [stdout]   10:     0x5c07ede41163 - <alloc::boxed::Box<F,A> as core::ops::function::Fn<Args>>::call::hdb53814c496a4d34
[INFO] [stdout]                                at /rustc/6067b36314ab5eb2eb47cecc464545ba58e1ad24/library/alloc/src/boxed.rs:2027:9
[INFO] [stdout]   11:     0x5c07ede41163 - test::test_main::{{closure}}::hc0a4963c59427c24
[INFO] [stdout]                                at /rustc/6067b36314ab5eb2eb47cecc464545ba58e1ad24/library/test/src/lib.rs:134:21
[INFO] [stdout]   12:     0x5c07ede79c33 - <alloc::boxed::Box<F,A> as core::ops::function::Fn<Args>>::call::h591b2225413a77e9
[INFO] [stdout]                                at /rustc/6067b36314ab5eb2eb47cecc464545ba58e1ad24/library/alloc/src/boxed.rs:2027:9
[INFO] [stdout]   13:     0x5c07ede79c33 - std::panicking::rust_panic_with_hook::h625eea43051b2edc
[INFO] [stdout]                                at /rustc/6067b36314ab5eb2eb47cecc464545ba58e1ad24/library/std/src/panicking.rs:839:13
[INFO] [stdout]   14:     0x5c07ede798ea - std::panicking::begin_panic_handler::{{closure}}::h4f9159cfbc3f6bd3
[INFO] [stdout]                                at /rustc/6067b36314ab5eb2eb47cecc464545ba58e1ad24/library/std/src/panicking.rs:704:13
[INFO] [stdout]   15:     0x5c07ede78219 - std::sys::backtrace::__rust_end_short_backtrace::h0390abce48353151
[INFO] [stdout]                                at /rustc/6067b36314ab5eb2eb47cecc464545ba58e1ad24/library/std/src/sys/backtrace.rs:168:18
[INFO] [stdout]   16:     0x5c07ede7957d - rust_begin_unwind
[INFO] [stdout]                                at /rustc/6067b36314ab5eb2eb47cecc464545ba58e1ad24/library/std/src/panicking.rs:695:5
[INFO] [stdout]   17:     0x5c07edea0090 - core::panicking::panic_fmt::h9e7c637e9e5f29c9
[INFO] [stdout]                                at /rustc/6067b36314ab5eb2eb47cecc464545ba58e1ad24/library/core/src/panicking.rs:75:14
[INFO] [stdout]   18:     0x5c07edd93a44 - parrot::bytes::assert_bytes_eq::hdf6c1792d1436e4b
[INFO] [stdout]                                at /opt/rustwide/workdir/src/bytes.rs:34:3
[INFO] [stdout]   19:     0x5c07eddadbe5 - parrot::test::mock_stream::test::assert_stream_eq::h94dd79c639028f97
[INFO] [stdout]                                at /opt/rustwide/workdir/src/test/mock_stream.rs:55:3
[INFO] [stdout]   20:     0x5c07eddb1d57 - parrot::tracker::server::tests::test_handle_req::h9a8b742548626105
[INFO] [stdout]                                at /opt/rustwide/workdir/src/tracker/server.rs:153:3
[INFO] [stdout]   21:     0x5c07eddb1bd7 - parrot::tracker::server::tests::test_handle_req::{{closure}}::hb17a1861563b4f2e
[INFO] [stdout]                                at /opt/rustwide/workdir/src/tracker/server.rs:151:22
[INFO] [stdout]   22:     0x5c07eddb5016 - core::ops::function::FnOnce::call_once::h607e47d040c885dd
[INFO] [stdout]                                at /rustc/6067b36314ab5eb2eb47cecc464545ba58e1ad24/library/core/src/ops/function.rs:250:5
[INFO] [stdout]   23:     0x5c07ede468bb - core::ops::function::FnOnce::call_once::he27718dfdd183f43
[INFO] [stdout]                                at /rustc/6067b36314ab5eb2eb47cecc464545ba58e1ad24/library/core/src/ops/function.rs:250:5
[INFO] [stdout]   24:     0x5c07ede468bb - test::__rust_begin_short_backtrace::h4e84902998457a5d
[INFO] [stdout]                                at /rustc/6067b36314ab5eb2eb47cecc464545ba58e1ad24/library/test/src/lib.rs:632:18
[INFO] [stdout]   25:     0x5c07ede457f3 - test::run_test_in_process::{{closure}}::h7176fd18fc1feca0
[INFO] [stdout]                                at /rustc/6067b36314ab5eb2eb47cecc464545ba58e1ad24/library/test/src/lib.rs:655:60
[INFO] [stdout]   26:     0x5c07ede457f3 - <core::panic::unwind_safe::AssertUnwindSafe<F> as core::ops::function::FnOnce<()>>::call_once::hf79cff2a624d8cf7
[INFO] [stdout]                                at /rustc/6067b36314ab5eb2eb47cecc464545ba58e1ad24/library/core/src/panic/unwind_safe.rs:272:9
[INFO] [stdout]   27:     0x5c07ede457f3 - std::panicking::try::do_call::h3da0561d9ab99c25
[INFO] [stdout]                                at /rustc/6067b36314ab5eb2eb47cecc464545ba58e1ad24/library/std/src/panicking.rs:587:40
[INFO] [stdout]   28:     0x5c07ede457f3 - std::panicking::try::h41c9fa508bc61df6
[INFO] [stdout]                                at /rustc/6067b36314ab5eb2eb47cecc464545ba58e1ad24/library/std/src/panicking.rs:550:19
[INFO] [stdout]   29:     0x5c07ede457f3 - std::panic::catch_unwind::h6b3ff07bb5afad93
[INFO] [stdout]                                at /rustc/6067b36314ab5eb2eb47cecc464545ba58e1ad24/library/std/src/panic.rs:358:14
[INFO] [stdout]   30:     0x5c07ede457f3 - test::run_test_in_process::hc7253dd11b39b9f4
[INFO] [stdout]                                at /rustc/6067b36314ab5eb2eb47cecc464545ba58e1ad24/library/test/src/lib.rs:655:27
[INFO] [stdout]   31:     0x5c07ede457f3 - test::run_test::{{closure}}::hfb2007f8649c30bb
[INFO] [stdout]                                at /rustc/6067b36314ab5eb2eb47cecc464545ba58e1ad24/library/test/src/lib.rs:576:43
[INFO] [stdout]   32:     0x5c07ede088d5 - test::run_test::{{closure}}::h56a17aa7a282a9f4
[INFO] [stdout]                                at /rustc/6067b36314ab5eb2eb47cecc464545ba58e1ad24/library/test/src/lib.rs:606:41
[INFO] [stdout]   33:     0x5c07ede088d5 - std::sys::backtrace::__rust_begin_short_backtrace::hd2d2d2fb8e8c6aac
[INFO] [stdout]                                at /rustc/6067b36314ab5eb2eb47cecc464545ba58e1ad24/library/std/src/sys/backtrace.rs:152:18
[INFO] [stdout]   34:     0x5c07ede0c1ba - std::thread::Builder::spawn_unchecked_::{{closure}}::{{closure}}::h4faa3f9db6133423
[INFO] [stdout]                                at /rustc/6067b36314ab5eb2eb47cecc464545ba58e1ad24/library/std/src/thread/mod.rs:559:17
[INFO] [stdout]   35:     0x5c07ede0c1ba - <core::panic::unwind_safe::AssertUnwindSafe<F> as core::ops::function::FnOnce<()>>::call_once::hf2e855a36a4ea846
[INFO] [stdout]                                at /rustc/6067b36314ab5eb2eb47cecc464545ba58e1ad24/library/core/src/panic/unwind_safe.rs:272:9
[INFO] [stdout]   36:     0x5c07ede0c1ba - std::panicking::try::do_call::h2f73af3616c35465
[INFO] [stdout]                                at /rustc/6067b36314ab5eb2eb47cecc464545ba58e1ad24/library/std/src/panicking.rs:587:40
[INFO] [stdout]   37:     0x5c07ede0c1ba - std::panicking::try::hd1660ce9efadef5a
[INFO] [stdout]                                at /rustc/6067b36314ab5eb2eb47cecc464545ba58e1ad24/library/std/src/panicking.rs:550:19
[INFO] [stdout]   38:     0x5c07ede0c1ba - std::panic::catch_unwind::h5ee8d7823b8ca744
[INFO] [stdout]                                at /rustc/6067b36314ab5eb2eb47cecc464545ba58e1ad24/library/std/src/panic.rs:358:14
[INFO] [stdout]   39:     0x5c07ede0c1ba - std::thread::Builder::spawn_unchecked_::{{closure}}::h53c3a1894dce8407
[INFO] [stdout]                                at /rustc/6067b36314ab5eb2eb47cecc464545ba58e1ad24/library/std/src/thread/mod.rs:557:30
[INFO] [stdout]   40:     0x5c07ede0c1ba - core::ops::function::FnOnce::call_once{{vtable.shim}}::h048ce291ad4f62bf
[INFO] [stdout]                                at /rustc/6067b36314ab5eb2eb47cecc464545ba58e1ad24/library/core/src/ops/function.rs:250:5
[INFO] [stdout]   41:     0x5c07ede7dcbb - <alloc::boxed::Box<F,A> as core::ops::function::FnOnce<Args>>::call_once::ha52bedf99a3b4981
[INFO] [stdout]                                at /rustc/6067b36314ab5eb2eb47cecc464545ba58e1ad24/library/alloc/src/boxed.rs:2013:9
[INFO] [stdout]   42:     0x5c07ede7dcbb - <alloc::boxed::Box<F,A> as core::ops::function::FnOnce<Args>>::call_once::h567748934d80ccf8
[INFO] [stdout]                                at /rustc/6067b36314ab5eb2eb47cecc464545ba58e1ad24/library/alloc/src/boxed.rs:2013:9
[INFO] [stdout]   43:     0x5c07ede7dcbb - std::sys::pal::unix::thread::Thread::new::thread_start::h2d970728ae887adc
[INFO] [stdout]                                at /rustc/6067b36314ab5eb2eb47cecc464545ba58e1ad24/library/std/src/sys/pal/unix/thread.rs:106:17
[INFO] [stdout]   44:     0x7dc7981e2ac3 - <unknown>
[INFO] [stdout]   45:     0x7dc798273a04 - clone
[INFO] [stdout]   46:                0x0 - <unknown>
[INFO] [stdout] 
[INFO] [stdout] 
[INFO] [stdout] failures:
[INFO] [stdout]     tracker::server::tests::test_handle_req
[INFO] [stdout]     tracker::tracker_response::test::test_peer_into
[INFO] [stdout] 
[INFO] [stdout] test result: FAILED. 26 passed; 2 failed; 0 ignored; 0 measured; 0 filtered out; finished in 0.09s
[INFO] [stdout] 
[INFO] [stderr] error: test failed, to rerun pass `--bin parrot`
[INFO] running `Command { std: "docker" "inspect" "6a4d911f57a81b37c0ba3dbf42b3452e0673c451594e59937b84063880018069", kill_on_drop: false }`
[INFO] running `Command { std: "docker" "rm" "-f" "6a4d911f57a81b37c0ba3dbf42b3452e0673c451594e59937b84063880018069", kill_on_drop: false }`
[INFO] [stdout] 6a4d911f57a81b37c0ba3dbf42b3452e0673c451594e59937b84063880018069
