[INFO] cloning repository https://github.com/stslex/Cinematch
[INFO] running `Command { std: "git" "-c" "credential.helper=" "-c" "credential.helper=/workspace/cargo-home/bin/git-credential-null" "clone" "--bare" "https://github.com/stslex/Cinematch" "/workspace/cache/git-repos/https%3A%2F%2Fgithub.com%2Fstslex%2FCinematch", kill_on_drop: false }`
[INFO] [stderr] Cloning into bare repository '/workspace/cache/git-repos/https%3A%2F%2Fgithub.com%2Fstslex%2FCinematch'...
[INFO] running `Command { std: "git" "rev-parse" "HEAD", kill_on_drop: false }`
[INFO] [stdout] f0f9eb5b2d56eabd1d21f8636f21cbbf47200bcd
[INFO] testing stslex/Cinematch against nightly-2025-01-18+rustflags=-Zrandomize-layout for randomize-layout-2
[INFO] running `Command { std: "git" "clone" "/workspace/cache/git-repos/https%3A%2F%2Fgithub.com%2Fstslex%2FCinematch" "/workspace/builds/worker-3-tc2/source", kill_on_drop: false }`
[INFO] [stderr] Cloning into '/workspace/builds/worker-3-tc2/source'...
[INFO] [stderr] done.
[INFO] validating manifest of git repo https://github.com/stslex/Cinematch on toolchain nightly-2025-01-18
[INFO] running `Command { std: CARGO_HOME="/workspace/cargo-home" RUSTUP_HOME="/workspace/rustup-home" "/workspace/cargo-home/bin/cargo" "+nightly-2025-01-18" "metadata" "--manifest-path" "Cargo.toml" "--no-deps", kill_on_drop: false }`
[INFO] started tweaking git repo https://github.com/stslex/Cinematch
[INFO] finished tweaking git repo https://github.com/stslex/Cinematch
[INFO] tweaked toml for git repo https://github.com/stslex/Cinematch written to /workspace/builds/worker-3-tc2/source/Cargo.toml
[INFO] running `Command { std: CARGO_HOME="/workspace/cargo-home" RUSTUP_HOME="/workspace/rustup-home" "/workspace/cargo-home/bin/cargo" "+nightly-2025-01-18" "generate-lockfile" "--manifest-path" "Cargo.toml", kill_on_drop: false }`
[INFO] [stderr]     Updating crates.io index
[INFO] [stderr]      Locking 203 packages to latest compatible versions
[INFO] running `Command { std: CARGO_HOME="/workspace/cargo-home" RUSTUP_HOME="/workspace/rustup-home" "/workspace/cargo-home/bin/cargo" "+nightly-2025-01-18" "fetch" "--manifest-path" "Cargo.toml", kill_on_drop: false }`
[INFO] running `Command { std: "docker" "create" "-v" "/var/lib/crater-agent-workspace/builds/worker-3-tc2/target:/opt/rustwide/target:rw,Z" "-v" "/var/lib/crater-agent-workspace/builds/worker-3-tc2/source:/opt/rustwide/workdir:ro,Z" "-v" "/var/lib/crater-agent-workspace/cargo-home:/opt/rustwide/cargo-home:ro,Z" "-v" "/var/lib/crater-agent-workspace/rustup-home:/opt/rustwide/rustup-home:ro,Z" "-e" "SOURCE_DIR=/opt/rustwide/workdir" "-e" "CARGO_TARGET_DIR=/opt/rustwide/target" "-e" "CARGO_HOME=/opt/rustwide/cargo-home" "-e" "RUSTUP_HOME=/opt/rustwide/rustup-home" "-w" "/opt/rustwide/workdir" "-m" "1610612736" "--user" "0:0" "--network" "none" "ghcr.io/rust-lang/crates-build-env/linux@sha256:819108c5571ea2e421544af4d832f968d213c87fbe3707a016657f43d2f853bc" "/opt/rustwide/cargo-home/bin/cargo" "+nightly-2025-01-18" "metadata" "--no-deps" "--format-version=1", kill_on_drop: false }`
[INFO] [stdout] 56917075318faa678c62452ca279d0ceb7e4b956dca700a6d8e0d363869ba4ef
[INFO] running `Command { std: "docker" "start" "-a" "56917075318faa678c62452ca279d0ceb7e4b956dca700a6d8e0d363869ba4ef", kill_on_drop: false }`
[INFO] running `Command { std: "docker" "inspect" "56917075318faa678c62452ca279d0ceb7e4b956dca700a6d8e0d363869ba4ef", kill_on_drop: false }`
[INFO] running `Command { std: "docker" "rm" "-f" "56917075318faa678c62452ca279d0ceb7e4b956dca700a6d8e0d363869ba4ef", kill_on_drop: false }`
[INFO] [stdout] 56917075318faa678c62452ca279d0ceb7e4b956dca700a6d8e0d363869ba4ef
[INFO] running `Command { std: "docker" "create" "-v" "/var/lib/crater-agent-workspace/builds/worker-3-tc2/target:/opt/rustwide/target:rw,Z" "-v" "/var/lib/crater-agent-workspace/builds/worker-3-tc2/source:/opt/rustwide/workdir:ro,Z" "-v" "/var/lib/crater-agent-workspace/cargo-home:/opt/rustwide/cargo-home:ro,Z" "-v" "/var/lib/crater-agent-workspace/rustup-home:/opt/rustwide/rustup-home:ro,Z" "-e" "SOURCE_DIR=/opt/rustwide/workdir" "-e" "CARGO_TARGET_DIR=/opt/rustwide/target" "-e" "CARGO_INCREMENTAL=0" "-e" "RUST_BACKTRACE=full" "-e" "RUSTFLAGS=--cap-lints=forbid -Zrandomize-layout" "-e" "RUSTDOCFLAGS=--cap-lints=forbid" "-e" "CARGO_HOME=/opt/rustwide/cargo-home" "-e" "RUSTUP_HOME=/opt/rustwide/rustup-home" "-w" "/opt/rustwide/workdir" "-m" "1610612736" "--user" "0:0" "--network" "none" "ghcr.io/rust-lang/crates-build-env/linux@sha256:819108c5571ea2e421544af4d832f968d213c87fbe3707a016657f43d2f853bc" "/opt/rustwide/cargo-home/bin/cargo" "+nightly-2025-01-18" "build" "--frozen" "--message-format=json", kill_on_drop: false }`
[INFO] [stdout] a68d0d16a9e9c8277c5d845d19b90d08151ed9fc36946a2d51cd6ca869fba6fe
[INFO] running `Command { std: "docker" "start" "-a" "a68d0d16a9e9c8277c5d845d19b90d08151ed9fc36946a2d51cd6ca869fba6fe", kill_on_drop: false }`
[INFO] [stderr]    Compiling proc-macro2 v1.0.93
[INFO] [stderr]    Compiling unicode-ident v1.0.14
[INFO] [stderr]    Compiling libc v0.2.169
[INFO] [stderr]    Compiling autocfg v1.4.0
[INFO] [stderr]    Compiling smallvec v1.13.2
[INFO] [stderr]    Compiling pin-project-lite v0.2.16
[INFO] [stderr]    Compiling log v0.4.25
[INFO] [stderr]    Compiling serde v1.0.217
[INFO] [stderr]    Compiling parking_lot_core v0.9.10
[INFO] [stderr]    Compiling shlex v1.3.0
[INFO] [stderr]    Compiling pkg-config v0.3.31
[INFO] [stderr]    Compiling version_check v0.9.5
[INFO] [stderr]    Compiling stable_deref_trait v1.2.0
[INFO] [stderr]    Compiling bytes v1.9.0
[INFO] [stderr]    Compiling once_cell v1.20.2
[INFO] [stderr]    Compiling fnv v1.0.7
[INFO] [stderr]    Compiling futures-core v0.3.31
[INFO] [stderr]    Compiling itoa v1.0.14
[INFO] [stderr]    Compiling memchr v2.7.4
[INFO] [stderr]    Compiling vcpkg v0.2.15
[INFO] [stderr]    Compiling equivalent v1.0.1
[INFO] [stderr]    Compiling hashbrown v0.15.2
[INFO] [stderr]    Compiling writeable v0.5.5
[INFO] [stderr]    Compiling litemap v0.7.4
[INFO] [stderr]    Compiling bitflags v2.8.0
[INFO] [stderr]    Compiling tracing-core v0.1.33
[INFO] [stderr]    Compiling futures-sink v0.3.31
[INFO] [stderr]    Compiling icu_locid_transform_data v1.5.0
[INFO] [stderr]    Compiling ident_case v1.0.1
[INFO] [stderr]    Compiling paste v1.0.15
[INFO] [stderr]    Compiling strsim v0.11.1
[INFO] [stderr]    Compiling generic-array v0.14.7
[INFO] [stderr]    Compiling regex-syntax v0.8.5
[INFO] [stderr]    Compiling foreign-types-shared v0.1.1
[INFO] [stderr]    Compiling openssl v0.10.68
[INFO] [stderr]    Compiling local-waker v0.1.4
[INFO] [stderr]    Compiling icu_properties_data v1.5.0
[INFO] [stderr]    Compiling lock_api v0.4.12
[INFO] [stderr]    Compiling tracing v0.1.41
[INFO] [stderr]    Compiling indexmap v2.7.1
[INFO] [stderr]    Compiling aho-corasick v1.1.3
[INFO] [stderr]    Compiling slab v0.4.9
[INFO] [stderr]    Compiling quote v1.0.38
[INFO] [stderr]    Compiling foreign-types v0.3.2
[INFO] [stderr]    Compiling zstd-safe v7.2.1
[INFO] [stderr]    Compiling write16 v1.0.0
[INFO] [stderr]    Compiling icu_normalizer_data v1.5.0
[INFO] [stderr]    Compiling winnow v0.6.24
[INFO] [stderr]    Compiling alloc-no-stdlib v2.0.4
[INFO] [stderr]    Compiling futures-task v0.3.31
[INFO] [stderr]    Compiling utf8_iter v1.0.4
[INFO] [stderr]    Compiling tokio-openssl v0.6.5
[INFO] [stderr]    Compiling utf16_iter v1.0.5
[INFO] [stderr]    Compiling alloc-stdlib v0.2.2
[INFO] [stderr]    Compiling syn v2.0.96
[INFO] [stderr]    Compiling actix-service v2.0.2
[INFO] [stderr]    Compiling futures-util v0.3.31
[INFO] [stderr]    Compiling actix-utils v3.0.1
[INFO] [stderr]    Compiling http v0.2.12
[INFO] [stderr]    Compiling ahash v0.8.11
[INFO] [stderr]    Compiling heck v0.5.0
[INFO] [stderr]    Compiling either v1.13.0
[INFO] [stderr]    Compiling adler2 v2.0.0
[INFO] [stderr]    Compiling block-buffer v0.10.4
[INFO] [stderr]    Compiling crypto-common v0.1.6
[INFO] [stderr]    Compiling num-conv v0.1.0
[INFO] [stderr]    Compiling pq-sys v0.6.3
[INFO] [stderr]    Compiling powerfmt v0.2.0
[INFO] [stderr]    Compiling httparse v1.9.5
[INFO] [stderr]    Compiling time-core v0.1.2
[INFO] [stderr]    Compiling regex-lite v0.1.6
[INFO] [stderr]    Compiling time-macros v0.2.19
[INFO] [stderr]    Compiling jobserver v0.1.32
[INFO] [stderr]    Compiling mio v1.0.3
[INFO] [stderr]    Compiling signal-hook-registry v1.4.2
[INFO] [stderr]    Compiling socket2 v0.5.8
[INFO] [stderr]    Compiling parking_lot v0.12.3
[INFO] [stderr]    Compiling cc v1.2.10
[INFO] [stderr]    Compiling getrandom v0.2.15
[INFO] [stderr]    Compiling bytestring v1.4.0
[INFO] [stderr]    Compiling tokio v1.43.0
[INFO] [stderr]    Compiling rand_core v0.6.4
[INFO] [stderr]    Compiling scheduled-thread-pool v0.2.7
[INFO] [stderr]    Compiling deranged v0.3.11
[INFO] [stderr]    Compiling digest v0.10.7
[INFO] [stderr]    Compiling miniz_oxide v0.8.3
[INFO] [stderr]    Compiling regex-automata v0.4.9
[INFO] [stderr]    Compiling brotli-decompressor v4.0.1
[INFO] [stderr]    Compiling form_urlencoded v1.2.1
[INFO] [stderr]    Compiling cookie v0.16.2
[INFO] [stderr]    Compiling crc32fast v1.4.2
[INFO] [stderr]    Compiling ryu v1.0.18
[INFO] [stderr]    Compiling convert_case v0.4.0
[INFO] [stderr]    Compiling serde_json v1.0.137
[INFO] [stderr]    Compiling utf8parse v0.2.2
[INFO] [stderr]    Compiling cpufeatures v0.2.16
[INFO] [stderr]    Compiling impl-more v0.1.9
[INFO] [stderr]    Compiling sha1 v0.10.6
[INFO] [stderr]    Compiling time v0.3.37
[INFO] [stderr]    Compiling anstyle-parse v0.2.6
[INFO] [stderr]    Compiling r2d2 v0.8.10
[INFO] [stderr]    Compiling flate2 v1.0.35
[INFO] [stderr]    Compiling local-channel v0.1.5
[INFO] [stderr]    Compiling encoding_rs v0.8.35
[INFO] [stderr]    Compiling anstyle v1.0.10
[INFO] [stderr]    Compiling is_terminal_polyfill v1.70.1
[INFO] [stderr]    Compiling base64 v0.22.1
[INFO] [stderr]    Compiling mime v0.3.17
[INFO] [stderr]    Compiling language-tags v0.3.2
[INFO] [stderr]    Compiling colorchoice v1.0.3
[INFO] [stderr]    Compiling brotli v6.0.0
[INFO] [stderr]    Compiling anstyle-query v1.1.2
[INFO] [stderr]    Compiling httpdate v1.0.3
[INFO] [stderr]    Compiling anstream v0.6.18
[INFO] [stderr]    Compiling humantime v2.1.0
[INFO] [stderr]    Compiling dotenvy v0.15.7
[INFO] [stderr]    Compiling openssl-sys v0.9.104
[INFO] [stderr]    Compiling zstd-sys v2.0.13+zstd.1.5.6
[INFO] [stderr]    Compiling regex v1.11.1
[INFO] [stderr]    Compiling env_filter v0.1.3
[INFO] [stderr]    Compiling env_logger v0.11.6
[INFO] [stderr]    Compiling synstructure v0.13.1
[INFO] [stderr]    Compiling darling_core v0.20.10
[INFO] [stderr]    Compiling diesel_table_macro_syntax v0.2.0
[INFO] [stderr]    Compiling serde_derive v1.0.217
[INFO] [stderr]    Compiling zerofrom-derive v0.1.5
[INFO] [stderr]    Compiling yoke-derive v0.7.5
[INFO] [stderr]    Compiling zerovec-derive v0.10.3
[INFO] [stderr]    Compiling displaydoc v0.2.5
[INFO] [stderr]    Compiling icu_provider_macros v1.5.0
[INFO] [stderr]    Compiling zerocopy-derive v0.7.35
[INFO] [stderr]    Compiling openssl-macros v0.1.1
[INFO] [stderr]    Compiling derive_more v0.99.18
[INFO] [stderr]    Compiling actix-macros v0.2.4
[INFO] [stderr]    Compiling tokio-util v0.7.13
[INFO] [stderr]    Compiling actix-rt v2.10.0
[INFO] [stderr]    Compiling actix-server v2.5.0
[INFO] [stderr]    Compiling actix-codec v0.5.2
[INFO] [stderr]    Compiling h2 v0.3.26
[INFO] [stderr]    Compiling zerocopy v0.7.35
[INFO] [stderr]    Compiling zstd v0.13.2
[INFO] [stderr]    Compiling ppv-lite86 v0.2.20
[INFO] [stderr]    Compiling darling_macro v0.20.10
[INFO] [stderr]    Compiling zerofrom v0.1.5
[INFO] [stderr]    Compiling rand_chacha v0.3.1
[INFO] [stderr]    Compiling yoke v0.7.5
[INFO] [stderr]    Compiling zerovec v0.10.4
[INFO] [stderr]    Compiling darling v0.20.10
[INFO] [stderr]    Compiling rand v0.8.5
[INFO] [stderr]    Compiling dsl_auto_type v0.1.2
[INFO] [stderr]    Compiling diesel_derives v2.2.3
[INFO] [stderr]    Compiling actix-tls v3.4.0
[INFO] [stderr]    Compiling tinystr v0.7.6
[INFO] [stderr]    Compiling icu_collections v1.5.0
[INFO] [stderr]    Compiling icu_locid v1.5.0
[INFO] [stderr]    Compiling icu_provider v1.5.0
[INFO] [stderr]    Compiling icu_locid_transform v1.5.0
[INFO] [stderr]    Compiling actix-http v3.9.0
[INFO] [stderr]    Compiling serde_spanned v0.6.8
[INFO] [stderr]    Compiling toml_datetime v0.6.8
[INFO] [stderr]    Compiling uuid v1.12.0
[INFO] [stderr]    Compiling actix-router v0.5.3
[INFO] [stderr]    Compiling serde_urlencoded v0.7.1
[INFO] [stderr]    Compiling toml_edit v0.22.22
[INFO] [stderr]    Compiling icu_properties v1.5.1
[INFO] [stderr]    Compiling actix-web-codegen v4.3.0
[INFO] [stderr]    Compiling diesel v2.2.6
[INFO] [stderr]    Compiling toml v0.8.19
[INFO] [stderr]    Compiling icu_normalizer v1.5.0
[INFO] [stderr]    Compiling migrations_internals v2.2.0
[INFO] [stderr]    Compiling idna_adapter v1.2.0
[INFO] [stderr]    Compiling migrations_macros v2.2.0
[INFO] [stderr]    Compiling idna v1.0.3
[INFO] [stderr]    Compiling url v2.5.4
[INFO] [stderr]    Compiling actix-web v4.9.0
[INFO] [stderr]    Compiling diesel_migrations v2.2.0
[INFO] [stderr]    Compiling cinematch v0.1.0 (/opt/rustwide/workdir)
[INFO] [stdout] warning: variant `USER_ALREADY_EXISTS` should have an upper camel case name
[INFO] [stdout]   --> src/repository/auth/model.rs:21:5
[INFO] [stdout]    |
[INFO] [stdout] 21 |     USER_ALREADY_EXISTS,
[INFO] [stdout]    |     ^^^^^^^^^^^^^^^^^^^ help: convert the identifier to upper camel case: `UserAlreadyExists`
[INFO] [stdout]    |
[INFO] [stdout]    = note: `#[warn(non_camel_case_types)]` on by default
[INFO] [stdout] 
[INFO] [stdout] 
[INFO] [stdout] warning: variant `INTERNAL_SERVER_ERROR` should have an upper camel case name
[INFO] [stdout]   --> src/repository/auth/model.rs:22:5
[INFO] [stdout]    |
[INFO] [stdout] 22 |     INTERNAL_SERVER_ERROR,
[INFO] [stdout]    |     ^^^^^^^^^^^^^^^^^^^^^ help: convert the identifier to upper camel case: `InternalServerError`
[INFO] [stdout] 
[INFO] [stdout] 
[INFO] [stdout] warning: variant `BLOCKING_ERROR` should have an upper camel case name
[INFO] [stdout]   --> src/repository/auth/model.rs:23:5
[INFO] [stdout]    |
[INFO] [stdout] 23 |     BLOCKING_ERROR,
[INFO] [stdout]    |     ^^^^^^^^^^^^^^ help: convert the identifier to upper camel case: `BlockingError`
[INFO] [stdout] 
[INFO] [stdout] 
[INFO] [stdout] warning: unused variable: `pool`
[INFO] [stdout]   --> src/routes/auth/login.rs:14:5
[INFO] [stdout]    |
[INFO] [stdout] 14 |     pool: web::Data<DbPool>,
[INFO] [stdout]    |     ^^^^ help: if this is intentional, prefix it with an underscore: `_pool`
[INFO] [stdout]    |
[INFO] [stdout]    = note: `#[warn(unused_variables)]` on by default
[INFO] [stdout] 
[INFO] [stdout] 
[INFO] [stdout] warning: method `bind_server_ssl` is never used
[INFO] [stdout]   --> src/config/mod.rs:16:8
[INFO] [stdout]    |
[INFO] [stdout] 15 | pub trait ServiceSertConfig {
[INFO] [stdout]    |           ----------------- method in this trait
[INFO] [stdout] 16 |     fn bind_server_ssl(self) -> Self;
[INFO] [stdout]    |        ^^^^^^^^^^^^^^^
[INFO] [stdout]    |
[INFO] [stdout]    = note: `#[warn(dead_code)]` on by default
[INFO] [stdout] 
[INFO] [stdout] 
[INFO] [stdout] warning: methods `get_user`, `get_user_by_login`, and `get_user_by_username` are never used
[INFO] [stdout]   --> src/database/user/mod.rs:11:8
[INFO] [stdout]    |
[INFO] [stdout] 9  | pub trait UserDatabase {
[INFO] [stdout]    |           ------------ methods in this trait
[INFO] [stdout] 10 |     fn create_user(self, user: UserCreateEntity) -> Result<UserEntity, ErrorResponseDb>;
[INFO] [stdout] 11 |     fn get_user(self, uuid: Uuid) -> Result<UserEntity, ErrorResponseDb>;
[INFO] [stdout]    |        ^^^^^^^^
[INFO] [stdout] 12 |     fn get_user_by_login(self, login: String) -> Result<UserEntity, ErrorResponseDb>;
[INFO] [stdout]    |        ^^^^^^^^^^^^^^^^^
[INFO] [stdout] 13 |     fn get_user_by_username(self, username: String) -> Result<UserEntity, ErrorResponseDb>;
[INFO] [stdout]    |        ^^^^^^^^^^^^^^^^^^^^
[INFO] [stdout] 
[INFO] [stdout] 
[INFO] [stdout] warning: field `uuid` is never read
[INFO] [stdout]   --> src/repository/auth/model.rs:16:9
[INFO] [stdout]    |
[INFO] [stdout] 15 | pub struct UserResponseData {
[INFO] [stdout]    |            ---------------- field in this struct
[INFO] [stdout] 16 |     pub uuid: Uuid,
[INFO] [stdout]    |         ^^^^
[INFO] [stdout] 
[INFO] [stdout] 
[INFO] [stdout] warning: variant `USER_ALREADY_EXISTS` is never constructed
[INFO] [stdout]   --> src/repository/auth/model.rs:21:5
[INFO] [stdout]    |
[INFO] [stdout] 20 | pub enum ErrorResponseData {
[INFO] [stdout]    |          ----------------- variant in this enum
[INFO] [stdout] 21 |     USER_ALREADY_EXISTS,
[INFO] [stdout]    |     ^^^^^^^^^^^^^^^^^^^
[INFO] [stdout] 
[INFO] [stdout] 
[INFO] [stderr]     Finished `dev` profile [unoptimized + debuginfo] target(s) in 1m 08s
[INFO] running `Command { std: "docker" "inspect" "a68d0d16a9e9c8277c5d845d19b90d08151ed9fc36946a2d51cd6ca869fba6fe", kill_on_drop: false }`
[INFO] running `Command { std: "docker" "rm" "-f" "a68d0d16a9e9c8277c5d845d19b90d08151ed9fc36946a2d51cd6ca869fba6fe", kill_on_drop: false }`
[INFO] [stdout] a68d0d16a9e9c8277c5d845d19b90d08151ed9fc36946a2d51cd6ca869fba6fe
[INFO] running `Command { std: "docker" "create" "-v" "/var/lib/crater-agent-workspace/builds/worker-3-tc2/target:/opt/rustwide/target:rw,Z" "-v" "/var/lib/crater-agent-workspace/builds/worker-3-tc2/source:/opt/rustwide/workdir:ro,Z" "-v" "/var/lib/crater-agent-workspace/cargo-home:/opt/rustwide/cargo-home:ro,Z" "-v" "/var/lib/crater-agent-workspace/rustup-home:/opt/rustwide/rustup-home:ro,Z" "-e" "SOURCE_DIR=/opt/rustwide/workdir" "-e" "CARGO_TARGET_DIR=/opt/rustwide/target" "-e" "CARGO_INCREMENTAL=0" "-e" "RUST_BACKTRACE=full" "-e" "RUSTFLAGS=--cap-lints=forbid -Zrandomize-layout" "-e" "RUSTDOCFLAGS=--cap-lints=forbid" "-e" "CARGO_HOME=/opt/rustwide/cargo-home" "-e" "RUSTUP_HOME=/opt/rustwide/rustup-home" "-w" "/opt/rustwide/workdir" "-m" "1610612736" "--user" "0:0" "--network" "none" "ghcr.io/rust-lang/crates-build-env/linux@sha256:819108c5571ea2e421544af4d832f968d213c87fbe3707a016657f43d2f853bc" "/opt/rustwide/cargo-home/bin/cargo" "+nightly-2025-01-18" "test" "--frozen" "--no-run" "--message-format=json", kill_on_drop: false }`
[INFO] [stdout] 4a42752c7fad85345dde33dc5528f5f561ffef23555c70b4e4c2faa56756f917
[INFO] running `Command { std: "docker" "start" "-a" "4a42752c7fad85345dde33dc5528f5f561ffef23555c70b4e4c2faa56756f917", kill_on_drop: false }`
[INFO] [stderr]    Compiling cinematch v0.1.0 (/opt/rustwide/workdir)
[INFO] [stdout] warning: variant `USER_ALREADY_EXISTS` should have an upper camel case name
[INFO] [stdout]   --> src/repository/auth/model.rs:21:5
[INFO] [stdout]    |
[INFO] [stdout] 21 |     USER_ALREADY_EXISTS,
[INFO] [stdout]    |     ^^^^^^^^^^^^^^^^^^^ help: convert the identifier to upper camel case: `UserAlreadyExists`
[INFO] [stdout]    |
[INFO] [stdout]    = note: `#[warn(non_camel_case_types)]` on by default
[INFO] [stdout] 
[INFO] [stdout] 
[INFO] [stdout] warning: variant `INTERNAL_SERVER_ERROR` should have an upper camel case name
[INFO] [stdout]   --> src/repository/auth/model.rs:22:5
[INFO] [stdout]    |
[INFO] [stdout] 22 |     INTERNAL_SERVER_ERROR,
[INFO] [stdout]    |     ^^^^^^^^^^^^^^^^^^^^^ help: convert the identifier to upper camel case: `InternalServerError`
[INFO] [stdout] 
[INFO] [stdout] 
[INFO] [stdout] warning: variant `BLOCKING_ERROR` should have an upper camel case name
[INFO] [stdout]   --> src/repository/auth/model.rs:23:5
[INFO] [stdout]    |
[INFO] [stdout] 23 |     BLOCKING_ERROR,
[INFO] [stdout]    |     ^^^^^^^^^^^^^^ help: convert the identifier to upper camel case: `BlockingError`
[INFO] [stdout] 
[INFO] [stdout] 
[INFO] [stdout] warning: unused variable: `pool`
[INFO] [stdout]   --> src/routes/auth/login.rs:14:5
[INFO] [stdout]    |
[INFO] [stdout] 14 |     pool: web::Data<DbPool>,
[INFO] [stdout]    |     ^^^^ help: if this is intentional, prefix it with an underscore: `_pool`
[INFO] [stdout]    |
[INFO] [stdout]    = note: `#[warn(unused_variables)]` on by default
[INFO] [stdout] 
[INFO] [stdout] 
[INFO] [stdout] warning: method `bind_server_ssl` is never used
[INFO] [stdout]   --> src/config/mod.rs:16:8
[INFO] [stdout]    |
[INFO] [stdout] 15 | pub trait ServiceSertConfig {
[INFO] [stdout]    |           ----------------- method in this trait
[INFO] [stdout] 16 |     fn bind_server_ssl(self) -> Self;
[INFO] [stdout]    |        ^^^^^^^^^^^^^^^
[INFO] [stdout]    |
[INFO] [stdout]    = note: `#[warn(dead_code)]` on by default
[INFO] [stdout] 
[INFO] [stdout] 
[INFO] [stdout] warning: methods `get_user`, `get_user_by_login`, and `get_user_by_username` are never used
[INFO] [stdout]   --> src/database/user/mod.rs:11:8
[INFO] [stdout]    |
[INFO] [stdout] 9  | pub trait UserDatabase {
[INFO] [stdout]    |           ------------ methods in this trait
[INFO] [stdout] 10 |     fn create_user(self, user: UserCreateEntity) -> Result<UserEntity, ErrorResponseDb>;
[INFO] [stdout] 11 |     fn get_user(self, uuid: Uuid) -> Result<UserEntity, ErrorResponseDb>;
[INFO] [stdout]    |        ^^^^^^^^
[INFO] [stdout] 12 |     fn get_user_by_login(self, login: String) -> Result<UserEntity, ErrorResponseDb>;
[INFO] [stdout]    |        ^^^^^^^^^^^^^^^^^
[INFO] [stdout] 13 |     fn get_user_by_username(self, username: String) -> Result<UserEntity, ErrorResponseDb>;
[INFO] [stdout]    |        ^^^^^^^^^^^^^^^^^^^^
[INFO] [stdout] 
[INFO] [stdout] 
[INFO] [stdout] warning: field `uuid` is never read
[INFO] [stdout]   --> src/repository/auth/model.rs:16:9
[INFO] [stdout]    |
[INFO] [stdout] 15 | pub struct UserResponseData {
[INFO] [stdout]    |            ---------------- field in this struct
[INFO] [stdout] 16 |     pub uuid: Uuid,
[INFO] [stdout]    |         ^^^^
[INFO] [stdout] 
[INFO] [stdout] 
[INFO] [stdout] warning: variant `USER_ALREADY_EXISTS` is never constructed
[INFO] [stdout]   --> src/repository/auth/model.rs:21:5
[INFO] [stdout]    |
[INFO] [stdout] 20 | pub enum ErrorResponseData {
[INFO] [stdout]    |          ----------------- variant in this enum
[INFO] [stdout] 21 |     USER_ALREADY_EXISTS,
[INFO] [stdout]    |     ^^^^^^^^^^^^^^^^^^^
[INFO] [stdout] 
[INFO] [stdout] 
[INFO] [stderr]     Finished `test` profile [unoptimized + debuginfo] target(s) in 4.01s
[INFO] running `Command { std: "docker" "inspect" "4a42752c7fad85345dde33dc5528f5f561ffef23555c70b4e4c2faa56756f917", kill_on_drop: false }`
[INFO] running `Command { std: "docker" "rm" "-f" "4a42752c7fad85345dde33dc5528f5f561ffef23555c70b4e4c2faa56756f917", kill_on_drop: false }`
[INFO] [stdout] 4a42752c7fad85345dde33dc5528f5f561ffef23555c70b4e4c2faa56756f917
[INFO] running `Command { std: "docker" "create" "-v" "/var/lib/crater-agent-workspace/builds/worker-3-tc2/target:/opt/rustwide/target:rw,Z" "-v" "/var/lib/crater-agent-workspace/builds/worker-3-tc2/source:/opt/rustwide/workdir:ro,Z" "-v" "/var/lib/crater-agent-workspace/cargo-home:/opt/rustwide/cargo-home:ro,Z" "-v" "/var/lib/crater-agent-workspace/rustup-home:/opt/rustwide/rustup-home:ro,Z" "-e" "SOURCE_DIR=/opt/rustwide/workdir" "-e" "CARGO_TARGET_DIR=/opt/rustwide/target" "-e" "CARGO_INCREMENTAL=0" "-e" "RUST_BACKTRACE=full" "-e" "RUSTFLAGS=--cap-lints=forbid -Zrandomize-layout" "-e" "RUSTDOCFLAGS=--cap-lints=forbid" "-e" "CARGO_HOME=/opt/rustwide/cargo-home" "-e" "RUSTUP_HOME=/opt/rustwide/rustup-home" "-w" "/opt/rustwide/workdir" "-m" "1610612736" "--user" "0:0" "--network" "none" "ghcr.io/rust-lang/crates-build-env/linux@sha256:819108c5571ea2e421544af4d832f968d213c87fbe3707a016657f43d2f853bc" "/opt/rustwide/cargo-home/bin/cargo" "+nightly-2025-01-18" "test" "--frozen", kill_on_drop: false }`
[INFO] [stdout] c2c1d144bf6dfcdf479087101622be83ef97973c083fa3d563171af8831716a9
[INFO] running `Command { std: "docker" "start" "-a" "c2c1d144bf6dfcdf479087101622be83ef97973c083fa3d563171af8831716a9", kill_on_drop: false }`
[INFO] [stderr] warning: variant `USER_ALREADY_EXISTS` should have an upper camel case name
[INFO] [stderr]   --> src/repository/auth/model.rs:21:5
[INFO] [stderr]    |
[INFO] [stderr] 21 |     USER_ALREADY_EXISTS,
[INFO] [stderr]    |     ^^^^^^^^^^^^^^^^^^^ help: convert the identifier to upper camel case: `UserAlreadyExists`
[INFO] [stderr]    |
[INFO] [stderr]    = note: `#[warn(non_camel_case_types)]` on by default
[INFO] [stderr] 
[INFO] [stderr] warning: variant `INTERNAL_SERVER_ERROR` should have an upper camel case name
[INFO] [stderr]   --> src/repository/auth/model.rs:22:5
[INFO] [stderr]    |
[INFO] [stderr] 22 |     INTERNAL_SERVER_ERROR,
[INFO] [stderr]    |     ^^^^^^^^^^^^^^^^^^^^^ help: convert the identifier to upper camel case: `InternalServerError`
[INFO] [stderr] 
[INFO] [stderr] warning: variant `BLOCKING_ERROR` should have an upper camel case name
[INFO] [stderr]   --> src/repository/auth/model.rs:23:5
[INFO] [stderr]    |
[INFO] [stderr] 23 |     BLOCKING_ERROR,
[INFO] [stderr]    |     ^^^^^^^^^^^^^^ help: convert the identifier to upper camel case: `BlockingError`
[INFO] [stderr] 
[INFO] [stderr] warning: unused variable: `pool`
[INFO] [stderr]   --> src/routes/auth/login.rs:14:5
[INFO] [stderr]    |
[INFO] [stderr] 14 |     pool: web::Data<DbPool>,
[INFO] [stderr]    |     ^^^^ help: if this is intentional, prefix it with an underscore: `_pool`
[INFO] [stderr]    |
[INFO] [stderr]    = note: `#[warn(unused_variables)]` on by default
[INFO] [stderr] 
[INFO] [stderr] warning: method `bind_server_ssl` is never used
[INFO] [stderr]   --> src/config/mod.rs:16:8
[INFO] [stderr]    |
[INFO] [stderr] 15 | pub trait ServiceSertConfig {
[INFO] [stderr]    |           ----------------- method in this trait
[INFO] [stderr] 16 |     fn bind_server_ssl(self) -> Self;
[INFO] [stderr]    |        ^^^^^^^^^^^^^^^
[INFO] [stderr]    |
[INFO] [stderr]    = note: `#[warn(dead_code)]` on by default
[INFO] [stderr] 
[INFO] [stderr] warning: methods `get_user`, `get_user_by_login`, and `get_user_by_username` are never used
[INFO] [stderr]   --> src/database/user/mod.rs:11:8
[INFO] [stderr]    |
[INFO] [stderr] 9  | pub trait UserDatabase {
[INFO] [stderr]    |           ------------ methods in this trait
[INFO] [stderr] 10 |     fn create_user(self, user: UserCreateEntity) -> Result<UserEntity, ErrorResponseDb>;
[INFO] [stderr] 11 |     fn get_user(self, uuid: Uuid) -> Result<UserEntity, ErrorResponseDb>;
[INFO] [stderr]    |        ^^^^^^^^
[INFO] [stderr] 12 |     fn get_user_by_login(self, login: String) -> Result<UserEntity, ErrorResponseDb>;
[INFO] [stderr]    |        ^^^^^^^^^^^^^^^^^
[INFO] [stderr] 13 |     fn get_user_by_username(self, username: String) -> Result<UserEntity, ErrorResponseDb>;
[INFO] [stderr]    |        ^^^^^^^^^^^^^^^^^^^^
[INFO] [stderr] 
[INFO] [stderr] warning: field `uuid` is never read
[INFO] [stderr]   --> src/repository/auth/model.rs:16:9
[INFO] [stderr]    |
[INFO] [stderr] 15 | pub struct UserResponseData {
[INFO] [stderr]    |            ---------------- field in this struct
[INFO] [stderr] 16 |     pub uuid: Uuid,
[INFO] [stderr]    |         ^^^^
[INFO] [stderr] 
[INFO] [stderr] warning: variant `USER_ALREADY_EXISTS` is never constructed
[INFO] [stderr]   --> src/repository/auth/model.rs:21:5
[INFO] [stderr]    |
[INFO] [stderr] 20 | pub enum ErrorResponseData {
[INFO] [stderr]    |          ----------------- variant in this enum
[INFO] [stderr] 21 |     USER_ALREADY_EXISTS,
[INFO] [stderr]    |     ^^^^^^^^^^^^^^^^^^^
[INFO] [stderr] 
[INFO] [stderr] warning: `cinematch` (bin "cinematch" test) generated 8 warnings
[INFO] [stderr]     Finished `test` profile [unoptimized + debuginfo] target(s) in 0.21s
[INFO] [stderr]      Running unittests src/main.rs (/opt/rustwide/target/debug/deps/cinematch-6108e407e7183dd3)
[INFO] [stdout] 
[INFO] [stdout] running 9 tests
[INFO] [stdout] test routes::auth::tests::login::tests::login_empty_password ... FAILED
[INFO] [stdout] test routes::auth::tests::registration::tests::registration_parce_error ... FAILED
[INFO] [stdout] test routes::auth::tests::registration::tests::registration_empty_username ... FAILED
[INFO] [stdout] test routes::auth::tests::login::tests::login_empty_login ... FAILED
[INFO] [stdout] test routes::auth::tests::registration::tests::registration_success ... FAILED
[INFO] [stdout] test routes::auth::tests::login::tests::login_parce_error ... FAILED
[INFO] [stdout] test routes::auth::tests::registration::tests::registration_empty_password ... FAILED
[INFO] [stdout] test routes::auth::tests::registration::tests::registration_empty_login ... FAILED
[INFO] [stdout] test routes::auth::tests::login::tests::login_success ... FAILED
[INFO] [stdout] 
[INFO] [stdout] failures:
[INFO] [stdout] 
[INFO] [stdout] ---- routes::auth::tests::login::tests::login_empty_password stdout ----
[INFO] [stdout] 
[INFO] [stdout] thread 'routes::auth::tests::login::tests::login_empty_password' panicked at src/config/database/pool.rs:25:10:
[INFO] [stdout] database URL should be valid path to SQLite DB file: Error(Some("connection to server at \"localhost\" (::1), port 5432 failed: Connection refused\n\tIs the server running on that host and accepting TCP/IP connections?\nconnection to server at \"localhost\" (127.0.0.1), port 5432 failed: Connection refused\n\tIs the server running on that host and accepting TCP/IP connections?\n"))
[INFO] [stdout] stack backtrace:
[INFO] [stdout]    0:     0x648b5b13606a - std::backtrace_rs::backtrace::libunwind::trace::hb059275cfc8d6126
[INFO] [stdout]                                at /rustc/6067b36314ab5eb2eb47cecc464545ba58e1ad24/library/std/src/../../backtrace/src/backtrace/libunwind.rs:116:5
[INFO] [stdout]    1:     0x648b5b13606a - std::backtrace_rs::backtrace::trace_unsynchronized::h2da071e4327ce3ee
[INFO] [stdout]                                at /rustc/6067b36314ab5eb2eb47cecc464545ba58e1ad24/library/std/src/../../backtrace/src/backtrace/mod.rs:66:5
[INFO] [stdout]    2:     0x648b5b13606a - std::sys::backtrace::_print_fmt::h842a1474e6f8d23f
[INFO] [stdout]                                at /rustc/6067b36314ab5eb2eb47cecc464545ba58e1ad24/library/std/src/sys/backtrace.rs:66:9
[INFO] [stdout]    3:     0x648b5b13606a - <std::sys::backtrace::BacktraceLock::print::DisplayBacktrace as core::fmt::Display>::fmt::h71a62eb3b9696b12
[INFO] [stdout]                                at /rustc/6067b36314ab5eb2eb47cecc464545ba58e1ad24/library/std/src/sys/backtrace.rs:39:26
[INFO] [stdout]    4:     0x648b5b15fd63 - core::fmt::rt::Argument::fmt::hdb6b616786b41dc1
[INFO] [stdout]                                at /rustc/6067b36314ab5eb2eb47cecc464545ba58e1ad24/library/core/src/fmt/rt.rs:177:76
[INFO] [stdout]    5:     0x648b5b15fd63 - core::fmt::write::h2cc1698af7e2d686
[INFO] [stdout]                                at /rustc/6067b36314ab5eb2eb47cecc464545ba58e1ad24/library/core/src/fmt/mod.rs:1440:21
[INFO] [stdout]    6:     0x648b5b132a63 - std::io::Write::write_fmt::hab1b4cd059a79022
[INFO] [stdout]                                at /rustc/6067b36314ab5eb2eb47cecc464545ba58e1ad24/library/std/src/io/mod.rs:1887:15
[INFO] [stdout]    7:     0x648b5b135eb2 - std::sys::backtrace::BacktraceLock::print::h147fe35b4ea13b08
[INFO] [stdout]                                at /rustc/6067b36314ab5eb2eb47cecc464545ba58e1ad24/library/std/src/sys/backtrace.rs:42:9
[INFO] [stdout]    8:     0x648b5b13748f - std::panicking::default_hook::{{closure}}::hbd44223dbdc0d208
[INFO] [stdout]                                at /rustc/6067b36314ab5eb2eb47cecc464545ba58e1ad24/library/std/src/panicking.rs:298:22
[INFO] [stdout]    9:     0x648b5b1372a8 - std::panicking::default_hook::h20f81eb0576efcec
[INFO] [stdout]                                at /rustc/6067b36314ab5eb2eb47cecc464545ba58e1ad24/library/std/src/panicking.rs:322:9
[INFO] [stdout]   10:     0x648b5abc4d83 - <alloc::boxed::Box<F,A> as core::ops::function::Fn<Args>>::call::hdb53814c496a4d34
[INFO] [stdout]                                at /rustc/6067b36314ab5eb2eb47cecc464545ba58e1ad24/library/alloc/src/boxed.rs:2027:9
[INFO] [stdout]   11:     0x648b5abc4d83 - test::test_main::{{closure}}::hc0a4963c59427c24
[INFO] [stdout]                                at /rustc/6067b36314ab5eb2eb47cecc464545ba58e1ad24/library/test/src/lib.rs:134:21
[INFO] [stdout]   12:     0x648b5b137f83 - <alloc::boxed::Box<F,A> as core::ops::function::Fn<Args>>::call::h591b2225413a77e9
[INFO] [stdout]                                at /rustc/6067b36314ab5eb2eb47cecc464545ba58e1ad24/library/alloc/src/boxed.rs:2027:9
[INFO] [stdout]   13:     0x648b5b137f83 - std::panicking::rust_panic_with_hook::h625eea43051b2edc
[INFO] [stdout]                                at /rustc/6067b36314ab5eb2eb47cecc464545ba58e1ad24/library/std/src/panicking.rs:839:13
[INFO] [stdout]   14:     0x648b5b137c3a - std::panicking::begin_panic_handler::{{closure}}::h4f9159cfbc3f6bd3
[INFO] [stdout]                                at /rustc/6067b36314ab5eb2eb47cecc464545ba58e1ad24/library/std/src/panicking.rs:704:13
[INFO] [stdout]   15:     0x648b5b136569 - std::sys::backtrace::__rust_end_short_backtrace::h0390abce48353151
[INFO] [stdout]                                at /rustc/6067b36314ab5eb2eb47cecc464545ba58e1ad24/library/std/src/sys/backtrace.rs:168:18
[INFO] [stdout]   16:     0x648b5b1378cd - rust_begin_unwind
[INFO] [stdout]                                at /rustc/6067b36314ab5eb2eb47cecc464545ba58e1ad24/library/std/src/panicking.rs:695:5
[INFO] [stdout]   17:     0x648b5b15dab0 - core::panicking::panic_fmt::h9e7c637e9e5f29c9
[INFO] [stdout]                                at /rustc/6067b36314ab5eb2eb47cecc464545ba58e1ad24/library/core/src/panicking.rs:75:14
[INFO] [stdout]   18:     0x648b5b15df26 - core::result::unwrap_failed::h7979f09313fe1849
[INFO] [stdout]                                at /rustc/6067b36314ab5eb2eb47cecc464545ba58e1ad24/library/core/src/result.rs:1704:5
[INFO] [stdout]   19:     0x648b5ab4932a - core::result::Result<T,E>::expect::h60c919fe40fba549
[INFO] [stdout]                                at /rustc/6067b36314ab5eb2eb47cecc464545ba58e1ad24/library/core/src/result.rs:1061:23
[INFO] [stdout]   20:     0x648b5ab169fe - cinematch::config::database::pool::create_test_db_pool::h1211fbee11f3a12a
[INFO] [stdout]                                at /opt/rustwide/workdir/src/config/database/pool.rs:23:16
[INFO] [stdout]   21:     0x648b5ab08522 - cinematch::config::state::<impl cinematch::config::AppStateConfig for actix_web::app::App<T>>::bind_app_state_for_tests::h6208920bb2257334
[INFO] [stdout]                                at /opt/rustwide/workdir/src/config/state.rs:20:38
[INFO] [stdout]   22:     0x648b5ab60160 - cinematch::routes::auth::tests::login::tests::login_empty_password::{{closure}}::hf8862e6b68c8fb8f
[INFO] [stdout]                                at /opt/rustwide/workdir/src/routes/auth/tests/login.rs:87:19
[INFO] [stdout]   23:     0x648b5ab15807 - <tokio::task::local::RunUntil<T> as core::future::future::Future>::poll::{{closure}}::he67f701687d14a8d
[INFO] [stdout]                                at /opt/rustwide/cargo-home/registry/src/index.crates.io-1949cf8c6b5b557f/tokio-1.43.0/src/task/local.rs:1041:42
[INFO] [stdout]   24:     0x648b5ab101a4 - tokio::task::local::LocalSet::with::{{closure}}::h1fe5f03ba7b54754
[INFO] [stdout]                                at /opt/rustwide/cargo-home/registry/src/index.crates.io-1949cf8c6b5b557f/tokio-1.43.0/src/task/local.rs:793:13
[INFO] [stdout]   25:     0x648b5aaf02e5 - std::thread::local::LocalKey<T>::try_with::h729e1c6b2c8ddffc
[INFO] [stdout]                                at /rustc/6067b36314ab5eb2eb47cecc464545ba58e1ad24/library/std/src/thread/local.rs:308:12
[INFO] [stdout]   26:     0x648b5aaecdfa - std::thread::local::LocalKey<T>::with::h24fb4987ca5aaa97
[INFO] [stdout]                                at /rustc/6067b36314ab5eb2eb47cecc464545ba58e1ad24/library/std/src/thread/local.rs:272:9
[INFO] [stdout]   27:     0x648b5ab0fee6 - tokio::task::local::LocalSet::with::he6347607045ebc30
[INFO] [stdout]                                at /opt/rustwide/cargo-home/registry/src/index.crates.io-1949cf8c6b5b557f/tokio-1.43.0/src/task/local.rs:791:9
[INFO] [stdout]   28:     0x648b5ab14d45 - <tokio::task::local::RunUntil<T> as core::future::future::Future>::poll::hc259c5f368ed1a5a
[INFO] [stdout]                                at /opt/rustwide/cargo-home/registry/src/index.crates.io-1949cf8c6b5b557f/tokio-1.43.0/src/task/local.rs:1031:9
[INFO] [stdout]   29:     0x648b5ab10ef5 - tokio::task::local::LocalSet::run_until::{{closure}}::h19b248ecb087239e
[INFO] [stdout]                                at /opt/rustwide/cargo-home/registry/src/index.crates.io-1949cf8c6b5b557f/tokio-1.43.0/src/task/local.rs:689:19
[INFO] [stdout]   30:     0x648b5ab3509d - <core::pin::Pin<P> as core::future::future::Future>::poll::h4ce3d995596def34
[INFO] [stdout]                                at /rustc/6067b36314ab5eb2eb47cecc464545ba58e1ad24/library/core/src/future/future.rs:124:9
[INFO] [stdout]   31:     0x648b5aaec7af - tokio::runtime::scheduler::current_thread::CoreGuard::block_on::{{closure}}::{{closure}}::{{closure}}::h49439231685e5955
[INFO] [stdout]                                at /opt/rustwide/cargo-home/registry/src/index.crates.io-1949cf8c6b5b557f/tokio-1.43.0/src/runtime/scheduler/current_thread/mod.rs:729:57
[INFO] [stdout]   32:     0x648b5aaec3f5 - tokio::runtime::coop::with_budget::h9fa90fd9ba4a8c20
[INFO] [stdout]                                at /opt/rustwide/cargo-home/registry/src/index.crates.io-1949cf8c6b5b557f/tokio-1.43.0/src/runtime/coop.rs:107:5
[INFO] [stdout]   33:     0x648b5aaec3f5 - tokio::runtime::coop::budget::h9d8bd5326f4d5ee1
[INFO] [stdout]                                at /opt/rustwide/cargo-home/registry/src/index.crates.io-1949cf8c6b5b557f/tokio-1.43.0/src/runtime/coop.rs:73:5
[INFO] [stdout]   34:     0x648b5aaec3f5 - tokio::runtime::scheduler::current_thread::CoreGuard::block_on::{{closure}}::{{closure}}::he7bc2c7448d3151f
[INFO] [stdout]                                at /opt/rustwide/cargo-home/registry/src/index.crates.io-1949cf8c6b5b557f/tokio-1.43.0/src/runtime/scheduler/current_thread/mod.rs:729:25
[INFO] [stdout]   35:     0x648b5aad88c0 - tokio::runtime::scheduler::current_thread::Context::enter::hfcc816c464ff064e
[INFO] [stdout]                                at /opt/rustwide/cargo-home/registry/src/index.crates.io-1949cf8c6b5b557f/tokio-1.43.0/src/runtime/scheduler/current_thread/mod.rs:428:19
[INFO] [stdout]   36:     0x648b5aae175e - tokio::runtime::scheduler::current_thread::CoreGuard::block_on::{{closure}}::h0ce2d3a94f56b342
[INFO] [stdout]                                at /opt/rustwide/cargo-home/registry/src/index.crates.io-1949cf8c6b5b557f/tokio-1.43.0/src/runtime/scheduler/current_thread/mod.rs:728:36
[INFO] [stdout]   37:     0x648b5aae03d4 - tokio::runtime::scheduler::current_thread::CoreGuard::enter::{{closure}}::h300c1ad37d8dd643
[INFO] [stdout]                                at /opt/rustwide/cargo-home/registry/src/index.crates.io-1949cf8c6b5b557f/tokio-1.43.0/src/runtime/scheduler/current_thread/mod.rs:807:68
[INFO] [stdout]   38:     0x648b5ab82aab - tokio::runtime::context::scoped::Scoped<T>::set::haf86d32237a1802f
[INFO] [stdout]                                at /opt/rustwide/cargo-home/registry/src/index.crates.io-1949cf8c6b5b557f/tokio-1.43.0/src/runtime/context/scoped.rs:40:9
[INFO] [stdout]   39:     0x648b5ab583a9 - tokio::runtime::context::set_scheduler::{{closure}}::h9551fd9c1afe7c1f
[INFO] [stdout]                                at /opt/rustwide/cargo-home/registry/src/index.crates.io-1949cf8c6b5b557f/tokio-1.43.0/src/runtime/context.rs:180:26
[INFO] [stdout]   40:     0x648b5aaf1372 - std::thread::local::LocalKey<T>::try_with::h920b320be9fcc4d7
[INFO] [stdout]                                at /rustc/6067b36314ab5eb2eb47cecc464545ba58e1ad24/library/std/src/thread/local.rs:308:12
[INFO] [stdout]   41:     0x648b5aaed0ca - std::thread::local::LocalKey<T>::with::h616d280f3f158da1
[INFO] [stdout]                                at /rustc/6067b36314ab5eb2eb47cecc464545ba58e1ad24/library/std/src/thread/local.rs:272:9
[INFO] [stdout]   42:     0x648b5ab57d5d - tokio::runtime::context::set_scheduler::h0fb1e23510d74916
[INFO] [stdout]                                at /opt/rustwide/cargo-home/registry/src/index.crates.io-1949cf8c6b5b557f/tokio-1.43.0/src/runtime/context.rs:180:9
[INFO] [stdout]   43:     0x648b5aadf0e0 - tokio::runtime::scheduler::current_thread::CoreGuard::enter::hd53c4b50496d6249
[INFO] [stdout]                                at /opt/rustwide/cargo-home/registry/src/index.crates.io-1949cf8c6b5b557f/tokio-1.43.0/src/runtime/scheduler/current_thread/mod.rs:807:27
[INFO] [stdout]   44:     0x648b5aae08f3 - tokio::runtime::scheduler::current_thread::CoreGuard::block_on::h7470a9d4f0c21330
[INFO] [stdout]                                at /opt/rustwide/cargo-home/registry/src/index.crates.io-1949cf8c6b5b557f/tokio-1.43.0/src/runtime/scheduler/current_thread/mod.rs:716:19
[INFO] [stdout]   45:     0x648b5aacd05d - tokio::runtime::scheduler::current_thread::CurrentThread::block_on::{{closure}}::h33d659200a76955c
[INFO] [stdout]                                at /opt/rustwide/cargo-home/registry/src/index.crates.io-1949cf8c6b5b557f/tokio-1.43.0/src/runtime/scheduler/current_thread/mod.rs:196:28
[INFO] [stdout]   46:     0x648b5ab839f7 - tokio::runtime::context::runtime::enter_runtime::h511dc121ed616b7a
[INFO] [stdout]                                at /opt/rustwide/cargo-home/registry/src/index.crates.io-1949cf8c6b5b557f/tokio-1.43.0/src/runtime/context/runtime.rs:65:16
[INFO] [stdout]   47:     0x648b5aacb4c6 - tokio::runtime::scheduler::current_thread::CurrentThread::block_on::h356741593c1bbe83
[INFO] [stdout]                                at /opt/rustwide/cargo-home/registry/src/index.crates.io-1949cf8c6b5b557f/tokio-1.43.0/src/runtime/scheduler/current_thread/mod.rs:184:9
[INFO] [stdout]   48:     0x648b5ab87324 - tokio::runtime::runtime::Runtime::block_on_inner::h14091663931e92ed
[INFO] [stdout]                                at /opt/rustwide/cargo-home/registry/src/index.crates.io-1949cf8c6b5b557f/tokio-1.43.0/src/runtime/runtime.rs:368:47
[INFO] [stdout]   49:     0x648b5ab88bbf - tokio::runtime::runtime::Runtime::block_on::h2551558d60490279
[INFO] [stdout]                                at /opt/rustwide/cargo-home/registry/src/index.crates.io-1949cf8c6b5b557f/tokio-1.43.0/src/runtime/runtime.rs:342:13
[INFO] [stdout]   50:     0x648b5ab10833 - tokio::task::local::LocalSet::block_on::h3d378b1a683dc46a
[INFO] [stdout]                                at /opt/rustwide/cargo-home/registry/src/index.crates.io-1949cf8c6b5b557f/tokio-1.43.0/src/task/local.rs:646:9
[INFO] [stdout]   51:     0x648b5ab4eefa - actix_rt::runtime::Runtime::block_on::h932ddb23fa8a6604
[INFO] [stdout]                                at /opt/rustwide/cargo-home/registry/src/index.crates.io-1949cf8c6b5b557f/actix-rt-2.10.0/src/runtime.rs:138:9
[INFO] [stdout]   52:     0x648b5ab5b76e - actix_rt::system::SystemRunner::block_on::hcc05d8b9dc63bdb4
[INFO] [stdout]                                at /opt/rustwide/cargo-home/registry/src/index.crates.io-1949cf8c6b5b557f/actix-rt-2.10.0/src/system.rs:244:9
[INFO] [stdout]   53:     0x648b5ab5ffd8 - cinematch::routes::auth::tests::login::tests::login_empty_password::h9f57a14ad9b67720
[INFO] [stdout]                                at /opt/rustwide/workdir/src/routes/auth/tests/login.rs:83:5
[INFO] [stdout]   54:     0x648b5ab5ff87 - cinematch::routes::auth::tests::login::tests::login_empty_password::{{closure}}::h9d51557206a27977
[INFO] [stdout]                                at /opt/rustwide/workdir/src/routes/auth/tests/login.rs:84:36
[INFO] [stdout]   55:     0x648b5aaf5596 - core::ops::function::FnOnce::call_once::hdde39fdf87f1563b
[INFO] [stdout]                                at /rustc/6067b36314ab5eb2eb47cecc464545ba58e1ad24/library/core/src/ops/function.rs:250:5
[INFO] [stdout]   56:     0x648b5abca4db - core::ops::function::FnOnce::call_once::he27718dfdd183f43
[INFO] [stdout]                                at /rustc/6067b36314ab5eb2eb47cecc464545ba58e1ad24/library/core/src/ops/function.rs:250:5
[INFO] [stdout]   57:     0x648b5abca4db - test::__rust_begin_short_backtrace::h4e84902998457a5d
[INFO] [stdout]                                at /rustc/6067b36314ab5eb2eb47cecc464545ba58e1ad24/library/test/src/lib.rs:632:18
[INFO] [stdout]   58:     0x648b5abc9413 - test::run_test_in_process::{{closure}}::h7176fd18fc1feca0
[INFO] [stdout]                                at /rustc/6067b36314ab5eb2eb47cecc464545ba58e1ad24/library/test/src/lib.rs:655:60
[INFO] [stdout]   59:     0x648b5abc9413 - <core::panic::unwind_safe::AssertUnwindSafe<F> as core::ops::function::FnOnce<()>>::call_once::hf79cff2a624d8cf7
[INFO] [stdout]                                at /rustc/6067b36314ab5eb2eb47cecc464545ba58e1ad24/library/core/src/panic/unwind_safe.rs:272:9
[INFO] [stdout]   60:     0x648b5abc9413 - std::panicking::try::do_call::h3da0561d9ab99c25
[INFO] [stdout]                                at /rustc/6067b36314ab5eb2eb47cecc464545ba58e1ad24/library/std/src/panicking.rs:587:40
[INFO] [stdout]   61:     0x648b5abc9413 - std::panicking::try::h41c9fa508bc61df6
[INFO] [stdout]                                at /rustc/6067b36314ab5eb2eb47cecc464545ba58e1ad24/library/std/src/panicking.rs:550:19
[INFO] [stdout]   62:     0x648b5abc9413 - std::panic::catch_unwind::h6b3ff07bb5afad93
[INFO] [stdout]                                at /rustc/6067b36314ab5eb2eb47cecc464545ba58e1ad24/library/std/src/panic.rs:358:14
[INFO] [stdout]   63:     0x648b5abc9413 - test::run_test_in_process::hc7253dd11b39b9f4
[INFO] [stdout]                                at /rustc/6067b36314ab5eb2eb47cecc464545ba58e1ad24/library/test/src/lib.rs:655:27
[INFO] [stdout]   64:     0x648b5abc9413 - test::run_test::{{closure}}::hfb2007f8649c30bb
[INFO] [stdout]                                at /rustc/6067b36314ab5eb2eb47cecc464545ba58e1ad24/library/test/src/lib.rs:576:43
[INFO] [stdout]   65:     0x648b5ab8c4f5 - test::run_test::{{closure}}::h56a17aa7a282a9f4
[INFO] [stdout]                                at /rustc/6067b36314ab5eb2eb47cecc464545ba58e1ad24/library/test/src/lib.rs:606:41
[INFO] [stdout]   66:     0x648b5ab8c4f5 - std::sys::backtrace::__rust_begin_short_backtrace::hd2d2d2fb8e8c6aac
[INFO] [stdout]                                at /rustc/6067b36314ab5eb2eb47cecc464545ba58e1ad24/library/std/src/sys/backtrace.rs:152:18
[INFO] [stdout]   67:     0x648b5ab8fdda - std::thread::Builder::spawn_unchecked_::{{closure}}::{{closure}}::h4faa3f9db6133423
[INFO] [stdout]                                at /rustc/6067b36314ab5eb2eb47cecc464545ba58e1ad24/library/std/src/thread/mod.rs:559:17
[INFO] [stdout]   68:     0x648b5ab8fdda - <core::panic::unwind_safe::AssertUnwindSafe<F> as core::ops::function::FnOnce<()>>::call_once::hf2e855a36a4ea846
[INFO] [stdout]                                at /rustc/6067b36314ab5eb2eb47cecc464545ba58e1ad24/library/core/src/panic/unwind_safe.rs:272:9
[INFO] [stdout]   69:     0x648b5ab8fdda - std::panicking::try::do_call::h2f73af3616c35465
[INFO] [stdout]                                at /rustc/6067b36314ab5eb2eb47cecc464545ba58e1ad24/library/std/src/panicking.rs:587:40
[INFO] [stdout]   70:     0x648b5ab8fdda - std::panicking::try::hd1660ce9efadef5a
[INFO] [stdout]                                at /rustc/6067b36314ab5eb2eb47cecc464545ba58e1ad24/library/std/src/panicking.rs:550:19
[INFO] [stdout]   71:     0x648b5ab8fdda - std::panic::catch_unwind::h5ee8d7823b8ca744
[INFO] [stdout]                                at /rustc/6067b36314ab5eb2eb47cecc464545ba58e1ad24/library/std/src/panic.rs:358:14
[INFO] [stdout]   72:     0x648b5ab8fdda - std::thread::Builder::spawn_unchecked_::{{closure}}::h53c3a1894dce8407
[INFO] [stdout]                                at /rustc/6067b36314ab5eb2eb47cecc464545ba58e1ad24/library/std/src/thread/mod.rs:557:30
[INFO] [stdout]   73:     0x648b5ab8fdda - core::ops::function::FnOnce::call_once{{vtable.shim}}::h048ce291ad4f62bf
[INFO] [stdout]                                at /rustc/6067b36314ab5eb2eb47cecc464545ba58e1ad24/library/core/src/ops/function.rs:250:5
[INFO] [stdout]   74:     0x648b5b13c01b - <alloc::boxed::Box<F,A> as core::ops::function::FnOnce<Args>>::call_once::ha52bedf99a3b4981
[INFO] [stdout]                                at /rustc/6067b36314ab5eb2eb47cecc464545ba58e1ad24/library/alloc/src/boxed.rs:2013:9
[INFO] [stdout]   75:     0x648b5b13c01b - <alloc::boxed::Box<F,A> as core::ops::function::FnOnce<Args>>::call_once::h567748934d80ccf8
[INFO] [stdout]                                at /rustc/6067b36314ab5eb2eb47cecc464545ba58e1ad24/library/alloc/src/boxed.rs:2013:9
[INFO] [stdout]   76:     0x648b5b13c01b - std::sys::pal::unix::thread::Thread::new::thread_start::h2d970728ae887adc
[INFO] [stdout]                                at /rustc/6067b36314ab5eb2eb47cecc464545ba58e1ad24/library/std/src/sys/pal/unix/thread.rs:106:17
[INFO] [stdout]   77:     0x772ff631fac3 - <unknown>
[INFO] [stdout]   78:     0x772ff63b0a04 - clone
[INFO] [stdout]   79:                0x0 - <unknown>
[INFO] [stdout] 
[INFO] [stdout] ---- routes::auth::tests::registration::tests::registration_parce_error stdout ----
[INFO] [stdout] 
[INFO] [stdout] thread 'routes::auth::tests::registration::tests::registration_parce_error' panicked at src/config/database/pool.rs:25:10:
[INFO] [stdout] database URL should be valid path to SQLite DB file: Error(Some("connection to server at \"localhost\" (::1), port 5432 failed: Connection refused\n\tIs the server running on that host and accepting TCP/IP connections?\nconnection to server at \"localhost\" (127.0.0.1), port 5432 failed: Connection refused\n\tIs the server running on that host and accepting TCP/IP connections?\n"))
[INFO] [stdout] stack backtrace:
[INFO] [stdout]    0:     0x648b5b13606a - std::backtrace_rs::backtrace::libunwind::trace::hb059275cfc8d6126
[INFO] [stdout]                                at /rustc/6067b36314ab5eb2eb47cecc464545ba58e1ad24/library/std/src/../../backtrace/src/backtrace/libunwind.rs:116:5
[INFO] [stdout]    1:     0x648b5b13606a - std::backtrace_rs::backtrace::trace_unsynchronized::h2da071e4327ce3ee
[INFO] [stdout]                                at /rustc/6067b36314ab5eb2eb47cecc464545ba58e1ad24/library/std/src/../../backtrace/src/backtrace/mod.rs:66:5
[INFO] [stdout]    2:     0x648b5b13606a - std::sys::backtrace::_print_fmt::h842a1474e6f8d23f
[INFO] [stdout]                                at /rustc/6067b36314ab5eb2eb47cecc464545ba58e1ad24/library/std/src/sys/backtrace.rs:66:9
[INFO] [stdout]    3:     0x648b5b13606a - <std::sys::backtrace::BacktraceLock::print::DisplayBacktrace as core::fmt::Display>::fmt::h71a62eb3b9696b12
[INFO] [stdout]                                at /rustc/6067b36314ab5eb2eb47cecc464545ba58e1ad24/library/std/src/sys/backtrace.rs:39:26
[INFO] [stdout]    4:     0x648b5b15fd63 - core::fmt::rt::Argument::fmt::hdb6b616786b41dc1
[INFO] [stdout]                                at /rustc/6067b36314ab5eb2eb47cecc464545ba58e1ad24/library/core/src/fmt/rt.rs:177:76
[INFO] [stdout]    5:     0x648b5b15fd63 - core::fmt::write::h2cc1698af7e2d686
[INFO] [stdout]                                at /rustc/6067b36314ab5eb2eb47cecc464545ba58e1ad24/library/core/src/fmt/mod.rs:1440:21
[INFO] [stdout]    6:     0x648b5b132a63 - std::io::Write::write_fmt::hab1b4cd059a79022
[INFO] [stdout]                                at /rustc/6067b36314ab5eb2eb47cecc464545ba58e1ad24/library/std/src/io/mod.rs:1887:15
[INFO] [stdout]    7:     0x648b5b135eb2 - std::sys::backtrace::BacktraceLock::print::h147fe35b4ea13b08
[INFO] [stdout]                                at /rustc/6067b36314ab5eb2eb47cecc464545ba58e1ad24/library/std/src/sys/backtrace.rs:42:9
[INFO] [stdout]    8:     0x648b5b13748f - std::panicking::default_hook::{{closure}}::hbd44223dbdc0d208
[INFO] [stdout]                                at /rustc/6067b36314ab5eb2eb47cecc464545ba58e1ad24/library/std/src/panicking.rs:298:22
[INFO] [stdout]    9:     0x648b5b1372a8 - std::panicking::default_hook::h20f81eb0576efcec
[INFO] [stdout]                                at /rustc/6067b36314ab5eb2eb47cecc464545ba58e1ad24/library/std/src/panicking.rs:322:9
[INFO] [stdout]   10:     0x648b5abc4d83 - <alloc::boxed::Box<F,A> as core::ops::function::Fn<Args>>::call::hdb53814c496a4d34
[INFO] [stdout]                                at /rustc/6067b36314ab5eb2eb47cecc464545ba58e1ad24/library/alloc/src/boxed.rs:2027:9
[INFO] [stdout]   11:     0x648b5abc4d83 - test::test_main::{{closure}}::hc0a4963c59427c24
[INFO] [stdout]                                at /rustc/6067b36314ab5eb2eb47cecc464545ba58e1ad24/library/test/src/lib.rs:134:21
[INFO] [stdout]   12:     0x648b5b137f83 - <alloc::boxed::Box<F,A> as core::ops::function::Fn<Args>>::call::h591b2225413a77e9
[INFO] [stdout]                                at /rustc/6067b36314ab5eb2eb47cecc464545ba58e1ad24/library/alloc/src/boxed.rs:2027:9
[INFO] [stdout]   13:     0x648b5b137f83 - std::panicking::rust_panic_with_hook::h625eea43051b2edc
[INFO] [stdout]                                at /rustc/6067b36314ab5eb2eb47cecc464545ba58e1ad24/library/std/src/panicking.rs:839:13
[INFO] [stdout]   14:     0x648b5b137c3a - std::panicking::begin_panic_handler::{{closure}}::h4f9159cfbc3f6bd3
[INFO] [stdout]                                at /rustc/6067b36314ab5eb2eb47cecc464545ba58e1ad24/library/std/src/panicking.rs:704:13
[INFO] [stdout]   15:     0x648b5b136569 - std::sys::backtrace::__rust_end_short_backtrace::h0390abce48353151
[INFO] [stdout]                                at /rustc/6067b36314ab5eb2eb47cecc464545ba58e1ad24/library/std/src/sys/backtrace.rs:168:18
[INFO] [stdout]   16:     0x648b5b1378cd - rust_begin_unwind
[INFO] [stdout]                                at /rustc/6067b36314ab5eb2eb47cecc464545ba58e1ad24/library/std/src/panicking.rs:695:5
[INFO] [stdout]   17:     0x648b5b15dab0 - core::panicking::panic_fmt::h9e7c637e9e5f29c9
[INFO] [stdout]                                at /rustc/6067b36314ab5eb2eb47cecc464545ba58e1ad24/library/core/src/panicking.rs:75:14
[INFO] [stdout]   18:     0x648b5b15df26 - core::result::unwrap_failed::h7979f09313fe1849
[INFO] [stdout]                                at /rustc/6067b36314ab5eb2eb47cecc464545ba58e1ad24/library/core/src/result.rs:1704:5
[INFO] [stdout]   19:     0x648b5ab4932a - core::result::Result<T,E>::expect::h60c919fe40fba549
[INFO] [stdout]                                at /rustc/6067b36314ab5eb2eb47cecc464545ba58e1ad24/library/core/src/result.rs:1061:23
[INFO] [stdout]   20:     0x648b5ab169fe - cinematch::config::database::pool::create_test_db_pool::h1211fbee11f3a12a
[INFO] [stdout]                                at /opt/rustwide/workdir/src/config/database/pool.rs:23:16
[INFO] [stdout]   21:     0x648b5ab08522 - cinematch::config::state::<impl cinematch::config::AppStateConfig for actix_web::app::App<T>>::bind_app_state_for_tests::h6208920bb2257334
[INFO] [stdout]                                at /opt/rustwide/workdir/src/config/state.rs:20:38
[INFO] [stdout]   22:     0x648b5ab21cd0 - cinematch::routes::auth::tests::registration::tests::registration_parce_error::{{closure}}::h5451366013588cd1
[INFO] [stdout]                                at /opt/rustwide/workdir/src/routes/auth/tests/registration.rs:45:19
[INFO] [stdout]   23:     0x648b5ab15087 - <tokio::task::local::RunUntil<T> as core::future::future::Future>::poll::{{closure}}::h3d461257b3f8ab99
[INFO] [stdout]                                at /opt/rustwide/cargo-home/registry/src/index.crates.io-1949cf8c6b5b557f/tokio-1.43.0/src/task/local.rs:1041:42
[INFO] [stdout]   24:     0x648b5ab10654 - tokio::task::local::LocalSet::with::{{closure}}::hb0ad3f05a24f5f99
[INFO] [stdout]                                at /opt/rustwide/cargo-home/registry/src/index.crates.io-1949cf8c6b5b557f/tokio-1.43.0/src/task/local.rs:793:13
[INFO] [stdout]   25:     0x648b5aaee365 - std::thread::local::LocalKey<T>::try_with::h1a89a7a4191cc24c
[INFO] [stdout]                                at /rustc/6067b36314ab5eb2eb47cecc464545ba58e1ad24/library/std/src/thread/local.rs:308:12
[INFO] [stdout]   26:     0x648b5aaece5a - std::thread::local::LocalKey<T>::with::h2b81c21dc755644e
[INFO] [stdout]                                at /rustc/6067b36314ab5eb2eb47cecc464545ba58e1ad24/library/std/src/thread/local.rs:272:9
[INFO] [stdout]   27:     0x648b5ab0fd26 - tokio::task::local::LocalSet::with::h49e815dcd12d4425
[INFO] [stdout]                                at /opt/rustwide/cargo-home/registry/src/index.crates.io-1949cf8c6b5b557f/tokio-1.43.0/src/task/local.rs:791:9
[INFO] [stdout]   28:     0x648b5ab14ce5 - <tokio::task::local::RunUntil<T> as core::future::future::Future>::poll::hb95d86fc222d8fc3
[INFO] [stdout]                                at /opt/rustwide/cargo-home/registry/src/index.crates.io-1949cf8c6b5b557f/tokio-1.43.0/src/task/local.rs:1031:9
[INFO] [stdout]   29:     0x648b5ab11c75 - tokio::task::local::LocalSet::run_until::{{closure}}::h8ada53d1d130dffa
[INFO] [stdout]                                at /opt/rustwide/cargo-home/registry/src/index.crates.io-1949cf8c6b5b557f/tokio-1.43.0/src/task/local.rs:689:19
[INFO] [stdout]   30:     0x648b5ab354fd - <core::pin::Pin<P> as core::future::future::Future>::poll::heb2a905e8db887aa
[INFO] [stdout]                                at /rustc/6067b36314ab5eb2eb47cecc464545ba58e1ad24/library/core/src/future/future.rs:124:9
[INFO] [stdout]   31:     0x648b5aaec86f - tokio::runtime::scheduler::current_thread::CoreGuard::block_on::{{closure}}::{{closure}}::{{closure}}::h89e925ff116a758e
[INFO] [stdout]                                at /opt/rustwide/cargo-home/registry/src/index.crates.io-1949cf8c6b5b557f/tokio-1.43.0/src/runtime/scheduler/current_thread/mod.rs:729:57
[INFO] [stdout]   32:     0x648b5aaeb015 - tokio::runtime::coop::with_budget::he87ff7cc3a6e3fa2
[INFO] [stdout]                                at /opt/rustwide/cargo-home/registry/src/index.crates.io-1949cf8c6b5b557f/tokio-1.43.0/src/runtime/coop.rs:107:5
[INFO] [stdout]   33:     0x648b5aaeb015 - tokio::runtime::coop::budget::hc0441527d8e35d2b
[INFO] [stdout]                                at /opt/rustwide/cargo-home/registry/src/index.crates.io-1949cf8c6b5b557f/tokio-1.43.0/src/runtime/coop.rs:73:5
[INFO] [stdout]   34:     0x648b5aaeb015 - tokio::runtime::scheduler::current_thread::CoreGuard::block_on::{{closure}}::{{closure}}::h5907839eee596bf1
[INFO] [stdout]                                at /opt/rustwide/cargo-home/registry/src/index.crates.io-1949cf8c6b5b557f/tokio-1.43.0/src/runtime/scheduler/current_thread/mod.rs:729:25
[INFO] [stdout]   35:     0x648b5aad5af0 - tokio::runtime::scheduler::current_thread::Context::enter::h8ca450161663e519
[INFO] [stdout]                                at /opt/rustwide/cargo-home/registry/src/index.crates.io-1949cf8c6b5b557f/tokio-1.43.0/src/runtime/scheduler/current_thread/mod.rs:428:19
[INFO] [stdout]   36:     0x648b5aae877e - tokio::runtime::scheduler::current_thread::CoreGuard::block_on::{{closure}}::hc6d440190ee5ecb2
[INFO] [stdout]                                at /opt/rustwide/cargo-home/registry/src/index.crates.io-1949cf8c6b5b557f/tokio-1.43.0/src/runtime/scheduler/current_thread/mod.rs:728:36
[INFO] [stdout]   37:     0x648b5aae0574 - tokio::runtime::scheduler::current_thread::CoreGuard::enter::{{closure}}::hbfdba9c18e80d85f
[INFO] [stdout]                                at /opt/rustwide/cargo-home/registry/src/index.crates.io-1949cf8c6b5b557f/tokio-1.43.0/src/runtime/scheduler/current_thread/mod.rs:807:68
[INFO] [stdout]   38:     0x648b5ab8352b - tokio::runtime::context::scoped::Scoped<T>::set::hffb9ee9a8201c0e2
[INFO] [stdout]                                at /opt/rustwide/cargo-home/registry/src/index.crates.io-1949cf8c6b5b557f/tokio-1.43.0/src/runtime/context/scoped.rs:40:9
[INFO] [stdout]   39:     0x648b5ab58269 - tokio::runtime::context::set_scheduler::{{closure}}::h1be1109bb0903bf0
[INFO] [stdout]                                at /opt/rustwide/cargo-home/registry/src/index.crates.io-1949cf8c6b5b557f/tokio-1.43.0/src/runtime/context.rs:180:26
[INFO] [stdout]   40:     0x648b5aaee8b2 - std::thread::local::LocalKey<T>::try_with::h26646bc280c75f55
[INFO] [stdout]                                at /rustc/6067b36314ab5eb2eb47cecc464545ba58e1ad24/library/std/src/thread/local.rs:308:12
[INFO] [stdout]   41:     0x648b5aaed15a - std::thread::local::LocalKey<T>::with::h785d4f88001d64b8
[INFO] [stdout]                                at /rustc/6067b36314ab5eb2eb47cecc464545ba58e1ad24/library/std/src/thread/local.rs:272:9
[INFO] [stdout]   42:     0x648b5ab57d1d - tokio::runtime::context::set_scheduler::h00273ac82b051d8c
[INFO] [stdout]                                at /opt/rustwide/cargo-home/registry/src/index.crates.io-1949cf8c6b5b557f/tokio-1.43.0/src/runtime/context.rs:180:9
[INFO] [stdout]   43:     0x648b5aadcbc0 - tokio::runtime::scheduler::current_thread::CoreGuard::enter::h5765a38d118ba0af
[INFO] [stdout]                                at /opt/rustwide/cargo-home/registry/src/index.crates.io-1949cf8c6b5b557f/tokio-1.43.0/src/runtime/scheduler/current_thread/mod.rs:807:27
[INFO] [stdout]   44:     0x648b5aae0b93 - tokio::runtime::scheduler::current_thread::CoreGuard::block_on::hf94d0c95504d5c84
[INFO] [stdout]                                at /opt/rustwide/cargo-home/registry/src/index.crates.io-1949cf8c6b5b557f/tokio-1.43.0/src/runtime/scheduler/current_thread/mod.rs:716:19
[INFO] [stdout]   45:     0x648b5aacc75d - tokio::runtime::scheduler::current_thread::CurrentThread::block_on::{{closure}}::h2d6e33c20dcd9b08
[INFO] [stdout]                                at /opt/rustwide/cargo-home/registry/src/index.crates.io-1949cf8c6b5b557f/tokio-1.43.0/src/runtime/scheduler/current_thread/mod.rs:196:28
[INFO] [stdout]   46:     0x648b5ab83d57 - tokio::runtime::context::runtime::enter_runtime::h520814d7beaa2daa
[INFO] [stdout]                                at /opt/rustwide/cargo-home/registry/src/index.crates.io-1949cf8c6b5b557f/tokio-1.43.0/src/runtime/context/runtime.rs:65:16
[INFO] [stdout]   47:     0x648b5aacb5a6 - tokio::runtime::scheduler::current_thread::CurrentThread::block_on::h3ae9ae5749e2e49d
[INFO] [stdout]                                at /opt/rustwide/cargo-home/registry/src/index.crates.io-1949cf8c6b5b557f/tokio-1.43.0/src/runtime/scheduler/current_thread/mod.rs:184:9
[INFO] [stdout]   48:     0x648b5ab87464 - tokio::runtime::runtime::Runtime::block_on_inner::h3bb8b48ffd788bd6
[INFO] [stdout]                                at /opt/rustwide/cargo-home/registry/src/index.crates.io-1949cf8c6b5b557f/tokio-1.43.0/src/runtime/runtime.rs:368:47
[INFO] [stdout]   49:     0x648b5ab8933f - tokio::runtime::runtime::Runtime::block_on::h7b7740431043e942
[INFO] [stdout]                                at /opt/rustwide/cargo-home/registry/src/index.crates.io-1949cf8c6b5b557f/tokio-1.43.0/src/runtime/runtime.rs:342:13
[INFO] [stdout]   50:     0x648b5ab10a13 - tokio::task::local::LocalSet::block_on::hce069e4120266fba
[INFO] [stdout]                                at /opt/rustwide/cargo-home/registry/src/index.crates.io-1949cf8c6b5b557f/tokio-1.43.0/src/task/local.rs:646:9
[INFO] [stdout]   51:     0x648b5ab4ee9a - actix_rt::runtime::Runtime::block_on::h69d9b6e7e0af4819
[INFO] [stdout]                                at /opt/rustwide/cargo-home/registry/src/index.crates.io-1949cf8c6b5b557f/actix-rt-2.10.0/src/runtime.rs:138:9
[INFO] [stdout]   52:     0x648b5ab5b71e - actix_rt::system::SystemRunner::block_on::h652adb59543c8539
[INFO] [stdout]                                at /opt/rustwide/cargo-home/registry/src/index.crates.io-1949cf8c6b5b557f/actix-rt-2.10.0/src/system.rs:244:9
[INFO] [stdout]   53:     0x648b5ab21b48 - cinematch::routes::auth::tests::registration::tests::registration_parce_error::he73d84cba763aeba
[INFO] [stdout]                                at /opt/rustwide/workdir/src/routes/auth/tests/registration.rs:41:5
[INFO] [stdout]   54:     0x648b5ab21af7 - cinematch::routes::auth::tests::registration::tests::registration_parce_error::{{closure}}::hb2a3fa82e1075e5c
[INFO] [stdout]                                at /opt/rustwide/workdir/src/routes/auth/tests/registration.rs:42:44
[INFO] [stdout]   55:     0x648b5aaf5696 - core::ops::function::FnOnce::call_once::hf4121659b1234df0
[INFO] [stdout]                                at /rustc/6067b36314ab5eb2eb47cecc464545ba58e1ad24/library/core/src/ops/function.rs:250:5
[INFO] [stdout]   56:     0x648b5abca4db - core::ops::function::FnOnce::call_once::he27718dfdd183f43
[INFO] [stdout]                                at /rustc/6067b36314ab5eb2eb47cecc464545ba58e1ad24/library/core/src/ops/function.rs:250:5
[INFO] [stdout]   57:     0x648b5abca4db - test::__rust_begin_short_backtrace::h4e84902998457a5d
[INFO] [stdout]                                at /rustc/6067b36314ab5eb2eb47cecc464545ba58e1ad24/library/test/src/lib.rs:632:18
[INFO] [stdout]   58:     0x648b5abc9413 - test::run_test_in_process::{{closure}}::h7176fd18fc1feca0
[INFO] [stdout]                                at /rustc/6067b36314ab5eb2eb47cecc464545ba58e1ad24/library/test/src/lib.rs:655:60
[INFO] [stdout]   59:     0x648b5abc9413 - <core::panic::unwind_safe::AssertUnwindSafe<F> as core::ops::function::FnOnce<()>>::call_once::hf79cff2a624d8cf7
[INFO] [stdout]                                at /rustc/6067b36314ab5eb2eb47cecc464545ba58e1ad24/library/core/src/panic/unwind_safe.rs:272:9
[INFO] [stdout]   60:     0x648b5abc9413 - std::panicking::try::do_call::h3da0561d9ab99c25
[INFO] [stdout]                                at /rustc/6067b36314ab5eb2eb47cecc464545ba58e1ad24/library/std/src/panicking.rs:587:40
[INFO] [stdout]   61:     0x648b5abc9413 - std::panicking::try::h41c9fa508bc61df6
[INFO] [stdout]                                at /rustc/6067b36314ab5eb2eb47cecc464545ba58e1ad24/library/std/src/panicking.rs:550:19
[INFO] [stdout]   62:     0x648b5abc9413 - std::panic::catch_unwind::h6b3ff07bb5afad93
[INFO] [stdout]                                at /rustc/6067b36314ab5eb2eb47cecc464545ba58e1ad24/library/std/src/panic.rs:358:14
[INFO] [stdout]   63:     0x648b5abc9413 - test::run_test_in_process::hc7253dd11b39b9f4
[INFO] [stdout]                                at /rustc/6067b36314ab5eb2eb47cecc464545ba58e1ad24/library/test/src/lib.rs:655:27
[INFO] [stdout]   64:     0x648b5abc9413 - test::run_test::{{closure}}::hfb2007f8649c30bb
[INFO] [stdout]                                at /rustc/6067b36314ab5eb2eb47cecc464545ba58e1ad24/library/test/src/lib.rs:576:43
[INFO] [stdout]   65:     0x648b5ab8c4f5 - test::run_test::{{closure}}::h56a17aa7a282a9f4
[INFO] [stdout]                                at /rustc/6067b36314ab5eb2eb47cecc464545ba58e1ad24/library/test/src/lib.rs:606:41
[INFO] [stdout]   66:     0x648b5ab8c4f5 - std::sys::backtrace::__rust_begin_short_backtrace::hd2d2d2fb8e8c6aac
[INFO] [stdout]                                at /rustc/6067b36314ab5eb2eb47cecc464545ba58e1ad24/library/std/src/sys/backtrace.rs:152:18
[INFO] [stdout]   67:     0x648b5ab8fdda - std::thread::Builder::spawn_unchecked_::{{closure}}::{{closure}}::h4faa3f9db6133423
[INFO] [stdout]                                at /rustc/6067b36314ab5eb2eb47cecc464545ba58e1ad24/library/std/src/thread/mod.rs:559:17
[INFO] [stdout]   68:     0x648b5ab8fdda - <core::panic::unwind_safe::AssertUnwindSafe<F> as core::ops::function::FnOnce<()>>::call_once::hf2e855a36a4ea846
[INFO] [stdout]                                at /rustc/6067b36314ab5eb2eb47cecc464545ba58e1ad24/library/core/src/panic/unwind_safe.rs:272:9
[INFO] [stdout]   69:     0x648b5ab8fdda - std::panicking::try::do_call::h2f73af3616c35465
[INFO] [stdout]                                at /rustc/6067b36314ab5eb2eb47cecc464545ba58e1ad24/library/std/src/panicking.rs:587:40
[INFO] [stdout]   70:     0x648b5ab8fdda - std::panicking::try::hd1660ce9efadef5a
[INFO] [stdout]                                at /rustc/6067b36314ab5eb2eb47cecc464545ba58e1ad24/library/std/src/panicking.rs:550:19
[INFO] [stdout]   71:     0x648b5ab8fdda - std::panic::catch_unwind::h5ee8d7823b8ca744
[INFO] [stdout]                                at /rustc/6067b36314ab5eb2eb47cecc464545ba58e1ad24/library/std/src/panic.rs:358:14
[INFO] [stdout]   72:     0x648b5ab8fdda - std::thread::Builder::spawn_unchecked_::{{closure}}::h53c3a1894dce8407
[INFO] [stdout]                                at /rustc/6067b36314ab5eb2eb47cecc464545ba58e1ad24/library/std/src/thread/mod.rs:557:30
[INFO] [stdout]   73:     0x648b5ab8fdda - core::ops::function::FnOnce::call_once{{vtable.shim}}::h048ce291ad4f62bf
[INFO] [stdout]                                at /rustc/6067b36314ab5eb2eb47cecc464545ba58e1ad24/library/core/src/ops/function.rs:250:5
[INFO] [stdout]   74:     0x648b5b13c01b - <alloc::boxed::Box<F,A> as core::ops::function::FnOnce<Args>>::call_once::ha52bedf99a3b4981
[INFO] [stdout]                                at /rustc/6067b36314ab5eb2eb47cecc464545ba58e1ad24/library/alloc/src/boxed.rs:2013:9
[INFO] [stdout]   75:     0x648b5b13c01b - <alloc::boxed::Box<F,A> as core::ops::function::FnOnce<Args>>::call_once::h567748934d80ccf8
[INFO] [stdout]                                at /rustc/6067b36314ab5eb2eb47cecc464545ba58e1ad24/library/alloc/src/boxed.rs:2013:9
[INFO] [stdout]   76:     0x648b5b13c01b - std::sys::pal::unix::thread::Thread::new::thread_start::h2d970728ae887adc
[INFO] [stdout]                                at /rustc/6067b36314ab5eb2eb47cecc464545ba58e1ad24/library/std/src/sys/pal/unix/thread.rs:106:17
[INFO] [stdout]   77:     0x772ff631fac3 - <unknown>
[INFO] [stdout]   78:     0x772ff63b0a04 - clone
[INFO] [stdout]   79:                0x0 - <unknown>
[INFO] [stdout] 
[INFO] [stdout] ---- routes::auth::tests::registration::tests::registration_empty_username stdout ----
[INFO] [stdout] 
[INFO] [stdout] thread 'routes::auth::tests::registration::tests::registration_empty_username' panicked at src/config/database/pool.rs:25:10:
[INFO] [stdout] database URL should be valid path to SQLite DB file: Error(Some("connection to server at \"localhost\" (::1), port 5432 failed: Connection refused\n\tIs the server running on that host and accepting TCP/IP connections?\nconnection to server at \"localhost\" (127.0.0.1), port 5432 failed: Connection refused\n\tIs the server running on that host and accepting TCP/IP connections?\n"))
[INFO] [stdout] stack backtrace:
[INFO] [stdout]    0:     0x648b5b13606a - std::backtrace_rs::backtrace::libunwind::trace::hb059275cfc8d6126
[INFO] [stdout]                                at /rustc/6067b36314ab5eb2eb47cecc464545ba58e1ad24/library/std/src/../../backtrace/src/backtrace/libunwind.rs:116:5
[INFO] [stdout]    1:     0x648b5b13606a - std::backtrace_rs::backtrace::trace_unsynchronized::h2da071e4327ce3ee
[INFO] [stdout]                                at /rustc/6067b36314ab5eb2eb47cecc464545ba58e1ad24/library/std/src/../../backtrace/src/backtrace/mod.rs:66:5
[INFO] [stdout]    2:     0x648b5b13606a - std::sys::backtrace::_print_fmt::h842a1474e6f8d23f
[INFO] [stdout]                                at /rustc/6067b36314ab5eb2eb47cecc464545ba58e1ad24/library/std/src/sys/backtrace.rs:66:9
[INFO] [stdout]    3:     0x648b5b13606a - <std::sys::backtrace::BacktraceLock::print::DisplayBacktrace as core::fmt::Display>::fmt::h71a62eb3b9696b12
[INFO] [stdout]                                at /rustc/6067b36314ab5eb2eb47cecc464545ba58e1ad24/library/std/src/sys/backtrace.rs:39:26
[INFO] [stdout]    4:     0x648b5b15fd63 - core::fmt::rt::Argument::fmt::hdb6b616786b41dc1
[INFO] [stdout]                                at /rustc/6067b36314ab5eb2eb47cecc464545ba58e1ad24/library/core/src/fmt/rt.rs:177:76
[INFO] [stdout]    5:     0x648b5b15fd63 - core::fmt::write::h2cc1698af7e2d686
[INFO] [stdout]                                at /rustc/6067b36314ab5eb2eb47cecc464545ba58e1ad24/library/core/src/fmt/mod.rs:1440:21
[INFO] [stdout]    6:     0x648b5b132a63 - std::io::Write::write_fmt::hab1b4cd059a79022
[INFO] [stdout]                                at /rustc/6067b36314ab5eb2eb47cecc464545ba58e1ad24/library/std/src/io/mod.rs:1887:15
[INFO] [stdout]    7:     0x648b5b135eb2 - std::sys::backtrace::BacktraceLock::print::h147fe35b4ea13b08
[INFO] [stdout]                                at /rustc/6067b36314ab5eb2eb47cecc464545ba58e1ad24/library/std/src/sys/backtrace.rs:42:9
[INFO] [stdout]    8:     0x648b5b13748f - std::panicking::default_hook::{{closure}}::hbd44223dbdc0d208
[INFO] [stdout]                                at /rustc/6067b36314ab5eb2eb47cecc464545ba58e1ad24/library/std/src/panicking.rs:298:22
[INFO] [stdout]    9:     0x648b5b1372a8 - std::panicking::default_hook::h20f81eb0576efcec
[INFO] [stdout]                                at /rustc/6067b36314ab5eb2eb47cecc464545ba58e1ad24/library/std/src/panicking.rs:322:9
[INFO] [stdout]   10:     0x648b5abc4d83 - <alloc::boxed::Box<F,A> as core::ops::function::Fn<Args>>::call::hdb53814c496a4d34
[INFO] [stdout]                                at /rustc/6067b36314ab5eb2eb47cecc464545ba58e1ad24/library/alloc/src/boxed.rs:2027:9
[INFO] [stdout]   11:     0x648b5abc4d83 - test::test_main::{{closure}}::hc0a4963c59427c24
[INFO] [stdout]                                at /rustc/6067b36314ab5eb2eb47cecc464545ba58e1ad24/library/test/src/lib.rs:134:21
[INFO] [stdout]   12:     0x648b5b137f83 - <alloc::boxed::Box<F,A> as core::ops::function::Fn<Args>>::call::h591b2225413a77e9
[INFO] [stdout]                                at /rustc/6067b36314ab5eb2eb47cecc464545ba58e1ad24/library/alloc/src/boxed.rs:2027:9
[INFO] [stdout]   13:     0x648b5b137f83 - std::panicking::rust_panic_with_hook::h625eea43051b2edc
[INFO] [stdout]                                at /rustc/6067b36314ab5eb2eb47cecc464545ba58e1ad24/library/std/src/panicking.rs:839:13
[INFO] [stdout]   14:     0x648b5b137c3a - std::panicking::begin_panic_handler::{{closure}}::h4f9159cfbc3f6bd3
[INFO] [stdout]                                at /rustc/6067b36314ab5eb2eb47cecc464545ba58e1ad24/library/std/src/panicking.rs:704:13
[INFO] [stdout]   15:     0x648b5b136569 - std::sys::backtrace::__rust_end_short_backtrace::h0390abce48353151
[INFO] [stdout]                                at /rustc/6067b36314ab5eb2eb47cecc464545ba58e1ad24/library/std/src/sys/backtrace.rs:168:18
[INFO] [stdout]   16:     0x648b5b1378cd - rust_begin_unwind
[INFO] [stdout]                                at /rustc/6067b36314ab5eb2eb47cecc464545ba58e1ad24/library/std/src/panicking.rs:695:5
[INFO] [stdout]   17:     0x648b5b15dab0 - core::panicking::panic_fmt::h9e7c637e9e5f29c9
[INFO] [stdout]                                at /rustc/6067b36314ab5eb2eb47cecc464545ba58e1ad24/library/core/src/panicking.rs:75:14
[INFO] [stdout]   18:     0x648b5b15df26 - core::result::unwrap_failed::h7979f09313fe1849
[INFO] [stdout]                                at /rustc/6067b36314ab5eb2eb47cecc464545ba58e1ad24/library/core/src/result.rs:1704:5
[INFO] [stdout]   19:     0x648b5ab4932a - core::result::Result<T,E>::expect::h60c919fe40fba549
[INFO] [stdout]                                at /rustc/6067b36314ab5eb2eb47cecc464545ba58e1ad24/library/core/src/result.rs:1061:23
[INFO] [stdout]   20:     0x648b5ab169fe - cinematch::config::database::pool::create_test_db_pool::h1211fbee11f3a12a
[INFO] [stdout]                                at /opt/rustwide/workdir/src/config/database/pool.rs:23:16
[INFO] [stdout]   21:     0x648b5ab08522 - cinematch::config::state::<impl cinematch::config::AppStateConfig for actix_web::app::App<T>>::bind_app_state_for_tests::h6208920bb2257334
[INFO] [stdout]                                at /opt/rustwide/workdir/src/config/state.rs:20:38
[INFO] [stdout]   22:     0x648b5ab242d0 - cinematch::routes::auth::tests::registration::tests::registration_empty_username::{{closure}}::heb52de24e493a226
[INFO] [stdout]                                at /opt/rustwide/workdir/src/routes/auth/tests/registration.rs:113:19
[INFO] [stdout]   23:     0x648b5ab15447 - <tokio::task::local::RunUntil<T> as core::future::future::Future>::poll::{{closure}}::h65716398cc6eba6a
[INFO] [stdout]                                at /opt/rustwide/cargo-home/registry/src/index.crates.io-1949cf8c6b5b557f/tokio-1.43.0/src/task/local.rs:1041:42
[INFO] [stdout]   24:     0x648b5ab100b4 - tokio::task::local::LocalSet::with::{{closure}}::h1eadbe9f5be6dac7
[INFO] [stdout]                                at /opt/rustwide/cargo-home/registry/src/index.crates.io-1949cf8c6b5b557f/tokio-1.43.0/src/task/local.rs:793:13
[INFO] [stdout]   25:     0x648b5aaef965 - std::thread::local::LocalKey<T>::try_with::h5aad386ec800f2a7
[INFO] [stdout]                                at /rustc/6067b36314ab5eb2eb47cecc464545ba58e1ad24/library/std/src/thread/local.rs:308:12
[INFO] [stdout]   26:     0x648b5aaecb2a - std::thread::local::LocalKey<T>::with::h045caf1f8e0df50f
[INFO] [stdout]                                at /rustc/6067b36314ab5eb2eb47cecc464545ba58e1ad24/library/std/src/thread/local.rs:272:9
[INFO] [stdout]   27:     0x648b5ab0fda6 - tokio::task::local::LocalSet::with::h699216a4d6a5574c
[INFO] [stdout]                                at /opt/rustwide/cargo-home/registry/src/index.crates.io-1949cf8c6b5b557f/tokio-1.43.0/src/task/local.rs:791:9
[INFO] [stdout]   28:     0x648b5ab14e65 - <tokio::task::local::RunUntil<T> as core::future::future::Future>::poll::hf752cbee134119c3
[INFO] [stdout]                                at /opt/rustwide/cargo-home/registry/src/index.crates.io-1949cf8c6b5b557f/tokio-1.43.0/src/task/local.rs:1031:9
[INFO] [stdout]   29:     0x648b5ab115b7 - tokio::task::local::LocalSet::run_until::{{closure}}::h646d5b4bef7b23c8
[INFO] [stdout]                                at /opt/rustwide/cargo-home/registry/src/index.crates.io-1949cf8c6b5b557f/tokio-1.43.0/src/task/local.rs:689:19
[INFO] [stdout]   30:     0x648b5ab3535d - <core::pin::Pin<P> as core::future::future::Future>::poll::hd29457d747f7b0dc
[INFO] [stdout]                                at /rustc/6067b36314ab5eb2eb47cecc464545ba58e1ad24/library/core/src/future/future.rs:124:9
[INFO] [stdout]   31:     0x648b5aaec8ef - tokio::runtime::scheduler::current_thread::CoreGuard::block_on::{{closure}}::{{closure}}::{{closure}}::h9258c6e23915c91b
[INFO] [stdout]                                at /opt/rustwide/cargo-home/registry/src/index.crates.io-1949cf8c6b5b557f/tokio-1.43.0/src/runtime/scheduler/current_thread/mod.rs:729:57
[INFO] [stdout]   32:     0x648b5aaeaac5 - tokio::runtime::coop::with_budget::hdc105a85ebf0e7c9
[INFO] [stdout]                                at /opt/rustwide/cargo-home/registry/src/index.crates.io-1949cf8c6b5b557f/tokio-1.43.0/src/runtime/coop.rs:107:5
[INFO] [stdout]   33:     0x648b5aaeaac5 - tokio::runtime::coop::budget::he568a835612678b5
[INFO] [stdout]                                at /opt/rustwide/cargo-home/registry/src/index.crates.io-1949cf8c6b5b557f/tokio-1.43.0/src/runtime/coop.rs:73:5
[INFO] [stdout]   34:     0x648b5aaeaac5 - tokio::runtime::scheduler::current_thread::CoreGuard::block_on::{{closure}}::{{closure}}::h15cfc2e683a43287
[INFO] [stdout]                                at /opt/rustwide/cargo-home/registry/src/index.crates.io-1949cf8c6b5b557f/tokio-1.43.0/src/runtime/scheduler/current_thread/mod.rs:729:25
[INFO] [stdout]   35:     0x648b5aad42b0 - tokio::runtime::scheduler::current_thread::Context::enter::h47d7a77810f39a7c
[INFO] [stdout]                                at /opt/rustwide/cargo-home/registry/src/index.crates.io-1949cf8c6b5b557f/tokio-1.43.0/src/runtime/scheduler/current_thread/mod.rs:428:19
[INFO] [stdout]   36:     0x648b5aae0ebe - tokio::runtime::scheduler::current_thread::CoreGuard::block_on::{{closure}}::h06635f9f6d1c9156
[INFO] [stdout]                                at /opt/rustwide/cargo-home/registry/src/index.crates.io-1949cf8c6b5b557f/tokio-1.43.0/src/runtime/scheduler/current_thread/mod.rs:728:36
[INFO] [stdout]   37:     0x648b5aae04d4 - tokio::runtime::scheduler::current_thread::CoreGuard::enter::{{closure}}::h92a03457379ce8e9
[INFO] [stdout]                                at /opt/rustwide/cargo-home/registry/src/index.crates.io-1949cf8c6b5b557f/tokio-1.43.0/src/runtime/scheduler/current_thread/mod.rs:807:68
[INFO] [stdout]   38:     0x648b5ab8256b - tokio::runtime::context::scoped::Scoped<T>::set::h5be8b9d8d61284ed
[INFO] [stdout]                                at /opt/rustwide/cargo-home/registry/src/index.crates.io-1949cf8c6b5b557f/tokio-1.43.0/src/runtime/context/scoped.rs:40:9
[INFO] [stdout]   39:     0x648b5ab585a9 - tokio::runtime::context::set_scheduler::{{closure}}::hf65dc0d858435f94
[INFO] [stdout]                                at /opt/rustwide/cargo-home/registry/src/index.crates.io-1949cf8c6b5b557f/tokio-1.43.0/src/runtime/context.rs:180:26
[INFO] [stdout]   40:     0x648b5aaf2772 - std::thread::local::LocalKey<T>::try_with::hc6b93c8aa9404e60
[INFO] [stdout]                                at /rustc/6067b36314ab5eb2eb47cecc464545ba58e1ad24/library/std/src/thread/local.rs:308:12
[INFO] [stdout]   41:     0x648b5aaed48a - std::thread::local::LocalKey<T>::with::he145fc1efdfd123f
[INFO] [stdout]                                at /rustc/6067b36314ab5eb2eb47cecc464545ba58e1ad24/library/std/src/thread/local.rs:272:9
[INFO] [stdout]   42:     0x648b5ab57f1d - tokio::runtime::context::set_scheduler::h5fefed8277a7f59e
[INFO] [stdout]                                at /opt/rustwide/cargo-home/registry/src/index.crates.io-1949cf8c6b5b557f/tokio-1.43.0/src/runtime/context.rs:180:9
[INFO] [stdout]   43:     0x648b5aade480 - tokio::runtime::scheduler::current_thread::CoreGuard::enter::hb8e1b4d8434d8c66
[INFO] [stdout]                                at /opt/rustwide/cargo-home/registry/src/index.crates.io-1949cf8c6b5b557f/tokio-1.43.0/src/runtime/scheduler/current_thread/mod.rs:807:27
[INFO] [stdout]   44:     0x648b5aae0833 - tokio::runtime::scheduler::current_thread::CoreGuard::block_on::h45e85a1348b55cf5
[INFO] [stdout]                                at /opt/rustwide/cargo-home/registry/src/index.crates.io-1949cf8c6b5b557f/tokio-1.43.0/src/runtime/scheduler/current_thread/mod.rs:716:19
[INFO] [stdout]   45:     0x648b5aad01dd - tokio::runtime::scheduler::current_thread::CurrentThread::block_on::{{closure}}::hbd2cd9596e973a18
[INFO] [stdout]                                at /opt/rustwide/cargo-home/registry/src/index.crates.io-1949cf8c6b5b557f/tokio-1.43.0/src/runtime/scheduler/current_thread/mod.rs:196:28
[INFO] [stdout]   46:     0x648b5ab83f07 - tokio::runtime::context::runtime::enter_runtime::h62c14b10897a9441
[INFO] [stdout]                                at /opt/rustwide/cargo-home/registry/src/index.crates.io-1949cf8c6b5b557f/tokio-1.43.0/src/runtime/context/runtime.rs:65:16
[INFO] [stdout]   47:     0x648b5aacbc16 - tokio::runtime::scheduler::current_thread::CurrentThread::block_on::hb0ed4b605fae4c62
[INFO] [stdout]                                at /opt/rustwide/cargo-home/registry/src/index.crates.io-1949cf8c6b5b557f/tokio-1.43.0/src/runtime/scheduler/current_thread/mod.rs:184:9
[INFO] [stdout]   48:     0x648b5ab88274 - tokio::runtime::runtime::Runtime::block_on_inner::hf63961bd21c3d308
[INFO] [stdout]                                at /opt/rustwide/cargo-home/registry/src/index.crates.io-1949cf8c6b5b557f/tokio-1.43.0/src/runtime/runtime.rs:368:47
[INFO] [stdout]   49:     0x648b5ab890bf - tokio::runtime::runtime::Runtime::block_on::h540e2aef9dea3f71
[INFO] [stdout]                                at /opt/rustwide/cargo-home/registry/src/index.crates.io-1949cf8c6b5b557f/tokio-1.43.0/src/runtime/runtime.rs:342:13
[INFO] [stdout]   50:     0x648b5ab108d3 - tokio::task::local::LocalSet::block_on::h5f3d163fc7db95d5
[INFO] [stdout]                                at /opt/rustwide/cargo-home/registry/src/index.crates.io-1949cf8c6b5b557f/tokio-1.43.0/src/task/local.rs:646:9
[INFO] [stdout]   51:     0x648b5ab4eeda - actix_rt::runtime::Runtime::block_on::h80ccc7dbc0e38c83
[INFO] [stdout]                                at /opt/rustwide/cargo-home/registry/src/index.crates.io-1949cf8c6b5b557f/actix-rt-2.10.0/src/runtime.rs:138:9
[INFO] [stdout]   52:     0x648b5ab5b72e - actix_rt::system::SystemRunner::block_on::h90867805694fc6f0
[INFO] [stdout]                                at /opt/rustwide/cargo-home/registry/src/index.crates.io-1949cf8c6b5b557f/actix-rt-2.10.0/src/system.rs:244:9
[INFO] [stdout]   53:     0x648b5ab24148 - cinematch::routes::auth::tests::registration::tests::registration_empty_username::hdfbef72268749f0d
[INFO] [stdout]                                at /opt/rustwide/workdir/src/routes/auth/tests/registration.rs:109:5
[INFO] [stdout]   54:     0x648b5ab240f7 - cinematch::routes::auth::tests::registration::tests::registration_empty_username::{{closure}}::h67f1e6f6cf6ea0d1
[INFO] [stdout]                                at /opt/rustwide/workdir/src/routes/auth/tests/registration.rs:110:43
[INFO] [stdout]   55:     0x648b5aaf5126 - core::ops::function::FnOnce::call_once::hae3cadfacf6cf942
[INFO] [stdout]                                at /rustc/6067b36314ab5eb2eb47cecc464545ba58e1ad24/library/core/src/ops/function.rs:250:5
[INFO] [stdout]   56:     0x648b5abca4db - core::ops::function::FnOnce::call_once::he27718dfdd183f43
[INFO] [stdout]                                at /rustc/6067b36314ab5eb2eb47cecc464545ba58e1ad24/library/core/src/ops/function.rs:250:5
[INFO] [stdout]   57:     0x648b5abca4db - test::__rust_begin_short_backtrace::h4e84902998457a5d
[INFO] [stdout]                                at /rustc/6067b36314ab5eb2eb47cecc464545ba58e1ad24/library/test/src/lib.rs:632:18
[INFO] [stdout]   58:     0x648b5abc9413 - test::run_test_in_process::{{closure}}::h7176fd18fc1feca0
[INFO] [stdout]                                at /rustc/6067b36314ab5eb2eb47cecc464545ba58e1ad24/library/test/src/lib.rs:655:60
[INFO] [stdout]   59:     0x648b5abc9413 - <core::panic::unwind_safe::AssertUnwindSafe<F> as core::ops::function::FnOnce<()>>::call_once::hf79cff2a624d8cf7
[INFO] [stdout]                                at /rustc/6067b36314ab5eb2eb47cecc464545ba58e1ad24/library/core/src/panic/unwind_safe.rs:272:9
[INFO] [stdout]   60:     0x648b5abc9413 - std::panicking::try::do_call::h3da0561d9ab99c25
[INFO] [stdout]                                at /rustc/6067b36314ab5eb2eb47cecc464545ba58e1ad24/library/std/src/panicking.rs:587:40
[INFO] [stdout]   61:     0x648b5abc9413 - std::panicking::try::h41c9fa508bc61df6
[INFO] [stdout]                                at /rustc/6067b36314ab5eb2eb47cecc464545ba58e1ad24/library/std/src/panicking.rs:550:19
[INFO] [stdout]   62:     0x648b5abc9413 - std::panic::catch_unwind::h6b3ff07bb5afad93
[INFO] [stdout]                                at /rustc/6067b36314ab5eb2eb47cecc464545ba58e1ad24/library/std/src/panic.rs:358:14
[INFO] [stdout]   63:     0x648b5abc9413 - test::run_test_in_process::hc7253dd11b39b9f4
[INFO] [stdout]                                at /rustc/6067b36314ab5eb2eb47cecc464545ba58e1ad24/library/test/src/lib.rs:655:27
[INFO] [stdout]   64:     0x648b5abc9413 - test::run_test::{{closure}}::hfb2007f8649c30bb
[INFO] [stdout]                                at /rustc/6067b36314ab5eb2eb47cecc464545ba58e1ad24/library/test/src/lib.rs:576:43
[INFO] [stdout]   65:     0x648b5ab8c4f5 - test::run_test::{{closure}}::h56a17aa7a282a9f4
[INFO] [stdout]                                at /rustc/6067b36314ab5eb2eb47cecc464545ba58e1ad24/library/test/src/lib.rs:606:41
[INFO] [stdout]   66:     0x648b5ab8c4f5 - std::sys::backtrace::__rust_begin_short_backtrace::hd2d2d2fb8e8c6aac
[INFO] [stdout]                                at /rustc/6067b36314ab5eb2eb47cecc464545ba58e1ad24/library/std/src/sys/backtrace.rs:152:18
[INFO] [stdout]   67:     0x648b5ab8fdda - std::thread::Builder::spawn_unchecked_::{{closure}}::{{closure}}::h4faa3f9db6133423
[INFO] [stdout]                                at /rustc/6067b36314ab5eb2eb47cecc464545ba58e1ad24/library/std/src/thread/mod.rs:559:17
[INFO] [stdout]   68:     0x648b5ab8fdda - <core::panic::unwind_safe::AssertUnwindSafe<F> as core::ops::function::FnOnce<()>>::call_once::hf2e855a36a4ea846
[INFO] [stdout]                                at /rustc/6067b36314ab5eb2eb47cecc464545ba58e1ad24/library/core/src/panic/unwind_safe.rs:272:9
[INFO] [stdout]   69:     0x648b5ab8fdda - std::panicking::try::do_call::h2f73af3616c35465
[INFO] [stdout]                                at /rustc/6067b36314ab5eb2eb47cecc464545ba58e1ad24/library/std/src/panicking.rs:587:40
[INFO] [stdout]   70:     0x648b5ab8fdda - std::panicking::try::hd1660ce9efadef5a
[INFO] [stdout]                                at /rustc/6067b36314ab5eb2eb47cecc464545ba58e1ad24/library/std/src/panicking.rs:550:19
[INFO] [stdout]   71:     0x648b5ab8fdda - std::panic::catch_unwind::h5ee8d7823b8ca744
[INFO] [stdout]                                at /rustc/6067b36314ab5eb2eb47cecc464545ba58e1ad24/library/std/src/panic.rs:358:14
[INFO] [stdout]   72:     0x648b5ab8fdda - std::thread::Builder::spawn_unchecked_::{{closure}}::h53c3a1894dce8407
[INFO] [stdout]                                at /rustc/6067b36314ab5eb2eb47cecc464545ba58e1ad24/library/std/src/thread/mod.rs:557:30
[INFO] [stdout]   73:     0x648b5ab8fdda - core::ops::function::FnOnce::call_once{{vtable.shim}}::h048ce291ad4f62bf
[INFO] [stdout]                                at /rustc/6067b36314ab5eb2eb47cecc464545ba58e1ad24/library/core/src/ops/function.rs:250:5
[INFO] [stdout]   74:     0x648b5b13c01b - <alloc::boxed::Box<F,A> as core::ops::function::FnOnce<Args>>::call_once::ha52bedf99a3b4981
[INFO] [stdout]                                at /rustc/6067b36314ab5eb2eb47cecc464545ba58e1ad24/library/alloc/src/boxed.rs:2013:9
[INFO] [stdout]   75:     0x648b5b13c01b - <alloc::boxed::Box<F,A> as core::ops::function::FnOnce<Args>>::call_once::h567748934d80ccf8
[INFO] [stdout]                                at /rustc/6067b36314ab5eb2eb47cecc464545ba58e1ad24/library/alloc/src/boxed.rs:2013:9
[INFO] [stdout]   76:     0x648b5b13c01b - std::sys::pal::unix::thread::Thread::new::thread_start::h2d970728ae887adc
[INFO] [stdout]                                at /rustc/6067b36314ab5eb2eb47cecc464545ba58e1ad24/library/std/src/sys/pal/unix/thread.rs:106:17
[INFO] [stdout]   77:     0x772ff631fac3 - <unknown>
[INFO] [stdout]   78:     0x772ff63b0a04 - clone
[INFO] [stdout]   79:                0x0 - <unknown>
[INFO] [stdout] 
[INFO] [stdout] ---- routes::auth::tests::login::tests::login_empty_login stdout ----
[INFO] [stdout] 
[INFO] [stdout] thread 'routes::auth::tests::login::tests::login_empty_login' panicked at src/config/database/pool.rs:25:10:
[INFO] [stdout] database URL should be valid path to SQLite DB file: Error(Some("connection to server at \"localhost\" (::1), port 5432 failed: Connection refused\n\tIs the server running on that host and accepting TCP/IP connections?\nconnection to server at \"localhost\" (127.0.0.1), port 5432 failed: Connection refused\n\tIs the server running on that host and accepting TCP/IP connections?\n"))
[INFO] [stdout] stack backtrace:
[INFO] [stdout]    0:     0x648b5b13606a - std::backtrace_rs::backtrace::libunwind::trace::hb059275cfc8d6126
[INFO] [stdout]                                at /rustc/6067b36314ab5eb2eb47cecc464545ba58e1ad24/library/std/src/../../backtrace/src/backtrace/libunwind.rs:116:5
[INFO] [stdout]    1:     0x648b5b13606a - std::backtrace_rs::backtrace::trace_unsynchronized::h2da071e4327ce3ee
[INFO] [stdout]                                at /rustc/6067b36314ab5eb2eb47cecc464545ba58e1ad24/library/std/src/../../backtrace/src/backtrace/mod.rs:66:5
[INFO] [stdout]    2:     0x648b5b13606a - std::sys::backtrace::_print_fmt::h842a1474e6f8d23f
[INFO] [stdout]                                at /rustc/6067b36314ab5eb2eb47cecc464545ba58e1ad24/library/std/src/sys/backtrace.rs:66:9
[INFO] [stdout]    3:     0x648b5b13606a - <std::sys::backtrace::BacktraceLock::print::DisplayBacktrace as core::fmt::Display>::fmt::h71a62eb3b9696b12
[INFO] [stdout]                                at /rustc/6067b36314ab5eb2eb47cecc464545ba58e1ad24/library/std/src/sys/backtrace.rs:39:26
[INFO] [stdout]    4:     0x648b5b15fd63 - core::fmt::rt::Argument::fmt::hdb6b616786b41dc1
[INFO] [stdout]                                at /rustc/6067b36314ab5eb2eb47cecc464545ba58e1ad24/library/core/src/fmt/rt.rs:177:76
[INFO] [stdout]    5:     0x648b5b15fd63 - core::fmt::write::h2cc1698af7e2d686
[INFO] [stdout]                                at /rustc/6067b36314ab5eb2eb47cecc464545ba58e1ad24/library/core/src/fmt/mod.rs:1440:21
[INFO] [stdout]    6:     0x648b5b132a63 - std::io::Write::write_fmt::hab1b4cd059a79022
[INFO] [stdout]                                at /rustc/6067b36314ab5eb2eb47cecc464545ba58e1ad24/library/std/src/io/mod.rs:1887:15
[INFO] [stdout]    7:     0x648b5b135eb2 - std::sys::backtrace::BacktraceLock::print::h147fe35b4ea13b08
[INFO] [stdout]                                at /rustc/6067b36314ab5eb2eb47cecc464545ba58e1ad24/library/std/src/sys/backtrace.rs:42:9
[INFO] [stdout]    8:     0x648b5b13748f - std::panicking::default_hook::{{closure}}::hbd44223dbdc0d208
[INFO] [stdout]                                at /rustc/6067b36314ab5eb2eb47cecc464545ba58e1ad24/library/std/src/panicking.rs:298:22
[INFO] [stdout]    9:     0x648b5b1372a8 - std::panicking::default_hook::h20f81eb0576efcec
[INFO] [stdout]                                at /rustc/6067b36314ab5eb2eb47cecc464545ba58e1ad24/library/std/src/panicking.rs:322:9
[INFO] [stdout]   10:     0x648b5abc4d83 - <alloc::boxed::Box<F,A> as core::ops::function::Fn<Args>>::call::hdb53814c496a4d34
[INFO] [stdout]                                at /rustc/6067b36314ab5eb2eb47cecc464545ba58e1ad24/library/alloc/src/boxed.rs:2027:9
[INFO] [stdout]   11:     0x648b5abc4d83 - test::test_main::{{closure}}::hc0a4963c59427c24
[INFO] [stdout]                                at /rustc/6067b36314ab5eb2eb47cecc464545ba58e1ad24/library/test/src/lib.rs:134:21
[INFO] [stdout]   12:     0x648b5b137f83 - <alloc::boxed::Box<F,A> as core::ops::function::Fn<Args>>::call::h591b2225413a77e9
[INFO] [stdout]                                at /rustc/6067b36314ab5eb2eb47cecc464545ba58e1ad24/library/alloc/src/boxed.rs:2027:9
[INFO] [stdout]   13:     0x648b5b137f83 - std::panicking::rust_panic_with_hook::h625eea43051b2edc
[INFO] [stdout]                                at /rustc/6067b36314ab5eb2eb47cecc464545ba58e1ad24/library/std/src/panicking.rs:839:13
[INFO] [stdout]   14:     0x648b5b137c3a - std::panicking::begin_panic_handler::{{closure}}::h4f9159cfbc3f6bd3
[INFO] [stdout]                                at /rustc/6067b36314ab5eb2eb47cecc464545ba58e1ad24/library/std/src/panicking.rs:704:13
[INFO] [stdout]   15:     0x648b5b136569 - std::sys::backtrace::__rust_end_short_backtrace::h0390abce48353151
[INFO] [stdout]                                at /rustc/6067b36314ab5eb2eb47cecc464545ba58e1ad24/library/std/src/sys/backtrace.rs:168:18
[INFO] [stdout]   16:     0x648b5b1378cd - rust_begin_unwind
[INFO] [stdout]                                at /rustc/6067b36314ab5eb2eb47cecc464545ba58e1ad24/library/std/src/panicking.rs:695:5
[INFO] [stdout]   17:     0x648b5b15dab0 - core::panicking::panic_fmt::h9e7c637e9e5f29c9
[INFO] [stdout]                                at /rustc/6067b36314ab5eb2eb47cecc464545ba58e1ad24/library/core/src/panicking.rs:75:14
[INFO] [stdout]   18:     0x648b5b15df26 - core::result::unwrap_failed::h7979f09313fe1849
[INFO] [stdout]                                at /rustc/6067b36314ab5eb2eb47cecc464545ba58e1ad24/library/core/src/result.rs:1704:5
[INFO] [stdout]   19:     0x648b5ab4932a - core::result::Result<T,E>::expect::h60c919fe40fba549
[INFO] [stdout]                                at /rustc/6067b36314ab5eb2eb47cecc464545ba58e1ad24/library/core/src/result.rs:1061:23
[INFO] [stdout]   20:     0x648b5ab169fe - cinematch::config::database::pool::create_test_db_pool::h1211fbee11f3a12a
[INFO] [stdout]                                at /opt/rustwide/workdir/src/config/database/pool.rs:23:16
[INFO] [stdout]   21:     0x648b5ab08522 - cinematch::config::state::<impl cinematch::config::AppStateConfig for actix_web::app::App<T>>::bind_app_state_for_tests::h6208920bb2257334
[INFO] [stdout]                                at /opt/rustwide/workdir/src/config/state.rs:20:38
[INFO] [stdout]   22:     0x648b5ab5f540 - cinematch::routes::auth::tests::login::tests::login_empty_login::{{closure}}::h62ab20a8246f0dce
[INFO] [stdout]                                at /opt/rustwide/workdir/src/routes/auth/tests/login.rs:64:19
[INFO] [stdout]   23:     0x648b5ab15587 - <tokio::task::local::RunUntil<T> as core::future::future::Future>::poll::{{closure}}::h8aac662b9ed68d02
[INFO] [stdout]                                at /opt/rustwide/cargo-home/registry/src/index.crates.io-1949cf8c6b5b557f/tokio-1.43.0/src/task/local.rs:1041:42
[INFO] [stdout]   24:     0x648b5ab0ffc4 - tokio::task::local::LocalSet::with::{{closure}}::h06fffce748369be6
[INFO] [stdout]                                at /opt/rustwide/cargo-home/registry/src/index.crates.io-1949cf8c6b5b557f/tokio-1.43.0/src/task/local.rs:793:13
[INFO] [stdout]   25:     0x648b5aaefa65 - std::thread::local::LocalKey<T>::try_with::h5e0e80268e5b4088
[INFO] [stdout]                                at /rustc/6067b36314ab5eb2eb47cecc464545ba58e1ad24/library/std/src/thread/local.rs:308:12
[INFO] [stdout]   26:     0x648b5aaecf1a - std::thread::local::LocalKey<T>::with::h3afbca32affe65f7
[INFO] [stdout]                                at /rustc/6067b36314ab5eb2eb47cecc464545ba58e1ad24/library/std/src/thread/local.rs:272:9
[INFO] [stdout]   27:     0x648b5ab0fde6 - tokio::task::local::LocalSet::with::h742561f794adc8e1
[INFO] [stdout]                                at /opt/rustwide/cargo-home/registry/src/index.crates.io-1949cf8c6b5b557f/tokio-1.43.0/src/task/local.rs:791:9
[INFO] [stdout]   28:     0x648b5ab14bc5 - <tokio::task::local::RunUntil<T> as core::future::future::Future>::poll::h28527860f58d4bd4
[INFO] [stdout]                                at /opt/rustwide/cargo-home/registry/src/index.crates.io-1949cf8c6b5b557f/tokio-1.43.0/src/task/local.rs:1031:9
[INFO] [stdout]   29:     0x648b5ab117f7 - tokio::task::local::LocalSet::run_until::{{closure}}::h729309dc73249f2a
[INFO] [stdout]                                at /opt/rustwide/cargo-home/registry/src/index.crates.io-1949cf8c6b5b557f/tokio-1.43.0/src/task/local.rs:689:19
[INFO] [stdout]   30:     0x648b5ab3515d - <core::pin::Pin<P> as core::future::future::Future>::poll::h6e793716aca35eaa
[INFO] [stdout]                                at /rustc/6067b36314ab5eb2eb47cecc464545ba58e1ad24/library/core/src/future/future.rs:124:9
[INFO] [stdout]   31:     0x648b5aaec9ef - tokio::runtime::scheduler::current_thread::CoreGuard::block_on::{{closure}}::{{closure}}::{{closure}}::hc5fcdd9358ae7efb
[INFO] [stdout]                                at /opt/rustwide/cargo-home/registry/src/index.crates.io-1949cf8c6b5b557f/tokio-1.43.0/src/runtime/scheduler/current_thread/mod.rs:729:57
[INFO] [stdout]   32:     0x648b5aaebd75 - tokio::runtime::coop::with_budget::h8413fdeda3f4048b
[INFO] [stdout]                                at /opt/rustwide/cargo-home/registry/src/index.crates.io-1949cf8c6b5b557f/tokio-1.43.0/src/runtime/coop.rs:107:5
[INFO] [stdout]   33:     0x648b5aaebd75 - tokio::runtime::coop::budget::h0269a4ef47dc41a1
[INFO] [stdout]                                at /opt/rustwide/cargo-home/registry/src/index.crates.io-1949cf8c6b5b557f/tokio-1.43.0/src/runtime/coop.rs:73:5
[INFO] [stdout]   34:     0x648b5aaebd75 - tokio::runtime::scheduler::current_thread::CoreGuard::block_on::{{closure}}::{{closure}}::hc36689cfac866f92
[INFO] [stdout]                                at /opt/rustwide/cargo-home/registry/src/index.crates.io-1949cf8c6b5b557f/tokio-1.43.0/src/runtime/scheduler/current_thread/mod.rs:729:25
[INFO] [stdout]   35:     0x648b5aad4eb0 - tokio::runtime::scheduler::current_thread::Context::enter::h74bbec0538c3e8fe
[INFO] [stdout]                                at /opt/rustwide/cargo-home/registry/src/index.crates.io-1949cf8c6b5b557f/tokio-1.43.0/src/runtime/scheduler/current_thread/mod.rs:428:19
[INFO] [stdout]   36:     0x648b5aae7ede - tokio::runtime::scheduler::current_thread::CoreGuard::block_on::{{closure}}::ha75130624d2024bb
[INFO] [stdout]                                at /opt/rustwide/cargo-home/registry/src/index.crates.io-1949cf8c6b5b557f/tokio-1.43.0/src/runtime/scheduler/current_thread/mod.rs:728:36
[INFO] [stdout]   37:     0x648b5aae05d4 - tokio::runtime::scheduler::current_thread::CoreGuard::enter::{{closure}}::hf4e349a3720fe551
[INFO] [stdout]                                at /opt/rustwide/cargo-home/registry/src/index.crates.io-1949cf8c6b5b557f/tokio-1.43.0/src/runtime/scheduler/current_thread/mod.rs:807:68
[INFO] [stdout]   38:     0x648b5ab822cb - tokio::runtime::context::scoped::Scoped<T>::set::h386b94cbfa4a7c5d
[INFO] [stdout]                                at /opt/rustwide/cargo-home/registry/src/index.crates.io-1949cf8c6b5b557f/tokio-1.43.0/src/runtime/context/scoped.rs:40:9
[INFO] [stdout]   39:     0x648b5ab585e9 - tokio::runtime::context::set_scheduler::{{closure}}::hf9ecdbf89a17d3a7
[INFO] [stdout]                                at /opt/rustwide/cargo-home/registry/src/index.crates.io-1949cf8c6b5b557f/tokio-1.43.0/src/runtime/context.rs:180:26
[INFO] [stdout]   40:     0x648b5aaf20f2 - std::thread::local::LocalKey<T>::try_with::hbea05f4bd589477d
[INFO] [stdout]                                at /rustc/6067b36314ab5eb2eb47cecc464545ba58e1ad24/library/std/src/thread/local.rs:308:12
[INFO] [stdout]   41:     0x648b5aaed2da - std::thread::local::LocalKey<T>::with::ha53d65f2479d7029
[INFO] [stdout]                                at /rustc/6067b36314ab5eb2eb47cecc464545ba58e1ad24/library/std/src/thread/local.rs:272:9
[INFO] [stdout]   42:     0x648b5ab580dd - tokio::runtime::context::set_scheduler::hfd2656480abf05c8
[INFO] [stdout]                                at /opt/rustwide/cargo-home/registry/src/index.crates.io-1949cf8c6b5b557f/tokio-1.43.0/src/runtime/context.rs:180:9
[INFO] [stdout]   43:     0x648b5aadd400 - tokio::runtime::scheduler::current_thread::CoreGuard::enter::h7667a9b5eca7ae63
[INFO] [stdout]                                at /opt/rustwide/cargo-home/registry/src/index.crates.io-1949cf8c6b5b557f/tokio-1.43.0/src/runtime/scheduler/current_thread/mod.rs:807:27
[INFO] [stdout]   44:     0x648b5aae0713 - tokio::runtime::scheduler::current_thread::CoreGuard::block_on::h1cba8fe665e8a6fd
[INFO] [stdout]                                at /opt/rustwide/cargo-home/registry/src/index.crates.io-1949cf8c6b5b557f/tokio-1.43.0/src/runtime/scheduler/current_thread/mod.rs:716:19
[INFO] [stdout]   45:     0x648b5aace25d - tokio::runtime::scheduler::current_thread::CurrentThread::block_on::{{closure}}::h539920a76678aac0
[INFO] [stdout]                                at /opt/rustwide/cargo-home/registry/src/index.crates.io-1949cf8c6b5b557f/tokio-1.43.0/src/runtime/scheduler/current_thread/mod.rs:196:28
[INFO] [stdout]   46:     0x648b5ab84e37 - tokio::runtime::context::runtime::enter_runtime::hccc572348d877ec1
[INFO] [stdout]                                at /opt/rustwide/cargo-home/registry/src/index.crates.io-1949cf8c6b5b557f/tokio-1.43.0/src/runtime/context/runtime.rs:65:16
[INFO] [stdout]   47:     0x648b5aacbf06 - tokio::runtime::scheduler::current_thread::CurrentThread::block_on::hd3ead20bb18035f5
[INFO] [stdout]                                at /opt/rustwide/cargo-home/registry/src/index.crates.io-1949cf8c6b5b557f/tokio-1.43.0/src/runtime/scheduler/current_thread/mod.rs:184:9
[INFO] [stdout]   48:     0x648b5ab883b4 - tokio::runtime::runtime::Runtime::block_on_inner::hfaf9b8c2f8d90a3c
[INFO] [stdout]                                at /opt/rustwide/cargo-home/registry/src/index.crates.io-1949cf8c6b5b557f/tokio-1.43.0/src/runtime/runtime.rs:368:47
[INFO] [stdout]   49:     0x648b5ab895bf - tokio::runtime::runtime::Runtime::block_on::hcd7bb36017b66e2b
[INFO] [stdout]                                at /opt/rustwide/cargo-home/registry/src/index.crates.io-1949cf8c6b5b557f/tokio-1.43.0/src/runtime/runtime.rs:342:13
[INFO] [stdout]   50:     0x648b5ab109c3 - tokio::task::local::LocalSet::block_on::hab2f3c7361523116
[INFO] [stdout]                                at /opt/rustwide/cargo-home/registry/src/index.crates.io-1949cf8c6b5b557f/tokio-1.43.0/src/task/local.rs:646:9
[INFO] [stdout]   51:     0x648b5ab4ef1a - actix_rt::runtime::Runtime::block_on::h95f2a1eabff800e5
[INFO] [stdout]                                at /opt/rustwide/cargo-home/registry/src/index.crates.io-1949cf8c6b5b557f/actix-rt-2.10.0/src/runtime.rs:138:9
[INFO] [stdout]   52:     0x648b5ab5b74e - actix_rt::system::SystemRunner::block_on::ha95133df33650316
[INFO] [stdout]                                at /opt/rustwide/cargo-home/registry/src/index.crates.io-1949cf8c6b5b557f/actix-rt-2.10.0/src/system.rs:244:9
[INFO] [stdout]   53:     0x648b5ab5f3b8 - cinematch::routes::auth::tests::login::tests::login_empty_login::h6f835fe6368495d2
[INFO] [stdout]                                at /opt/rustwide/workdir/src/routes/auth/tests/login.rs:60:5
[INFO] [stdout]   54:     0x648b5ab5f367 - cinematch::routes::auth::tests::login::tests::login_empty_login::{{closure}}::h13504017873d94db
[INFO] [stdout]                                at /opt/rustwide/workdir/src/routes/auth/tests/login.rs:61:33
[INFO] [stdout]   55:     0x648b5aaf4c26 - core::ops::function::FnOnce::call_once::h19d623b02c859f9b
[INFO] [stdout]                                at /rustc/6067b36314ab5eb2eb47cecc464545ba58e1ad24/library/core/src/ops/function.rs:250:5
[INFO] [stdout]   56:     0x648b5abca4db - core::ops::function::FnOnce::call_once::he27718dfdd183f43
[INFO] [stdout]                                at /rustc/6067b36314ab5eb2eb47cecc464545ba58e1ad24/library/core/src/ops/function.rs:250:5
[INFO] [stdout]   57:     0x648b5abca4db - test::__rust_begin_short_backtrace::h4e84902998457a5d
[INFO] [stdout]                                at /rustc/6067b36314ab5eb2eb47cecc464545ba58e1ad24/library/test/src/lib.rs:632:18
[INFO] [stdout]   58:     0x648b5abc9413 - test::run_test_in_process::{{closure}}::h7176fd18fc1feca0
[INFO] [stdout]                                at /rustc/6067b36314ab5eb2eb47cecc464545ba58e1ad24/library/test/src/lib.rs:655:60
[INFO] [stdout]   59:     0x648b5abc9413 - <core::panic::unwind_safe::AssertUnwindSafe<F> as core::ops::function::FnOnce<()>>::call_once::hf79cff2a624d8cf7
[INFO] [stdout]                                at /rustc/6067b36314ab5eb2eb47cecc464545ba58e1ad24/library/core/src/panic/unwind_safe.rs:272:9
[INFO] [stdout]   60:     0x648b5abc9413 - std::panicking::try::do_call::h3da0561d9ab99c25
[INFO] [stdout]                                at /rustc/6067b36314ab5eb2eb47cecc464545ba58e1ad24/library/std/src/panicking.rs:587:40
[INFO] [stdout]   61:     0x648b5abc9413 - std::panicking::try::h41c9fa508bc61df6
[INFO] [stdout]                                at /rustc/6067b36314ab5eb2eb47cecc464545ba58e1ad24/library/std/src/panicking.rs:550:19
[INFO] [stdout]   62:     0x648b5abc9413 - std::panic::catch_unwind::h6b3ff07bb5afad93
[INFO] [stdout]                                at /rustc/6067b36314ab5eb2eb47cecc464545ba58e1ad24/library/std/src/panic.rs:358:14
[INFO] [stdout]   63:     0x648b5abc9413 - test::run_test_in_process::hc7253dd11b39b9f4
[INFO] [stdout]                                at /rustc/6067b36314ab5eb2eb47cecc464545ba58e1ad24/library/test/src/lib.rs:655:27
[INFO] [stdout]   64:     0x648b5abc9413 - test::run_test::{{closure}}::hfb2007f8649c30bb
[INFO] [stdout]                                at /rustc/6067b36314ab5eb2eb47cecc464545ba58e1ad24/library/test/src/lib.rs:576:43
[INFO] [stdout]   65:     0x648b5ab8c4f5 - test::run_test::{{closure}}::h56a17aa7a282a9f4
[INFO] [stdout]                                at /rustc/6067b36314ab5eb2eb47cecc464545ba58e1ad24/library/test/src/lib.rs:606:41
[INFO] [stdout]   66:     0x648b5ab8c4f5 - std::sys::backtrace::__rust_begin_short_backtrace::hd2d2d2fb8e8c6aac
[INFO] [stdout]                                at /rustc/6067b36314ab5eb2eb47cecc464545ba58e1ad24/library/std/src/sys/backtrace.rs:152:18
[INFO] [stdout]   67:     0x648b5ab8fdda - std::thread::Builder::spawn_unchecked_::{{closure}}::{{closure}}::h4faa3f9db6133423
[INFO] [stdout]                                at /rustc/6067b36314ab5eb2eb47cecc464545ba58e1ad24/library/std/src/thread/mod.rs:559:17
[INFO] [stdout]   68:     0x648b5ab8fdda - <core::panic::unwind_safe::AssertUnwindSafe<F> as core::ops::function::FnOnce<()>>::call_once::hf2e855a36a4ea846
[INFO] [stdout]                                at /rustc/6067b36314ab5eb2eb47cecc464545ba58e1ad24/library/core/src/panic/unwind_safe.rs:272:9
[INFO] [stdout]   69:     0x648b5ab8fdda - std::panicking::try::do_call::h2f73af3616c35465
[INFO] [stdout]                                at /rustc/6067b36314ab5eb2eb47cecc464545ba58e1ad24/library/std/src/panicking.rs:587:40
[INFO] [stdout]   70:     0x648b5ab8fdda - std::panicking::try::hd1660ce9efadef5a
[INFO] [stdout]                                at /rustc/6067b36314ab5eb2eb47cecc464545ba58e1ad24/library/std/src/panicking.rs:550:19
[INFO] [stdout]   71:     0x648b5ab8fdda - std::panic::catch_unwind::h5ee8d7823b8ca744
[INFO] [stdout]                                at /rustc/6067b36314ab5eb2eb47cecc464545ba58e1ad24/library/std/src/panic.rs:358:14
[INFO] [stdout]   72:     0x648b5ab8fdda - std::thread::Builder::spawn_unchecked_::{{closure}}::h53c3a1894dce8407
[INFO] [stdout]                                at /rustc/6067b36314ab5eb2eb47cecc464545ba58e1ad24/library/std/src/thread/mod.rs:557:30
[INFO] [stdout]   73:     0x648b5ab8fdda - core::ops::function::FnOnce::call_once{{vtable.shim}}::h048ce291ad4f62bf
[INFO] [stdout]                                at /rustc/6067b36314ab5eb2eb47cecc464545ba58e1ad24/library/core/src/ops/function.rs:250:5
[INFO] [stdout]   74:     0x648b5b13c01b - <alloc::boxed::Box<F,A> as core::ops::function::FnOnce<Args>>::call_once::ha52bedf99a3b4981
[INFO] [stdout]                                at /rustc/6067b36314ab5eb2eb47cecc464545ba58e1ad24/library/alloc/src/boxed.rs:2013:9
[INFO] [stdout]   75:     0x648b5b13c01b - <alloc::boxed::Box<F,A> as core::ops::function::FnOnce<Args>>::call_once::h567748934d80ccf8
[INFO] [stdout]                                at /rustc/6067b36314ab5eb2eb47cecc464545ba58e1ad24/library/alloc/src/boxed.rs:2013:9
[INFO] [stdout]   76:     0x648b5b13c01b - std::sys::pal::unix::thread::Thread::new::thread_start::h2d970728ae887adc
[INFO] [stdout]                                at /rustc/6067b36314ab5eb2eb47cecc464545ba58e1ad24/library/std/src/sys/pal/unix/thread.rs:106:17
[INFO] [stdout]   77:     0x772ff631fac3 - <unknown>
[INFO] [stdout]   78:     0x772ff63b0a04 - clone
[INFO] [stdout]   79:                0x0 - <unknown>
[INFO] [stdout] 
[INFO] [stdout] ---- routes::auth::tests::registration::tests::registration_success stdout ----
[INFO] [stdout] 
[INFO] [stdout] thread 'routes::auth::tests::registration::tests::registration_success' panicked at src/config/database/pool.rs:25:10:
[INFO] [stdout] database URL should be valid path to SQLite DB file: Error(Some("connection to server at \"localhost\" (::1), port 5432 failed: Connection refused\n\tIs the server running on that host and accepting TCP/IP connections?\nconnection to server at \"localhost\" (127.0.0.1), port 5432 failed: Connection refused\n\tIs the server running on that host and accepting TCP/IP connections?\n"))
[INFO] [stdout] stack backtrace:
[INFO] [stdout]    0:     0x648b5b13606a - std::backtrace_rs::backtrace::libunwind::trace::hb059275cfc8d6126
[INFO] [stdout]                                at /rustc/6067b36314ab5eb2eb47cecc464545ba58e1ad24/library/std/src/../../backtrace/src/backtrace/libunwind.rs:116:5
[INFO] [stdout]    1:     0x648b5b13606a - std::backtrace_rs::backtrace::trace_unsynchronized::h2da071e4327ce3ee
[INFO] [stdout]                                at /rustc/6067b36314ab5eb2eb47cecc464545ba58e1ad24/library/std/src/../../backtrace/src/backtrace/mod.rs:66:5
[INFO] [stdout]    2:     0x648b5b13606a - std::sys::backtrace::_print_fmt::h842a1474e6f8d23f
[INFO] [stdout]                                at /rustc/6067b36314ab5eb2eb47cecc464545ba58e1ad24/library/std/src/sys/backtrace.rs:66:9
[INFO] [stdout]    3:     0x648b5b13606a - <std::sys::backtrace::BacktraceLock::print::DisplayBacktrace as core::fmt::Display>::fmt::h71a62eb3b9696b12
[INFO] [stdout]                                at /rustc/6067b36314ab5eb2eb47cecc464545ba58e1ad24/library/std/src/sys/backtrace.rs:39:26
[INFO] [stdout]    4:     0x648b5b15fd63 - core::fmt::rt::Argument::fmt::hdb6b616786b41dc1
[INFO] [stdout]                                at /rustc/6067b36314ab5eb2eb47cecc464545ba58e1ad24/library/core/src/fmt/rt.rs:177:76
[INFO] [stdout]    5:     0x648b5b15fd63 - core::fmt::write::h2cc1698af7e2d686
[INFO] [stdout]                                at /rustc/6067b36314ab5eb2eb47cecc464545ba58e1ad24/library/core/src/fmt/mod.rs:1440:21
[INFO] [stdout]    6:     0x648b5b132a63 - std::io::Write::write_fmt::hab1b4cd059a79022
[INFO] [stdout]                                at /rustc/6067b36314ab5eb2eb47cecc464545ba58e1ad24/library/std/src/io/mod.rs:1887:15
[INFO] [stdout]    7:     0x648b5b135eb2 - std::sys::backtrace::BacktraceLock::print::h147fe35b4ea13b08
[INFO] [stdout]                                at /rustc/6067b36314ab5eb2eb47cecc464545ba58e1ad24/library/std/src/sys/backtrace.rs:42:9
[INFO] [stdout]    8:     0x648b5b13748f - std::panicking::default_hook::{{closure}}::hbd44223dbdc0d208
[INFO] [stdout]                                at /rustc/6067b36314ab5eb2eb47cecc464545ba58e1ad24/library/std/src/panicking.rs:298:22
[INFO] [stdout]    9:     0x648b5b1372a8 - std::panicking::default_hook::h20f81eb0576efcec
[INFO] [stdout]                                at /rustc/6067b36314ab5eb2eb47cecc464545ba58e1ad24/library/std/src/panicking.rs:322:9
[INFO] [stdout]   10:     0x648b5abc4d83 - <alloc::boxed::Box<F,A> as core::ops::function::Fn<Args>>::call::hdb53814c496a4d34
[INFO] [stdout]                                at /rustc/6067b36314ab5eb2eb47cecc464545ba58e1ad24/library/alloc/src/boxed.rs:2027:9
[INFO] [stdout]   11:     0x648b5abc4d83 - test::test_main::{{closure}}::hc0a4963c59427c24
[INFO] [stdout]                                at /rustc/6067b36314ab5eb2eb47cecc464545ba58e1ad24/library/test/src/lib.rs:134:21
[INFO] [stdout]   12:     0x648b5b137f83 - <alloc::boxed::Box<F,A> as core::ops::function::Fn<Args>>::call::h591b2225413a77e9
[INFO] [stdout]                                at /rustc/6067b36314ab5eb2eb47cecc464545ba58e1ad24/library/alloc/src/boxed.rs:2027:9
[INFO] [stdout]   13:     0x648b5b137f83 - std::panicking::rust_panic_with_hook::h625eea43051b2edc
[INFO] [stdout]                                at /rustc/6067b36314ab5eb2eb47cecc464545ba58e1ad24/library/std/src/panicking.rs:839:13
[INFO] [stdout]   14:     0x648b5b137c3a - std::panicking::begin_panic_handler::{{closure}}::h4f9159cfbc3f6bd3
[INFO] [stdout]                                at /rustc/6067b36314ab5eb2eb47cecc464545ba58e1ad24/library/std/src/panicking.rs:704:13
[INFO] [stdout]   15:     0x648b5b136569 - std::sys::backtrace::__rust_end_short_backtrace::h0390abce48353151
[INFO] [stdout]                                at /rustc/6067b36314ab5eb2eb47cecc464545ba58e1ad24/library/std/src/sys/backtrace.rs:168:18
[INFO] [stdout]   16:     0x648b5b1378cd - rust_begin_unwind
[INFO] [stdout]                                at /rustc/6067b36314ab5eb2eb47cecc464545ba58e1ad24/library/std/src/panicking.rs:695:5
[INFO] [stdout]   17:     0x648b5b15dab0 - core::panicking::panic_fmt::h9e7c637e9e5f29c9
[INFO] [stdout]                                at /rustc/6067b36314ab5eb2eb47cecc464545ba58e1ad24/library/core/src/panicking.rs:75:14
[INFO] [stdout]   18:     0x648b5b15df26 - core::result::unwrap_failed::h7979f09313fe1849
[INFO] [stdout]                                at /rustc/6067b36314ab5eb2eb47cecc464545ba58e1ad24/library/core/src/result.rs:1704:5
[INFO] [stdout]   19:     0x648b5ab4932a - core::result::Result<T,E>::expect::h60c919fe40fba549
[INFO] [stdout]                                at /rustc/6067b36314ab5eb2eb47cecc464545ba58e1ad24/library/core/src/result.rs:1061:23
[INFO] [stdout]   20:     0x648b5ab169fe - cinematch::config::database::pool::create_test_db_pool::h1211fbee11f3a12a
[INFO] [stdout]                                at /opt/rustwide/workdir/src/config/database/pool.rs:23:16
[INFO] [stdout]   21:     0x648b5ab08522 - cinematch::config::state::<impl cinematch::config::AppStateConfig for actix_web::app::App<T>>::bind_app_state_for_tests::h6208920bb2257334
[INFO] [stdout]                                at /opt/rustwide/workdir/src/config/state.rs:20:38
[INFO] [stdout]   22:     0x648b5ab20f30 - cinematch::routes::auth::tests::registration::tests::registration_success::{{closure}}::h0ea6e4d3f2a7faf1
[INFO] [stdout]                                at /opt/rustwide/workdir/src/routes/auth/tests/registration.rs:18:19
[INFO] [stdout]   23:     0x648b5ab156c7 - <tokio::task::local::RunUntil<T> as core::future::future::Future>::poll::{{closure}}::hc9e7bfd88f1842f0
[INFO] [stdout]                                at /opt/rustwide/cargo-home/registry/src/index.crates.io-1949cf8c6b5b557f/tokio-1.43.0/src/task/local.rs:1041:42
[INFO] [stdout]   24:     0x648b5ab10384 - tokio::task::local::LocalSet::with::{{closure}}::h5616e9d322846a0a
[INFO] [stdout]                                at /opt/rustwide/cargo-home/registry/src/index.crates.io-1949cf8c6b5b557f/tokio-1.43.0/src/task/local.rs:793:13
[INFO] [stdout]   25:     0x648b5aaf28a5 - std::thread::local::LocalKey<T>::try_with::hcc142c02e16a677f
[INFO] [stdout]                                at /rustc/6067b36314ab5eb2eb47cecc464545ba58e1ad24/library/std/src/thread/local.rs:308:12
[INFO] [stdout]   26:     0x648b5aaece2a - std::thread::local::LocalKey<T>::with::h2798ca9b643b3d2c
[INFO] [stdout]                                at /rustc/6067b36314ab5eb2eb47cecc464545ba58e1ad24/library/std/src/thread/local.rs:272:9
[INFO] [stdout]   27:     0x648b5ab0fd66 - tokio::task::local::LocalSet::with::h5b63f8b273679c81
[INFO] [stdout]                                at /opt/rustwide/cargo-home/registry/src/index.crates.io-1949cf8c6b5b557f/tokio-1.43.0/src/task/local.rs:791:9
[INFO] [stdout]   28:     0x648b5ab14c85 - <tokio::task::local::RunUntil<T> as core::future::future::Future>::poll::h529d5ed829a797db
[INFO] [stdout]                                at /opt/rustwide/cargo-home/registry/src/index.crates.io-1949cf8c6b5b557f/tokio-1.43.0/src/task/local.rs:1031:9
[INFO] [stdout]   29:     0x648b5ab11137 - tokio::task::local::LocalSet::run_until::{{closure}}::h370bfae1070b12e8
[INFO] [stdout]                                at /opt/rustwide/cargo-home/registry/src/index.crates.io-1949cf8c6b5b557f/tokio-1.43.0/src/task/local.rs:689:19
[INFO] [stdout]   30:     0x648b5ab3553d - <core::pin::Pin<P> as core::future::future::Future>::poll::hf9157927b0b0960f
[INFO] [stdout]                                at /rustc/6067b36314ab5eb2eb47cecc464545ba58e1ad24/library/core/src/future/future.rs:124:9
[INFO] [stdout]   31:     0x648b5aaec9af - tokio::runtime::scheduler::current_thread::CoreGuard::block_on::{{closure}}::{{closure}}::{{closure}}::haacae1ae9070ceee
[INFO] [stdout]                                at /opt/rustwide/cargo-home/registry/src/index.crates.io-1949cf8c6b5b557f/tokio-1.43.0/src/runtime/scheduler/current_thread/mod.rs:729:57
[INFO] [stdout]   32:     0x648b5aaea925 - tokio::runtime::coop::with_budget::he11d8f2600fd42f3
[INFO] [stdout]                                at /opt/rustwide/cargo-home/registry/src/index.crates.io-1949cf8c6b5b557f/tokio-1.43.0/src/runtime/coop.rs:107:5
[INFO] [stdout]   33:     0x648b5aaea925 - tokio::runtime::coop::budget::h38fbfe28120bdbe7
[INFO] [stdout]                                at /opt/rustwide/cargo-home/registry/src/index.crates.io-1949cf8c6b5b557f/tokio-1.43.0/src/runtime/coop.rs:73:5
[INFO] [stdout]   34:     0x648b5aaea925 - tokio::runtime::scheduler::current_thread::CoreGuard::block_on::{{closure}}::{{closure}}::h14341058420271c4
[INFO] [stdout]                                at /opt/rustwide/cargo-home/registry/src/index.crates.io-1949cf8c6b5b557f/tokio-1.43.0/src/runtime/scheduler/current_thread/mod.rs:729:25
[INFO] [stdout]   35:     0x648b5aad57c0 - tokio::runtime::scheduler::current_thread::Context::enter::h8bfef6fe5ef943e5
[INFO] [stdout]                                at /opt/rustwide/cargo-home/registry/src/index.crates.io-1949cf8c6b5b557f/tokio-1.43.0/src/runtime/scheduler/current_thread/mod.rs:428:19
[INFO] [stdout]   36:     0x648b5aae53be - tokio::runtime::scheduler::current_thread::CoreGuard::block_on::{{closure}}::h5d140b03111336f6
[INFO] [stdout]                                at /opt/rustwide/cargo-home/registry/src/index.crates.io-1949cf8c6b5b557f/tokio-1.43.0/src/runtime/scheduler/current_thread/mod.rs:728:36
[INFO] [stdout]   37:     0x648b5aae04f4 - tokio::runtime::scheduler::current_thread::CoreGuard::enter::{{closure}}::h9b67978adcbb970e
[INFO] [stdout]                                at /opt/rustwide/cargo-home/registry/src/index.crates.io-1949cf8c6b5b557f/tokio-1.43.0/src/runtime/scheduler/current_thread/mod.rs:807:68
[INFO] [stdout]   38:     0x648b5ab8280b - tokio::runtime::context::scoped::Scoped<T>::set::h749ee725f9f436c3
[INFO] [stdout]                                at /opt/rustwide/cargo-home/registry/src/index.crates.io-1949cf8c6b5b557f/tokio-1.43.0/src/runtime/context/scoped.rs:40:9
[INFO] [stdout]   39:     0x648b5ab58529 - tokio::runtime::context::set_scheduler::{{closure}}::hddf3e3bd1aaed284
[INFO] [stdout]                                at /opt/rustwide/cargo-home/registry/src/index.crates.io-1949cf8c6b5b557f/tokio-1.43.0/src/runtime/context.rs:180:26
[INFO] [stdout]   40:     0x648b5aaf0a72 - std::thread::local::LocalKey<T>::try_with::h8809813adc135c0f
[INFO] [stdout]                                at /rustc/6067b36314ab5eb2eb47cecc464545ba58e1ad24/library/std/src/thread/local.rs:308:12
[INFO] [stdout]   41:     0x648b5aaed12a - std::thread::local::LocalKey<T>::with::h782d8cec7bf69a48
[INFO] [stdout]                                at /rustc/6067b36314ab5eb2eb47cecc464545ba58e1ad24/library/std/src/thread/local.rs:272:9
[INFO] [stdout]   42:     0x648b5ab57fdd - tokio::runtime::context::set_scheduler::h92b13440af80567e
[INFO] [stdout]                                at /opt/rustwide/cargo-home/registry/src/index.crates.io-1949cf8c6b5b557f/tokio-1.43.0/src/runtime/context.rs:180:9
[INFO] [stdout]   43:     0x648b5aadf920 - tokio::runtime::scheduler::current_thread::CoreGuard::enter::he3a157c0961adb51
[INFO] [stdout]                                at /opt/rustwide/cargo-home/registry/src/index.crates.io-1949cf8c6b5b557f/tokio-1.43.0/src/runtime/scheduler/current_thread/mod.rs:807:27
[INFO] [stdout]   44:     0x648b5aae05f3 - tokio::runtime::scheduler::current_thread::CoreGuard::block_on::h11ffee551d2f565a
[INFO] [stdout]                                at /opt/rustwide/cargo-home/registry/src/index.crates.io-1949cf8c6b5b557f/tokio-1.43.0/src/runtime/scheduler/current_thread/mod.rs:716:19
[INFO] [stdout]   45:     0x648b5aacefdd - tokio::runtime::scheduler::current_thread::CurrentThread::block_on::{{closure}}::h87744b99812e8ab3
[INFO] [stdout]                                at /opt/rustwide/cargo-home/registry/src/index.crates.io-1949cf8c6b5b557f/tokio-1.43.0/src/runtime/scheduler/current_thread/mod.rs:196:28
[INFO] [stdout]   46:     0x648b5ab84777 - tokio::runtime::context::runtime::enter_runtime::h9adc7ad057dfc15e
[INFO] [stdout]                                at /opt/rustwide/cargo-home/registry/src/index.crates.io-1949cf8c6b5b557f/tokio-1.43.0/src/runtime/context/runtime.rs:65:16
[INFO] [stdout]   47:     0x648b5aacbfe6 - tokio::runtime::scheduler::current_thread::CurrentThread::block_on::hd7670dfdd8ace459
[INFO] [stdout]                                at /opt/rustwide/cargo-home/registry/src/index.crates.io-1949cf8c6b5b557f/tokio-1.43.0/src/runtime/scheduler/current_thread/mod.rs:184:9
[INFO] [stdout]   48:     0x648b5ab877d4 - tokio::runtime::runtime::Runtime::block_on_inner::h4ee9d6ee77ccf5ca
[INFO] [stdout]                                at /opt/rustwide/cargo-home/registry/src/index.crates.io-1949cf8c6b5b557f/tokio-1.43.0/src/runtime/runtime.rs:368:47
[INFO] [stdout]   49:     0x648b5ab886bf - tokio::runtime::runtime::Runtime::block_on::h1a0fb923084d369a
[INFO] [stdout]                                at /opt/rustwide/cargo-home/registry/src/index.crates.io-1949cf8c6b5b557f/tokio-1.43.0/src/runtime/runtime.rs:342:13
[INFO] [stdout]   50:     0x648b5ab10a63 - tokio::task::local::LocalSet::block_on::hd88b18a6750f6ce5
[INFO] [stdout]                                at /opt/rustwide/cargo-home/registry/src/index.crates.io-1949cf8c6b5b557f/tokio-1.43.0/src/task/local.rs:646:9
[INFO] [stdout]   51:     0x648b5ab4ee7a - actix_rt::runtime::Runtime::block_on::h17dc5668e4a169ae
[INFO] [stdout]                                at /opt/rustwide/cargo-home/registry/src/index.crates.io-1949cf8c6b5b557f/actix-rt-2.10.0/src/runtime.rs:138:9
[INFO] [stdout]   52:     0x648b5ab5b70e - actix_rt::system::SystemRunner::block_on::h285ec4293ecf8e4c
[INFO] [stdout]                                at /opt/rustwide/cargo-home/registry/src/index.crates.io-1949cf8c6b5b557f/actix-rt-2.10.0/src/system.rs:244:9
[INFO] [stdout]   53:     0x648b5ab20db8 - cinematch::routes::auth::tests::registration::tests::registration_success::h98e38107f0dab435
[INFO] [stdout]                                at /opt/rustwide/workdir/src/routes/auth/tests/registration.rs:16:5
[INFO] [stdout]   54:     0x648b5ab20d67 - cinematch::routes::auth::tests::registration::tests::registration_success::{{closure}}::h16c10f1aa30de3bb
[INFO] [stdout]                                at /opt/rustwide/workdir/src/routes/auth/tests/registration.rs:17:36
[INFO] [stdout]   55:     0x648b5aaf50a6 - core::ops::function::FnOnce::call_once::h8dc928136904fb47
[INFO] [stdout]                                at /rustc/6067b36314ab5eb2eb47cecc464545ba58e1ad24/library/core/src/ops/function.rs:250:5
[INFO] [stdout]   56:     0x648b5abca4db - core::ops::function::FnOnce::call_once::he27718dfdd183f43
[INFO] [stdout]                                at /rustc/6067b36314ab5eb2eb47cecc464545ba58e1ad24/library/core/src/ops/function.rs:250:5
[INFO] [stdout]   57:     0x648b5abca4db - test::__rust_begin_short_backtrace::h4e84902998457a5d
[INFO] [stdout]                                at /rustc/6067b36314ab5eb2eb47cecc464545ba58e1ad24/library/test/src/lib.rs:632:18
[INFO] [stdout]   58:     0x648b5abc9413 - test::run_test_in_process::{{closure}}::h7176fd18fc1feca0
[INFO] [stdout]                                at /rustc/6067b36314ab5eb2eb47cecc464545ba58e1ad24/library/test/src/lib.rs:655:60
[INFO] [stdout]   59:     0x648b5abc9413 - <core::panic::unwind_safe::AssertUnwindSafe<F> as core::ops::function::FnOnce<()>>::call_once::hf79cff2a624d8cf7
[INFO] [stdout]                                at /rustc/6067b36314ab5eb2eb47cecc464545ba58e1ad24/library/core/src/panic/unwind_safe.rs:272:9
[INFO] [stdout]   60:     0x648b5abc9413 - std::panicking::try::do_call::h3da0561d9ab99c25
[INFO] [stdout]                                at /rustc/6067b36314ab5eb2eb47cecc464545ba58e1ad24/library/std/src/panicking.rs:587:40
[INFO] [stdout]   61:     0x648b5abc9413 - std::panicking::try::h41c9fa508bc61df6
[INFO] [stdout]                                at /rustc/6067b36314ab5eb2eb47cecc464545ba58e1ad24/library/std/src/panicking.rs:550:19
[INFO] [stdout]   62:     0x648b5abc9413 - std::panic::catch_unwind::h6b3ff07bb5afad93
[INFO] [stdout]                                at /rustc/6067b36314ab5eb2eb47cecc464545ba58e1ad24/library/std/src/panic.rs:358:14
[INFO] [stdout]   63:     0x648b5abc9413 - test::run_test_in_process::hc7253dd11b39b9f4
[INFO] [stdout]                                at /rustc/6067b36314ab5eb2eb47cecc464545ba58e1ad24/library/test/src/lib.rs:655:27
[INFO] [stdout]   64:     0x648b5abc9413 - test::run_test::{{closure}}::hfb2007f8649c30bb
[INFO] [stdout]                                at /rustc/6067b36314ab5eb2eb47cecc464545ba58e1ad24/library/test/src/lib.rs:576:43
[INFO] [stdout]   65:     0x648b5ab8c4f5 - test::run_test::{{closure}}::h56a17aa7a282a9f4
[INFO] [stdout]                                at /rustc/6067b36314ab5eb2eb47cecc464545ba58e1ad24/library/test/src/lib.rs:606:41
[INFO] [stdout]   66:     0x648b5ab8c4f5 - std::sys::backtrace::__rust_begin_short_backtrace::hd2d2d2fb8e8c6aac
[INFO] [stdout]                                at /rustc/6067b36314ab5eb2eb47cecc464545ba58e1ad24/library/std/src/sys/backtrace.rs:152:18
[INFO] [stdout]   67:     0x648b5ab8fdda - std::thread::Builder::spawn_unchecked_::{{closure}}::{{closure}}::h4faa3f9db6133423
[INFO] [stdout]                                at /rustc/6067b36314ab5eb2eb47cecc464545ba58e1ad24/library/std/src/thread/mod.rs:559:17
[INFO] [stdout]   68:     0x648b5ab8fdda - <core::panic::unwind_safe::AssertUnwindSafe<F> as core::ops::function::FnOnce<()>>::call_once::hf2e855a36a4ea846
[INFO] [stdout]                                at /rustc/6067b36314ab5eb2eb47cecc464545ba58e1ad24/library/core/src/panic/unwind_safe.rs:272:9
[INFO] [stdout]   69:     0x648b5ab8fdda - std::panicking::try::do_call::h2f73af3616c35465
[INFO] [stdout]                                at /rustc/6067b36314ab5eb2eb47cecc464545ba58e1ad24/library/std/src/panicking.rs:587:40
[INFO] [stdout]   70:     0x648b5ab8fdda - std::panicking::try::hd1660ce9efadef5a
[INFO] [stdout]                                at /rustc/6067b36314ab5eb2eb47cecc464545ba58e1ad24/library/std/src/panicking.rs:550:19
[INFO] [stdout]   71:     0x648b5ab8fdda - std::panic::catch_unwind::h5ee8d7823b8ca744
[INFO] [stdout]                                at /rustc/6067b36314ab5eb2eb47cecc464545ba58e1ad24/library/std/src/panic.rs:358:14
[INFO] [stdout]   72:     0x648b5ab8fdda - std::thread::Builder::spawn_unchecked_::{{closure}}::h53c3a1894dce8407
[INFO] [stdout]                                at /rustc/6067b36314ab5eb2eb47cecc464545ba58e1ad24/library/std/src/thread/mod.rs:557:30
[INFO] [stdout]   73:     0x648b5ab8fdda - core::ops::function::FnOnce::call_once{{vtable.shim}}::h048ce291ad4f62bf
[INFO] [stdout]                                at /rustc/6067b36314ab5eb2eb47cecc464545ba58e1ad24/library/core/src/ops/function.rs:250:5
[INFO] [stdout]   74:     0x648b5b13c01b - <alloc::boxed::Box<F,A> as core::ops::function::FnOnce<Args>>::call_once::ha52bedf99a3b4981
[INFO] [stdout]                                at /rustc/6067b36314ab5eb2eb47cecc464545ba58e1ad24/library/alloc/src/boxed.rs:2013:9
[INFO] [stdout]   75:     0x648b5b13c01b - <alloc::boxed::Box<F,A> as core::ops::function::FnOnce<Args>>::call_once::h567748934d80ccf8
[INFO] [stdout]                                at /rustc/6067b36314ab5eb2eb47cecc464545ba58e1ad24/library/alloc/src/boxed.rs:2013:9
[INFO] [stdout]   76:     0x648b5b13c01b - std::sys::pal::unix::thread::Thread::new::thread_start::h2d970728ae887adc
[INFO] [stdout]                                at /rustc/6067b36314ab5eb2eb47cecc464545ba58e1ad24/library/std/src/sys/pal/unix/thread.rs:106:17
[INFO] [stdout]   77:     0x772ff631fac3 - <unknown>
[INFO] [stdout]   78:     0x772ff63b0a04 - clone
[INFO] [stdout]   79:                0x0 - <unknown>
[INFO] [stdout] 
[INFO] [stdout] ---- routes::auth::tests::login::tests::login_parce_error stdout ----
[INFO] [stdout] 
[INFO] [stdout] thread 'routes::auth::tests::login::tests::login_parce_error' panicked at src/config/database/pool.rs:25:10:
[INFO] [stdout] database URL should be valid path to SQLite DB file: Error(Some("connection to server at \"localhost\" (::1), port 5432 failed: Connection refused\n\tIs the server running on that host and accepting TCP/IP connections?\nconnection to server at \"localhost\" (127.0.0.1), port 5432 failed: Connection refused\n\tIs the server running on that host and accepting TCP/IP connections?\n"))
[INFO] [stdout] stack backtrace:
[INFO] [stdout]    0:     0x648b5b13606a - std::backtrace_rs::backtrace::libunwind::trace::hb059275cfc8d6126
[INFO] [stdout]                                at /rustc/6067b36314ab5eb2eb47cecc464545ba58e1ad24/library/std/src/../../backtrace/src/backtrace/libunwind.rs:116:5
[INFO] [stdout]    1:     0x648b5b13606a - std::backtrace_rs::backtrace::trace_unsynchronized::h2da071e4327ce3ee
[INFO] [stdout]                                at /rustc/6067b36314ab5eb2eb47cecc464545ba58e1ad24/library/std/src/../../backtrace/src/backtrace/mod.rs:66:5
[INFO] [stdout]    2:     0x648b5b13606a - std::sys::backtrace::_print_fmt::h842a1474e6f8d23f
[INFO] [stdout]                                at /rustc/6067b36314ab5eb2eb47cecc464545ba58e1ad24/library/std/src/sys/backtrace.rs:66:9
[INFO] [stdout]    3:     0x648b5b13606a - <std::sys::backtrace::BacktraceLock::print::DisplayBacktrace as core::fmt::Display>::fmt::h71a62eb3b9696b12
[INFO] [stdout]                                at /rustc/6067b36314ab5eb2eb47cecc464545ba58e1ad24/library/std/src/sys/backtrace.rs:39:26
[INFO] [stdout]    4:     0x648b5b15fd63 - core::fmt::rt::Argument::fmt::hdb6b616786b41dc1
[INFO] [stdout]                                at /rustc/6067b36314ab5eb2eb47cecc464545ba58e1ad24/library/core/src/fmt/rt.rs:177:76
[INFO] [stdout]    5:     0x648b5b15fd63 - core::fmt::write::h2cc1698af7e2d686
[INFO] [stdout]                                at /rustc/6067b36314ab5eb2eb47cecc464545ba58e1ad24/library/core/src/fmt/mod.rs:1440:21
[INFO] [stdout]    6:     0x648b5b132a63 - std::io::Write::write_fmt::hab1b4cd059a79022
[INFO] [stdout]                                at /rustc/6067b36314ab5eb2eb47cecc464545ba58e1ad24/library/std/src/io/mod.rs:1887:15
[INFO] [stdout]    7:     0x648b5b135eb2 - std::sys::backtrace::BacktraceLock::print::h147fe35b4ea13b08
[INFO] [stdout]                                at /rustc/6067b36314ab5eb2eb47cecc464545ba58e1ad24/library/std/src/sys/backtrace.rs:42:9
[INFO] [stdout]    8:     0x648b5b13748f - std::panicking::default_hook::{{closure}}::hbd44223dbdc0d208
[INFO] [stdout]                                at /rustc/6067b36314ab5eb2eb47cecc464545ba58e1ad24/library/std/src/panicking.rs:298:22
[INFO] [stdout]    9:     0x648b5b1372a8 - std::panicking::default_hook::h20f81eb0576efcec
[INFO] [stdout]                                at /rustc/6067b36314ab5eb2eb47cecc464545ba58e1ad24/library/std/src/panicking.rs:322:9
[INFO] [stdout]   10:     0x648b5abc4d83 - <alloc::boxed::Box<F,A> as core::ops::function::Fn<Args>>::call::hdb53814c496a4d34
[INFO] [stdout]                                at /rustc/6067b36314ab5eb2eb47cecc464545ba58e1ad24/library/alloc/src/boxed.rs:2027:9
[INFO] [stdout]   11:     0x648b5abc4d83 - test::test_main::{{closure}}::hc0a4963c59427c24
[INFO] [stdout]                                at /rustc/6067b36314ab5eb2eb47cecc464545ba58e1ad24/library/test/src/lib.rs:134:21
[INFO] [stdout]   12:     0x648b5b137f83 - <alloc::boxed::Box<F,A> as core::ops::function::Fn<Args>>::call::h591b2225413a77e9
[INFO] [stdout]                                at /rustc/6067b36314ab5eb2eb47cecc464545ba58e1ad24/library/alloc/src/boxed.rs:2027:9
[INFO] [stdout]   13:     0x648b5b137f83 - std::panicking::rust_panic_with_hook::h625eea43051b2edc
[INFO] [stdout]                                at /rustc/6067b36314ab5eb2eb47cecc464545ba58e1ad24/library/std/src/panicking.rs:839:13
[INFO] [stdout]   14:     0x648b5b137c3a - std::panicking::begin_panic_handler::{{closure}}::h4f9159cfbc3f6bd3
[INFO] [stdout]                                at /rustc/6067b36314ab5eb2eb47cecc464545ba58e1ad24/library/std/src/panicking.rs:704:13
[INFO] [stdout]   15:     0x648b5b136569 - std::sys::backtrace::__rust_end_short_backtrace::h0390abce48353151
[INFO] [stdout]                                at /rustc/6067b36314ab5eb2eb47cecc464545ba58e1ad24/library/std/src/sys/backtrace.rs:168:18
[INFO] [stdout]   16:     0x648b5b1378cd - rust_begin_unwind
[INFO] [stdout]                                at /rustc/6067b36314ab5eb2eb47cecc464545ba58e1ad24/library/std/src/panicking.rs:695:5
[INFO] [stdout]   17:     0x648b5b15dab0 - core::panicking::panic_fmt::h9e7c637e9e5f29c9
[INFO] [stdout]                                at /rustc/6067b36314ab5eb2eb47cecc464545ba58e1ad24/library/core/src/panicking.rs:75:14
[INFO] [stdout]   18:     0x648b5b15df26 - core::result::unwrap_failed::h7979f09313fe1849
[INFO] [stdout]                                at /rustc/6067b36314ab5eb2eb47cecc464545ba58e1ad24/library/core/src/result.rs:1704:5
[INFO] [stdout]   19:     0x648b5ab4932a - core::result::Result<T,E>::expect::h60c919fe40fba549
[INFO] [stdout]                                at /rustc/6067b36314ab5eb2eb47cecc464545ba58e1ad24/library/core/src/result.rs:1061:23
[INFO] [stdout]   20:     0x648b5ab169fe - cinematch::config::database::pool::create_test_db_pool::h1211fbee11f3a12a
[INFO] [stdout]                                at /opt/rustwide/workdir/src/config/database/pool.rs:23:16
[INFO] [stdout]   21:     0x648b5ab08522 - cinematch::config::state::<impl cinematch::config::AppStateConfig for actix_web::app::App<T>>::bind_app_state_for_tests::h6208920bb2257334
[INFO] [stdout]                                at /opt/rustwide/workdir/src/config/state.rs:20:38
[INFO] [stdout]   22:     0x648b5ab5e8c0 - cinematch::routes::auth::tests::login::tests::login_parce_error::{{closure}}::hc49f707705ff46aa
[INFO] [stdout]                                at /opt/rustwide/workdir/src/routes/auth/tests/login.rs:43:19
[INFO] [stdout]   23:     0x648b5ab15947 - <tokio::task::local::RunUntil<T> as core::future::future::Future>::poll::{{closure}}::hf3d4f0cca99937f5
[INFO] [stdout]                                at /opt/rustwide/cargo-home/registry/src/index.crates.io-1949cf8c6b5b557f/tokio-1.43.0/src/task/local.rs:1041:42
[INFO] [stdout]   24:     0x648b5ab10294 - tokio::task::local::LocalSet::with::{{closure}}::h3910ab675bfe0d8c
[INFO] [stdout]                                at /opt/rustwide/cargo-home/registry/src/index.crates.io-1949cf8c6b5b557f/tokio-1.43.0/src/task/local.rs:793:13
[INFO] [stdout]   25:     0x648b5aaf2365 - std::thread::local::LocalKey<T>::try_with::hc20be857afc833cd
[INFO] [stdout]                                at /rustc/6067b36314ab5eb2eb47cecc464545ba58e1ad24/library/std/src/thread/local.rs:308:12
[INFO] [stdout]   26:     0x648b5aaed27a - std::thread::local::LocalKey<T>::with::ha25d74a5b3e299ac
[INFO] [stdout]                                at /rustc/6067b36314ab5eb2eb47cecc464545ba58e1ad24/library/std/src/thread/local.rs:272:9
[INFO] [stdout]   27:     0x648b5ab0fe26 - tokio::task::local::LocalSet::with::hd8d97f9b5b655fb4
[INFO] [stdout]                                at /opt/rustwide/cargo-home/registry/src/index.crates.io-1949cf8c6b5b557f/tokio-1.43.0/src/task/local.rs:791:9
[INFO] [stdout]   28:     0x648b5ab14ec5 - <tokio::task::local::RunUntil<T> as core::future::future::Future>::poll::hfb3356cc40019fa2
[INFO] [stdout]                                at /opt/rustwide/cargo-home/registry/src/index.crates.io-1949cf8c6b5b557f/tokio-1.43.0/src/task/local.rs:1031:9
[INFO] [stdout]   29:     0x648b5ab11eb5 - tokio::task::local::LocalSet::run_until::{{closure}}::hc09d0d53f3fe0d7d
[INFO] [stdout]                                at /opt/rustwide/cargo-home/registry/src/index.crates.io-1949cf8c6b5b557f/tokio-1.43.0/src/task/local.rs:689:19
[INFO] [stdout]   30:     0x648b5ab350dd - <core::pin::Pin<P> as core::future::future::Future>::poll::h5b7c5e0c9409cf82
[INFO] [stdout]                                at /rustc/6067b36314ab5eb2eb47cecc464545ba58e1ad24/library/core/src/future/future.rs:124:9
[INFO] [stdout]   31:     0x648b5aaecaaf - tokio::runtime::scheduler::current_thread::CoreGuard::block_on::{{closure}}::{{closure}}::{{closure}}::he1d9f6f14a8b3c91
[INFO] [stdout]                                at /opt/rustwide/cargo-home/registry/src/index.crates.io-1949cf8c6b5b557f/tokio-1.43.0/src/runtime/scheduler/current_thread/mod.rs:729:57
[INFO] [stdout]   32:     0x648b5aaeacb5 - tokio::runtime::coop::with_budget::h1fff138b118b9685
[INFO] [stdout]                                at /opt/rustwide/cargo-home/registry/src/index.crates.io-1949cf8c6b5b557f/tokio-1.43.0/src/runtime/coop.rs:107:5
[INFO] [stdout]   33:     0x648b5aaeacb5 - tokio::runtime::coop::budget::hb6020a2544372cc1
[INFO] [stdout]                                at /opt/rustwide/cargo-home/registry/src/index.crates.io-1949cf8c6b5b557f/tokio-1.43.0/src/runtime/coop.rs:73:5
[INFO] [stdout]   34:     0x648b5aaeacb5 - tokio::runtime::scheduler::current_thread::CoreGuard::block_on::{{closure}}::{{closure}}::h4c378d98b6a378f3
[INFO] [stdout]                                at /opt/rustwide/cargo-home/registry/src/index.crates.io-1949cf8c6b5b557f/tokio-1.43.0/src/runtime/scheduler/current_thread/mod.rs:729:25
[INFO] [stdout]   35:     0x648b5aad20e0 - tokio::runtime::scheduler::current_thread::Context::enter::h05b7c4268768536f
[INFO] [stdout]                                at /opt/rustwide/cargo-home/registry/src/index.crates.io-1949cf8c6b5b557f/tokio-1.43.0/src/runtime/scheduler/current_thread/mod.rs:428:19
[INFO] [stdout]   36:     0x648b5aae313e - tokio::runtime::scheduler::current_thread::CoreGuard::block_on::{{closure}}::h27aa590767195aeb
[INFO] [stdout]                                at /opt/rustwide/cargo-home/registry/src/index.crates.io-1949cf8c6b5b557f/tokio-1.43.0/src/runtime/scheduler/current_thread/mod.rs:728:36
[INFO] [stdout]   37:     0x648b5aae0554 - tokio::runtime::scheduler::current_thread::CoreGuard::enter::{{closure}}::hb71841c0c3f9fd8b
[INFO] [stdout]                                at /opt/rustwide/cargo-home/registry/src/index.crates.io-1949cf8c6b5b557f/tokio-1.43.0/src/runtime/scheduler/current_thread/mod.rs:807:68
[INFO] [stdout]   38:     0x648b5ab8241b - tokio::runtime::context::scoped::Scoped<T>::set::h541170981f578e29
[INFO] [stdout]                                at /opt/rustwide/cargo-home/registry/src/index.crates.io-1949cf8c6b5b557f/tokio-1.43.0/src/runtime/context/scoped.rs:40:9
[INFO] [stdout]   39:     0x648b5ab583e9 - tokio::runtime::context::set_scheduler::{{closure}}::h9952b8048d734be6
[INFO] [stdout]                                at /opt/rustwide/cargo-home/registry/src/index.crates.io-1949cf8c6b5b557f/tokio-1.43.0/src/runtime/context.rs:180:26
[INFO] [stdout]   40:     0x648b5aaf14b2 - std::thread::local::LocalKey<T>::try_with::h9252e629dad26e5b
[INFO] [stdout]                                at /rustc/6067b36314ab5eb2eb47cecc464545ba58e1ad24/library/std/src/thread/local.rs:308:12
[INFO] [stdout]   41:     0x648b5aaecbea - std::thread::local::LocalKey<T>::with::h0e742c5ed031c4fc
[INFO] [stdout]                                at /rustc/6067b36314ab5eb2eb47cecc464545ba58e1ad24/library/std/src/thread/local.rs:272:9
[INFO] [stdout]   42:     0x648b5ab57ddd - tokio::runtime::context::set_scheduler::h29a8172e90429bcb
[INFO] [stdout]                                at /opt/rustwide/cargo-home/registry/src/index.crates.io-1949cf8c6b5b557f/tokio-1.43.0/src/runtime/context.rs:180:9
[INFO] [stdout]   43:     0x648b5aaddc40 - tokio::runtime::scheduler::current_thread::CoreGuard::enter::h82f289f953c180f7
[INFO] [stdout]                                at /opt/rustwide/cargo-home/registry/src/index.crates.io-1949cf8c6b5b557f/tokio-1.43.0/src/runtime/scheduler/current_thread/mod.rs:807:27
[INFO] [stdout]   44:     0x648b5aae0a13 - tokio::runtime::scheduler::current_thread::CoreGuard::block_on::hd63877f6e94dc5ec
[INFO] [stdout]                                at /opt/rustwide/cargo-home/registry/src/index.crates.io-1949cf8c6b5b557f/tokio-1.43.0/src/runtime/scheduler/current_thread/mod.rs:716:19
[INFO] [stdout]   45:     0x648b5aace6dd - tokio::runtime::scheduler::current_thread::CurrentThread::block_on::{{closure}}::h722861da2ec5cbbb
[INFO] [stdout]                                at /opt/rustwide/cargo-home/registry/src/index.crates.io-1949cf8c6b5b557f/tokio-1.43.0/src/runtime/scheduler/current_thread/mod.rs:196:28
[INFO] [stdout]   46:     0x648b5ab85347 - tokio::runtime::context::runtime::enter_runtime::hedf0f76f70169b36
[INFO] [stdout]                                at /opt/rustwide/cargo-home/registry/src/index.crates.io-1949cf8c6b5b557f/tokio-1.43.0/src/runtime/context/runtime.rs:65:16
[INFO] [stdout]   47:     0x648b5aacba56 - tokio::runtime::scheduler::current_thread::CurrentThread::block_on::h8e5c37648e0caba7
[INFO] [stdout]                                at /opt/rustwide/cargo-home/registry/src/index.crates.io-1949cf8c6b5b557f/tokio-1.43.0/src/runtime/scheduler/current_thread/mod.rs:184:9
[INFO] [stdout]   48:     0x648b5ab87f54 - tokio::runtime::runtime::Runtime::block_on_inner::hbf022656cab5e569
[INFO] [stdout]                                at /opt/rustwide/cargo-home/registry/src/index.crates.io-1949cf8c6b5b557f/tokio-1.43.0/src/runtime/runtime.rs:368:47
[INFO] [stdout]   49:     0x648b5ab8983f - tokio::runtime::runtime::Runtime::block_on::hd723d6e6565c79df
[INFO] [stdout]                                at /opt/rustwide/cargo-home/registry/src/index.crates.io-1949cf8c6b5b557f/tokio-1.43.0/src/runtime/runtime.rs:342:13
[INFO] [stdout]   50:     0x648b5ab107e3 - tokio::task::local::LocalSet::block_on::h182019c0e3a7b566
[INFO] [stdout]                                at /opt/rustwide/cargo-home/registry/src/index.crates.io-1949cf8c6b5b557f/tokio-1.43.0/src/task/local.rs:646:9
[INFO] [stdout]   51:     0x648b5ab4ee5a - actix_rt::runtime::Runtime::block_on::h00e8fed1041d72a2
[INFO] [stdout]                                at /opt/rustwide/cargo-home/registry/src/index.crates.io-1949cf8c6b5b557f/actix-rt-2.10.0/src/runtime.rs:138:9
[INFO] [stdout]   52:     0x648b5ab5b6fe - actix_rt::system::SystemRunner::block_on::h1f1dee254f8c9ad3
[INFO] [stdout]                                at /opt/rustwide/cargo-home/registry/src/index.crates.io-1949cf8c6b5b557f/actix-rt-2.10.0/src/system.rs:244:9
[INFO] [stdout]   53:     0x648b5ab5e738 - cinematch::routes::auth::tests::login::tests::login_parce_error::hefb5587b928a7296
[INFO] [stdout]                                at /opt/rustwide/workdir/src/routes/auth/tests/login.rs:39:5
[INFO] [stdout]   54:     0x648b5ab5e6e7 - cinematch::routes::auth::tests::login::tests::login_parce_error::{{closure}}::he5ac0f03f4f3c398
[INFO] [stdout]                                at /opt/rustwide/workdir/src/routes/auth/tests/login.rs:40:37
[INFO] [stdout]   55:     0x648b5aaf4be6 - core::ops::function::FnOnce::call_once::h01a168c1e418e830
[INFO] [stdout]                                at /rustc/6067b36314ab5eb2eb47cecc464545ba58e1ad24/library/core/src/ops/function.rs:250:5
[INFO] [stdout]   56:     0x648b5abca4db - core::ops::function::FnOnce::call_once::he27718dfdd183f43
[INFO] [stdout]                                at /rustc/6067b36314ab5eb2eb47cecc464545ba58e1ad24/library/core/src/ops/function.rs:250:5
[INFO] [stdout]   57:     0x648b5abca4db - test::__rust_begin_short_backtrace::h4e84902998457a5d
[INFO] [stdout]                                at /rustc/6067b36314ab5eb2eb47cecc464545ba58e1ad24/library/test/src/lib.rs:632:18
[INFO] [stdout]   58:     0x648b5abc9413 - test::run_test_in_process::{{closure}}::h7176fd18fc1feca0
[INFO] [stdout]                                at /rustc/6067b36314ab5eb2eb47cecc464545ba58e1ad24/library/test/src/lib.rs:655:60
[INFO] [stdout]   59:     0x648b5abc9413 - <core::panic::unwind_safe::AssertUnwindSafe<F> as core::ops::function::FnOnce<()>>::call_once::hf79cff2a624d8cf7
[INFO] [stdout]                                at /rustc/6067b36314ab5eb2eb47cecc464545ba58e1ad24/library/core/src/panic/unwind_safe.rs:272:9
[INFO] [stdout]   60:     0x648b5abc9413 - std::panicking::try::do_call::h3da0561d9ab99c25
[INFO] [stdout]                                at /rustc/6067b36314ab5eb2eb47cecc464545ba58e1ad24/library/std/src/panicking.rs:587:40
[INFO] [stdout]   61:     0x648b5abc9413 - std::panicking::try::h41c9fa508bc61df6
[INFO] [stdout]                                at /rustc/6067b36314ab5eb2eb47cecc464545ba58e1ad24/library/std/src/panicking.rs:550:19
[INFO] [stdout]   62:     0x648b5abc9413 - std::panic::catch_unwind::h6b3ff07bb5afad93
[INFO] [stdout]                                at /rustc/6067b36314ab5eb2eb47cecc464545ba58e1ad24/library/std/src/panic.rs:358:14
[INFO] [stdout]   63:     0x648b5abc9413 - test::run_test_in_process::hc7253dd11b39b9f4
[INFO] [stdout]                                at /rustc/6067b36314ab5eb2eb47cecc464545ba58e1ad24/library/test/src/lib.rs:655:27
[INFO] [stdout]   64:     0x648b5abc9413 - test::run_test::{{closure}}::hfb2007f8649c30bb
[INFO] [stdout]                                at /rustc/6067b36314ab5eb2eb47cecc464545ba58e1ad24/library/test/src/lib.rs:576:43
[INFO] [stdout]   65:     0x648b5ab8c4f5 - test::run_test::{{closure}}::h56a17aa7a282a9f4
[INFO] [stdout]                                at /rustc/6067b36314ab5eb2eb47cecc464545ba58e1ad24/library/test/src/lib.rs:606:41
[INFO] [stdout]   66:     0x648b5ab8c4f5 - std::sys::backtrace::__rust_begin_short_backtrace::hd2d2d2fb8e8c6aac
[INFO] [stdout]                                at /rustc/6067b36314ab5eb2eb47cecc464545ba58e1ad24/library/std/src/sys/backtrace.rs:152:18
[INFO] [stdout]   67:     0x648b5ab8fdda - std::thread::Builder::spawn_unchecked_::{{closure}}::{{closure}}::h4faa3f9db6133423
[INFO] [stdout]                                at /rustc/6067b36314ab5eb2eb47cecc464545ba58e1ad24/library/std/src/thread/mod.rs:559:17
[INFO] [stdout]   68:     0x648b5ab8fdda - <core::panic::unwind_safe::AssertUnwindSafe<F> as core::ops::function::FnOnce<()>>::call_once::hf2e855a36a4ea846
[INFO] [stdout]                                at /rustc/6067b36314ab5eb2eb47cecc464545ba58e1ad24/library/core/src/panic/unwind_safe.rs:272:9
[INFO] [stdout]   69:     0x648b5ab8fdda - std::panicking::try::do_call::h2f73af3616c35465
[INFO] [stdout]                                at /rustc/6067b36314ab5eb2eb47cecc464545ba58e1ad24/library/std/src/panicking.rs:587:40
[INFO] [stdout]   70:     0x648b5ab8fdda - std::panicking::try::hd1660ce9efadef5a
[INFO] [stdout]                                at /rustc/6067b36314ab5eb2eb47cecc464545ba58e1ad24/library/std/src/panicking.rs:550:19
[INFO] [stdout]   71:     0x648b5ab8fdda - std::panic::catch_unwind::h5ee8d7823b8ca744
[INFO] [stdout]                                at /rustc/6067b36314ab5eb2eb47cecc464545ba58e1ad24/library/std/src/panic.rs:358:14
[INFO] [stdout]   72:     0x648b5ab8fdda - std::thread::Builder::spawn_unchecked_::{{closure}}::h53c3a1894dce8407
[INFO] [stdout]                                at /rustc/6067b36314ab5eb2eb47cecc464545ba58e1ad24/library/std/src/thread/mod.rs:557:30
[INFO] [stdout]   73:     0x648b5ab8fdda - core::ops::function::FnOnce::call_once{{vtable.shim}}::h048ce291ad4f62bf
[INFO] [stdout]                                at /rustc/6067b36314ab5eb2eb47cecc464545ba58e1ad24/library/core/src/ops/function.rs:250:5
[INFO] [stdout]   74:     0x648b5b13c01b - <alloc::boxed::Box<F,A> as core::ops::function::FnOnce<Args>>::call_once::ha52bedf99a3b4981
[INFO] [stdout]                                at /rustc/6067b36314ab5eb2eb47cecc464545ba58e1ad24/library/alloc/src/boxed.rs:2013:9
[INFO] [stdout]   75:     0x648b5b13c01b - <alloc::boxed::Box<F,A> as core::ops::function::FnOnce<Args>>::call_once::h567748934d80ccf8
[INFO] [stdout]                                at /rustc/6067b36314ab5eb2eb47cecc464545ba58e1ad24/library/alloc/src/boxed.rs:2013:9
[INFO] [stdout]   76:     0x648b5b13c01b - std::sys::pal::unix::thread::Thread::new::thread_start::h2d970728ae887adc
[INFO] [stdout]                                at /rustc/6067b36314ab5eb2eb47cecc464545ba58e1ad24/library/std/src/sys/pal/unix/thread.rs:106:17
[INFO] [stdout]   77:     0x772ff631fac3 - <unknown>
[INFO] [stdout]   78:     0x772ff63b0a04 - clone
[INFO] [stdout]   79:                0x0 - <unknown>
[INFO] [stdout] 
[INFO] [stdout] ---- routes::auth::tests::registration::tests::registration_empty_password stdout ----
[INFO] [stdout] 
[INFO] [stdout] thread 'routes::auth::tests::registration::tests::registration_empty_password' panicked at src/config/database/pool.rs:25:10:
[INFO] [stdout] database URL should be valid path to SQLite DB file: Error(Some("connection to server at \"localhost\" (::1), port 5432 failed: Connection refused\n\tIs the server running on that host and accepting TCP/IP connections?\nconnection to server at \"localhost\" (127.0.0.1), port 5432 failed: Connection refused\n\tIs the server running on that host and accepting TCP/IP connections?\n"))
[INFO] [stdout] stack backtrace:
[INFO] [stdout]    0:     0x648b5b13606a - std::backtrace_rs::backtrace::libunwind::trace::hb059275cfc8d6126
[INFO] [stdout]                                at /rustc/6067b36314ab5eb2eb47cecc464545ba58e1ad24/library/std/src/../../backtrace/src/backtrace/libunwind.rs:116:5
[INFO] [stdout]    1:     0x648b5b13606a - std::backtrace_rs::backtrace::trace_unsynchronized::h2da071e4327ce3ee
[INFO] [stdout]                                at /rustc/6067b36314ab5eb2eb47cecc464545ba58e1ad24/library/std/src/../../backtrace/src/backtrace/mod.rs:66:5
[INFO] [stdout]    2:     0x648b5b13606a - std::sys::backtrace::_print_fmt::h842a1474e6f8d23f
[INFO] [stdout]                                at /rustc/6067b36314ab5eb2eb47cecc464545ba58e1ad24/library/std/src/sys/backtrace.rs:66:9
[INFO] [stdout]    3:     0x648b5b13606a - <std::sys::backtrace::BacktraceLock::print::DisplayBacktrace as core::fmt::Display>::fmt::h71a62eb3b9696b12
[INFO] [stdout]                                at /rustc/6067b36314ab5eb2eb47cecc464545ba58e1ad24/library/std/src/sys/backtrace.rs:39:26
[INFO] [stdout]    4:     0x648b5b15fd63 - core::fmt::rt::Argument::fmt::hdb6b616786b41dc1
[INFO] [stdout]                                at /rustc/6067b36314ab5eb2eb47cecc464545ba58e1ad24/library/core/src/fmt/rt.rs:177:76
[INFO] [stdout]    5:     0x648b5b15fd63 - core::fmt::write::h2cc1698af7e2d686
[INFO] [stdout]                                at /rustc/6067b36314ab5eb2eb47cecc464545ba58e1ad24/library/core/src/fmt/mod.rs:1440:21
[INFO] [stdout]    6:     0x648b5b132a63 - std::io::Write::write_fmt::hab1b4cd059a79022
[INFO] [stdout]                                at /rustc/6067b36314ab5eb2eb47cecc464545ba58e1ad24/library/std/src/io/mod.rs:1887:15
[INFO] [stdout]    7:     0x648b5b135eb2 - std::sys::backtrace::BacktraceLock::print::h147fe35b4ea13b08
[INFO] [stdout]                                at /rustc/6067b36314ab5eb2eb47cecc464545ba58e1ad24/library/std/src/sys/backtrace.rs:42:9
[INFO] [stdout]    8:     0x648b5b13748f - std::panicking::default_hook::{{closure}}::hbd44223dbdc0d208
[INFO] [stdout]                                at /rustc/6067b36314ab5eb2eb47cecc464545ba58e1ad24/library/std/src/panicking.rs:298:22
[INFO] [stdout]    9:     0x648b5b1372a8 - std::panicking::default_hook::h20f81eb0576efcec
[INFO] [stdout]                                at /rustc/6067b36314ab5eb2eb47cecc464545ba58e1ad24/library/std/src/panicking.rs:322:9
[INFO] [stdout]   10:     0x648b5abc4d83 - <alloc::boxed::Box<F,A> as core::ops::function::Fn<Args>>::call::hdb53814c496a4d34
[INFO] [stdout]                                at /rustc/6067b36314ab5eb2eb47cecc464545ba58e1ad24/library/alloc/src/boxed.rs:2027:9
[INFO] [stdout]   11:     0x648b5abc4d83 - test::test_main::{{closure}}::hc0a4963c59427c24
[INFO] [stdout]                                at /rustc/6067b36314ab5eb2eb47cecc464545ba58e1ad24/library/test/src/lib.rs:134:21
[INFO] [stdout]   12:     0x648b5b137f83 - <alloc::boxed::Box<F,A> as core::ops::function::Fn<Args>>::call::h591b2225413a77e9
[INFO] [stdout]                                at /rustc/6067b36314ab5eb2eb47cecc464545ba58e1ad24/library/alloc/src/boxed.rs:2027:9
[INFO] [stdout]   13:     0x648b5b137f83 - std::panicking::rust_panic_with_hook::h625eea43051b2edc
[INFO] [stdout]                                at /rustc/6067b36314ab5eb2eb47cecc464545ba58e1ad24/library/std/src/panicking.rs:839:13
[INFO] [stdout]   14:     0x648b5b137c3a - std::panicking::begin_panic_handler::{{closure}}::h4f9159cfbc3f6bd3
[INFO] [stdout]                                at /rustc/6067b36314ab5eb2eb47cecc464545ba58e1ad24/library/std/src/panicking.rs:704:13
[INFO] [stdout]   15:     0x648b5b136569 - std::sys::backtrace::__rust_end_short_backtrace::h0390abce48353151
[INFO] [stdout]                                at /rustc/6067b36314ab5eb2eb47cecc464545ba58e1ad24/library/std/src/sys/backtrace.rs:168:18
[INFO] [stdout]   16:     0x648b5b1378cd - rust_begin_unwind
[INFO] [stdout]                                at /rustc/6067b36314ab5eb2eb47cecc464545ba58e1ad24/library/std/src/panicking.rs:695:5
[INFO] [stdout]   17:     0x648b5b15dab0 - core::panicking::panic_fmt::h9e7c637e9e5f29c9
[INFO] [stdout]                                at /rustc/6067b36314ab5eb2eb47cecc464545ba58e1ad24/library/core/src/panicking.rs:75:14
[INFO] [stdout]   18:     0x648b5b15df26 - core::result::unwrap_failed::h7979f09313fe1849
[INFO] [stdout]                                at /rustc/6067b36314ab5eb2eb47cecc464545ba58e1ad24/library/core/src/result.rs:1704:5
[INFO] [stdout]   19:     0x648b5ab4932a - core::result::Result<T,E>::expect::h60c919fe40fba549
[INFO] [stdout]                                at /rustc/6067b36314ab5eb2eb47cecc464545ba58e1ad24/library/core/src/result.rs:1061:23
[INFO] [stdout]   20:     0x648b5ab169fe - cinematch::config::database::pool::create_test_db_pool::h1211fbee11f3a12a
[INFO] [stdout]                                at /opt/rustwide/workdir/src/config/database/pool.rs:23:16
[INFO] [stdout]   21:     0x648b5ab08522 - cinematch::config::state::<impl cinematch::config::AppStateConfig for actix_web::app::App<T>>::bind_app_state_for_tests::h6208920bb2257334
[INFO] [stdout]                                at /opt/rustwide/workdir/src/config/state.rs:20:38
[INFO] [stdout]   22:     0x648b5ab23610 - cinematch::routes::auth::tests::registration::tests::registration_empty_password::{{closure}}::h5e291971d961eeaa
[INFO] [stdout]                                at /opt/rustwide/workdir/src/routes/auth/tests/registration.rs:90:19
[INFO] [stdout]   23:     0x648b5ab14f47 - <tokio::task::local::RunUntil<T> as core::future::future::Future>::poll::{{closure}}::h337a8ad40aa2defd
[INFO] [stdout]                                at /opt/rustwide/cargo-home/registry/src/index.crates.io-1949cf8c6b5b557f/tokio-1.43.0/src/task/local.rs:1041:42
[INFO] [stdout]   24:     0x648b5ab10744 - tokio::task::local::LocalSet::with::{{closure}}::hfda13a5465085698
[INFO] [stdout]                                at /opt/rustwide/cargo-home/registry/src/index.crates.io-1949cf8c6b5b557f/tokio-1.43.0/src/task/local.rs:793:13
[INFO] [stdout]   25:     0x648b5aaefb65 - std::thread::local::LocalKey<T>::try_with::h5f8b3da8d462d7a1
[INFO] [stdout]                                at /rustc/6067b36314ab5eb2eb47cecc464545ba58e1ad24/library/std/src/thread/local.rs:308:12
[INFO] [stdout]   26:     0x648b5aaed0fa - std::thread::local::LocalKey<T>::with::h7093d6440f8b466a
[INFO] [stdout]                                at /rustc/6067b36314ab5eb2eb47cecc464545ba58e1ad24/library/std/src/thread/local.rs:272:9
[INFO] [stdout]   27:     0x648b5ab0fe66 - tokio::task::local::LocalSet::with::he09d607647b8491e
[INFO] [stdout]                                at /opt/rustwide/cargo-home/registry/src/index.crates.io-1949cf8c6b5b557f/tokio-1.43.0/src/task/local.rs:791:9
[INFO] [stdout]   28:     0x648b5ab14c25 - <tokio::task::local::RunUntil<T> as core::future::future::Future>::poll::h37754a700d3c7e45
[INFO] [stdout]                                at /opt/rustwide/cargo-home/registry/src/index.crates.io-1949cf8c6b5b557f/tokio-1.43.0/src/task/local.rs:1031:9
[INFO] [stdout]   29:     0x648b5ab11a37 - tokio::task::local::LocalSet::run_until::{{closure}}::h896be05bb2008b09
[INFO] [stdout]                                at /opt/rustwide/cargo-home/registry/src/index.crates.io-1949cf8c6b5b557f/tokio-1.43.0/src/task/local.rs:689:19
[INFO] [stdout]   30:     0x648b5ab3505d - <core::pin::Pin<P> as core::future::future::Future>::poll::h409afe05ba38ba2f
[INFO] [stdout]                                at /rustc/6067b36314ab5eb2eb47cecc464545ba58e1ad24/library/core/src/future/future.rs:124:9
[INFO] [stdout]   31:     0x648b5aaec7ef - tokio::runtime::scheduler::current_thread::CoreGuard::block_on::{{closure}}::{{closure}}::{{closure}}::h4ba5def636745ee7
[INFO] [stdout]                                at /opt/rustwide/cargo-home/registry/src/index.crates.io-1949cf8c6b5b557f/tokio-1.43.0/src/runtime/scheduler/current_thread/mod.rs:729:57
[INFO] [stdout]   32:     0x648b5aaec255 - tokio::runtime::coop::with_budget::h08cd77970f27ed56
[INFO] [stdout]                                at /opt/rustwide/cargo-home/registry/src/index.crates.io-1949cf8c6b5b557f/tokio-1.43.0/src/runtime/coop.rs:107:5
[INFO] [stdout]   33:     0x648b5aaec255 - tokio::runtime::coop::budget::hcf2b8199fb936a2b
[INFO] [stdout]                                at /opt/rustwide/cargo-home/registry/src/index.crates.io-1949cf8c6b5b557f/tokio-1.43.0/src/runtime/coop.rs:73:5
[INFO] [stdout]   34:     0x648b5aaec255 - tokio::runtime::scheduler::current_thread::CoreGuard::block_on::{{closure}}::{{closure}}::he3e06a2022210ba6
[INFO] [stdout]                                at /opt/rustwide/cargo-home/registry/src/index.crates.io-1949cf8c6b5b557f/tokio-1.43.0/src/runtime/scheduler/current_thread/mod.rs:729:25
[INFO] [stdout]   35:     0x648b5aad6770 - tokio::runtime::scheduler::current_thread::Context::enter::hc4e604dd9861a11c
[INFO] [stdout]                                at /opt/rustwide/cargo-home/registry/src/index.crates.io-1949cf8c6b5b557f/tokio-1.43.0/src/runtime/scheduler/current_thread/mod.rs:428:19
[INFO] [stdout]   36:     0x648b5aae64fe - tokio::runtime::scheduler::current_thread::CoreGuard::block_on::{{closure}}::h6908bf87933d7e34
[INFO] [stdout]                                at /opt/rustwide/cargo-home/registry/src/index.crates.io-1949cf8c6b5b557f/tokio-1.43.0/src/runtime/scheduler/current_thread/mod.rs:728:36
[INFO] [stdout]   37:     0x648b5aae05b4 - tokio::runtime::scheduler::current_thread::CoreGuard::enter::{{closure}}::he6fa0738f0a709b4
[INFO] [stdout]                                at /opt/rustwide/cargo-home/registry/src/index.crates.io-1949cf8c6b5b557f/tokio-1.43.0/src/runtime/scheduler/current_thread/mod.rs:807:68
[INFO] [stdout]   38:     0x648b5ab81edb - tokio::runtime::context::scoped::Scoped<T>::set::h0e8a156cb258c481
[INFO] [stdout]                                at /opt/rustwide/cargo-home/registry/src/index.crates.io-1949cf8c6b5b557f/tokio-1.43.0/src/runtime/context/scoped.rs:40:9
[INFO] [stdout]   39:     0x648b5ab582a9 - tokio::runtime::context::set_scheduler::{{closure}}::h2090902c47819705
[INFO] [stdout]                                at /opt/rustwide/cargo-home/registry/src/index.crates.io-1949cf8c6b5b557f/tokio-1.43.0/src/runtime/context.rs:180:26
[INFO] [stdout]   40:     0x648b5aaedd32 - std::thread::local::LocalKey<T>::try_with::h1295ad54bdadc376
[INFO] [stdout]                                at /rustc/6067b36314ab5eb2eb47cecc464545ba58e1ad24/library/std/src/thread/local.rs:308:12
[INFO] [stdout]   41:     0x648b5aaece8a - std::thread::local::LocalKey<T>::with::h320f995392887f3c
[INFO] [stdout]                                at /rustc/6067b36314ab5eb2eb47cecc464545ba58e1ad24/library/std/src/thread/local.rs:272:9
[INFO] [stdout]   42:     0x648b5ab5811d - tokio::runtime::context::set_scheduler::hfe8ea8502097a23c
[INFO] [stdout]                                at /opt/rustwide/cargo-home/registry/src/index.crates.io-1949cf8c6b5b557f/tokio-1.43.0/src/runtime/context.rs:180:9
[INFO] [stdout]   43:     0x648b5aadc7a0 - tokio::runtime::scheduler::current_thread::CoreGuard::enter::h3effc4ceb7af96fd
[INFO] [stdout]                                at /opt/rustwide/cargo-home/registry/src/index.crates.io-1949cf8c6b5b557f/tokio-1.43.0/src/runtime/scheduler/current_thread/mod.rs:807:27
[INFO] [stdout]   44:     0x648b5aae0bf3 - tokio::runtime::scheduler::current_thread::CoreGuard::block_on::hfb7df068de72b36a
[INFO] [stdout]                                at /opt/rustwide/cargo-home/registry/src/index.crates.io-1949cf8c6b5b557f/tokio-1.43.0/src/runtime/scheduler/current_thread/mod.rs:716:19
[INFO] [stdout]   45:     0x648b5aacd4dd - tokio::runtime::scheduler::current_thread::CurrentThread::block_on::{{closure}}::h341ecf7e29f1a4a6
[INFO] [stdout]                                at /opt/rustwide/cargo-home/registry/src/index.crates.io-1949cf8c6b5b557f/tokio-1.43.0/src/runtime/scheduler/current_thread/mod.rs:196:28
[INFO] [stdout]   46:     0x648b5ab845c7 - tokio::runtime::context::runtime::enter_runtime::h97a3c74edbe72428
[INFO] [stdout]                                at /opt/rustwide/cargo-home/registry/src/index.crates.io-1949cf8c6b5b557f/tokio-1.43.0/src/runtime/context/runtime.rs:65:16
[INFO] [stdout]   47:     0x648b5aacb766 - tokio::runtime::scheduler::current_thread::CurrentThread::block_on::h47b78209b7bc0f24
[INFO] [stdout]                                at /opt/rustwide/cargo-home/registry/src/index.crates.io-1949cf8c6b5b557f/tokio-1.43.0/src/runtime/scheduler/current_thread/mod.rs:184:9
[INFO] [stdout]   48:     0x648b5ab87e14 - tokio::runtime::runtime::Runtime::block_on_inner::h993bd26543710c80
[INFO] [stdout]                                at /opt/rustwide/cargo-home/registry/src/index.crates.io-1949cf8c6b5b557f/tokio-1.43.0/src/runtime/runtime.rs:368:47
[INFO] [stdout]   49:     0x648b5ab88e3f - tokio::runtime::runtime::Runtime::block_on::h464918a16b10ab5e
[INFO] [stdout]                                at /opt/rustwide/cargo-home/registry/src/index.crates.io-1949cf8c6b5b557f/tokio-1.43.0/src/runtime/runtime.rs:342:13
[INFO] [stdout]   50:     0x648b5ab10973 - tokio::task::local::LocalSet::block_on::h95edd27cae16907b
[INFO] [stdout]                                at /opt/rustwide/cargo-home/registry/src/index.crates.io-1949cf8c6b5b557f/tokio-1.43.0/src/task/local.rs:646:9
[INFO] [stdout]   51:     0x648b5ab4eeba - actix_rt::runtime::Runtime::block_on::h75a8fbfb2debf56e
[INFO] [stdout]                                at /opt/rustwide/cargo-home/registry/src/index.crates.io-1949cf8c6b5b557f/actix-rt-2.10.0/src/runtime.rs:138:9
[INFO] [stdout]   52:     0x648b5ab5b73e - actix_rt::system::SystemRunner::block_on::ha7d2ff4987de6730
[INFO] [stdout]                                at /opt/rustwide/cargo-home/registry/src/index.crates.io-1949cf8c6b5b557f/actix-rt-2.10.0/src/system.rs:244:9
[INFO] [stdout]   53:     0x648b5ab23488 - cinematch::routes::auth::tests::registration::tests::registration_empty_password::h0448a771c0b22660
[INFO] [stdout]                                at /opt/rustwide/workdir/src/routes/auth/tests/registration.rs:86:5
[INFO] [stdout]   54:     0x648b5ab23437 - cinematch::routes::auth::tests::registration::tests::registration_empty_password::{{closure}}::h05cfaf7259b687fa
[INFO] [stdout]                                at /opt/rustwide/workdir/src/routes/auth/tests/registration.rs:87:43
[INFO] [stdout]   55:     0x648b5aaf5026 - core::ops::function::FnOnce::call_once::h8b0f9e5c3a3fa407
[INFO] [stdout]                                at /rustc/6067b36314ab5eb2eb47cecc464545ba58e1ad24/library/core/src/ops/function.rs:250:5
[INFO] [stdout]   56:     0x648b5abca4db - core::ops::function::FnOnce::call_once::he27718dfdd183f43
[INFO] [stdout]                                at /rustc/6067b36314ab5eb2eb47cecc464545ba58e1ad24/library/core/src/ops/function.rs:250:5
[INFO] [stdout]   57:     0x648b5abca4db - test::__rust_begin_short_backtrace::h4e84902998457a5d
[INFO] [stdout]                                at /rustc/6067b36314ab5eb2eb47cecc464545ba58e1ad24/library/test/src/lib.rs:632:18
[INFO] [stdout]   58:     0x648b5abc9413 - test::run_test_in_process::{{closure}}::h7176fd18fc1feca0
[INFO] [stdout]                                at /rustc/6067b36314ab5eb2eb47cecc464545ba58e1ad24/library/test/src/lib.rs:655:60
[INFO] [stdout]   59:     0x648b5abc9413 - <core::panic::unwind_safe::AssertUnwindSafe<F> as core::ops::function::FnOnce<()>>::call_once::hf79cff2a624d8cf7
[INFO] [stdout]                                at /rustc/6067b36314ab5eb2eb47cecc464545ba58e1ad24/library/core/src/panic/unwind_safe.rs:272:9
[INFO] [stdout]   60:     0x648b5abc9413 - std::panicking::try::do_call::h3da0561d9ab99c25
[INFO] [stdout]                                at /rustc/6067b36314ab5eb2eb47cecc464545ba58e1ad24/library/std/src/panicking.rs:587:40
[INFO] [stdout]   61:     0x648b5abc9413 - std::panicking::try::h41c9fa508bc61df6
[INFO] [stdout]                                at /rustc/6067b36314ab5eb2eb47cecc464545ba58e1ad24/library/std/src/panicking.rs:550:19
[INFO] [stdout]   62:     0x648b5abc9413 - std::panic::catch_unwind::h6b3ff07bb5afad93
[INFO] [stdout]                                at /rustc/6067b36314ab5eb2eb47cecc464545ba58e1ad24/library/std/src/panic.rs:358:14
[INFO] [stdout]   63:     0x648b5abc9413 - test::run_test_in_process::hc7253dd11b39b9f4
[INFO] [stdout]                                at /rustc/6067b36314ab5eb2eb47cecc464545ba58e1ad24/library/test/src/lib.rs:655:27
[INFO] [stdout]   64:     0x648b5abc9413 - test::run_test::{{closure}}::hfb2007f8649c30bb
[INFO] [stdout]                                at /rustc/6067b36314ab5eb2eb47cecc464545ba58e1ad24/library/test/src/lib.rs:576:43
[INFO] [stdout]   65:     0x648b5ab8c4f5 - test::run_test::{{closure}}::h56a17aa7a282a9f4
[INFO] [stdout]                                at /rustc/6067b36314ab5eb2eb47cecc464545ba58e1ad24/library/test/src/lib.rs:606:41
[INFO] [stdout]   66:     0x648b5ab8c4f5 - std::sys::backtrace::__rust_begin_short_backtrace::hd2d2d2fb8e8c6aac
[INFO] [stdout]                                at /rustc/6067b36314ab5eb2eb47cecc464545ba58e1ad24/library/std/src/sys/backtrace.rs:152:18
[INFO] [stdout]   67:     0x648b5ab8fdda - std::thread::Builder::spawn_unchecked_::{{closure}}::{{closure}}::h4faa3f9db6133423
[INFO] [stdout]                                at /rustc/6067b36314ab5eb2eb47cecc464545ba58e1ad24/library/std/src/thread/mod.rs:559:17
[INFO] [stdout]   68:     0x648b5ab8fdda - <core::panic::unwind_safe::AssertUnwindSafe<F> as core::ops::function::FnOnce<()>>::call_once::hf2e855a36a4ea846
[INFO] [stdout]                                at /rustc/6067b36314ab5eb2eb47cecc464545ba58e1ad24/library/core/src/panic/unwind_safe.rs:272:9
[INFO] [stdout]   69:     0x648b5ab8fdda - std::panicking::try::do_call::h2f73af3616c35465
[INFO] [stdout]                                at /rustc/6067b36314ab5eb2eb47cecc464545ba58e1ad24/library/std/src/panicking.rs:587:40
[INFO] [stdout]   70:     0x648b5ab8fdda - std::panicking::try::hd1660ce9efadef5a
[INFO] [stdout]                                at /rustc/6067b36314ab5eb2eb47cecc464545ba58e1ad24/library/std/src/panicking.rs:550:19
[INFO] [stdout]   71:     0x648b5ab8fdda - std::panic::catch_unwind::h5ee8d7823b8ca744
[INFO] [stdout]                                at /rustc/6067b36314ab5eb2eb47cecc464545ba58e1ad24/library/std/src/panic.rs:358:14
[INFO] [stdout]   72:     0x648b5ab8fdda - std::thread::Builder::spawn_unchecked_::{{closure}}::h53c3a1894dce8407
[INFO] [stdout]                                at /rustc/6067b36314ab5eb2eb47cecc464545ba58e1ad24/library/std/src/thread/mod.rs:557:30
[INFO] [stdout]   73:     0x648b5ab8fdda - core::ops::function::FnOnce::call_once{{vtable.shim}}::h048ce291ad4f62bf
[INFO] [stdout]                                at /rustc/6067b36314ab5eb2eb47cecc464545ba58e1ad24/library/core/src/ops/function.rs:250:5
[INFO] [stdout]   74:     0x648b5b13c01b - <alloc::boxed::Box<F,A> as core::ops::function::FnOnce<Args>>::call_once::ha52bedf99a3b4981
[INFO] [stdout]                                at /rustc/6067b36314ab5eb2eb47cecc464545ba58e1ad24/library/alloc/src/boxed.rs:2013:9
[INFO] [stdout]   75:     0x648b5b13c01b - <alloc::boxed::Box<F,A> as core::ops::function::FnOnce<Args>>::call_once::h567748934d80ccf8
[INFO] [stdout]                                at /rustc/6067b36314ab5eb2eb47cecc464545ba58e1ad24/library/alloc/src/boxed.rs:2013:9
[INFO] [stdout]   76:     0x648b5b13c01b - std::sys::pal::unix::thread::Thread::new::thread_start::h2d970728ae887adc
[INFO] [stdout]                                at /rustc/6067b36314ab5eb2eb47cecc464545ba58e1ad24/library/std/src/sys/pal/unix/thread.rs:106:17
[INFO] [stdout]   77:     0x772ff631fac3 - <unknown>
[INFO] [stdout]   78:     0x772ff63b0a04 - clone
[INFO] [stdout]   79:                0x0 - <unknown>
[INFO] [stdout] 
[INFO] [stdout] ---- routes::auth::tests::registration::tests::registration_empty_login stdout ----
[INFO] [stdout] 
[INFO] [stdout] thread 'routes::auth::tests::registration::tests::registration_empty_login' panicked at src/config/database/pool.rs:25:10:
[INFO] [stdout] database URL should be valid path to SQLite DB file: Error(Some("connection to server at \"localhost\" (::1), port 5432 failed: Connection refused\n\tIs the server running on that host and accepting TCP/IP connections?\nconnection to server at \"localhost\" (127.0.0.1), port 5432 failed: Connection refused\n\tIs the server running on that host and accepting TCP/IP connections?\n"))
[INFO] [stdout] stack backtrace:
[INFO] [stdout]    0:     0x648b5b13606a - std::backtrace_rs::backtrace::libunwind::trace::hb059275cfc8d6126
[INFO] [stdout]                                at /rustc/6067b36314ab5eb2eb47cecc464545ba58e1ad24/library/std/src/../../backtrace/src/backtrace/libunwind.rs:116:5
[INFO] [stdout]    1:     0x648b5b13606a - std::backtrace_rs::backtrace::trace_unsynchronized::h2da071e4327ce3ee
[INFO] [stdout]                                at /rustc/6067b36314ab5eb2eb47cecc464545ba58e1ad24/library/std/src/../../backtrace/src/backtrace/mod.rs:66:5
[INFO] [stdout]    2:     0x648b5b13606a - std::sys::backtrace::_print_fmt::h842a1474e6f8d23f
[INFO] [stdout]                                at /rustc/6067b36314ab5eb2eb47cecc464545ba58e1ad24/library/std/src/sys/backtrace.rs:66:9
[INFO] [stdout]    3:     0x648b5b13606a - <std::sys::backtrace::BacktraceLock::print::DisplayBacktrace as core::fmt::Display>::fmt::h71a62eb3b9696b12
[INFO] [stdout]                                at /rustc/6067b36314ab5eb2eb47cecc464545ba58e1ad24/library/std/src/sys/backtrace.rs:39:26
[INFO] [stdout]    4:     0x648b5b15fd63 - core::fmt::rt::Argument::fmt::hdb6b616786b41dc1
[INFO] [stdout]                                at /rustc/6067b36314ab5eb2eb47cecc464545ba58e1ad24/library/core/src/fmt/rt.rs:177:76
[INFO] [stdout]    5:     0x648b5b15fd63 - core::fmt::write::h2cc1698af7e2d686
[INFO] [stdout]                                at /rustc/6067b36314ab5eb2eb47cecc464545ba58e1ad24/library/core/src/fmt/mod.rs:1440:21
[INFO] [stdout]    6:     0x648b5b132a63 - std::io::Write::write_fmt::hab1b4cd059a79022
[INFO] [stdout]                                at /rustc/6067b36314ab5eb2eb47cecc464545ba58e1ad24/library/std/src/io/mod.rs:1887:15
[INFO] [stdout]    7:     0x648b5b135eb2 - std::sys::backtrace::BacktraceLock::print::h147fe35b4ea13b08
[INFO] [stdout]                                at /rustc/6067b36314ab5eb2eb47cecc464545ba58e1ad24/library/std/src/sys/backtrace.rs:42:9
[INFO] [stdout]    8:     0x648b5b13748f - std::panicking::default_hook::{{closure}}::hbd44223dbdc0d208
[INFO] [stdout]                                at /rustc/6067b36314ab5eb2eb47cecc464545ba58e1ad24/library/std/src/panicking.rs:298:22
[INFO] [stdout]    9:     0x648b5b1372a8 - std::panicking::default_hook::h20f81eb0576efcec
[INFO] [stdout]                                at /rustc/6067b36314ab5eb2eb47cecc464545ba58e1ad24/library/std/src/panicking.rs:322:9
[INFO] [stdout]   10:     0x648b5abc4d83 - <alloc::boxed::Box<F,A> as core::ops::function::Fn<Args>>::call::hdb53814c496a4d34
[INFO] [stdout]                                at /rustc/6067b36314ab5eb2eb47cecc464545ba58e1ad24/library/alloc/src/boxed.rs:2027:9
[INFO] [stdout]   11:     0x648b5abc4d83 - test::test_main::{{closure}}::hc0a4963c59427c24
[INFO] [stdout]                                at /rustc/6067b36314ab5eb2eb47cecc464545ba58e1ad24/library/test/src/lib.rs:134:21
[INFO] [stdout]   12:     0x648b5b137f83 - <alloc::boxed::Box<F,A> as core::ops::function::Fn<Args>>::call::h591b2225413a77e9
[INFO] [stdout]                                at /rustc/6067b36314ab5eb2eb47cecc464545ba58e1ad24/library/alloc/src/boxed.rs:2027:9
[INFO] [stdout]   13:     0x648b5b137f83 - std::panicking::rust_panic_with_hook::h625eea43051b2edc
[INFO] [stdout]                                at /rustc/6067b36314ab5eb2eb47cecc464545ba58e1ad24/library/std/src/panicking.rs:839:13
[INFO] [stdout]   14:     0x648b5b137c3a - std::panicking::begin_panic_handler::{{closure}}::h4f9159cfbc3f6bd3
[INFO] [stdout]                                at /rustc/6067b36314ab5eb2eb47cecc464545ba58e1ad24/library/std/src/panicking.rs:704:13
[INFO] [stdout]   15:     0x648b5b136569 - std::sys::backtrace::__rust_end_short_backtrace::h0390abce48353151
[INFO] [stdout]                                at /rustc/6067b36314ab5eb2eb47cecc464545ba58e1ad24/library/std/src/sys/backtrace.rs:168:18
[INFO] [stdout]   16:     0x648b5b1378cd - rust_begin_unwind
[INFO] [stdout]                                at /rustc/6067b36314ab5eb2eb47cecc464545ba58e1ad24/library/std/src/panicking.rs:695:5
[INFO] [stdout]   17:     0x648b5b15dab0 - core::panicking::panic_fmt::h9e7c637e9e5f29c9
[INFO] [stdout]                                at /rustc/6067b36314ab5eb2eb47cecc464545ba58e1ad24/library/core/src/panicking.rs:75:14
[INFO] [stdout]   18:     0x648b5b15df26 - core::result::unwrap_failed::h7979f09313fe1849
[INFO] [stdout]                                at /rustc/6067b36314ab5eb2eb47cecc464545ba58e1ad24/library/core/src/result.rs:1704:5
[INFO] [stdout]   19:     0x648b5ab4932a - core::result::Result<T,E>::expect::h60c919fe40fba549
[INFO] [stdout]                                at /rustc/6067b36314ab5eb2eb47cecc464545ba58e1ad24/library/core/src/result.rs:1061:23
[INFO] [stdout]   20:     0x648b5ab169fe - cinematch::config::database::pool::create_test_db_pool::h1211fbee11f3a12a
[INFO] [stdout]                                at /opt/rustwide/workdir/src/config/database/pool.rs:23:16
[INFO] [stdout]   21:     0x648b5ab08522 - cinematch::config::state::<impl cinematch::config::AppStateConfig for actix_web::app::App<T>>::bind_app_state_for_tests::h6208920bb2257334
[INFO] [stdout]                                at /opt/rustwide/workdir/src/config/state.rs:20:38
[INFO] [stdout]   22:     0x648b5ab22950 - cinematch::routes::auth::tests::registration::tests::registration_empty_login::{{closure}}::h063cf05ea6fd2a97
[INFO] [stdout]                                at /opt/rustwide/workdir/src/routes/auth/tests/registration.rs:66:19
[INFO] [stdout]   23:     0x648b5ab15307 - <tokio::task::local::RunUntil<T> as core::future::future::Future>::poll::{{closure}}::h5a153bcb4abaeb55
[INFO] [stdout]                                at /opt/rustwide/cargo-home/registry/src/index.crates.io-1949cf8c6b5b557f/tokio-1.43.0/src/task/local.rs:1041:42
[INFO] [stdout]   24:     0x648b5ab10474 - tokio::task::local::LocalSet::with::{{closure}}::h818d2a856e4ba7c9
[INFO] [stdout]                                at /opt/rustwide/cargo-home/registry/src/index.crates.io-1949cf8c6b5b557f/tokio-1.43.0/src/task/local.rs:793:13
[INFO] [stdout]   25:     0x648b5aaef4e5 - std::thread::local::LocalKey<T>::try_with::h3f89ce580b85bcd2
[INFO] [stdout]                                at /rustc/6067b36314ab5eb2eb47cecc464545ba58e1ad24/library/std/src/thread/local.rs:308:12
[INFO] [stdout]   26:     0x648b5aaecafa - std::thread::local::LocalKey<T>::with::h03ddc97cd22100ba
[INFO] [stdout]                                at /rustc/6067b36314ab5eb2eb47cecc464545ba58e1ad24/library/std/src/thread/local.rs:272:9
[INFO] [stdout]   27:     0x648b5ab0fea6 - tokio::task::local::LocalSet::with::he3a2ec5a912e4d8b
[INFO] [stdout]                                at /opt/rustwide/cargo-home/registry/src/index.crates.io-1949cf8c6b5b557f/tokio-1.43.0/src/task/local.rs:791:9
[INFO] [stdout]   28:     0x648b5ab14da5 - <tokio::task::local::RunUntil<T> as core::future::future::Future>::poll::hcbf8d4a66acaf795
[INFO] [stdout]                                at /opt/rustwide/cargo-home/registry/src/index.crates.io-1949cf8c6b5b557f/tokio-1.43.0/src/task/local.rs:1031:9
[INFO] [stdout]   29:     0x648b5ab11375 - tokio::task::local::LocalSet::run_until::{{closure}}::h5c431afef07f5b53
[INFO] [stdout]                                at /opt/rustwide/cargo-home/registry/src/index.crates.io-1949cf8c6b5b557f/tokio-1.43.0/src/task/local.rs:689:19
[INFO] [stdout]   30:     0x648b5ab34efd - <core::pin::Pin<P> as core::future::future::Future>::poll::h1172d109f4e54017
[INFO] [stdout]                                at /rustc/6067b36314ab5eb2eb47cecc464545ba58e1ad24/library/core/src/future/future.rs:124:9
[INFO] [stdout]   31:     0x648b5aaeca6f - tokio::runtime::scheduler::current_thread::CoreGuard::block_on::{{closure}}::{{closure}}::{{closure}}::hde8b268af355c975
[INFO] [stdout]                                at /opt/rustwide/cargo-home/registry/src/index.crates.io-1949cf8c6b5b557f/tokio-1.43.0/src/runtime/scheduler/current_thread/mod.rs:729:57
[INFO] [stdout]   32:     0x648b5aaebbc5 - tokio::runtime::coop::with_budget::h9fa72d2c1f1d801c
[INFO] [stdout]                                at /opt/rustwide/cargo-home/registry/src/index.crates.io-1949cf8c6b5b557f/tokio-1.43.0/src/runtime/coop.rs:107:5
[INFO] [stdout]   33:     0x648b5aaebbc5 - tokio::runtime::coop::budget::he73726d67be19a4c
[INFO] [stdout]                                at /opt/rustwide/cargo-home/registry/src/index.crates.io-1949cf8c6b5b557f/tokio-1.43.0/src/runtime/coop.rs:73:5
[INFO] [stdout]   34:     0x648b5aaebbc5 - tokio::runtime::scheduler::current_thread::CoreGuard::block_on::{{closure}}::{{closure}}::ha849a60341f0197b
[INFO] [stdout]                                at /opt/rustwide/cargo-home/registry/src/index.crates.io-1949cf8c6b5b557f/tokio-1.43.0/src/runtime/scheduler/current_thread/mod.rs:729:25
[INFO] [stdout]   35:     0x648b5aad8bf0 - tokio::runtime::scheduler::current_thread::Context::enter::hffe5ee16106b8475
[INFO] [stdout]                                at /opt/rustwide/cargo-home/registry/src/index.crates.io-1949cf8c6b5b557f/tokio-1.43.0/src/runtime/scheduler/current_thread/mod.rs:428:19
[INFO] [stdout]   36:     0x648b5aaea15e - tokio::runtime::scheduler::current_thread::CoreGuard::block_on::{{closure}}::hecbea81828121cb3
[INFO] [stdout]                                at /opt/rustwide/cargo-home/registry/src/index.crates.io-1949cf8c6b5b557f/tokio-1.43.0/src/runtime/scheduler/current_thread/mod.rs:728:36
[INFO] [stdout]   37:     0x648b5aae0474 - tokio::runtime::scheduler::current_thread::CoreGuard::enter::{{closure}}::h696985b0ad4b5958
[INFO] [stdout]                                at /opt/rustwide/cargo-home/registry/src/index.crates.io-1949cf8c6b5b557f/tokio-1.43.0/src/runtime/scheduler/current_thread/mod.rs:807:68
[INFO] [stdout]   38:     0x648b5ab8295b - tokio::runtime::context::scoped::Scoped<T>::set::h92010c1e45d153de
[INFO] [stdout]                                at /opt/rustwide/cargo-home/registry/src/index.crates.io-1949cf8c6b5b557f/tokio-1.43.0/src/runtime/context/scoped.rs:40:9
[INFO] [stdout]   39:     0x648b5ab58429 - tokio::runtime::context::set_scheduler::{{closure}}::ha2952fb34a4afb31
[INFO] [stdout]                                at /opt/rustwide/cargo-home/registry/src/index.crates.io-1949cf8c6b5b557f/tokio-1.43.0/src/runtime/context.rs:180:26
[INFO] [stdout]   40:     0x648b5aaf35f2 - std::thread::local::LocalKey<T>::try_with::he4477e7ef5ab4340
[INFO] [stdout]                                at /rustc/6067b36314ab5eb2eb47cecc464545ba58e1ad24/library/std/src/thread/local.rs:308:12
[INFO] [stdout]   41:     0x648b5aaecc7a - std::thread::local::LocalKey<T>::with::h11e5a84412b8a25b
[INFO] [stdout]                                at /rustc/6067b36314ab5eb2eb47cecc464545ba58e1ad24/library/std/src/thread/local.rs:272:9
[INFO] [stdout]   42:     0x648b5ab57f5d - tokio::runtime::context::set_scheduler::h7043ca381bd79aeb
[INFO] [stdout]                                at /opt/rustwide/cargo-home/registry/src/index.crates.io-1949cf8c6b5b557f/tokio-1.43.0/src/runtime/context.rs:180:9
[INFO] [stdout]   43:     0x648b5aadd820 - tokio::runtime::scheduler::current_thread::CoreGuard::enter::h7e7cfe1702931abb
[INFO] [stdout]                                at /opt/rustwide/cargo-home/registry/src/index.crates.io-1949cf8c6b5b557f/tokio-1.43.0/src/runtime/scheduler/current_thread/mod.rs:807:27
[INFO] [stdout]   44:     0x648b5aae0c53 - tokio::runtime::scheduler::current_thread::CoreGuard::block_on::hfe5b569d16260a78
[INFO] [stdout]                                at /opt/rustwide/cargo-home/registry/src/index.crates.io-1949cf8c6b5b557f/tokio-1.43.0/src/runtime/scheduler/current_thread/mod.rs:716:19
[INFO] [stdout]   45:     0x648b5aad0add - tokio::runtime::scheduler::current_thread::CurrentThread::block_on::{{closure}}::heb648c18255116b4
[INFO] [stdout]                                at /opt/rustwide/cargo-home/registry/src/index.crates.io-1949cf8c6b5b557f/tokio-1.43.0/src/runtime/scheduler/current_thread/mod.rs:196:28
[INFO] [stdout]   46:     0x648b5ab84c87 - tokio::runtime::context::runtime::enter_runtime::hcab0db756d744664
[INFO] [stdout]                                at /opt/rustwide/cargo-home/registry/src/index.crates.io-1949cf8c6b5b557f/tokio-1.43.0/src/runtime/context/runtime.rs:65:16
[INFO] [stdout]   47:     0x648b5aacbb36 - tokio::runtime::scheduler::current_thread::CurrentThread::block_on::ha9744819c5c07ad9
[INFO] [stdout]                                at /opt/rustwide/cargo-home/registry/src/index.crates.io-1949cf8c6b5b557f/tokio-1.43.0/src/runtime/scheduler/current_thread/mod.rs:184:9
[INFO] [stdout]   48:     0x648b5ab87694 - tokio::runtime::runtime::Runtime::block_on_inner::h47d39e55179b5aaa
[INFO] [stdout]                                at /opt/rustwide/cargo-home/registry/src/index.crates.io-1949cf8c6b5b557f/tokio-1.43.0/src/runtime/runtime.rs:368:47
[INFO] [stdout]   49:     0x648b5ab8893f - tokio::runtime::runtime::Runtime::block_on::h1fa46ebd886d484f
[INFO] [stdout]                                at /opt/rustwide/cargo-home/registry/src/index.crates.io-1949cf8c6b5b557f/tokio-1.43.0/src/runtime/runtime.rs:342:13
[INFO] [stdout]   50:     0x648b5ab10923 - tokio::task::local::LocalSet::block_on::h8d6d94277518a402
[INFO] [stdout]                                at /opt/rustwide/cargo-home/registry/src/index.crates.io-1949cf8c6b5b557f/tokio-1.43.0/src/task/local.rs:646:9
[INFO] [stdout]   51:     0x648b5ab4ef3a - actix_rt::runtime::Runtime::block_on::ha2f4e745e960b690
[INFO] [stdout]                                at /opt/rustwide/cargo-home/registry/src/index.crates.io-1949cf8c6b5b557f/actix-rt-2.10.0/src/runtime.rs:138:9
[INFO] [stdout]   52:     0x648b5ab5b75e - actix_rt::system::SystemRunner::block_on::hb0b5a214a628b9a3
[INFO] [stdout]                                at /opt/rustwide/cargo-home/registry/src/index.crates.io-1949cf8c6b5b557f/actix-rt-2.10.0/src/system.rs:244:9
[INFO] [stdout]   53:     0x648b5ab227c8 - cinematch::routes::auth::tests::registration::tests::registration_empty_login::h130436f2fa8f9435
[INFO] [stdout]                                at /opt/rustwide/workdir/src/routes/auth/tests/registration.rs:62:5
[INFO] [stdout]   54:     0x648b5ab22777 - cinematch::routes::auth::tests::registration::tests::registration_empty_login::{{closure}}::h2c9ba7a5d6780be1
[INFO] [stdout]                                at /opt/rustwide/workdir/src/routes/auth/tests/registration.rs:63:40
[INFO] [stdout]   55:     0x648b5aaf4f16 - core::ops::function::FnOnce::call_once::h735983630e06c0e4
[INFO] [stdout]                                at /rustc/6067b36314ab5eb2eb47cecc464545ba58e1ad24/library/core/src/ops/function.rs:250:5
[INFO] [stdout]   56:     0x648b5abca4db - core::ops::function::FnOnce::call_once::he27718dfdd183f43
[INFO] [stdout]                                at /rustc/6067b36314ab5eb2eb47cecc464545ba58e1ad24/library/core/src/ops/function.rs:250:5
[INFO] [stdout]   57:     0x648b5abca4db - test::__rust_begin_short_backtrace::h4e84902998457a5d
[INFO] [stdout]                                at /rustc/6067b36314ab5eb2eb47cecc464545ba58e1ad24/library/test/src/lib.rs:632:18
[INFO] [stdout]   58:     0x648b5abc9413 - test::run_test_in_process::{{closure}}::h7176fd18fc1feca0
[INFO] [stdout]                                at /rustc/6067b36314ab5eb2eb47cecc464545ba58e1ad24/library/test/src/lib.rs:655:60
[INFO] [stdout]   59:     0x648b5abc9413 - <core::panic::unwind_safe::AssertUnwindSafe<F> as core::ops::function::FnOnce<()>>::call_once::hf79cff2a624d8cf7
[INFO] [stdout]                                at /rustc/6067b36314ab5eb2eb47cecc464545ba58e1ad24/library/core/src/panic/unwind_safe.rs:272:9
[INFO] [stdout]   60:     0x648b5abc9413 - std::panicking::try::do_call::h3da0561d9ab99c25
[INFO] [stdout]                                at /rustc/6067b36314ab5eb2eb47cecc464545ba58e1ad24/library/std/src/panicking.rs:587:40
[INFO] [stdout]   61:     0x648b5abc9413 - std::panicking::try::h41c9fa508bc61df6
[INFO] [stdout]                                at /rustc/6067b36314ab5eb2eb47cecc464545ba58e1ad24/library/std/src/panicking.rs:550:19
[INFO] [stdout]   62:     0x648b5abc9413 - std::panic::catch_unwind::h6b3ff07bb5afad93
[INFO] [stdout]                                at /rustc/6067b36314ab5eb2eb47cecc464545ba58e1ad24/library/std/src/panic.rs:358:14
[INFO] [stdout]   63:     0x648b5abc9413 - test::run_test_in_process::hc7253dd11b39b9f4
[INFO] [stdout]                                at /rustc/6067b36314ab5eb2eb47cecc464545ba58e1ad24/library/test/src/lib.rs:655:27
[INFO] [stdout]   64:     0x648b5abc9413 - test::run_test::{{closure}}::hfb2007f8649c30bb
[INFO] [stdout]                                at /rustc/6067b36314ab5eb2eb47cecc464545ba58e1ad24/library/test/src/lib.rs:576:43
[INFO] [stdout]   65:     0x648b5ab8c4f5 - test::run_test::{{closure}}::h56a17aa7a282a9f4
[INFO] [stdout]                                at /rustc/6067b36314ab5eb2eb47cecc464545ba58e1ad24/library/test/src/lib.rs:606:41
[INFO] [stdout]   66:     0x648b5ab8c4f5 - std::sys::backtrace::__rust_begin_short_backtrace::hd2d2d2fb8e8c6aac
[INFO] [stdout]                                at /rustc/6067b36314ab5eb2eb47cecc464545ba58e1ad24/library/std/src/sys/backtrace.rs:152:18
[INFO] [stdout]   67:     0x648b5ab8fdda - std::thread::Builder::spawn_unchecked_::{{closure}}::{{closure}}::h4faa3f9db6133423
[INFO] [stdout]                                at /rustc/6067b36314ab5eb2eb47cecc464545ba58e1ad24/library/std/src/thread/mod.rs:559:17
[INFO] [stdout]   68:     0x648b5ab8fdda - <core::panic::unwind_safe::AssertUnwindSafe<F> as core::ops::function::FnOnce<()>>::call_once::hf2e855a36a4ea846
[INFO] [stdout]                                at /rustc/6067b36314ab5eb2eb47cecc464545ba58e1ad24/library/core/src/panic/unwind_safe.rs:272:9
[INFO] [stdout]   69:     0x648b5ab8fdda - std::panicking::try::do_call::h2f73af3616c35465
[INFO] [stdout]                                at /rustc/6067b36314ab5eb2eb47cecc464545ba58e1ad24/library/std/src/panicking.rs:587:40
[INFO] [stdout]   70:     0x648b5ab8fdda - std::panicking::try::hd1660ce9efadef5a
[INFO] [stdout]                                at /rustc/6067b36314ab5eb2eb47cecc464545ba58e1ad24/library/std/src/panicking.rs:550:19
[INFO] [stdout]   71:     0x648b5ab8fdda - std::panic::catch_unwind::h5ee8d7823b8ca744
[INFO] [stdout]                                at /rustc/6067b36314ab5eb2eb47cecc464545ba58e1ad24/library/std/src/panic.rs:358:14
[INFO] [stdout]   72:     0x648b5ab8fdda - std::thread::Builder::spawn_unchecked_::{{closure}}::h53c3a1894dce8407
[INFO] [stdout]                                at /rustc/6067b36314ab5eb2eb47cecc464545ba58e1ad24/library/std/src/thread/mod.rs:557:30
[INFO] [stdout]   73:     0x648b5ab8fdda - core::ops::function::FnOnce::call_once{{vtable.shim}}::h048ce291ad4f62bf
[INFO] [stdout]                                at /rustc/6067b36314ab5eb2eb47cecc464545ba58e1ad24/library/core/src/ops/function.rs:250:5
[INFO] [stdout]   74:     0x648b5b13c01b - <alloc::boxed::Box<F,A> as core::ops::function::FnOnce<Args>>::call_once::ha52bedf99a3b4981
[INFO] [stdout]                                at /rustc/6067b36314ab5eb2eb47cecc464545ba58e1ad24/library/alloc/src/boxed.rs:2013:9
[INFO] [stdout]   75:     0x648b5b13c01b - <alloc::boxed::Box<F,A> as core::ops::function::FnOnce<Args>>::call_once::h567748934d80ccf8
[INFO] [stdout]                                at /rustc/6067b36314ab5eb2eb47cecc464545ba58e1ad24/library/alloc/src/boxed.rs:2013:9
[INFO] [stdout]   76:     0x648b5b13c01b - std::sys::pal::unix::thread::Thread::new::thread_start::h2d970728ae887adc
[INFO] [stdout]                                at /rustc/6067b36314ab5eb2eb47cecc464545ba58e1ad24/library/std/src/sys/pal/unix/thread.rs:106:17
[INFO] [stdout]   77:     0x772ff631fac3 - <unknown>
[INFO] [stdout]   78:     0x772ff63b0a04 - clone
[INFO] [stdout]   79:                0x0 - <unknown>
[INFO] [stdout] 
[INFO] [stdout] ---- routes::auth::tests::login::tests::login_success stdout ----
[INFO] [stdout] 
[INFO] [stdout] thread 'routes::auth::tests::login::tests::login_success' panicked at src/config/database/pool.rs:25:10:
[INFO] [stdout] database URL should be valid path to SQLite DB file: Error(Some("connection to server at \"localhost\" (::1), port 5432 failed: Connection refused\n\tIs the server running on that host and accepting TCP/IP connections?\nconnection to server at \"localhost\" (127.0.0.1), port 5432 failed: Connection refused\n\tIs the server running on that host and accepting TCP/IP connections?\n"))
[INFO] [stdout] stack backtrace:
[INFO] [stdout]    0:     0x648b5b13606a - std::backtrace_rs::backtrace::libunwind::trace::hb059275cfc8d6126
[INFO] [stdout]                                at /rustc/6067b36314ab5eb2eb47cecc464545ba58e1ad24/library/std/src/../../backtrace/src/backtrace/libunwind.rs:116:5
[INFO] [stdout]    1:     0x648b5b13606a - std::backtrace_rs::backtrace::trace_unsynchronized::h2da071e4327ce3ee
[INFO] [stdout]                                at /rustc/6067b36314ab5eb2eb47cecc464545ba58e1ad24/library/std/src/../../backtrace/src/backtrace/mod.rs:66:5
[INFO] [stdout]    2:     0x648b5b13606a - std::sys::backtrace::_print_fmt::h842a1474e6f8d23f
[INFO] [stdout]                                at /rustc/6067b36314ab5eb2eb47cecc464545ba58e1ad24/library/std/src/sys/backtrace.rs:66:9
[INFO] [stdout]    3:     0x648b5b13606a - <std::sys::backtrace::BacktraceLock::print::DisplayBacktrace as core::fmt::Display>::fmt::h71a62eb3b9696b12
[INFO] [stdout]                                at /rustc/6067b36314ab5eb2eb47cecc464545ba58e1ad24/library/std/src/sys/backtrace.rs:39:26
[INFO] [stdout]    4:     0x648b5b15fd63 - core::fmt::rt::Argument::fmt::hdb6b616786b41dc1
[INFO] [stdout]                                at /rustc/6067b36314ab5eb2eb47cecc464545ba58e1ad24/library/core/src/fmt/rt.rs:177:76
[INFO] [stdout]    5:     0x648b5b15fd63 - core::fmt::write::h2cc1698af7e2d686
[INFO] [stdout]                                at /rustc/6067b36314ab5eb2eb47cecc464545ba58e1ad24/library/core/src/fmt/mod.rs:1440:21
[INFO] [stdout]    6:     0x648b5b132a63 - std::io::Write::write_fmt::hab1b4cd059a79022
[INFO] [stdout]                                at /rustc/6067b36314ab5eb2eb47cecc464545ba58e1ad24/library/std/src/io/mod.rs:1887:15
[INFO] [stdout]    7:     0x648b5b135eb2 - std::sys::backtrace::BacktraceLock::print::h147fe35b4ea13b08
[INFO] [stdout]                                at /rustc/6067b36314ab5eb2eb47cecc464545ba58e1ad24/library/std/src/sys/backtrace.rs:42:9
[INFO] [stdout]    8:     0x648b5b13748f - std::panicking::default_hook::{{closure}}::hbd44223dbdc0d208
[INFO] [stdout]                                at /rustc/6067b36314ab5eb2eb47cecc464545ba58e1ad24/library/std/src/panicking.rs:298:22
[INFO] [stdout]    9:     0x648b5b1372a8 - std::panicking::default_hook::h20f81eb0576efcec
[INFO] [stdout]                                at /rustc/6067b36314ab5eb2eb47cecc464545ba58e1ad24/library/std/src/panicking.rs:322:9
[INFO] [stdout]   10:     0x648b5abc4d83 - <alloc::boxed::Box<F,A> as core::ops::function::Fn<Args>>::call::hdb53814c496a4d34
[INFO] [stdout]                                at /rustc/6067b36314ab5eb2eb47cecc464545ba58e1ad24/library/alloc/src/boxed.rs:2027:9
[INFO] [stdout]   11:     0x648b5abc4d83 - test::test_main::{{closure}}::hc0a4963c59427c24
[INFO] [stdout]                                at /rustc/6067b36314ab5eb2eb47cecc464545ba58e1ad24/library/test/src/lib.rs:134:21
[INFO] [stdout]   12:     0x648b5b137f83 - <alloc::boxed::Box<F,A> as core::ops::function::Fn<Args>>::call::h591b2225413a77e9
[INFO] [stdout]                                at /rustc/6067b36314ab5eb2eb47cecc464545ba58e1ad24/library/alloc/src/boxed.rs:2027:9
[INFO] [stdout]   13:     0x648b5b137f83 - std::panicking::rust_panic_with_hook::h625eea43051b2edc
[INFO] [stdout]                                at /rustc/6067b36314ab5eb2eb47cecc464545ba58e1ad24/library/std/src/panicking.rs:839:13
[INFO] [stdout]   14:     0x648b5b137c3a - std::panicking::begin_panic_handler::{{closure}}::h4f9159cfbc3f6bd3
[INFO] [stdout]                                at /rustc/6067b36314ab5eb2eb47cecc464545ba58e1ad24/library/std/src/panicking.rs:704:13
[INFO] [stdout]   15:     0x648b5b136569 - std::sys::backtrace::__rust_end_short_backtrace::h0390abce48353151
[INFO] [stdout]                                at /rustc/6067b36314ab5eb2eb47cecc464545ba58e1ad24/library/std/src/sys/backtrace.rs:168:18
[INFO] [stdout]   16:     0x648b5b1378cd - rust_begin_unwind
[INFO] [stdout]                                at /rustc/6067b36314ab5eb2eb47cecc464545ba58e1ad24/library/std/src/panicking.rs:695:5
[INFO] [stdout]   17:     0x648b5b15dab0 - core::panicking::panic_fmt::h9e7c637e9e5f29c9
[INFO] [stdout]                                at /rustc/6067b36314ab5eb2eb47cecc464545ba58e1ad24/library/core/src/panicking.rs:75:14
[INFO] [stdout]   18:     0x648b5b15df26 - core::result::unwrap_failed::h7979f09313fe1849
[INFO] [stdout]                                at /rustc/6067b36314ab5eb2eb47cecc464545ba58e1ad24/library/core/src/result.rs:1704:5
[INFO] [stdout]   19:     0x648b5ab4932a - core::result::Result<T,E>::expect::h60c919fe40fba549
[INFO] [stdout]                                at /rustc/6067b36314ab5eb2eb47cecc464545ba58e1ad24/library/core/src/result.rs:1061:23
[INFO] [stdout]   20:     0x648b5ab169fe - cinematch::config::database::pool::create_test_db_pool::h1211fbee11f3a12a
[INFO] [stdout]                                at /opt/rustwide/workdir/src/config/database/pool.rs:23:16
[INFO] [stdout]   21:     0x648b5ab08522 - cinematch::config::state::<impl cinematch::config::AppStateConfig for actix_web::app::App<T>>::bind_app_state_for_tests::h6208920bb2257334
[INFO] [stdout]                                at /opt/rustwide/workdir/src/config/state.rs:20:38
[INFO] [stdout]   22:     0x648b5ab5dcb0 - cinematch::routes::auth::tests::login::tests::login_success::{{closure}}::h2f109c36e768faec
[INFO] [stdout]                                at /opt/rustwide/workdir/src/routes/auth/tests/login.rs:20:19
[INFO] [stdout]   23:     0x648b5ab151c7 - <tokio::task::local::RunUntil<T> as core::future::future::Future>::poll::{{closure}}::h568c1f223f16c9ea
[INFO] [stdout]                                at /opt/rustwide/cargo-home/registry/src/index.crates.io-1949cf8c6b5b557f/tokio-1.43.0/src/task/local.rs:1041:42
[INFO] [stdout]   24:     0x648b5ab10564 - tokio::task::local::LocalSet::with::{{closure}}::haf1c0a82506d0b69
[INFO] [stdout]                                at /opt/rustwide/cargo-home/registry/src/index.crates.io-1949cf8c6b5b557f/tokio-1.43.0/src/task/local.rs:793:13
[INFO] [stdout]   25:     0x648b5aaf4265 - std::thread::local::LocalKey<T>::try_with::hff97acc4ce84f97f
[INFO] [stdout]                                at /rustc/6067b36314ab5eb2eb47cecc464545ba58e1ad24/library/std/src/thread/local.rs:308:12
[INFO] [stdout]   26:     0x648b5aaeceea - std::thread::local::LocalKey<T>::with::h3af43208798b858e
[INFO] [stdout]                                at /rustc/6067b36314ab5eb2eb47cecc464545ba58e1ad24/library/std/src/thread/local.rs:272:9
[INFO] [stdout]   27:     0x648b5ab0ff26 - tokio::task::local::LocalSet::with::he93e9775fc959d73
[INFO] [stdout]                                at /opt/rustwide/cargo-home/registry/src/index.crates.io-1949cf8c6b5b557f/tokio-1.43.0/src/task/local.rs:791:9
[INFO] [stdout]   28:     0x648b5ab14e05 - <tokio::task::local::RunUntil<T> as core::future::future::Future>::poll::hcedcedef419a2eaf
[INFO] [stdout]                                at /opt/rustwide/cargo-home/registry/src/index.crates.io-1949cf8c6b5b557f/tokio-1.43.0/src/task/local.rs:1031:9
[INFO] [stdout]   29:     0x648b5ab120f5 - tokio::task::local::LocalSet::run_until::{{closure}}::hfb49a2a57b585eb5
[INFO] [stdout]                                at /opt/rustwide/cargo-home/registry/src/index.crates.io-1949cf8c6b5b557f/tokio-1.43.0/src/task/local.rs:689:19
[INFO] [stdout]   30:     0x648b5ab354bd - <core::pin::Pin<P> as core::future::future::Future>::poll::he53fc9635c33bd2b
[INFO] [stdout]                                at /rustc/6067b36314ab5eb2eb47cecc464545ba58e1ad24/library/core/src/future/future.rs:124:9
[INFO] [stdout]   31:     0x648b5aaeca2f - tokio::runtime::scheduler::current_thread::CoreGuard::block_on::{{closure}}::{{closure}}::{{closure}}::hd9fcbf117ae435f3
[INFO] [stdout]                                at /opt/rustwide/cargo-home/registry/src/index.crates.io-1949cf8c6b5b557f/tokio-1.43.0/src/runtime/scheduler/current_thread/mod.rs:729:57
[INFO] [stdout]   32:     0x648b5aaeb6c5 - tokio::runtime::coop::with_budget::h6e4659728b122ec2
[INFO] [stdout]                                at /opt/rustwide/cargo-home/registry/src/index.crates.io-1949cf8c6b5b557f/tokio-1.43.0/src/runtime/coop.rs:107:5
[INFO] [stdout]   33:     0x648b5aaeb6c5 - tokio::runtime::coop::budget::h4ddd7245d206a205
[INFO] [stdout]                                at /opt/rustwide/cargo-home/registry/src/index.crates.io-1949cf8c6b5b557f/tokio-1.43.0/src/runtime/coop.rs:73:5
[INFO] [stdout]   34:     0x648b5aaeb6c5 - tokio::runtime::scheduler::current_thread::CoreGuard::block_on::{{closure}}::{{closure}}::h883a3eb7d14d6bc1
[INFO] [stdout]                                at /opt/rustwide/cargo-home/registry/src/index.crates.io-1949cf8c6b5b557f/tokio-1.43.0/src/runtime/scheduler/current_thread/mod.rs:729:25
[INFO] [stdout]   35:     0x648b5aad5e20 - tokio::runtime::scheduler::current_thread::Context::enter::h901be49b98df49df
[INFO] [stdout]                                at /opt/rustwide/cargo-home/registry/src/index.crates.io-1949cf8c6b5b557f/tokio-1.43.0/src/runtime/scheduler/current_thread/mod.rs:428:19
[INFO] [stdout]   36:     0x648b5aae763e - tokio::runtime::scheduler::current_thread::CoreGuard::block_on::{{closure}}::h820264f96903f831
[INFO] [stdout]                                at /opt/rustwide/cargo-home/registry/src/index.crates.io-1949cf8c6b5b557f/tokio-1.43.0/src/runtime/scheduler/current_thread/mod.rs:728:36
[INFO] [stdout]   37:     0x648b5aae0594 - tokio::runtime::scheduler::current_thread::CoreGuard::enter::{{closure}}::hcb0b2b4631ce0a88
[INFO] [stdout]                                at /opt/rustwide/cargo-home/registry/src/index.crates.io-1949cf8c6b5b557f/tokio-1.43.0/src/runtime/scheduler/current_thread/mod.rs:807:68
[INFO] [stdout]   38:     0x648b5ab833db - tokio::runtime::context::scoped::Scoped<T>::set::hf8753764b220df13
[INFO] [stdout]                                at /opt/rustwide/cargo-home/registry/src/index.crates.io-1949cf8c6b5b557f/tokio-1.43.0/src/runtime/context/scoped.rs:40:9
[INFO] [stdout]   39:     0x648b5ab581a9 - tokio::runtime::context::set_scheduler::{{closure}}::h0fa89db0d11011a0
[INFO] [stdout]                                at /opt/rustwide/cargo-home/registry/src/index.crates.io-1949cf8c6b5b557f/tokio-1.43.0/src/runtime/context.rs:180:26
[INFO] [stdout]   40:     0x648b5aaf3272 - std::thread::local::LocalKey<T>::try_with::hde5e1680c5608f31
[INFO] [stdout]                                at /rustc/6067b36314ab5eb2eb47cecc464545ba58e1ad24/library/std/src/thread/local.rs:308:12
[INFO] [stdout]   41:     0x648b5aaed24a - std::thread::local::LocalKey<T>::with::ha03b15e0e27532ad
[INFO] [stdout]                                at /rustc/6067b36314ab5eb2eb47cecc464545ba58e1ad24/library/std/src/thread/local.rs:272:9
[INFO] [stdout]   42:     0x648b5ab57d9d - tokio::runtime::context::set_scheduler::h18e6f3c68d28fb47
[INFO] [stdout]                                at /opt/rustwide/cargo-home/registry/src/index.crates.io-1949cf8c6b5b557f/tokio-1.43.0/src/runtime/context.rs:180:9
[INFO] [stdout]   43:     0x648b5aae0160 - tokio::runtime::scheduler::current_thread::CoreGuard::enter::hecf0a0f3f8e704cf
[INFO] [stdout]                                at /opt/rustwide/cargo-home/registry/src/index.crates.io-1949cf8c6b5b557f/tokio-1.43.0/src/runtime/scheduler/current_thread/mod.rs:807:27
[INFO] [stdout]   44:     0x648b5aae0b33 - tokio::runtime::scheduler::current_thread::CoreGuard::block_on::hee483ac3e83e7587
[INFO] [stdout]                                at /opt/rustwide/cargo-home/registry/src/index.crates.io-1949cf8c6b5b557f/tokio-1.43.0/src/runtime/scheduler/current_thread/mod.rs:716:19
[INFO] [stdout]   45:     0x648b5aaceb5d - tokio::runtime::scheduler::current_thread::CurrentThread::block_on::{{closure}}::h827bceccf54b895e
[INFO] [stdout]                                at /opt/rustwide/cargo-home/registry/src/index.crates.io-1949cf8c6b5b557f/tokio-1.43.0/src/runtime/scheduler/current_thread/mod.rs:196:28
[INFO] [stdout]   46:     0x648b5ab84fe7 - tokio::runtime::context::runtime::enter_runtime::hd5aac1fa4c1069f6
[INFO] [stdout]                                at /opt/rustwide/cargo-home/registry/src/index.crates.io-1949cf8c6b5b557f/tokio-1.43.0/src/runtime/context/runtime.rs:65:16
[INFO] [stdout]   47:     0x648b5aacb686 - tokio::runtime::scheduler::current_thread::CurrentThread::block_on::h4426f102ce927645
[INFO] [stdout]                                at /opt/rustwide/cargo-home/registry/src/index.crates.io-1949cf8c6b5b557f/tokio-1.43.0/src/runtime/scheduler/current_thread/mod.rs:184:9
[INFO] [stdout]   48:     0x648b5ab87be4 - tokio::runtime::runtime::Runtime::block_on_inner::h6ecd2d8d2191e003
[INFO] [stdout]                                at /opt/rustwide/cargo-home/registry/src/index.crates.io-1949cf8c6b5b557f/tokio-1.43.0/src/runtime/runtime.rs:368:47
[INFO] [stdout]   49:     0x648b5ab89abf - tokio::runtime::runtime::Runtime::block_on::he9eb8186340ccb7b
[INFO] [stdout]                                at /opt/rustwide/cargo-home/registry/src/index.crates.io-1949cf8c6b5b557f/tokio-1.43.0/src/runtime/runtime.rs:342:13
[INFO] [stdout]   50:     0x648b5ab10883 - tokio::task::local::LocalSet::block_on::h3fd025757c454579
[INFO] [stdout]                                at /opt/rustwide/cargo-home/registry/src/index.crates.io-1949cf8c6b5b557f/tokio-1.43.0/src/task/local.rs:646:9
[INFO] [stdout]   51:     0x648b5ab4ef5a - actix_rt::runtime::Runtime::block_on::he3fff109719843f2
[INFO] [stdout]                                at /opt/rustwide/cargo-home/registry/src/index.crates.io-1949cf8c6b5b557f/actix-rt-2.10.0/src/runtime.rs:138:9
[INFO] [stdout]   52:     0x648b5ab5b77e - actix_rt::system::SystemRunner::block_on::he225a46e6fac95e7
[INFO] [stdout]                                at /opt/rustwide/cargo-home/registry/src/index.crates.io-1949cf8c6b5b557f/actix-rt-2.10.0/src/system.rs:244:9
[INFO] [stdout]   53:     0x648b5ab5db38 - cinematch::routes::auth::tests::login::tests::login_success::h75bb71a900ceaf35
[INFO] [stdout]                                at /opt/rustwide/workdir/src/routes/auth/tests/login.rs:18:5
[INFO] [stdout]   54:     0x648b5ab5dae7 - cinematch::routes::auth::tests::login::tests::login_success::{{closure}}::hce77b92bc29373dc
[INFO] [stdout]                                at /opt/rustwide/workdir/src/routes/auth/tests/login.rs:19:29
[INFO] [stdout]   55:     0x648b5aaf4ed6 - core::ops::function::FnOnce::call_once::h60240671e5d5a108
[INFO] [stdout]                                at /rustc/6067b36314ab5eb2eb47cecc464545ba58e1ad24/library/core/src/ops/function.rs:250:5
[INFO] [stdout]   56:     0x648b5abca4db - core::ops::function::FnOnce::call_once::he27718dfdd183f43
[INFO] [stdout]                                at /rustc/6067b36314ab5eb2eb47cecc464545ba58e1ad24/library/core/src/ops/function.rs:250:5
[INFO] [stdout]   57:     0x648b5abca4db - test::__rust_begin_short_backtrace::h4e84902998457a5d
[INFO] [stdout]                                at /rustc/6067b36314ab5eb2eb47cecc464545ba58e1ad24/library/test/src/lib.rs:632:18
[INFO] [stdout]   58:     0x648b5abc9413 - test::run_test_in_process::{{closure}}::h7176fd18fc1feca0
[INFO] [stdout]                                at /rustc/6067b36314ab5eb2eb47cecc464545ba58e1ad24/library/test/src/lib.rs:655:60
[INFO] [stdout]   59:     0x648b5abc9413 - <core::panic::unwind_safe::AssertUnwindSafe<F> as core::ops::function::FnOnce<()>>::call_once::hf79cff2a624d8cf7
[INFO] [stdout]                                at /rustc/6067b36314ab5eb2eb47cecc464545ba58e1ad24/library/core/src/panic/unwind_safe.rs:272:9
[INFO] [stdout]   60:     0x648b5abc9413 - std::panicking::try::do_call::h3da0561d9ab99c25
[INFO] [stdout]                                at /rustc/6067b36314ab5eb2eb47cecc464545ba58e1ad24/library/std/src/panicking.rs:587:40
[INFO] [stdout]   61:     0x648b5abc9413 - std::panicking::try::h41c9fa508bc61df6
[INFO] [stdout]                                at /rustc/6067b36314ab5eb2eb47cecc464545ba58e1ad24/library/std/src/panicking.rs:550:19
[INFO] [stdout]   62:     0x648b5abc9413 - std::panic::catch_unwind::h6b3ff07bb5afad93
[INFO] [stdout]                                at /rustc/6067b36314ab5eb2eb47cecc464545ba58e1ad24/library/std/src/panic.rs:358:14
[INFO] [stdout]   63:     0x648b5abc9413 - test::run_test_in_process::hc7253dd11b39b9f4
[INFO] [stdout]                                at /rustc/6067b36314ab5eb2eb47cecc464545ba58e1ad24/library/test/src/lib.rs:655:27
[INFO] [stdout]   64:     0x648b5abc9413 - test::run_test::{{closure}}::hfb2007f8649c30bb
[INFO] [stdout]                                at /rustc/6067b36314ab5eb2eb47cecc464545ba58e1ad24/library/test/src/lib.rs:576:43
[INFO] [stdout]   65:     0x648b5ab8c4f5 - test::run_test::{{closure}}::h56a17aa7a282a9f4
[INFO] [stdout]                                at /rustc/6067b36314ab5eb2eb47cecc464545ba58e1ad24/library/test/src/lib.rs:606:41
[INFO] [stdout]   66:     0x648b5ab8c4f5 - std::sys::backtrace::__rust_begin_short_backtrace::hd2d2d2fb8e8c6aac
[INFO] [stdout]                                at /rustc/6067b36314ab5eb2eb47cecc464545ba58e1ad24/library/std/src/sys/backtrace.rs:152:18
[INFO] [stdout]   67:     0x648b5ab8fdda - std::thread::Builder::spawn_unchecked_::{{closure}}::{{closure}}::h4faa3f9db6133423
[INFO] [stdout]                                at /rustc/6067b36314ab5eb2eb47cecc464545ba58e1ad24/library/std/src/thread/mod.rs:559:17
[INFO] [stdout]   68:     0x648b5ab8fdda - <core::panic::unwind_safe::AssertUnwindSafe<F> as core::ops::function::FnOnce<()>>::call_once::hf2e855a36a4ea846
[INFO] [stdout]                                at /rustc/6067b36314ab5eb2eb47cecc464545ba58e1ad24/library/core/src/panic/unwind_safe.rs:272:9
[INFO] [stdout]   69:     0x648b5ab8fdda - std::panicking::try::do_call::h2f73af3616c35465
[INFO] [stdout]                                at /rustc/6067b36314ab5eb2eb47cecc464545ba58e1ad24/library/std/src/panicking.rs:587:40
[INFO] [stdout]   70:     0x648b5ab8fdda - std::panicking::try::hd1660ce9efadef5a
[INFO] [stdout]                                at /rustc/6067b36314ab5eb2eb47cecc464545ba58e1ad24/library/std/src/panicking.rs:550:19
[INFO] [stdout]   71:     0x648b5ab8fdda - std::panic::catch_unwind::h5ee8d7823b8ca744
[INFO] [stdout]                                at /rustc/6067b36314ab5eb2eb47cecc464545ba58e1ad24/library/std/src/panic.rs:358:14
[INFO] [stdout]   72:     0x648b5ab8fdda - std::thread::Builder::spawn_unchecked_::{{closure}}::h53c3a1894dce8407
[INFO] [stdout]                                at /rustc/6067b36314ab5eb2eb47cecc464545ba58e1ad24/library/std/src/thread/mod.rs:557:30
[INFO] [stdout]   73:     0x648b5ab8fdda - core::ops::function::FnOnce::call_once{{vtable.shim}}::h048ce291ad4f62bf
[INFO] [stdout]                                at /rustc/6067b36314ab5eb2eb47cecc464545ba58e1ad24/library/core/src/ops/function.rs:250:5
[INFO] [stdout]   74:     0x648b5b13c01b - <alloc::boxed::Box<F,A> as core::ops::function::FnOnce<Args>>::call_once::ha52bedf99a3b4981
[INFO] [stdout]                                at /rustc/6067b36314ab5eb2eb47cecc464545ba58e1ad24/library/alloc/src/boxed.rs:2013:9
[INFO] [stdout]   75:     0x648b5b13c01b - <alloc::boxed::Box<F,A> as core::ops::function::FnOnce<Args>>::call_once::h567748934d80ccf8
[INFO] [stdout]                                at /rustc/6067b36314ab5eb2eb47cecc464545ba58e1ad24/library/alloc/src/boxed.rs:2013:9
[INFO] [stdout]   76:     0x648b5b13c01b - std::sys::pal::unix::thread::Thread::new::thread_start::h2d970728ae887adc
[INFO] [stdout]                                at /rustc/6067b36314ab5eb2eb47cecc464545ba58e1ad24/library/std/src/sys/pal/unix/thread.rs:106:17
[INFO] [stdout]   77:     0x772ff631fac3 - <unknown>
[INFO] [stdout]   78:     0x772ff63b0a04 - clone
[INFO] [stdout]   79:                0x0 - <unknown>
[INFO] [stdout] 
[INFO] [stdout] 
[INFO] [stdout] failures:
[INFO] [stdout]     routes::auth::tests::login::tests::login_empty_login
[INFO] [stdout]     routes::auth::tests::login::tests::login_empty_password
[INFO] [stdout]     routes::auth::tests::login::tests::login_parce_error
[INFO] [stdout]     routes::auth::tests::login::tests::login_success
[INFO] [stdout]     routes::auth::tests::registration::tests::registration_empty_login
[INFO] [stdout]     routes::auth::tests::registration::tests::registration_empty_password
[INFO] [stdout]     routes::auth::tests::registration::tests::registration_empty_username
[INFO] [stdout]     routes::auth::tests::registration::tests::registration_parce_error
[INFO] [stdout]     routes::auth::tests::registration::tests::registration_success
[INFO] [stdout] 
[INFO] [stdout] test result: FAILED. 0 passed; 9 failed; 0 ignored; 0 measured; 0 filtered out; finished in 30.10s
[INFO] [stdout] 
[INFO] [stderr] error: test failed, to rerun pass `--bin cinematch`
[INFO] running `Command { std: "docker" "inspect" "c2c1d144bf6dfcdf479087101622be83ef97973c083fa3d563171af8831716a9", kill_on_drop: false }`
[INFO] running `Command { std: "docker" "rm" "-f" "c2c1d144bf6dfcdf479087101622be83ef97973c083fa3d563171af8831716a9", kill_on_drop: false }`
[INFO] [stdout] c2c1d144bf6dfcdf479087101622be83ef97973c083fa3d563171af8831716a9
