[INFO] cloning repository https://github.com/stepanbenes/advent-of-code
[INFO] running `Command { std: "git" "-c" "credential.helper=" "-c" "credential.helper=/workspace/cargo-home/bin/git-credential-null" "clone" "--bare" "https://github.com/stepanbenes/advent-of-code" "/workspace/cache/git-repos/https%3A%2F%2Fgithub.com%2Fstepanbenes%2Fadvent-of-code", kill_on_drop: false }`
[INFO] [stderr] Cloning into bare repository '/workspace/cache/git-repos/https%3A%2F%2Fgithub.com%2Fstepanbenes%2Fadvent-of-code'...
[INFO] running `Command { std: "git" "rev-parse" "HEAD", kill_on_drop: false }`
[INFO] [stdout] 5a16e48a871fe99f871d5cbe2261378965ebccd4
[INFO] testing stepanbenes/advent-of-code against nightly-2025-01-18+rustflags=-Zrandomize-layout for randomize-layout-2
[INFO] running `Command { std: "git" "clone" "/workspace/cache/git-repos/https%3A%2F%2Fgithub.com%2Fstepanbenes%2Fadvent-of-code" "/workspace/builds/worker-4-tc2/source", kill_on_drop: false }`
[INFO] [stderr] Cloning into '/workspace/builds/worker-4-tc2/source'...
[INFO] [stderr] done.
[INFO] validating manifest of git repo https://github.com/stepanbenes/advent-of-code on toolchain nightly-2025-01-18
[INFO] running `Command { std: CARGO_HOME="/workspace/cargo-home" RUSTUP_HOME="/workspace/rustup-home" "/workspace/cargo-home/bin/cargo" "+nightly-2025-01-18" "metadata" "--manifest-path" "Cargo.toml" "--no-deps", kill_on_drop: false }`
[INFO] started tweaking git repo https://github.com/stepanbenes/advent-of-code
[INFO] finished tweaking git repo https://github.com/stepanbenes/advent-of-code
[INFO] tweaked toml for git repo https://github.com/stepanbenes/advent-of-code written to /workspace/builds/worker-4-tc2/source/Cargo.toml
[INFO] crate git repo https://github.com/stepanbenes/advent-of-code already has a lockfile, it will not be regenerated
[INFO] running `Command { std: CARGO_HOME="/workspace/cargo-home" RUSTUP_HOME="/workspace/rustup-home" "/workspace/cargo-home/bin/cargo" "+nightly-2025-01-18" "fetch" "--manifest-path" "Cargo.toml", kill_on_drop: false }`
[INFO] running `Command { std: "docker" "create" "-v" "/var/lib/crater-agent-workspace/builds/worker-4-tc2/target:/opt/rustwide/target:rw,Z" "-v" "/var/lib/crater-agent-workspace/builds/worker-4-tc2/source:/opt/rustwide/workdir:ro,Z" "-v" "/var/lib/crater-agent-workspace/cargo-home:/opt/rustwide/cargo-home:ro,Z" "-v" "/var/lib/crater-agent-workspace/rustup-home:/opt/rustwide/rustup-home:ro,Z" "-e" "SOURCE_DIR=/opt/rustwide/workdir" "-e" "CARGO_TARGET_DIR=/opt/rustwide/target" "-e" "CARGO_HOME=/opt/rustwide/cargo-home" "-e" "RUSTUP_HOME=/opt/rustwide/rustup-home" "-w" "/opt/rustwide/workdir" "-m" "1610612736" "--user" "0:0" "--network" "none" "ghcr.io/rust-lang/crates-build-env/linux@sha256:819108c5571ea2e421544af4d832f968d213c87fbe3707a016657f43d2f853bc" "/opt/rustwide/cargo-home/bin/cargo" "+nightly-2025-01-18" "metadata" "--no-deps" "--format-version=1", kill_on_drop: false }`
[INFO] [stdout] d7cced014da4342b7c0e7cf3c42fe5280fa7ed1a09cefb973b0831b3db0b088b
[INFO] running `Command { std: "docker" "start" "-a" "d7cced014da4342b7c0e7cf3c42fe5280fa7ed1a09cefb973b0831b3db0b088b", kill_on_drop: false }`
[INFO] running `Command { std: "docker" "inspect" "d7cced014da4342b7c0e7cf3c42fe5280fa7ed1a09cefb973b0831b3db0b088b", kill_on_drop: false }`
[INFO] running `Command { std: "docker" "rm" "-f" "d7cced014da4342b7c0e7cf3c42fe5280fa7ed1a09cefb973b0831b3db0b088b", kill_on_drop: false }`
[INFO] [stdout] d7cced014da4342b7c0e7cf3c42fe5280fa7ed1a09cefb973b0831b3db0b088b
[INFO] running `Command { std: "docker" "create" "-v" "/var/lib/crater-agent-workspace/builds/worker-4-tc2/target:/opt/rustwide/target:rw,Z" "-v" "/var/lib/crater-agent-workspace/builds/worker-4-tc2/source:/opt/rustwide/workdir:ro,Z" "-v" "/var/lib/crater-agent-workspace/cargo-home:/opt/rustwide/cargo-home:ro,Z" "-v" "/var/lib/crater-agent-workspace/rustup-home:/opt/rustwide/rustup-home:ro,Z" "-e" "SOURCE_DIR=/opt/rustwide/workdir" "-e" "CARGO_TARGET_DIR=/opt/rustwide/target" "-e" "CARGO_INCREMENTAL=0" "-e" "RUST_BACKTRACE=full" "-e" "RUSTFLAGS=--cap-lints=forbid -Zrandomize-layout" "-e" "RUSTDOCFLAGS=--cap-lints=forbid" "-e" "CARGO_HOME=/opt/rustwide/cargo-home" "-e" "RUSTUP_HOME=/opt/rustwide/rustup-home" "-w" "/opt/rustwide/workdir" "-m" "1610612736" "--user" "0:0" "--network" "none" "ghcr.io/rust-lang/crates-build-env/linux@sha256:819108c5571ea2e421544af4d832f968d213c87fbe3707a016657f43d2f853bc" "/opt/rustwide/cargo-home/bin/cargo" "+nightly-2025-01-18" "build" "--frozen" "--message-format=json", kill_on_drop: false }`
[INFO] [stdout] c1efcc095749485a0819dff292a4b70a6dbba6dbf2646c1ed475cb230724ee14
[INFO] running `Command { std: "docker" "start" "-a" "c1efcc095749485a0819dff292a4b70a6dbba6dbf2646c1ed475cb230724ee14", kill_on_drop: false }`
[INFO] [stderr]    Compiling proc-macro2 v1.0.92
[INFO] [stderr]    Compiling unicode-ident v1.0.14
[INFO] [stderr]    Compiling libc v0.2.169
[INFO] [stderr]    Compiling memchr v2.7.4
[INFO] [stderr]    Compiling anyhow v1.0.95
[INFO] [stderr]    Compiling syn v1.0.109
[INFO] [stderr]    Compiling crossbeam-utils v0.8.21
[INFO] [stderr]    Compiling thiserror v1.0.69
[INFO] [stderr]    Compiling regex-syntax v0.8.5
[INFO] [stderr]    Compiling log v0.4.22
[INFO] [stderr]    Compiling serde v1.0.217
[INFO] [stderr]    Compiling either v1.13.0
[INFO] [stderr]    Compiling num-traits v0.2.19
[INFO] [stderr]    Compiling varisat-formula v0.2.2
[INFO] [stderr]    Compiling rayon-core v1.12.1
[INFO] [stderr]    Compiling unicode-xid v0.2.6
[INFO] [stderr]    Compiling itoa v0.4.8
[INFO] [stderr]    Compiling rustix v0.38.42
[INFO] [stderr]    Compiling rustc-hash v1.1.0
[INFO] [stderr]    Compiling bitflags v2.6.0
[INFO] [stderr]    Compiling serde_json v1.0.134
[INFO] [stderr]    Compiling leb128 v0.2.5
[INFO] [stderr]    Compiling itertools v0.14.0
[INFO] [stderr]    Compiling itoa v1.0.14
[INFO] [stderr]    Compiling vec_mut_scan v0.3.0
[INFO] [stderr]    Compiling solver v0.1.0 (/opt/rustwide/workdir/crates/solver)
[INFO] [stderr]    Compiling itertools v0.13.0
[INFO] [stderr]    Compiling md5 v0.7.0
[INFO] [stderr]    Compiling varisat-internal-proof v0.2.2
[INFO] [stderr]    Compiling aho-corasick v1.1.3
[INFO] [stderr]    Compiling varisat v0.2.2
[INFO] [stderr]    Compiling crossbeam-epoch v0.9.18
[INFO] [stderr]    Compiling crossbeam-deque v0.8.6
[INFO] [stderr]    Compiling ordered-float v2.10.1
[INFO] [stderr]    Compiling quote v1.0.38
[INFO] [stderr]    Compiling syn v2.0.93
[INFO] [stderr]    Compiling rayon v1.10.0
[INFO] [stderr]    Compiling signal-hook-registry v1.4.2
[INFO] [stderr]    Compiling parking_lot_core v0.9.10
[INFO] [stderr]    Compiling mio v1.0.3
[INFO] [stderr]    Compiling signal-hook v0.3.17
[INFO] [stderr]    Compiling parking_lot v0.12.3
[INFO] [stderr]    Compiling signal-hook-mio v0.2.4
[INFO] [stderr]    Compiling crossterm v0.28.1
[INFO] [stderr]    Compiling regex-automata v0.4.9
[INFO] [stderr]    Compiling synstructure v0.12.6
[INFO] [stderr]    Compiling thiserror-impl v1.0.69
[INFO] [stderr]    Compiling serde_derive v1.0.217
[INFO] [stderr]    Compiling partial_ref_derive v0.3.3
[INFO] [stderr]    Compiling partial_ref v0.3.3
[INFO] [stderr]    Compiling varisat-dimacs v0.2.2
[INFO] [stderr]    Compiling varisat-checker v0.2.2
[INFO] [stderr]    Compiling regex v1.11.1
[INFO] [stderr]    Compiling varisat-internal-macros v0.2.2
[INFO] [stderr]    Compiling aoc_2016 v0.1.0 (/opt/rustwide/workdir/binaries/aoc_2016)
[INFO] [stderr]    Compiling aoc_2015 v0.1.0 (/opt/rustwide/workdir/binaries/aoc_2015)
[INFO] [stderr]    Compiling aoc_2024 v0.1.0 (/opt/rustwide/workdir/binaries/aoc_2024)
[INFO] [stderr]     Finished `dev` profile [unoptimized + debuginfo] target(s) in 20.83s
[INFO] running `Command { std: "docker" "inspect" "c1efcc095749485a0819dff292a4b70a6dbba6dbf2646c1ed475cb230724ee14", kill_on_drop: false }`
[INFO] running `Command { std: "docker" "rm" "-f" "c1efcc095749485a0819dff292a4b70a6dbba6dbf2646c1ed475cb230724ee14", kill_on_drop: false }`
[INFO] [stdout] c1efcc095749485a0819dff292a4b70a6dbba6dbf2646c1ed475cb230724ee14
[INFO] running `Command { std: "docker" "create" "-v" "/var/lib/crater-agent-workspace/builds/worker-4-tc2/target:/opt/rustwide/target:rw,Z" "-v" "/var/lib/crater-agent-workspace/builds/worker-4-tc2/source:/opt/rustwide/workdir:ro,Z" "-v" "/var/lib/crater-agent-workspace/cargo-home:/opt/rustwide/cargo-home:ro,Z" "-v" "/var/lib/crater-agent-workspace/rustup-home:/opt/rustwide/rustup-home:ro,Z" "-e" "SOURCE_DIR=/opt/rustwide/workdir" "-e" "CARGO_TARGET_DIR=/opt/rustwide/target" "-e" "CARGO_INCREMENTAL=0" "-e" "RUST_BACKTRACE=full" "-e" "RUSTFLAGS=--cap-lints=forbid -Zrandomize-layout" "-e" "RUSTDOCFLAGS=--cap-lints=forbid" "-e" "CARGO_HOME=/opt/rustwide/cargo-home" "-e" "RUSTUP_HOME=/opt/rustwide/rustup-home" "-w" "/opt/rustwide/workdir" "-m" "1610612736" "--user" "0:0" "--network" "none" "ghcr.io/rust-lang/crates-build-env/linux@sha256:819108c5571ea2e421544af4d832f968d213c87fbe3707a016657f43d2f853bc" "/opt/rustwide/cargo-home/bin/cargo" "+nightly-2025-01-18" "test" "--frozen" "--no-run" "--message-format=json", kill_on_drop: false }`
[INFO] [stdout] 97a6e68b4ab2db84a26173ddf9cc30d19c943861c4c1be51c336d07b40edc197
[INFO] running `Command { std: "docker" "start" "-a" "97a6e68b4ab2db84a26173ddf9cc30d19c943861c4c1be51c336d07b40edc197", kill_on_drop: false }`
[INFO] [stderr]    Compiling aoc_2016 v0.1.0 (/opt/rustwide/workdir/binaries/aoc_2016)
[INFO] [stderr]    Compiling solver v0.1.0 (/opt/rustwide/workdir/crates/solver)
[INFO] [stderr]    Compiling aoc_2015 v0.1.0 (/opt/rustwide/workdir/binaries/aoc_2015)
[INFO] [stderr]    Compiling aoc_2024 v0.1.0 (/opt/rustwide/workdir/binaries/aoc_2024)
[INFO] [stderr]     Finished `test` profile [unoptimized + debuginfo] target(s) in 0.98s
[INFO] running `Command { std: "docker" "inspect" "97a6e68b4ab2db84a26173ddf9cc30d19c943861c4c1be51c336d07b40edc197", kill_on_drop: false }`
[INFO] running `Command { std: "docker" "rm" "-f" "97a6e68b4ab2db84a26173ddf9cc30d19c943861c4c1be51c336d07b40edc197", kill_on_drop: false }`
[INFO] [stdout] 97a6e68b4ab2db84a26173ddf9cc30d19c943861c4c1be51c336d07b40edc197
[INFO] running `Command { std: "docker" "create" "-v" "/var/lib/crater-agent-workspace/builds/worker-4-tc2/target:/opt/rustwide/target:rw,Z" "-v" "/var/lib/crater-agent-workspace/builds/worker-4-tc2/source:/opt/rustwide/workdir:ro,Z" "-v" "/var/lib/crater-agent-workspace/cargo-home:/opt/rustwide/cargo-home:ro,Z" "-v" "/var/lib/crater-agent-workspace/rustup-home:/opt/rustwide/rustup-home:ro,Z" "-e" "SOURCE_DIR=/opt/rustwide/workdir" "-e" "CARGO_TARGET_DIR=/opt/rustwide/target" "-e" "CARGO_INCREMENTAL=0" "-e" "RUST_BACKTRACE=full" "-e" "RUSTFLAGS=--cap-lints=forbid -Zrandomize-layout" "-e" "RUSTDOCFLAGS=--cap-lints=forbid" "-e" "CARGO_HOME=/opt/rustwide/cargo-home" "-e" "RUSTUP_HOME=/opt/rustwide/rustup-home" "-w" "/opt/rustwide/workdir" "-m" "1610612736" "--user" "0:0" "--network" "none" "ghcr.io/rust-lang/crates-build-env/linux@sha256:819108c5571ea2e421544af4d832f968d213c87fbe3707a016657f43d2f853bc" "/opt/rustwide/cargo-home/bin/cargo" "+nightly-2025-01-18" "test" "--frozen", kill_on_drop: false }`
[INFO] [stdout] febac34422aeeedf47bd60cc033ebf27cf3fa608db534fdd133eed52d27e892b
[INFO] running `Command { std: "docker" "start" "-a" "febac34422aeeedf47bd60cc033ebf27cf3fa608db534fdd133eed52d27e892b", kill_on_drop: false }`
[INFO] [stderr]     Finished `test` profile [unoptimized + debuginfo] target(s) in 0.05s
[INFO] [stderr]      Running unittests src/main.rs (/opt/rustwide/target/debug/deps/aoc_2015-6b05f37f7605429e)
[INFO] [stdout] 
[INFO] [stdout] running 96 tests
[INFO] [stdout] test day01::part1_tests::floor_0_2 ... ok
[INFO] [stdout] test day01::part1_tests::floor_0_1 ... ok
[INFO] [stdout] test day01::part1_tests::floor_3_1 ... ok
[INFO] [stdout] test day01::part1_tests::floor_3_2 ... ok
[INFO] [stdout] test day01::part1_tests::floor_3_3 ... ok
[INFO] [stdout] test day01::part1_tests::floor_neg1_1 ... ok
[INFO] [stdout] test day01::part1_tests::floor_neg1_2 ... ok
[INFO] [stdout] test day01::part1_tests::floor_neg3_1 ... ok
[INFO] [stdout] test day01::part1_tests::floor_neg3_2 ... ok
[INFO] [stdout] test day01::part2_tests::basement_1 ... ok
[INFO] [stdout] test day01::part2_tests::basement_5 ... ok
[INFO] [stdout] test day02::part1_tests::wrapping_paper_area_1 ... ok
[INFO] [stdout] test day02::part1_tests::wrapping_paper_area_2 ... ok
[INFO] [stdout] test day02::part2_tests::ribbon_1 ... ok
[INFO] [stdout] test day02::part2_tests::ribbon_2 ... ok
[INFO] [stdout] test day03::part1_tests::test_1 ... ok
[INFO] [stdout] test day03::part1_tests::test_2 ... ok
[INFO] [stdout] test day03::part1_tests::test_3 ... ok
[INFO] [stdout] test day03::part2_tests::test_2 ... ok
[INFO] [stdout] test day03::part2_tests::test_1 ... ok
[INFO] [stdout] test day03::part2_tests::test_3 ... ok
[INFO] [stdout] test day05::part1_tests::test_2 ... ok
[INFO] [stdout] test day05::part1_tests::test_3 ... ok
[INFO] [stdout] test day05::part1_tests::test_5 ... ok
[INFO] [stdout] test day05::part2_tests::test_1 ... ok
[INFO] [stdout] test day05::part1_tests::test_4 ... ok
[INFO] [stdout] test day05::part2_tests::test_2 ... ok
[INFO] [stdout] test day05::part2_tests::test_5 ... ok
[INFO] [stdout] test day05::part2_tests::test_3 ... ok
[INFO] [stdout] test day07::part1_tests::test_1 ... ok
[INFO] [stdout] test day05::part2_tests::test_4 ... ok
[INFO] [stdout] test day05::part1_tests::test_1 ... ok
[INFO] [stdout] test day08::part2_tests::test_1 ... ok
[INFO] [stdout] test day08::part2_tests::test_2 ... ok
[INFO] [stdout] test day08::part1_tests::test_1 ... ok
[INFO] [stdout] test day08::part1_tests::test_2 ... ok
[INFO] [stdout] test day08::part1_tests::test_3 ... ok
[INFO] [stdout] test day09::part1_tests::test_1 ... ok
[INFO] [stdout] test day08::part1_tests::test_4 ... ok
[INFO] [stdout] test day10::part1_tests::test_2 ... ok
[INFO] [stdout] test day10::part1_tests::test_1 ... ok
[INFO] [stdout] test day08::part2_tests::test_3 ... ok
[INFO] [stdout] test day08::part1_tests::test_5 ... ok
[INFO] [stdout] test day10::part1_tests::test_3 ... ok
[INFO] [stdout] test day10::part1_tests::test_5 ... ok
[INFO] [stdout] test day10::part1_tests::test_6 ... ok
[INFO] [stdout] test day10::part1_tests::test_7 ... ok
[INFO] [stdout] test day08::part2_tests::test_4 ... ok
[INFO] [stdout] test day09::part2_tests::test_1 ... ok
[INFO] [stdout] test day11::part1_tests::test_10 ... ok
[INFO] [stdout] test day11::part1_tests::test_11 ... ok
[INFO] [stdout] test day10::part1_tests::test_4 ... ok
[INFO] [stdout] test day11::part1_tests::test_3 ... ok
[INFO] [stdout] test day11::part1_tests::test_4 ... ok
[INFO] [stdout] test day11::part1_tests::test_12 ... ok
[INFO] [stdout] test day11::part1_tests::test_7 ... ok
[INFO] [stdout] test day11::part1_tests::test_8 ... ok
[INFO] [stdout] test day11::part1_tests::test_6 ... ok
[INFO] [stdout] test day12::part1_tests::test_2 ... ok
[INFO] [stdout] test day11::part1_tests::test_9 ... ok
[INFO] [stdout] test day12::part1_tests::test_1 ... ok
[INFO] [stdout] test day11::part1_tests::test_5 ... ok
[INFO] [stdout] test day11::part1_tests::test_1 ... ok
[INFO] [stdout] test day12::part1_tests::test_3 ... ok
[INFO] [stdout] test day12::part1_tests::test_8 ... ok
[INFO] [stdout] test day12::part1_tests::test_7 ... ok
[INFO] [stdout] test day12::part2_tests::test_2 ... ok
[INFO] [stdout] test day12::part2_tests::test_3 ... ok
[INFO] [stdout] test day06::part1_tests::test_2 ... ok
[INFO] [stdout] test day12::part1_tests::test_4 ... ok
[INFO] [stdout] test day12::part1_tests::test_5 ... ok
[INFO] [stdout] test day12::part2_tests::test_1 ... ok
[INFO] [stdout] test day12::part2_tests::test_4 ... ok
[INFO] [stdout] test day12::part1_tests::test_6 ... ok
[INFO] [stdout] test day12::part2_tests::test_5 ... ok
[INFO] [stdout] test day14::part1_tests::test_1 ... ok
[INFO] [stdout] test day14::part2_tests::test_1 ... ok
[INFO] [stdout] test day13::part1_tests::test_1 ... ok
[INFO] [stdout] test day17::part2_tests::test_1 ... ok
[INFO] [stdout] test day15::part1_tests::test_1 ... ok
[INFO] [stdout] test day18::part2_tests::test_1 ... ok
[INFO] [stdout] test day19::part1_tests::test_1 ... ok
[INFO] [stdout] test day17::part1_tests::test_1 ... ok
[INFO] [stdout] test day15::part2_tests::test_1 ... ok
[INFO] [stdout] test day06::part2_tests::test_3 ... ok
[INFO] [stdout] test day18::part1_tests::test_1 ... ok
[INFO] [stdout] test day19::part2_tests::test_1 ... FAILED
[INFO] [stdout] test day19::part2_tests::test_2 ... FAILED
[INFO] [stdout] test day06::part1_tests::test_3 ... ok
[INFO] [stdout] test day06::part2_tests::test_2 ... ok
[INFO] [stdout] test day06::part1_tests::test_4 ... ok
[INFO] [stdout] test day06::part1_tests::test_1 ... ok
[INFO] [stdout] test day06::part2_tests::test_1 ... ok
[INFO] [stdout] test day04::part1_tests::test_1 ... ok
[INFO] [stdout] test day04::part1_tests::test_2 ... ok
[INFO] [stdout] test day11::part1_tests::test_2 ... ok
[INFO] [stdout] 
[INFO] [stdout] failures:
[INFO] [stdout] 
[INFO] [stdout] ---- day19::part2_tests::test_1 stdout ----
[INFO] [stdout] 
[INFO] [stdout] thread 'day19::part2_tests::test_1' panicked at binaries/aoc_2015/src/day19.rs:146:9:
[INFO] [stdout] assertion `left == right` failed
[INFO] [stdout]   left: "0"
[INFO] [stdout]  right: "3"
[INFO] [stdout] stack backtrace:
[INFO] [stdout]    0:     0x65208234eaaa - std::backtrace_rs::backtrace::libunwind::trace::hb059275cfc8d6126
[INFO] [stdout]                                at /rustc/6067b36314ab5eb2eb47cecc464545ba58e1ad24/library/std/src/../../backtrace/src/backtrace/libunwind.rs:116:5
[INFO] [stdout]    1:     0x65208234eaaa - std::backtrace_rs::backtrace::trace_unsynchronized::h2da071e4327ce3ee
[INFO] [stdout]                                at /rustc/6067b36314ab5eb2eb47cecc464545ba58e1ad24/library/std/src/../../backtrace/src/backtrace/mod.rs:66:5
[INFO] [stdout]    2:     0x65208234eaaa - std::sys::backtrace::_print_fmt::h842a1474e6f8d23f
[INFO] [stdout]                                at /rustc/6067b36314ab5eb2eb47cecc464545ba58e1ad24/library/std/src/sys/backtrace.rs:66:9
[INFO] [stdout]    3:     0x65208234eaaa - <std::sys::backtrace::BacktraceLock::print::DisplayBacktrace as core::fmt::Display>::fmt::h71a62eb3b9696b12
[INFO] [stdout]                                at /rustc/6067b36314ab5eb2eb47cecc464545ba58e1ad24/library/std/src/sys/backtrace.rs:39:26
[INFO] [stdout]    4:     0x652082376913 - core::fmt::rt::Argument::fmt::hdb6b616786b41dc1
[INFO] [stdout]                                at /rustc/6067b36314ab5eb2eb47cecc464545ba58e1ad24/library/core/src/fmt/rt.rs:177:76
[INFO] [stdout]    5:     0x652082376913 - core::fmt::write::h2cc1698af7e2d686
[INFO] [stdout]                                at /rustc/6067b36314ab5eb2eb47cecc464545ba58e1ad24/library/core/src/fmt/mod.rs:1440:21
[INFO] [stdout]    6:     0x65208234b603 - std::io::Write::write_fmt::hab1b4cd059a79022
[INFO] [stdout]                                at /rustc/6067b36314ab5eb2eb47cecc464545ba58e1ad24/library/std/src/io/mod.rs:1887:15
[INFO] [stdout]    7:     0x65208234e8f2 - std::sys::backtrace::BacktraceLock::print::h147fe35b4ea13b08
[INFO] [stdout]                                at /rustc/6067b36314ab5eb2eb47cecc464545ba58e1ad24/library/std/src/sys/backtrace.rs:42:9
[INFO] [stdout]    8:     0x65208234fecf - std::panicking::default_hook::{{closure}}::hbd44223dbdc0d208
[INFO] [stdout]                                at /rustc/6067b36314ab5eb2eb47cecc464545ba58e1ad24/library/std/src/panicking.rs:298:22
[INFO] [stdout]    9:     0x65208234fce8 - std::panicking::default_hook::h20f81eb0576efcec
[INFO] [stdout]                                at /rustc/6067b36314ab5eb2eb47cecc464545ba58e1ad24/library/std/src/panicking.rs:322:9
[INFO] [stdout]   10:     0x6520822ed0c3 - <alloc::boxed::Box<F,A> as core::ops::function::Fn<Args>>::call::hdb53814c496a4d34
[INFO] [stdout]                                at /rustc/6067b36314ab5eb2eb47cecc464545ba58e1ad24/library/alloc/src/boxed.rs:2027:9
[INFO] [stdout]   11:     0x6520822ed0c3 - test::test_main::{{closure}}::hc0a4963c59427c24
[INFO] [stdout]                                at /rustc/6067b36314ab5eb2eb47cecc464545ba58e1ad24/library/test/src/lib.rs:134:21
[INFO] [stdout]   12:     0x6520823509c3 - <alloc::boxed::Box<F,A> as core::ops::function::Fn<Args>>::call::h591b2225413a77e9
[INFO] [stdout]                                at /rustc/6067b36314ab5eb2eb47cecc464545ba58e1ad24/library/alloc/src/boxed.rs:2027:9
[INFO] [stdout]   13:     0x6520823509c3 - std::panicking::rust_panic_with_hook::h625eea43051b2edc
[INFO] [stdout]                                at /rustc/6067b36314ab5eb2eb47cecc464545ba58e1ad24/library/std/src/panicking.rs:839:13
[INFO] [stdout]   14:     0x65208235067a - std::panicking::begin_panic_handler::{{closure}}::h4f9159cfbc3f6bd3
[INFO] [stdout]                                at /rustc/6067b36314ab5eb2eb47cecc464545ba58e1ad24/library/std/src/panicking.rs:704:13
[INFO] [stdout]   15:     0x65208234efa9 - std::sys::backtrace::__rust_end_short_backtrace::h0390abce48353151
[INFO] [stdout]                                at /rustc/6067b36314ab5eb2eb47cecc464545ba58e1ad24/library/std/src/sys/backtrace.rs:168:18
[INFO] [stdout]   16:     0x65208235030d - rust_begin_unwind
[INFO] [stdout]                                at /rustc/6067b36314ab5eb2eb47cecc464545ba58e1ad24/library/std/src/panicking.rs:695:5
[INFO] [stdout]   17:     0x6520823752f0 - core::panicking::panic_fmt::h9e7c637e9e5f29c9
[INFO] [stdout]                                at /rustc/6067b36314ab5eb2eb47cecc464545ba58e1ad24/library/core/src/panicking.rs:75:14
[INFO] [stdout]   18:     0x6520823756e2 - core::panicking::assert_failed_inner::h538bec7c1374cd9c
[INFO] [stdout]   19:     0x652082290a4b - core::panicking::assert_failed::h2b846ebff37d7876
[INFO] [stdout]                                at /rustc/6067b36314ab5eb2eb47cecc464545ba58e1ad24/library/core/src/panicking.rs:364:5
[INFO] [stdout]   20:     0x652082282f3e - aoc_2015::day19::part2_tests::test_1::h4ae8c1dabe0b9b7a
[INFO] [stdout]                                at /opt/rustwide/workdir/binaries/aoc_2015/src/day19.rs:146:9
[INFO] [stdout]   21:     0x652082282e37 - aoc_2015::day19::part2_tests::test_1::{{closure}}::hf3eee8aec46031a5
[INFO] [stdout]                                at /opt/rustwide/workdir/binaries/aoc_2015/src/day19.rs:135:16
[INFO] [stdout]   22:     0x65208228e816 - core::ops::function::FnOnce::call_once::hf0fff697cfccba22
[INFO] [stdout]                                at /rustc/6067b36314ab5eb2eb47cecc464545ba58e1ad24/library/core/src/ops/function.rs:250:5
[INFO] [stdout]   23:     0x6520822f281b - core::ops::function::FnOnce::call_once::he27718dfdd183f43
[INFO] [stdout]                                at /rustc/6067b36314ab5eb2eb47cecc464545ba58e1ad24/library/core/src/ops/function.rs:250:5
[INFO] [stdout]   24:     0x6520822f281b - test::__rust_begin_short_backtrace::h4e84902998457a5d
[INFO] [stdout]                                at /rustc/6067b36314ab5eb2eb47cecc464545ba58e1ad24/library/test/src/lib.rs:632:18
[INFO] [stdout]   25:     0x6520822f1753 - test::run_test_in_process::{{closure}}::h7176fd18fc1feca0
[INFO] [stdout]                                at /rustc/6067b36314ab5eb2eb47cecc464545ba58e1ad24/library/test/src/lib.rs:655:60
[INFO] [stdout]   26:     0x6520822f1753 - <core::panic::unwind_safe::AssertUnwindSafe<F> as core::ops::function::FnOnce<()>>::call_once::hf79cff2a624d8cf7
[INFO] [stdout]                                at /rustc/6067b36314ab5eb2eb47cecc464545ba58e1ad24/library/core/src/panic/unwind_safe.rs:272:9
[INFO] [stdout]   27:     0x6520822f1753 - std::panicking::try::do_call::h3da0561d9ab99c25
[INFO] [stdout]                                at /rustc/6067b36314ab5eb2eb47cecc464545ba58e1ad24/library/std/src/panicking.rs:587:40
[INFO] [stdout]   28:     0x6520822f1753 - std::panicking::try::h41c9fa508bc61df6
[INFO] [stdout]                                at /rustc/6067b36314ab5eb2eb47cecc464545ba58e1ad24/library/std/src/panicking.rs:550:19
[INFO] [stdout]   29:     0x6520822f1753 - std::panic::catch_unwind::h6b3ff07bb5afad93
[INFO] [stdout]                                at /rustc/6067b36314ab5eb2eb47cecc464545ba58e1ad24/library/std/src/panic.rs:358:14
[INFO] [stdout]   30:     0x6520822f1753 - test::run_test_in_process::hc7253dd11b39b9f4
[INFO] [stdout]                                at /rustc/6067b36314ab5eb2eb47cecc464545ba58e1ad24/library/test/src/lib.rs:655:27
[INFO] [stdout]   31:     0x6520822f1753 - test::run_test::{{closure}}::hfb2007f8649c30bb
[INFO] [stdout]                                at /rustc/6067b36314ab5eb2eb47cecc464545ba58e1ad24/library/test/src/lib.rs:576:43
[INFO] [stdout]   32:     0x6520822b4835 - test::run_test::{{closure}}::h56a17aa7a282a9f4
[INFO] [stdout]                                at /rustc/6067b36314ab5eb2eb47cecc464545ba58e1ad24/library/test/src/lib.rs:606:41
[INFO] [stdout]   33:     0x6520822b4835 - std::sys::backtrace::__rust_begin_short_backtrace::hd2d2d2fb8e8c6aac
[INFO] [stdout]                                at /rustc/6067b36314ab5eb2eb47cecc464545ba58e1ad24/library/std/src/sys/backtrace.rs:152:18
[INFO] [stdout]   34:     0x6520822b811a - std::thread::Builder::spawn_unchecked_::{{closure}}::{{closure}}::h4faa3f9db6133423
[INFO] [stdout]                                at /rustc/6067b36314ab5eb2eb47cecc464545ba58e1ad24/library/std/src/thread/mod.rs:559:17
[INFO] [stdout]   35:     0x6520822b811a - <core::panic::unwind_safe::AssertUnwindSafe<F> as core::ops::function::FnOnce<()>>::call_once::hf2e855a36a4ea846
[INFO] [stdout]                                at /rustc/6067b36314ab5eb2eb47cecc464545ba58e1ad24/library/core/src/panic/unwind_safe.rs:272:9
[INFO] [stdout]   36:     0x6520822b811a - std::panicking::try::do_call::h2f73af3616c35465
[INFO] [stdout]                                at /rustc/6067b36314ab5eb2eb47cecc464545ba58e1ad24/library/std/src/panicking.rs:587:40
[INFO] [stdout]   37:     0x6520822b811a - std::panicking::try::hd1660ce9efadef5a
[INFO] [stdout]                                at /rustc/6067b36314ab5eb2eb47cecc464545ba58e1ad24/library/std/src/panicking.rs:550:19
[INFO] [stdout]   38:     0x6520822b811a - std::panic::catch_unwind::h5ee8d7823b8ca744
[INFO] [stdout]                                at /rustc/6067b36314ab5eb2eb47cecc464545ba58e1ad24/library/std/src/panic.rs:358:14
[INFO] [stdout]   39:     0x6520822b811a - std::thread::Builder::spawn_unchecked_::{{closure}}::h53c3a1894dce8407
[INFO] [stdout]                                at /rustc/6067b36314ab5eb2eb47cecc464545ba58e1ad24/library/std/src/thread/mod.rs:557:30
[INFO] [stdout]   40:     0x6520822b811a - core::ops::function::FnOnce::call_once{{vtable.shim}}::h048ce291ad4f62bf
[INFO] [stdout]                                at /rustc/6067b36314ab5eb2eb47cecc464545ba58e1ad24/library/core/src/ops/function.rs:250:5
[INFO] [stdout]   41:     0x6520823548fb - <alloc::boxed::Box<F,A> as core::ops::function::FnOnce<Args>>::call_once::ha52bedf99a3b4981
[INFO] [stdout]                                at /rustc/6067b36314ab5eb2eb47cecc464545ba58e1ad24/library/alloc/src/boxed.rs:2013:9
[INFO] [stdout]   42:     0x6520823548fb - <alloc::boxed::Box<F,A> as core::ops::function::FnOnce<Args>>::call_once::h567748934d80ccf8
[INFO] [stdout]                                at /rustc/6067b36314ab5eb2eb47cecc464545ba58e1ad24/library/alloc/src/boxed.rs:2013:9
[INFO] [stdout]   43:     0x6520823548fb - std::sys::pal::unix::thread::Thread::new::thread_start::h2d970728ae887adc
[INFO] [stdout]                                at /rustc/6067b36314ab5eb2eb47cecc464545ba58e1ad24/library/std/src/sys/pal/unix/thread.rs:106:17
[INFO] [stdout]   44:     0x7d600ead3ac3 - <unknown>
[INFO] [stdout]   45:     0x7d600eb64a04 - clone
[INFO] [stdout]   46:                0x0 - <unknown>
[INFO] [stdout] 
[INFO] [stdout] ---- day19::part2_tests::test_2 stdout ----
[INFO] [stdout] 
[INFO] [stdout] thread 'day19::part2_tests::test_2' panicked at binaries/aoc_2015/src/day19.rs:161:9:
[INFO] [stdout] assertion `left == right` failed
[INFO] [stdout]   left: "0"
[INFO] [stdout]  right: "6"
[INFO] [stdout] stack backtrace:
[INFO] [stdout]    0:     0x65208234eaaa - std::backtrace_rs::backtrace::libunwind::trace::hb059275cfc8d6126
[INFO] [stdout]                                at /rustc/6067b36314ab5eb2eb47cecc464545ba58e1ad24/library/std/src/../../backtrace/src/backtrace/libunwind.rs:116:5
[INFO] [stdout]    1:     0x65208234eaaa - std::backtrace_rs::backtrace::trace_unsynchronized::h2da071e4327ce3ee
[INFO] [stdout]                                at /rustc/6067b36314ab5eb2eb47cecc464545ba58e1ad24/library/std/src/../../backtrace/src/backtrace/mod.rs:66:5
[INFO] [stdout]    2:     0x65208234eaaa - std::sys::backtrace::_print_fmt::h842a1474e6f8d23f
[INFO] [stdout]                                at /rustc/6067b36314ab5eb2eb47cecc464545ba58e1ad24/library/std/src/sys/backtrace.rs:66:9
[INFO] [stdout]    3:     0x65208234eaaa - <std::sys::backtrace::BacktraceLock::print::DisplayBacktrace as core::fmt::Display>::fmt::h71a62eb3b9696b12
[INFO] [stdout]                                at /rustc/6067b36314ab5eb2eb47cecc464545ba58e1ad24/library/std/src/sys/backtrace.rs:39:26
[INFO] [stdout]    4:     0x652082376913 - core::fmt::rt::Argument::fmt::hdb6b616786b41dc1
[INFO] [stdout]                                at /rustc/6067b36314ab5eb2eb47cecc464545ba58e1ad24/library/core/src/fmt/rt.rs:177:76
[INFO] [stdout]    5:     0x652082376913 - core::fmt::write::h2cc1698af7e2d686
[INFO] [stdout]                                at /rustc/6067b36314ab5eb2eb47cecc464545ba58e1ad24/library/core/src/fmt/mod.rs:1440:21
[INFO] [stdout]    6:     0x65208234b603 - std::io::Write::write_fmt::hab1b4cd059a79022
[INFO] [stdout]                                at /rustc/6067b36314ab5eb2eb47cecc464545ba58e1ad24/library/std/src/io/mod.rs:1887:15
[INFO] [stdout]    7:     0x65208234e8f2 - std::sys::backtrace::BacktraceLock::print::h147fe35b4ea13b08
[INFO] [stdout]                                at /rustc/6067b36314ab5eb2eb47cecc464545ba58e1ad24/library/std/src/sys/backtrace.rs:42:9
[INFO] [stdout]    8:     0x65208234fecf - std::panicking::default_hook::{{closure}}::hbd44223dbdc0d208
[INFO] [stdout]                                at /rustc/6067b36314ab5eb2eb47cecc464545ba58e1ad24/library/std/src/panicking.rs:298:22
[INFO] [stdout]    9:     0x65208234fce8 - std::panicking::default_hook::h20f81eb0576efcec
[INFO] [stdout]                                at /rustc/6067b36314ab5eb2eb47cecc464545ba58e1ad24/library/std/src/panicking.rs:322:9
[INFO] [stdout]   10:     0x6520822ed0c3 - <alloc::boxed::Box<F,A> as core::ops::function::Fn<Args>>::call::hdb53814c496a4d34
[INFO] [stdout]                                at /rustc/6067b36314ab5eb2eb47cecc464545ba58e1ad24/library/alloc/src/boxed.rs:2027:9
[INFO] [stdout]   11:     0x6520822ed0c3 - test::test_main::{{closure}}::hc0a4963c59427c24
[INFO] [stdout]                                at /rustc/6067b36314ab5eb2eb47cecc464545ba58e1ad24/library/test/src/lib.rs:134:21
[INFO] [stdout]   12:     0x6520823509c3 - <alloc::boxed::Box<F,A> as core::ops::function::Fn<Args>>::call::h591b2225413a77e9
[INFO] [stdout]                                at /rustc/6067b36314ab5eb2eb47cecc464545ba58e1ad24/library/alloc/src/boxed.rs:2027:9
[INFO] [stdout]   13:     0x6520823509c3 - std::panicking::rust_panic_with_hook::h625eea43051b2edc
[INFO] [stdout]                                at /rustc/6067b36314ab5eb2eb47cecc464545ba58e1ad24/library/std/src/panicking.rs:839:13
[INFO] [stdout]   14:     0x65208235067a - std::panicking::begin_panic_handler::{{closure}}::h4f9159cfbc3f6bd3
[INFO] [stdout]                                at /rustc/6067b36314ab5eb2eb47cecc464545ba58e1ad24/library/std/src/panicking.rs:704:13
[INFO] [stdout]   15:     0x65208234efa9 - std::sys::backtrace::__rust_end_short_backtrace::h0390abce48353151
[INFO] [stdout]                                at /rustc/6067b36314ab5eb2eb47cecc464545ba58e1ad24/library/std/src/sys/backtrace.rs:168:18
[INFO] [stdout]   16:     0x65208235030d - rust_begin_unwind
[INFO] [stdout]                                at /rustc/6067b36314ab5eb2eb47cecc464545ba58e1ad24/library/std/src/panicking.rs:695:5
[INFO] [stdout]   17:     0x6520823752f0 - core::panicking::panic_fmt::h9e7c637e9e5f29c9
[INFO] [stdout]                                at /rustc/6067b36314ab5eb2eb47cecc464545ba58e1ad24/library/core/src/panicking.rs:75:14
[INFO] [stdout]   18:     0x6520823756e2 - core::panicking::assert_failed_inner::h538bec7c1374cd9c
[INFO] [stdout]   19:     0x652082290a4b - core::panicking::assert_failed::h2b846ebff37d7876
[INFO] [stdout]                                at /rustc/6067b36314ab5eb2eb47cecc464545ba58e1ad24/library/core/src/panicking.rs:364:5
[INFO] [stdout]   20:     0x65208228308e - aoc_2015::day19::part2_tests::test_2::h1c91d78b48919b92
[INFO] [stdout]                                at /opt/rustwide/workdir/binaries/aoc_2015/src/day19.rs:161:9
[INFO] [stdout]   21:     0x652082282f87 - aoc_2015::day19::part2_tests::test_2::{{closure}}::h082c847a44e98955
[INFO] [stdout]                                at /opt/rustwide/workdir/binaries/aoc_2015/src/day19.rs:150:16
[INFO] [stdout]   22:     0x65208228e626 - core::ops::function::FnOnce::call_once::he220b6f3bf99953e
[INFO] [stdout]                                at /rustc/6067b36314ab5eb2eb47cecc464545ba58e1ad24/library/core/src/ops/function.rs:250:5
[INFO] [stdout]   23:     0x6520822f281b - core::ops::function::FnOnce::call_once::he27718dfdd183f43
[INFO] [stdout]                                at /rustc/6067b36314ab5eb2eb47cecc464545ba58e1ad24/library/core/src/ops/function.rs:250:5
[INFO] [stdout]   24:     0x6520822f281b - test::__rust_begin_short_backtrace::h4e84902998457a5d
[INFO] [stdout]                                at /rustc/6067b36314ab5eb2eb47cecc464545ba58e1ad24/library/test/src/lib.rs:632:18
[INFO] [stdout]   25:     0x6520822f1753 - test::run_test_in_process::{{closure}}::h7176fd18fc1feca0
[INFO] [stdout]                                at /rustc/6067b36314ab5eb2eb47cecc464545ba58e1ad24/library/test/src/lib.rs:655:60
[INFO] [stdout]   26:     0x6520822f1753 - <core::panic::unwind_safe::AssertUnwindSafe<F> as core::ops::function::FnOnce<()>>::call_once::hf79cff2a624d8cf7
[INFO] [stdout]                                at /rustc/6067b36314ab5eb2eb47cecc464545ba58e1ad24/library/core/src/panic/unwind_safe.rs:272:9
[INFO] [stdout]   27:     0x6520822f1753 - std::panicking::try::do_call::h3da0561d9ab99c25
[INFO] [stdout]                                at /rustc/6067b36314ab5eb2eb47cecc464545ba58e1ad24/library/std/src/panicking.rs:587:40
[INFO] [stdout]   28:     0x6520822f1753 - std::panicking::try::h41c9fa508bc61df6
[INFO] [stdout]                                at /rustc/6067b36314ab5eb2eb47cecc464545ba58e1ad24/library/std/src/panicking.rs:550:19
[INFO] [stdout]   29:     0x6520822f1753 - std::panic::catch_unwind::h6b3ff07bb5afad93
[INFO] [stdout]                                at /rustc/6067b36314ab5eb2eb47cecc464545ba58e1ad24/library/std/src/panic.rs:358:14
[INFO] [stdout]   30:     0x6520822f1753 - test::run_test_in_process::hc7253dd11b39b9f4
[INFO] [stdout]                                at /rustc/6067b36314ab5eb2eb47cecc464545ba58e1ad24/library/test/src/lib.rs:655:27
[INFO] [stdout]   31:     0x6520822f1753 - test::run_test::{{closure}}::hfb2007f8649c30bb
[INFO] [stdout]                                at /rustc/6067b36314ab5eb2eb47cecc464545ba58e1ad24/library/test/src/lib.rs:576:43
[INFO] [stdout]   32:     0x6520822b4835 - test::run_test::{{closure}}::h56a17aa7a282a9f4
[INFO] [stdout]                                at /rustc/6067b36314ab5eb2eb47cecc464545ba58e1ad24/library/test/src/lib.rs:606:41
[INFO] [stdout]   33:     0x6520822b4835 - std::sys::backtrace::__rust_begin_short_backtrace::hd2d2d2fb8e8c6aac
[INFO] [stdout]                                at /rustc/6067b36314ab5eb2eb47cecc464545ba58e1ad24/library/std/src/sys/backtrace.rs:152:18
[INFO] [stdout]   34:     0x6520822b811a - std::thread::Builder::spawn_unchecked_::{{closure}}::{{closure}}::h4faa3f9db6133423
[INFO] [stdout]                                at /rustc/6067b36314ab5eb2eb47cecc464545ba58e1ad24/library/std/src/thread/mod.rs:559:17
[INFO] [stdout]   35:     0x6520822b811a - <core::panic::unwind_safe::AssertUnwindSafe<F> as core::ops::function::FnOnce<()>>::call_once::hf2e855a36a4ea846
[INFO] [stdout]                                at /rustc/6067b36314ab5eb2eb47cecc464545ba58e1ad24/library/core/src/panic/unwind_safe.rs:272:9
[INFO] [stdout]   36:     0x6520822b811a - std::panicking::try::do_call::h2f73af3616c35465
[INFO] [stdout]                                at /rustc/6067b36314ab5eb2eb47cecc464545ba58e1ad24/library/std/src/panicking.rs:587:40
[INFO] [stdout]   37:     0x6520822b811a - std::panicking::try::hd1660ce9efadef5a
[INFO] [stdout]                                at /rustc/6067b36314ab5eb2eb47cecc464545ba58e1ad24/library/std/src/panicking.rs:550:19
[INFO] [stdout]   38:     0x6520822b811a - std::panic::catch_unwind::h5ee8d7823b8ca744
[INFO] [stdout]                                at /rustc/6067b36314ab5eb2eb47cecc464545ba58e1ad24/library/std/src/panic.rs:358:14
[INFO] [stdout]   39:     0x6520822b811a - std::thread::Builder::spawn_unchecked_::{{closure}}::h53c3a1894dce8407
[INFO] [stdout]                                at /rustc/6067b36314ab5eb2eb47cecc464545ba58e1ad24/library/std/src/thread/mod.rs:557:30
[INFO] [stdout]   40:     0x6520822b811a - core::ops::function::FnOnce::call_once{{vtable.shim}}::h048ce291ad4f62bf
[INFO] [stdout]                                at /rustc/6067b36314ab5eb2eb47cecc464545ba58e1ad24/library/core/src/ops/function.rs:250:5
[INFO] [stdout]   41:     0x6520823548fb - <alloc::boxed::Box<F,A> as core::ops::function::FnOnce<Args>>::call_once::ha52bedf99a3b4981
[INFO] [stdout]                                at /rustc/6067b36314ab5eb2eb47cecc464545ba58e1ad24/library/alloc/src/boxed.rs:2013:9
[INFO] [stdout]   42:     0x6520823548fb - <alloc::boxed::Box<F,A> as core::ops::function::FnOnce<Args>>::call_once::h567748934d80ccf8
[INFO] [stdout]                                at /rustc/6067b36314ab5eb2eb47cecc464545ba58e1ad24/library/alloc/src/boxed.rs:2013:9
[INFO] [stdout]   43:     0x6520823548fb - std::sys::pal::unix::thread::Thread::new::thread_start::h2d970728ae887adc
[INFO] [stdout]                                at /rustc/6067b36314ab5eb2eb47cecc464545ba58e1ad24/library/std/src/sys/pal/unix/thread.rs:106:17
[INFO] [stdout]   44:     0x7d600ead3ac3 - <unknown>
[INFO] [stdout]   45:     0x7d600eb64a04 - clone
[INFO] [stdout]   46:                0x0 - <unknown>
[INFO] [stdout] 
[INFO] [stdout] 
[INFO] [stdout] failures:
[INFO] [stdout]     day19::part2_tests::test_1
[INFO] [stdout]     day19::part2_tests::test_2
[INFO] [stdout] 
[INFO] [stdout] test result: FAILED. 94 passed; 2 failed; 0 ignored; 0 measured; 0 filtered out; finished in 4.98s
[INFO] [stdout] 
[INFO] [stderr] error: test failed, to rerun pass `-p aoc_2015 --bin aoc_2015`
[INFO] running `Command { std: "docker" "inspect" "febac34422aeeedf47bd60cc033ebf27cf3fa608db534fdd133eed52d27e892b", kill_on_drop: false }`
[INFO] running `Command { std: "docker" "rm" "-f" "febac34422aeeedf47bd60cc033ebf27cf3fa608db534fdd133eed52d27e892b", kill_on_drop: false }`
[INFO] [stdout] febac34422aeeedf47bd60cc033ebf27cf3fa608db534fdd133eed52d27e892b
