[INFO] cloning repository https://github.com/stela2502/bam_tide
[INFO] running `Command { std: "git" "-c" "credential.helper=" "-c" "credential.helper=/workspace/cargo-home/bin/git-credential-null" "clone" "--bare" "https://github.com/stela2502/bam_tide" "/workspace/cache/git-repos/https%3A%2F%2Fgithub.com%2Fstela2502%2Fbam_tide", kill_on_drop: false }`
[INFO] [stderr] Cloning into bare repository '/workspace/cache/git-repos/https%3A%2F%2Fgithub.com%2Fstela2502%2Fbam_tide'...
[INFO] running `Command { std: "git" "rev-parse" "HEAD", kill_on_drop: false }`
[INFO] [stdout] 68058087ea29e38e92d9d8b938f70c496be4f184
[INFO] testing stela2502/bam_tide against nightly-2025-01-18 for randomize-layout-2
[INFO] running `Command { std: "git" "clone" "/workspace/cache/git-repos/https%3A%2F%2Fgithub.com%2Fstela2502%2Fbam_tide" "/workspace/builds/worker-0-tc1/source", kill_on_drop: false }`
[INFO] [stderr] Cloning into '/workspace/builds/worker-0-tc1/source'...
[INFO] [stderr] done.
[INFO] validating manifest of git repo https://github.com/stela2502/bam_tide on toolchain nightly-2025-01-18
[INFO] running `Command { std: CARGO_HOME="/workspace/cargo-home" RUSTUP_HOME="/workspace/rustup-home" "/workspace/cargo-home/bin/cargo" "+nightly-2025-01-18" "metadata" "--manifest-path" "Cargo.toml" "--no-deps", kill_on_drop: false }`
[INFO] started tweaking git repo https://github.com/stela2502/bam_tide
[INFO] finished tweaking git repo https://github.com/stela2502/bam_tide
[INFO] tweaked toml for git repo https://github.com/stela2502/bam_tide written to /workspace/builds/worker-0-tc1/source/Cargo.toml
[INFO] crate git repo https://github.com/stela2502/bam_tide already has a lockfile, it will not be regenerated
[INFO] running `Command { std: CARGO_HOME="/workspace/cargo-home" RUSTUP_HOME="/workspace/rustup-home" "/workspace/cargo-home/bin/cargo" "+nightly-2025-01-18" "fetch" "--manifest-path" "Cargo.toml", kill_on_drop: false }`
[INFO] [stderr]     Updating crates.io index
[INFO] [stderr]  Downloading crates ...
[INFO] [stderr]   Downloaded byteordered v0.6.0
[INFO] [stderr]   Downloaded ufmt-macros v0.3.0
[INFO] [stderr]   Downloaded attohttpc v0.25.0
[INFO] [stderr]   Downloaded libdeflater v0.13.0
[INFO] [stderr]   Downloaded bam v0.1.4
[INFO] [stderr]   Downloaded index_list v0.2.15
[INFO] [stderr]   Downloaded ufmt v0.2.0
[INFO] [stderr]   Downloaded libdeflate-sys v0.13.0
[INFO] [stderr]   Downloaded bigtools v0.5.4
[INFO] running `Command { std: "docker" "create" "-v" "/var/lib/crater-agent-workspace/builds/worker-0-tc1/target:/opt/rustwide/target:rw,Z" "-v" "/var/lib/crater-agent-workspace/builds/worker-0-tc1/source:/opt/rustwide/workdir:ro,Z" "-v" "/var/lib/crater-agent-workspace/cargo-home:/opt/rustwide/cargo-home:ro,Z" "-v" "/var/lib/crater-agent-workspace/rustup-home:/opt/rustwide/rustup-home:ro,Z" "-e" "SOURCE_DIR=/opt/rustwide/workdir" "-e" "CARGO_TARGET_DIR=/opt/rustwide/target" "-e" "CARGO_HOME=/opt/rustwide/cargo-home" "-e" "RUSTUP_HOME=/opt/rustwide/rustup-home" "-w" "/opt/rustwide/workdir" "-m" "1610612736" "--user" "0:0" "--network" "none" "ghcr.io/rust-lang/crates-build-env/linux@sha256:819108c5571ea2e421544af4d832f968d213c87fbe3707a016657f43d2f853bc" "/opt/rustwide/cargo-home/bin/cargo" "+nightly-2025-01-18" "metadata" "--no-deps" "--format-version=1", kill_on_drop: false }`
[INFO] [stdout] 8f69d3cef96e4262d478fedcacdbdf057fe009bc9a279291df8e77fae7d02ec0
[INFO] running `Command { std: "docker" "start" "-a" "8f69d3cef96e4262d478fedcacdbdf057fe009bc9a279291df8e77fae7d02ec0", kill_on_drop: false }`
[INFO] running `Command { std: "docker" "inspect" "8f69d3cef96e4262d478fedcacdbdf057fe009bc9a279291df8e77fae7d02ec0", kill_on_drop: false }`
[INFO] running `Command { std: "docker" "rm" "-f" "8f69d3cef96e4262d478fedcacdbdf057fe009bc9a279291df8e77fae7d02ec0", kill_on_drop: false }`
[INFO] [stdout] 8f69d3cef96e4262d478fedcacdbdf057fe009bc9a279291df8e77fae7d02ec0
[INFO] running `Command { std: "docker" "create" "-v" "/var/lib/crater-agent-workspace/builds/worker-0-tc1/target:/opt/rustwide/target:rw,Z" "-v" "/var/lib/crater-agent-workspace/builds/worker-0-tc1/source:/opt/rustwide/workdir:ro,Z" "-v" "/var/lib/crater-agent-workspace/cargo-home:/opt/rustwide/cargo-home:ro,Z" "-v" "/var/lib/crater-agent-workspace/rustup-home:/opt/rustwide/rustup-home:ro,Z" "-e" "SOURCE_DIR=/opt/rustwide/workdir" "-e" "CARGO_TARGET_DIR=/opt/rustwide/target" "-e" "CARGO_INCREMENTAL=0" "-e" "RUST_BACKTRACE=full" "-e" "RUSTFLAGS=--cap-lints=forbid" "-e" "RUSTDOCFLAGS=--cap-lints=forbid" "-e" "CARGO_HOME=/opt/rustwide/cargo-home" "-e" "RUSTUP_HOME=/opt/rustwide/rustup-home" "-w" "/opt/rustwide/workdir" "-m" "1610612736" "--user" "0:0" "--network" "none" "ghcr.io/rust-lang/crates-build-env/linux@sha256:819108c5571ea2e421544af4d832f968d213c87fbe3707a016657f43d2f853bc" "/opt/rustwide/cargo-home/bin/cargo" "+nightly-2025-01-18" "build" "--frozen" "--message-format=json", kill_on_drop: false }`
[INFO] [stdout] 9d25b00c8dd57c9d03c8d4b29479494080c7e5e2cf0fa4814ec0fcc51718fbca
[INFO] running `Command { std: "docker" "start" "-a" "9d25b00c8dd57c9d03c8d4b29479494080c7e5e2cf0fa4814ec0fcc51718fbca", kill_on_drop: false }`
[INFO] [stderr]    Compiling proc-macro2 v1.0.93
[INFO] [stderr]    Compiling unicode-ident v1.0.14
[INFO] [stderr]    Compiling shlex v1.3.0
[INFO] [stderr]    Compiling stable_deref_trait v1.2.0
[INFO] [stderr]    Compiling libc v0.2.169
[INFO] [stderr]    Compiling litemap v0.7.4
[INFO] [stderr]    Compiling writeable v0.5.5
[INFO] [stderr]    Compiling icu_locid_transform_data v1.5.0
[INFO] [stderr]    Compiling icu_properties_data v1.5.0
[INFO] [stderr]    Compiling spin v0.9.8
[INFO] [stderr]    Compiling autocfg v1.4.0
[INFO] [stderr]    Compiling untrusted v0.9.0
[INFO] [stderr]    Compiling utf8_iter v1.0.4
[INFO] [stderr]    Compiling icu_normalizer_data v1.5.0
[INFO] [stderr]    Compiling smallvec v1.13.2
[INFO] [stderr]    Compiling utf16_iter v1.0.5
[INFO] [stderr]    Compiling write16 v1.0.0
[INFO] [stderr]    Compiling futures-core v0.3.31
[INFO] [stderr]    Compiling syn v1.0.109
[INFO] [stderr]    Compiling pin-project-lite v0.2.16
[INFO] [stderr]    Compiling futures-sink v0.3.31
[INFO] [stderr]    Compiling anstyle-parse v0.2.6
[INFO] [stderr]    Compiling colorchoice v1.0.3
[INFO] [stderr]    Compiling anstyle-query v1.1.2
[INFO] [stderr]    Compiling percent-encoding v2.3.1
[INFO] [stderr]    Compiling futures-io v0.3.31
[INFO] [stderr]    Compiling anstyle v1.0.10
[INFO] [stderr]    Compiling futures-channel v0.3.31
[INFO] [stderr]    Compiling crossbeam-utils v0.8.21
[INFO] [stderr]    Compiling rustix v0.38.43
[INFO] [stderr]    Compiling cc v1.2.9
[INFO] [stderr]    Compiling memchr v2.7.4
[INFO] [stderr]    Compiling base64 v0.21.7
[INFO] [stderr]    Compiling serde v1.0.217
[INFO] [stderr]    Compiling rustls v0.21.12
[INFO] [stderr]    Compiling futures-task v0.3.31
[INFO] [stderr]    Compiling is_terminal_polyfill v1.70.1
[INFO] [stderr]    Compiling form_urlencoded v1.2.1
[INFO] [stderr]    Compiling linux-raw-sys v0.4.15
[INFO] [stderr]    Compiling byteorder v1.5.0
[INFO] [stderr]    Compiling bitflags v2.8.0
[INFO] [stderr]    Compiling fnv v1.0.7
[INFO] [stderr]    Compiling anstream v0.6.18
[INFO] [stderr]    Compiling anyhow v1.0.95
[INFO] [stderr]    Compiling adler2 v2.0.0
[INFO] [stderr]    Compiling openssl-probe v0.1.5
[INFO] [stderr]    Compiling clap_lex v0.7.4
[INFO] [stderr]    Compiling thiserror v1.0.69
[INFO] [stderr]    Compiling slab v0.4.9
[INFO] [stderr]    Compiling bytes v1.9.0
[INFO] [stderr]    Compiling rustls-pemfile v1.0.4
[INFO] [stderr]    Compiling itoa v1.0.14
[INFO] [stderr]    Compiling log v0.4.25
[INFO] [stderr]    Compiling rustls-native-certs v0.6.3
[INFO] [stderr]    Compiling miniz_oxide v0.8.3
[INFO] [stderr]    Compiling clap_builder v4.5.26
[INFO] [stderr]    Compiling crc32fast v1.4.2
[INFO] [stderr]    Compiling ufmt-write v0.1.0
[INFO] [stderr]    Compiling fastrand v2.3.0
[INFO] [stderr]    Compiling once_cell v1.20.2
[INFO] [stderr]    Compiling byteordered v0.6.0
[INFO] [stderr]    Compiling ryu v1.0.18
[INFO] [stderr]    Compiling quote v1.0.38
[INFO] [stderr]    Compiling index_list v0.2.15
[INFO] [stderr]    Compiling syn v2.0.96
[INFO] [stderr]    Compiling flate2 v1.0.35
[INFO] [stderr]    Compiling getrandom v0.2.15
[INFO] [stderr]    Compiling num_cpus v1.16.0
[INFO] [stderr]    Compiling crossbeam-channel v0.5.14
[INFO] [stderr]    Compiling http v0.2.12
[INFO] [stderr]    Compiling ring v0.17.8
[INFO] [stderr]    Compiling libdeflate-sys v0.13.0
[INFO] [stderr]    Compiling bam v0.1.4
[INFO] [stderr]    Compiling tempfile v3.15.0
[INFO] [stderr]    Compiling libdeflater v0.13.0
[INFO] [stderr]    Compiling ufmt-macros v0.3.0
[INFO] [stderr]    Compiling synstructure v0.13.1
[INFO] [stderr]    Compiling ufmt v0.2.0
[INFO] [stderr]    Compiling sct v0.7.1
[INFO] [stderr]    Compiling rustls-webpki v0.101.7
[INFO] [stderr]    Compiling webpki v0.22.4
[INFO] [stderr]    Compiling zerofrom-derive v0.1.5
[INFO] [stderr]    Compiling yoke-derive v0.7.5
[INFO] [stderr]    Compiling zerovec-derive v0.10.3
[INFO] [stderr]    Compiling displaydoc v0.2.5
[INFO] [stderr]    Compiling icu_provider_macros v1.5.0
[INFO] [stderr]    Compiling futures-macro v0.3.31
[INFO] [stderr]    Compiling serde_derive v1.0.217
[INFO] [stderr]    Compiling thiserror-impl v1.0.69
[INFO] [stderr]    Compiling clap_derive v4.5.24
[INFO] [stderr]    Compiling tokio-macros v2.5.0
[INFO] [stderr]    Compiling futures-util v0.3.31
[INFO] [stderr]    Compiling tokio v1.43.0
[INFO] [stderr]    Compiling zerofrom v0.1.5
[INFO] [stderr]    Compiling yoke v0.7.5
[INFO] [stderr]    Compiling zerovec v0.10.4
[INFO] [stderr]    Compiling clap v4.5.26
[INFO] [stderr]    Compiling tinystr v0.7.6
[INFO] [stderr]    Compiling icu_collections v1.5.0
[INFO] [stderr]    Compiling icu_locid v1.5.0
[INFO] [stderr]    Compiling icu_provider v1.5.0
[INFO] [stderr]    Compiling icu_locid_transform v1.5.0
[INFO] [stderr]    Compiling icu_properties v1.5.1
[INFO] [stderr]    Compiling futures-executor v0.3.31
[INFO] [stderr]    Compiling futures v0.3.31
[INFO] [stderr]    Compiling bincode v1.3.3
[INFO] [stderr]    Compiling icu_normalizer v1.5.0
[INFO] [stderr]    Compiling idna_adapter v1.2.0
[INFO] [stderr]    Compiling idna v1.0.3
[INFO] [stderr]    Compiling url v2.5.4
[INFO] [stderr]    Compiling attohttpc v0.25.0
[INFO] [stderr]    Compiling bigtools v0.5.4
[INFO] [stderr]    Compiling bam_tide v0.1.0 (/opt/rustwide/workdir)
[INFO] [stdout] warning: unexpected `cfg` condition value: `write`
[INFO] [stdout]   --> src/bed_data.rs:18:12
[INFO] [stdout]    |
[INFO] [stdout] 18 | #[cfg_attr(feature = "write", derive(Serialize, Deserialize))]
[INFO] [stdout]    |            ^^^^^^^^^^^^^^^^^ help: remove the condition
[INFO] [stdout]    |
[INFO] [stdout]    = note: no expected values for `feature`
[INFO] [stdout]    = help: consider adding `write` as a feature in `Cargo.toml`
[INFO] [stdout]    = note: see <https://doc.rust-lang.org/nightly/rustc/check-cfg/cargo-specifics.html> for more information about checking conditional configuration
[INFO] [stdout]    = note: `#[warn(unexpected_cfgs)]` on by default
[INFO] [stdout] 
[INFO] [stdout] 
[INFO] [stdout] warning: unused import: `self`
[INFO] [stdout]  --> src/bed_data.rs:3:15
[INFO] [stdout]   |
[INFO] [stdout] 3 | use std::io::{self, Write};
[INFO] [stdout]   |               ^^^^
[INFO] [stdout]   |
[INFO] [stdout]   = note: `#[warn(unused_imports)]` on by default
[INFO] [stdout] 
[INFO] [stdout] 
[INFO] [stdout] warning: unused import: `Record`
[INFO] [stdout]  --> src/bed_data.rs:4:22
[INFO] [stdout]   |
[INFO] [stdout] 4 | use bam::{BamReader, Record, Header, RecordReader};  // assuming bam crate for reading BAM files
[INFO] [stdout]   |                      ^^^^^^
[INFO] [stdout] 
[INFO] [stdout] 
[INFO] [stdout] warning: unused import: `tokio::runtime::Runtime`
[INFO] [stdout]  --> src/bed_data.rs:5:5
[INFO] [stdout]   |
[INFO] [stdout] 5 | use tokio::runtime::Runtime;
[INFO] [stdout]   |     ^^^^^^^^^^^^^^^^^^^^^^^
[INFO] [stdout] 
[INFO] [stdout] 
[INFO] [stdout] warning: unused import: `std::thread::Builder`
[INFO] [stdout]  --> src/bed_data.rs:6:5
[INFO] [stdout]   |
[INFO] [stdout] 6 | use std::thread::Builder;
[INFO] [stdout]   |     ^^^^^^^^^^^^^^^^^^^^
[INFO] [stdout] 
[INFO] [stdout] 
[INFO] [stdout] warning: unused variable: `last_start`
[INFO] [stdout]   --> src/bed_data.rs:63:14
[INFO] [stdout]    |
[INFO] [stdout] 63 |         let mut last_start = 0; 
[INFO] [stdout]    |                 ^^^^^^^^^^ help: if this is intentional, prefix it with an underscore: `_last_start`
[INFO] [stdout]    |
[INFO] [stdout]    = note: `#[warn(unused_variables)]` on by default
[INFO] [stdout] 
[INFO] [stdout] 
[INFO] [stdout] warning: unused variable: `chrom_name`
[INFO] [stdout]   --> src/bed_data.rs:76:15
[INFO] [stdout]    |
[INFO] [stdout] 76 |             let (chrom_name, chrom_length, chrom_offset) = &genome_info[chrom_idx];
[INFO] [stdout]    |                  ^^^^^^^^^^ help: if this is intentional, prefix it with an underscore: `_chrom_name`
[INFO] [stdout] 
[INFO] [stdout] 
[INFO] [stdout] warning: variable does not need to be mutable
[INFO] [stdout]   --> src/bed_data.rs:63:10
[INFO] [stdout]    |
[INFO] [stdout] 63 |         let mut last_start = 0; 
[INFO] [stdout]    |             ----^^^^^^^^^^
[INFO] [stdout]    |             |
[INFO] [stdout]    |             help: remove this `mut`
[INFO] [stdout]    |
[INFO] [stdout]    = note: `#[warn(unused_mut)]` on by default
[INFO] [stdout] 
[INFO] [stdout] 
[INFO] [stdout] warning: value assigned to `bin_start` is never read
[INFO] [stdout]    --> src/bed_data.rs:173:14
[INFO] [stdout]     |
[INFO] [stdout] 173 |         let mut bin_start: usize = 0; // Start position of each bin
[INFO] [stdout]     |                 ^^^^^^^^^
[INFO] [stdout]     |
[INFO] [stdout]     = help: maybe it is overwritten before being read?
[INFO] [stdout]     = note: `#[warn(unused_assignments)]` on by default
[INFO] [stdout] 
[INFO] [stdout] 
[INFO] [stdout] warning: unused variable: `chrom_index`
[INFO] [stdout]    --> src/bed_data.rs:174:11
[INFO] [stdout]     |
[INFO] [stdout] 174 |         for (chrom_index, (chrom_name, chrom_length, bin_offset)) in self.genome_info.iter().enumerate() {
[INFO] [stdout]     |              ^^^^^^^^^^^ help: if this is intentional, prefix it with an underscore: `_chrom_index`
[INFO] [stdout] 
[INFO] [stdout] 
[INFO] [stdout] warning: value assigned to `bin_end` is never read
[INFO] [stdout]    --> src/bed_data.rs:175:18
[INFO] [stdout]     |
[INFO] [stdout] 175 |             let mut bin_end = 0; // End position of each bin
[INFO] [stdout]     |                     ^^^^^^^
[INFO] [stdout]     |
[INFO] [stdout]     = help: maybe it is overwritten before being read?
[INFO] [stdout] 
[INFO] [stdout] 
[INFO] [stdout] warning: unused import: `clap::Command`
[INFO] [stdout]  --> src/bin/bam2bedgraph.rs:3:5
[INFO] [stdout]   |
[INFO] [stdout] 3 | use clap::Command;
[INFO] [stdout]   |     ^^^^^^^^^^^^^
[INFO] [stdout]   |
[INFO] [stdout]   = note: `#[warn(unused_imports)]` on by default
[INFO] [stdout] 
[INFO] [stdout] 
[INFO] [stdout] warning: unused import: `clap::Command`
[INFO] [stdout]  --> src/bin/bam2bigwig.rs:3:5
[INFO] [stdout]   |
[INFO] [stdout] 3 | use clap::Command;
[INFO] [stdout]   |     ^^^^^^^^^^^^^
[INFO] [stdout]   |
[INFO] [stdout]   = note: `#[warn(unused_imports)]` on by default
[INFO] [stdout] 
[INFO] [stdout] 
[INFO] [stderr]     Finished `dev` profile [unoptimized + debuginfo] target(s) in 52.54s
[INFO] running `Command { std: "docker" "inspect" "9d25b00c8dd57c9d03c8d4b29479494080c7e5e2cf0fa4814ec0fcc51718fbca", kill_on_drop: false }`
[INFO] running `Command { std: "docker" "rm" "-f" "9d25b00c8dd57c9d03c8d4b29479494080c7e5e2cf0fa4814ec0fcc51718fbca", kill_on_drop: false }`
[INFO] [stdout] 9d25b00c8dd57c9d03c8d4b29479494080c7e5e2cf0fa4814ec0fcc51718fbca
[INFO] running `Command { std: "docker" "create" "-v" "/var/lib/crater-agent-workspace/builds/worker-0-tc1/target:/opt/rustwide/target:rw,Z" "-v" "/var/lib/crater-agent-workspace/builds/worker-0-tc1/source:/opt/rustwide/workdir:ro,Z" "-v" "/var/lib/crater-agent-workspace/cargo-home:/opt/rustwide/cargo-home:ro,Z" "-v" "/var/lib/crater-agent-workspace/rustup-home:/opt/rustwide/rustup-home:ro,Z" "-e" "SOURCE_DIR=/opt/rustwide/workdir" "-e" "CARGO_TARGET_DIR=/opt/rustwide/target" "-e" "CARGO_INCREMENTAL=0" "-e" "RUST_BACKTRACE=full" "-e" "RUSTFLAGS=--cap-lints=forbid" "-e" "RUSTDOCFLAGS=--cap-lints=forbid" "-e" "CARGO_HOME=/opt/rustwide/cargo-home" "-e" "RUSTUP_HOME=/opt/rustwide/rustup-home" "-w" "/opt/rustwide/workdir" "-m" "1610612736" "--user" "0:0" "--network" "none" "ghcr.io/rust-lang/crates-build-env/linux@sha256:819108c5571ea2e421544af4d832f968d213c87fbe3707a016657f43d2f853bc" "/opt/rustwide/cargo-home/bin/cargo" "+nightly-2025-01-18" "test" "--frozen" "--no-run" "--message-format=json", kill_on_drop: false }`
[INFO] [stdout] 26891c03e1dd98ad4019492cf350af70bd645ab534e19f03393181f7cd8cfb7a
[INFO] running `Command { std: "docker" "start" "-a" "26891c03e1dd98ad4019492cf350af70bd645ab534e19f03393181f7cd8cfb7a", kill_on_drop: false }`
[INFO] [stderr]    Compiling bam_tide v0.1.0 (/opt/rustwide/workdir)
[INFO] [stdout] warning: unexpected `cfg` condition value: `write`
[INFO] [stdout]   --> src/bed_data.rs:18:12
[INFO] [stdout]    |
[INFO] [stdout] 18 | #[cfg_attr(feature = "write", derive(Serialize, Deserialize))]
[INFO] [stdout]    |            ^^^^^^^^^^^^^^^^^ help: remove the condition
[INFO] [stdout]    |
[INFO] [stdout]    = note: no expected values for `feature`
[INFO] [stdout]    = help: consider adding `write` as a feature in `Cargo.toml`
[INFO] [stdout]    = note: see <https://doc.rust-lang.org/nightly/rustc/check-cfg/cargo-specifics.html> for more information about checking conditional configuration
[INFO] [stdout]    = note: `#[warn(unexpected_cfgs)]` on by default
[INFO] [stdout] 
[INFO] [stdout] 
[INFO] [stdout] warning: unused import: `self`
[INFO] [stdout]  --> src/bed_data.rs:3:15
[INFO] [stdout]   |
[INFO] [stdout] 3 | use std::io::{self, Write};
[INFO] [stdout]   |               ^^^^
[INFO] [stdout]   |
[INFO] [stdout]   = note: `#[warn(unused_imports)]` on by default
[INFO] [stdout] 
[INFO] [stdout] 
[INFO] [stdout] warning: unused import: `Record`
[INFO] [stdout]  --> src/bed_data.rs:4:22
[INFO] [stdout]   |
[INFO] [stdout] 4 | use bam::{BamReader, Record, Header, RecordReader};  // assuming bam crate for reading BAM files
[INFO] [stdout]   |                      ^^^^^^
[INFO] [stdout] 
[INFO] [stdout] 
[INFO] [stdout] warning: unused import: `tokio::runtime::Runtime`
[INFO] [stdout]  --> src/bed_data.rs:5:5
[INFO] [stdout]   |
[INFO] [stdout] 5 | use tokio::runtime::Runtime;
[INFO] [stdout]   |     ^^^^^^^^^^^^^^^^^^^^^^^
[INFO] [stdout] 
[INFO] [stdout] 
[INFO] [stdout] warning: unused import: `std::thread::Builder`
[INFO] [stdout]  --> src/bed_data.rs:6:5
[INFO] [stdout]   |
[INFO] [stdout] 6 | use std::thread::Builder;
[INFO] [stdout]   |     ^^^^^^^^^^^^^^^^^^^^
[INFO] [stdout] 
[INFO] [stdout] 
[INFO] [stdout] warning: unused variable: `last_start`
[INFO] [stdout]   --> src/bed_data.rs:63:14
[INFO] [stdout]    |
[INFO] [stdout] 63 |         let mut last_start = 0; 
[INFO] [stdout]    |                 ^^^^^^^^^^ help: if this is intentional, prefix it with an underscore: `_last_start`
[INFO] [stdout]    |
[INFO] [stdout]    = note: `#[warn(unused_variables)]` on by default
[INFO] [stdout] 
[INFO] [stdout] 
[INFO] [stdout] warning: unused variable: `chrom_name`
[INFO] [stdout]   --> src/bed_data.rs:76:15
[INFO] [stdout]    |
[INFO] [stdout] 76 |             let (chrom_name, chrom_length, chrom_offset) = &genome_info[chrom_idx];
[INFO] [stdout]    |                  ^^^^^^^^^^ help: if this is intentional, prefix it with an underscore: `_chrom_name`
[INFO] [stdout] 
[INFO] [stdout] 
[INFO] [stdout] warning: variable does not need to be mutable
[INFO] [stdout]   --> src/bed_data.rs:63:10
[INFO] [stdout]    |
[INFO] [stdout] 63 |         let mut last_start = 0; 
[INFO] [stdout]    |             ----^^^^^^^^^^
[INFO] [stdout]    |             |
[INFO] [stdout]    |             help: remove this `mut`
[INFO] [stdout]    |
[INFO] [stdout]    = note: `#[warn(unused_mut)]` on by default
[INFO] [stdout] 
[INFO] [stdout] 
[INFO] [stdout] warning: value assigned to `bin_start` is never read
[INFO] [stdout]    --> src/bed_data.rs:173:14
[INFO] [stdout]     |
[INFO] [stdout] 173 |         let mut bin_start: usize = 0; // Start position of each bin
[INFO] [stdout]     |                 ^^^^^^^^^
[INFO] [stdout]     |
[INFO] [stdout]     = help: maybe it is overwritten before being read?
[INFO] [stdout]     = note: `#[warn(unused_assignments)]` on by default
[INFO] [stdout] 
[INFO] [stdout] 
[INFO] [stdout] warning: unused variable: `chrom_index`
[INFO] [stdout]    --> src/bed_data.rs:174:11
[INFO] [stdout]     |
[INFO] [stdout] 174 |         for (chrom_index, (chrom_name, chrom_length, bin_offset)) in self.genome_info.iter().enumerate() {
[INFO] [stdout]     |              ^^^^^^^^^^^ help: if this is intentional, prefix it with an underscore: `_chrom_index`
[INFO] [stdout] 
[INFO] [stdout] 
[INFO] [stdout] warning: value assigned to `bin_end` is never read
[INFO] [stdout]    --> src/bed_data.rs:175:18
[INFO] [stdout]     |
[INFO] [stdout] 175 |             let mut bin_end = 0; // End position of each bin
[INFO] [stdout]     |                     ^^^^^^^
[INFO] [stdout]     |
[INFO] [stdout]     = help: maybe it is overwritten before being read?
[INFO] [stdout] 
[INFO] [stdout] 
[INFO] [stdout] warning: unused import: `clap::Command`
[INFO] [stdout]  --> src/bin/bam2bedgraph.rs:3:5
[INFO] [stdout]   |
[INFO] [stdout] 3 | use clap::Command;
[INFO] [stdout]   |     ^^^^^^^^^^^^^
[INFO] [stdout]   |
[INFO] [stdout]   = note: `#[warn(unused_imports)]` on by default
[INFO] [stdout] 
[INFO] [stdout] 
[INFO] [stdout] warning: unused import: `clap::Command`
[INFO] [stdout]  --> src/bin/bam2bigwig.rs:3:5
[INFO] [stdout]   |
[INFO] [stdout] 3 | use clap::Command;
[INFO] [stdout]   |     ^^^^^^^^^^^^^
[INFO] [stdout]   |
[INFO] [stdout]   = note: `#[warn(unused_imports)]` on by default
[INFO] [stdout] 
[INFO] [stdout] 
[INFO] [stdout] warning: unused import: `std::collections::HashMap`
[INFO] [stdout]  --> tests/integration_tests.rs:2:5
[INFO] [stdout]   |
[INFO] [stdout] 2 | use std::collections::HashMap;
[INFO] [stdout]   |     ^^^^^^^^^^^^^^^^^^^^^^^^^
[INFO] [stdout]   |
[INFO] [stdout]   = note: `#[warn(unused_imports)]` on by default
[INFO] [stdout] 
[INFO] [stdout] 
[INFO] [stdout] warning: unused import: `super::*`
[INFO] [stdout]  --> tests/test_bed_data.rs:3:9
[INFO] [stdout]   |
[INFO] [stdout] 3 |     use super::*;
[INFO] [stdout]   |         ^^^^^^^^
[INFO] [stdout]   |
[INFO] [stdout]   = note: `#[warn(unused_imports)]` on by default
[INFO] [stdout] 
[INFO] [stdout] 
[INFO] [stdout] warning: unused import: `Value`
[INFO] [stdout]  --> tests/test_bed_data.rs:5:39
[INFO] [stdout]   |
[INFO] [stdout] 5 |     use bam_tide::bed_data::{BedData, Value}; // Adjust the path if needed
[INFO] [stdout]   |                                       ^^^^^
[INFO] [stdout] 
[INFO] [stdout] 
[INFO] [stdout] warning: unused import: `clap::Command`
[INFO] [stdout]  --> src/bin/bam2bedgraph.rs:3:5
[INFO] [stdout]   |
[INFO] [stdout] 3 | use clap::Command;
[INFO] [stdout]   |     ^^^^^^^^^^^^^
[INFO] [stdout]   |
[INFO] [stdout]   = note: `#[warn(unused_imports)]` on by default
[INFO] [stdout] 
[INFO] [stdout] 
[INFO] [stdout] warning: unused import: `clap::Command`
[INFO] [stdout]  --> src/bin/bam2bigwig.rs:3:5
[INFO] [stdout]   |
[INFO] [stdout] 3 | use clap::Command;
[INFO] [stdout]   |     ^^^^^^^^^^^^^
[INFO] [stdout]   |
[INFO] [stdout]   = note: `#[warn(unused_imports)]` on by default
[INFO] [stdout] 
[INFO] [stdout] 
[INFO] [stdout] warning: unexpected `cfg` condition value: `write`
[INFO] [stdout]   --> src/bed_data.rs:18:12
[INFO] [stdout]    |
[INFO] [stdout] 18 | #[cfg_attr(feature = "write", derive(Serialize, Deserialize))]
[INFO] [stdout]    |            ^^^^^^^^^^^^^^^^^ help: remove the condition
[INFO] [stdout]    |
[INFO] [stdout]    = note: no expected values for `feature`
[INFO] [stdout]    = help: consider adding `write` as a feature in `Cargo.toml`
[INFO] [stdout]    = note: see <https://doc.rust-lang.org/nightly/rustc/check-cfg/cargo-specifics.html> for more information about checking conditional configuration
[INFO] [stdout]    = note: `#[warn(unexpected_cfgs)]` on by default
[INFO] [stdout] 
[INFO] [stdout] 
[INFO] [stdout] warning: unused import: `self`
[INFO] [stdout]  --> src/bed_data.rs:3:15
[INFO] [stdout]   |
[INFO] [stdout] 3 | use std::io::{self, Write};
[INFO] [stdout]   |               ^^^^
[INFO] [stdout]   |
[INFO] [stdout]   = note: `#[warn(unused_imports)]` on by default
[INFO] [stdout] 
[INFO] [stdout] 
[INFO] [stdout] warning: unused import: `Record`
[INFO] [stdout]  --> src/bed_data.rs:4:22
[INFO] [stdout]   |
[INFO] [stdout] 4 | use bam::{BamReader, Record, Header, RecordReader};  // assuming bam crate for reading BAM files
[INFO] [stdout]   |                      ^^^^^^
[INFO] [stdout] 
[INFO] [stdout] 
[INFO] [stdout] warning: unused import: `tokio::runtime::Runtime`
[INFO] [stdout]  --> src/bed_data.rs:5:5
[INFO] [stdout]   |
[INFO] [stdout] 5 | use tokio::runtime::Runtime;
[INFO] [stdout]   |     ^^^^^^^^^^^^^^^^^^^^^^^
[INFO] [stdout] 
[INFO] [stdout] 
[INFO] [stdout] warning: unused import: `std::thread::Builder`
[INFO] [stdout]  --> src/bed_data.rs:6:5
[INFO] [stdout]   |
[INFO] [stdout] 6 | use std::thread::Builder;
[INFO] [stdout]   |     ^^^^^^^^^^^^^^^^^^^^
[INFO] [stdout] 
[INFO] [stdout] 
[INFO] [stdout] warning: unused variable: `last_start`
[INFO] [stdout]   --> src/bed_data.rs:63:14
[INFO] [stdout]    |
[INFO] [stdout] 63 |         let mut last_start = 0; 
[INFO] [stdout]    |                 ^^^^^^^^^^ help: if this is intentional, prefix it with an underscore: `_last_start`
[INFO] [stdout]    |
[INFO] [stdout]    = note: `#[warn(unused_variables)]` on by default
[INFO] [stdout] 
[INFO] [stdout] 
[INFO] [stdout] warning: unused variable: `chrom_name`
[INFO] [stdout]   --> src/bed_data.rs:76:15
[INFO] [stdout]    |
[INFO] [stdout] 76 |             let (chrom_name, chrom_length, chrom_offset) = &genome_info[chrom_idx];
[INFO] [stdout]    |                  ^^^^^^^^^^ help: if this is intentional, prefix it with an underscore: `_chrom_name`
[INFO] [stdout] 
[INFO] [stdout] 
[INFO] [stdout] warning: variable does not need to be mutable
[INFO] [stdout]   --> src/bed_data.rs:63:10
[INFO] [stdout]    |
[INFO] [stdout] 63 |         let mut last_start = 0; 
[INFO] [stdout]    |             ----^^^^^^^^^^
[INFO] [stdout]    |             |
[INFO] [stdout]    |             help: remove this `mut`
[INFO] [stdout]    |
[INFO] [stdout]    = note: `#[warn(unused_mut)]` on by default
[INFO] [stdout] 
[INFO] [stdout] 
[INFO] [stdout] warning: value assigned to `bin_start` is never read
[INFO] [stdout]    --> src/bed_data.rs:173:14
[INFO] [stdout]     |
[INFO] [stdout] 173 |         let mut bin_start: usize = 0; // Start position of each bin
[INFO] [stdout]     |                 ^^^^^^^^^
[INFO] [stdout]     |
[INFO] [stdout]     = help: maybe it is overwritten before being read?
[INFO] [stdout]     = note: `#[warn(unused_assignments)]` on by default
[INFO] [stdout] 
[INFO] [stdout] 
[INFO] [stdout] warning: unused variable: `chrom_index`
[INFO] [stdout]    --> src/bed_data.rs:174:11
[INFO] [stdout]     |
[INFO] [stdout] 174 |         for (chrom_index, (chrom_name, chrom_length, bin_offset)) in self.genome_info.iter().enumerate() {
[INFO] [stdout]     |              ^^^^^^^^^^^ help: if this is intentional, prefix it with an underscore: `_chrom_index`
[INFO] [stdout] 
[INFO] [stdout] 
[INFO] [stdout] warning: value assigned to `bin_end` is never read
[INFO] [stdout]    --> src/bed_data.rs:175:18
[INFO] [stdout]     |
[INFO] [stdout] 175 |             let mut bin_end = 0; // End position of each bin
[INFO] [stdout]     |                     ^^^^^^^
[INFO] [stdout]     |
[INFO] [stdout]     = help: maybe it is overwritten before being read?
[INFO] [stdout] 
[INFO] [stdout] 
[INFO] [stderr]     Finished `test` profile [unoptimized + debuginfo] target(s) in 1.76s
[INFO] running `Command { std: "docker" "inspect" "26891c03e1dd98ad4019492cf350af70bd645ab534e19f03393181f7cd8cfb7a", kill_on_drop: false }`
[INFO] running `Command { std: "docker" "rm" "-f" "26891c03e1dd98ad4019492cf350af70bd645ab534e19f03393181f7cd8cfb7a", kill_on_drop: false }`
[INFO] [stdout] 26891c03e1dd98ad4019492cf350af70bd645ab534e19f03393181f7cd8cfb7a
[INFO] running `Command { std: "docker" "create" "-v" "/var/lib/crater-agent-workspace/builds/worker-0-tc1/target:/opt/rustwide/target:rw,Z" "-v" "/var/lib/crater-agent-workspace/builds/worker-0-tc1/source:/opt/rustwide/workdir:ro,Z" "-v" "/var/lib/crater-agent-workspace/cargo-home:/opt/rustwide/cargo-home:ro,Z" "-v" "/var/lib/crater-agent-workspace/rustup-home:/opt/rustwide/rustup-home:ro,Z" "-e" "SOURCE_DIR=/opt/rustwide/workdir" "-e" "CARGO_TARGET_DIR=/opt/rustwide/target" "-e" "CARGO_INCREMENTAL=0" "-e" "RUST_BACKTRACE=full" "-e" "RUSTFLAGS=--cap-lints=forbid" "-e" "RUSTDOCFLAGS=--cap-lints=forbid" "-e" "CARGO_HOME=/opt/rustwide/cargo-home" "-e" "RUSTUP_HOME=/opt/rustwide/rustup-home" "-w" "/opt/rustwide/workdir" "-m" "1610612736" "--user" "0:0" "--network" "none" "ghcr.io/rust-lang/crates-build-env/linux@sha256:819108c5571ea2e421544af4d832f968d213c87fbe3707a016657f43d2f853bc" "/opt/rustwide/cargo-home/bin/cargo" "+nightly-2025-01-18" "test" "--frozen", kill_on_drop: false }`
[INFO] [stdout] 1b01d120bb1c79756e1d9276f3173c7af5cd693f377ac2148395a8f03f98e381
[INFO] running `Command { std: "docker" "start" "-a" "1b01d120bb1c79756e1d9276f3173c7af5cd693f377ac2148395a8f03f98e381", kill_on_drop: false }`
[INFO] [stderr] warning: unexpected `cfg` condition value: `write`
[INFO] [stderr]   --> src/bed_data.rs:18:12
[INFO] [stderr]    |
[INFO] [stderr] 18 | #[cfg_attr(feature = "write", derive(Serialize, Deserialize))]
[INFO] [stderr]    |            ^^^^^^^^^^^^^^^^^ help: remove the condition
[INFO] [stderr]    |
[INFO] [stderr]    = note: no expected values for `feature`
[INFO] [stderr]    = help: consider adding `write` as a feature in `Cargo.toml`
[INFO] [stderr]    = note: see <https://doc.rust-lang.org/nightly/rustc/check-cfg/cargo-specifics.html> for more information about checking conditional configuration
[INFO] [stderr]    = note: `#[warn(unexpected_cfgs)]` on by default
[INFO] [stderr] 
[INFO] [stderr] warning: unused import: `self`
[INFO] [stderr]  --> src/bed_data.rs:3:15
[INFO] [stderr]   |
[INFO] [stderr] 3 | use std::io::{self, Write};
[INFO] [stderr]   |               ^^^^
[INFO] [stderr]   |
[INFO] [stderr]   = note: `#[warn(unused_imports)]` on by default
[INFO] [stderr] 
[INFO] [stderr] warning: unused import: `Record`
[INFO] [stderr]  --> src/bed_data.rs:4:22
[INFO] [stderr]   |
[INFO] [stderr] 4 | use bam::{BamReader, Record, Header, RecordReader};  // assuming bam crate for reading BAM files
[INFO] [stderr]   |                      ^^^^^^
[INFO] [stderr] 
[INFO] [stderr] warning: unused import: `tokio::runtime::Runtime`
[INFO] [stderr]  --> src/bed_data.rs:5:5
[INFO] [stderr]   |
[INFO] [stderr] 5 | use tokio::runtime::Runtime;
[INFO] [stderr]   |     ^^^^^^^^^^^^^^^^^^^^^^^
[INFO] [stderr] 
[INFO] [stderr] warning: unused import: `std::thread::Builder`
[INFO] [stderr]  --> src/bed_data.rs:6:5
[INFO] [stderr]   |
[INFO] [stderr] 6 | use std::thread::Builder;
[INFO] [stderr]   |     ^^^^^^^^^^^^^^^^^^^^
[INFO] [stderr] 
[INFO] [stderr] warning: unused variable: `last_start`
[INFO] [stderr]   --> src/bed_data.rs:63:14
[INFO] [stderr]    |
[INFO] [stderr] 63 |         let mut last_start = 0; 
[INFO] [stderr]    |                 ^^^^^^^^^^ help: if this is intentional, prefix it with an underscore: `_last_start`
[INFO] [stderr]    |
[INFO] [stderr]    = note: `#[warn(unused_variables)]` on by default
[INFO] [stderr] 
[INFO] [stderr] warning: unused variable: `chrom_name`
[INFO] [stderr]   --> src/bed_data.rs:76:15
[INFO] [stderr]    |
[INFO] [stderr] 76 |             let (chrom_name, chrom_length, chrom_offset) = &genome_info[chrom_idx];
[INFO] [stderr]    |                  ^^^^^^^^^^ help: if this is intentional, prefix it with an underscore: `_chrom_name`
[INFO] [stderr] 
[INFO] [stderr] warning: variable does not need to be mutable
[INFO] [stderr]   --> src/bed_data.rs:63:10
[INFO] [stderr]    |
[INFO] [stderr] 63 |         let mut last_start = 0; 
[INFO] [stderr]    |             ----^^^^^^^^^^
[INFO] [stderr]    |             |
[INFO] [stderr]    |             help: remove this `mut`
[INFO] [stderr]    |
[INFO] [stderr]    = note: `#[warn(unused_mut)]` on by default
[INFO] [stderr] 
[INFO] [stderr] warning: value assigned to `bin_start` is never read
[INFO] [stderr]    --> src/bed_data.rs:173:14
[INFO] [stderr]     |
[INFO] [stderr] 173 |         let mut bin_start: usize = 0; // Start position of each bin
[INFO] [stderr]     |                 ^^^^^^^^^
[INFO] [stderr]     |
[INFO] [stderr]     = help: maybe it is overwritten before being read?
[INFO] [stderr]     = note: `#[warn(unused_assignments)]` on by default
[INFO] [stderr] 
[INFO] [stderr] warning: unused variable: `chrom_index`
[INFO] [stderr]    --> src/bed_data.rs:174:11
[INFO] [stderr]     |
[INFO] [stderr] 174 |         for (chrom_index, (chrom_name, chrom_length, bin_offset)) in self.genome_info.iter().enumerate() {
[INFO] [stderr]     |              ^^^^^^^^^^^ help: if this is intentional, prefix it with an underscore: `_chrom_index`
[INFO] [stderr] 
[INFO] [stderr] warning: value assigned to `bin_end` is never read
[INFO] [stderr]    --> src/bed_data.rs:175:18
[INFO] [stderr]     |
[INFO] [stderr] 175 |             let mut bin_end = 0; // End position of each bin
[INFO] [stderr]     |                     ^^^^^^^
[INFO] [stderr]     |
[INFO] [stderr]     = help: maybe it is overwritten before being read?
[INFO] [stderr] 
[INFO] [stderr] warning: `bam_tide` (lib) generated 11 warnings (run `cargo fix --lib -p bam_tide` to apply 5 suggestions)
[INFO] [stderr] warning: `bam_tide` (lib test) generated 11 warnings (11 duplicates)
[INFO] [stderr] warning: unused import: `clap::Command`
[INFO] [stderr]  --> src/bin/bam2bigwig.rs:3:5
[INFO] [stderr]   |
[INFO] [stderr] 3 | use clap::Command;
[INFO] [stderr]   |     ^^^^^^^^^^^^^
[INFO] [stderr]   |
[INFO] [stderr]   = note: `#[warn(unused_imports)]` on by default
[INFO] [stderr] 
[INFO] [stderr] warning: unused import: `clap::Command`
[INFO] [stderr]  --> src/bin/bam2bedgraph.rs:3:5
[INFO] [stderr]   |
[INFO] [stderr] 3 | use clap::Command;
[INFO] [stderr]   |     ^^^^^^^^^^^^^
[INFO] [stderr]   |
[INFO] [stderr]   = note: `#[warn(unused_imports)]` on by default
[INFO] [stderr] 
[INFO] [stderr] warning: unused import: `std::collections::HashMap`
[INFO] [stderr]  --> tests/integration_tests.rs:2:5
[INFO] [stderr]   |
[INFO] [stderr] 2 | use std::collections::HashMap;
[INFO] [stderr]   |     ^^^^^^^^^^^^^^^^^^^^^^^^^
[INFO] [stderr]   |
[INFO] [stderr]   = note: `#[warn(unused_imports)]` on by default
[INFO] [stderr] 
[INFO] [stderr] warning: unused import: `super::*`
[INFO] [stderr]  --> tests/test_bed_data.rs:3:9
[INFO] [stderr]   |
[INFO] [stderr] 3 |     use super::*;
[INFO] [stderr]   |         ^^^^^^^^
[INFO] [stderr]   |
[INFO] [stderr]   = note: `#[warn(unused_imports)]` on by default
[INFO] [stderr] 
[INFO] [stderr] warning: unused import: `Value`
[INFO] [stderr]  --> tests/test_bed_data.rs:5:39
[INFO] [stderr]   |
[INFO] [stderr] 5 |     use bam_tide::bed_data::{BedData, Value}; // Adjust the path if needed
[INFO] [stderr]   |                                       ^^^^^
[INFO] [stderr] 
[INFO] [stderr] warning: `bam_tide` (bin "bam2bigwig") generated 1 warning (run `cargo fix --bin "bam2bigwig"` to apply 1 suggestion)
[INFO] [stderr] warning: `bam_tide` (bin "bam2bedgraph") generated 1 warning (run `cargo fix --bin "bam2bedgraph"` to apply 1 suggestion)
[INFO] [stderr] warning: `bam_tide` (bin "bam2bigwig" test) generated 1 warning (1 duplicate)
[INFO] [stderr] warning: `bam_tide` (test "integration_tests") generated 1 warning (run `cargo fix --test "integration_tests"` to apply 1 suggestion)
[INFO] [stderr] warning: `bam_tide` (test "test_bed_data") generated 2 warnings (run `cargo fix --test "test_bed_data"` to apply 2 suggestions)
[INFO] [stderr] warning: `bam_tide` (bin "bam2bedgraph" test) generated 1 warning (1 duplicate)
[INFO] [stderr]     Finished `test` profile [unoptimized + debuginfo] target(s) in 0.40s
[INFO] [stderr]      Running unittests src/lib.rs (/opt/rustwide/target/debug/deps/bam_tide-0e27eecb803673dd)
[INFO] [stdout] 
[INFO] [stdout] running 0 tests
[INFO] [stdout] 
[INFO] [stdout] test result: ok. 0 passed; 0 failed; 0 ignored; 0 measured; 0 filtered out; finished in 0.00s
[INFO] [stdout] 
[INFO] [stderr]      Running unittests src/bin/bam2bedgraph.rs (/opt/rustwide/target/debug/deps/bam2bedgraph-05f09a3c3fbbc310)
[INFO] [stdout] 
[INFO] [stdout] running 0 tests
[INFO] [stderr]      Running unittests src/bin/bam2bigwig.rs (/opt/rustwide/target/debug/deps/bam2bigwig-a3e299215e61ae7a)
[INFO] [stdout] 
[INFO] [stdout] test result: ok. 0 passed; 0 failed; 0 ignored; 0 measured; 0 filtered out; finished in 0.00s
[INFO] [stdout] 
[INFO] [stdout] 
[INFO] [stdout] running 0 tests
[INFO] [stdout] 
[INFO] [stdout] test result: ok. 0 passed; 0 failed; 0 ignored; 0 measured; 0 filtered out; finished in 0.00s
[INFO] [stdout] 
[INFO] [stderr]      Running tests/integration_tests.rs (/opt/rustwide/target/debug/deps/integration_tests-fcf26c93bb37808e)
[INFO] [stdout] 
[INFO] [stdout] running 1 test
[INFO] [stdout] test test_bam_to_bigwig ... FAILED
[INFO] [stdout] 
[INFO] [stdout] failures:
[INFO] [stdout] 
[INFO] [stdout] ---- test_bam_to_bigwig stdout ----
[INFO] [stdout] 
[INFO] [stdout] thread 'test_bam_to_bigwig' panicked at tests/integration_tests.rs:12:39:
[INFO] [stdout] called `Result::unwrap()` on an `Err` value: Os { code: 30, kind: ReadOnlyFilesystem, message: "Read-only file system" }
[INFO] [stdout] stack backtrace:
[INFO] [stdout]    0:     0x654a59fe78aa - std::backtrace_rs::backtrace::libunwind::trace::hb059275cfc8d6126
[INFO] [stdout]                                at /rustc/6067b36314ab5eb2eb47cecc464545ba58e1ad24/library/std/src/../../backtrace/src/backtrace/libunwind.rs:116:5
[INFO] [stdout]    1:     0x654a59fe78aa - std::backtrace_rs::backtrace::trace_unsynchronized::h2da071e4327ce3ee
[INFO] [stdout]                                at /rustc/6067b36314ab5eb2eb47cecc464545ba58e1ad24/library/std/src/../../backtrace/src/backtrace/mod.rs:66:5
[INFO] [stdout]    2:     0x654a59fe78aa - std::sys::backtrace::_print_fmt::h842a1474e6f8d23f
[INFO] [stdout]                                at /rustc/6067b36314ab5eb2eb47cecc464545ba58e1ad24/library/std/src/sys/backtrace.rs:66:9
[INFO] [stdout]    3:     0x654a59fe78aa - <std::sys::backtrace::BacktraceLock::print::DisplayBacktrace as core::fmt::Display>::fmt::h71a62eb3b9696b12
[INFO] [stdout]                                at /rustc/6067b36314ab5eb2eb47cecc464545ba58e1ad24/library/std/src/sys/backtrace.rs:39:26
[INFO] [stdout]    4:     0x654a5a00f543 - core::fmt::rt::Argument::fmt::hdb6b616786b41dc1
[INFO] [stdout]                                at /rustc/6067b36314ab5eb2eb47cecc464545ba58e1ad24/library/core/src/fmt/rt.rs:177:76
[INFO] [stdout]    5:     0x654a5a00f543 - core::fmt::write::h2cc1698af7e2d686
[INFO] [stdout]                                at /rustc/6067b36314ab5eb2eb47cecc464545ba58e1ad24/library/core/src/fmt/mod.rs:1440:21
[INFO] [stdout]    6:     0x654a59fe4353 - std::io::Write::write_fmt::hab1b4cd059a79022
[INFO] [stdout]                                at /rustc/6067b36314ab5eb2eb47cecc464545ba58e1ad24/library/std/src/io/mod.rs:1887:15
[INFO] [stdout]    7:     0x654a59fe76f2 - std::sys::backtrace::BacktraceLock::print::h147fe35b4ea13b08
[INFO] [stdout]                                at /rustc/6067b36314ab5eb2eb47cecc464545ba58e1ad24/library/std/src/sys/backtrace.rs:42:9
[INFO] [stdout]    8:     0x654a59fe8ccf - std::panicking::default_hook::{{closure}}::hbd44223dbdc0d208
[INFO] [stdout]                                at /rustc/6067b36314ab5eb2eb47cecc464545ba58e1ad24/library/std/src/panicking.rs:298:22
[INFO] [stdout]    9:     0x654a59fe8ae8 - std::panicking::default_hook::h20f81eb0576efcec
[INFO] [stdout]                                at /rustc/6067b36314ab5eb2eb47cecc464545ba58e1ad24/library/std/src/panicking.rs:322:9
[INFO] [stdout]   10:     0x654a59f4b533 - <alloc::boxed::Box<F,A> as core::ops::function::Fn<Args>>::call::hdb53814c496a4d34
[INFO] [stdout]                                at /rustc/6067b36314ab5eb2eb47cecc464545ba58e1ad24/library/alloc/src/boxed.rs:2027:9
[INFO] [stdout]   11:     0x654a59f4b533 - test::test_main::{{closure}}::hc0a4963c59427c24
[INFO] [stdout]                                at /rustc/6067b36314ab5eb2eb47cecc464545ba58e1ad24/library/test/src/lib.rs:134:21
[INFO] [stdout]   12:     0x654a59fe97c3 - <alloc::boxed::Box<F,A> as core::ops::function::Fn<Args>>::call::h591b2225413a77e9
[INFO] [stdout]                                at /rustc/6067b36314ab5eb2eb47cecc464545ba58e1ad24/library/alloc/src/boxed.rs:2027:9
[INFO] [stdout]   13:     0x654a59fe97c3 - std::panicking::rust_panic_with_hook::h625eea43051b2edc
[INFO] [stdout]                                at /rustc/6067b36314ab5eb2eb47cecc464545ba58e1ad24/library/std/src/panicking.rs:839:13
[INFO] [stdout]   14:     0x654a59fe947a - std::panicking::begin_panic_handler::{{closure}}::h4f9159cfbc3f6bd3
[INFO] [stdout]                                at /rustc/6067b36314ab5eb2eb47cecc464545ba58e1ad24/library/std/src/panicking.rs:704:13
[INFO] [stdout]   15:     0x654a59fe7da9 - std::sys::backtrace::__rust_end_short_backtrace::h0390abce48353151
[INFO] [stdout]                                at /rustc/6067b36314ab5eb2eb47cecc464545ba58e1ad24/library/std/src/sys/backtrace.rs:168:18
[INFO] [stdout]   16:     0x654a59fe910d - rust_begin_unwind
[INFO] [stdout]                                at /rustc/6067b36314ab5eb2eb47cecc464545ba58e1ad24/library/std/src/panicking.rs:695:5
[INFO] [stdout]   17:     0x654a5a00dff0 - core::panicking::panic_fmt::h9e7c637e9e5f29c9
[INFO] [stdout]                                at /rustc/6067b36314ab5eb2eb47cecc464545ba58e1ad24/library/core/src/panicking.rs:75:14
[INFO] [stdout]   18:     0x654a5a00e396 - core::result::unwrap_failed::h7979f09313fe1849
[INFO] [stdout]                                at /rustc/6067b36314ab5eb2eb47cecc464545ba58e1ad24/library/core/src/result.rs:1704:5
[INFO] [stdout]   19:     0x654a59f11208 - core::result::Result<T,E>::unwrap::h562affd626edc60d
[INFO] [stdout]                                at /rustc/6067b36314ab5eb2eb47cecc464545ba58e1ad24/library/core/src/result.rs:1109:23
[INFO] [stdout]   20:     0x654a59f11208 - integration_tests::test_bam_to_bigwig::h67a4156348533cf3
[INFO] [stdout]                                at /opt/rustwide/workdir/tests/integration_tests.rs:12:5
[INFO] [stdout]   21:     0x654a59f11147 - integration_tests::test_bam_to_bigwig::{{closure}}::h750ed1ebedcadbd5
[INFO] [stdout]                                at /opt/rustwide/workdir/tests/integration_tests.rs:7:24
[INFO] [stdout]   22:     0x654a59f10ea6 - core::ops::function::FnOnce::call_once::ha80a892c89b645f0
[INFO] [stdout]                                at /rustc/6067b36314ab5eb2eb47cecc464545ba58e1ad24/library/core/src/ops/function.rs:250:5
[INFO] [stdout]   23:     0x654a59f50c8b - core::ops::function::FnOnce::call_once::he27718dfdd183f43
[INFO] [stdout]                                at /rustc/6067b36314ab5eb2eb47cecc464545ba58e1ad24/library/core/src/ops/function.rs:250:5
[INFO] [stdout]   24:     0x654a59f50c8b - test::__rust_begin_short_backtrace::h4e84902998457a5d
[INFO] [stdout]                                at /rustc/6067b36314ab5eb2eb47cecc464545ba58e1ad24/library/test/src/lib.rs:632:18
[INFO] [stdout]   25:     0x654a59f4fbc3 - test::run_test_in_process::{{closure}}::h7176fd18fc1feca0
[INFO] [stdout]                                at /rustc/6067b36314ab5eb2eb47cecc464545ba58e1ad24/library/test/src/lib.rs:655:60
[INFO] [stdout]   26:     0x654a59f4fbc3 - <core::panic::unwind_safe::AssertUnwindSafe<F> as core::ops::function::FnOnce<()>>::call_once::hf79cff2a624d8cf7
[INFO] [stdout]                                at /rustc/6067b36314ab5eb2eb47cecc464545ba58e1ad24/library/core/src/panic/unwind_safe.rs:272:9
[INFO] [stdout]   27:     0x654a59f4fbc3 - std::panicking::try::do_call::h3da0561d9ab99c25
[INFO] [stdout]                                at /rustc/6067b36314ab5eb2eb47cecc464545ba58e1ad24/library/std/src/panicking.rs:587:40
[INFO] [stdout]   28:     0x654a59f4fbc3 - std::panicking::try::h41c9fa508bc61df6
[INFO] [stdout]                                at /rustc/6067b36314ab5eb2eb47cecc464545ba58e1ad24/library/std/src/panicking.rs:550:19
[INFO] [stdout]   29:     0x654a59f4fbc3 - std::panic::catch_unwind::h6b3ff07bb5afad93
[INFO] [stdout]                                at /rustc/6067b36314ab5eb2eb47cecc464545ba58e1ad24/library/std/src/panic.rs:358:14
[INFO] [stdout]   30:     0x654a59f4fbc3 - test::run_test_in_process::hc7253dd11b39b9f4
[INFO] [stdout]                                at /rustc/6067b36314ab5eb2eb47cecc464545ba58e1ad24/library/test/src/lib.rs:655:27
[INFO] [stdout]   31:     0x654a59f4fbc3 - test::run_test::{{closure}}::hfb2007f8649c30bb
[INFO] [stdout]                                at /rustc/6067b36314ab5eb2eb47cecc464545ba58e1ad24/library/test/src/lib.rs:576:43
[INFO] [stdout]   32:     0x654a59f12ca5 - test::run_test::{{closure}}::h56a17aa7a282a9f4
[INFO] [stdout]                                at /rustc/6067b36314ab5eb2eb47cecc464545ba58e1ad24/library/test/src/lib.rs:606:41
[INFO] [stdout]   33:     0x654a59f12ca5 - std::sys::backtrace::__rust_begin_short_backtrace::hd2d2d2fb8e8c6aac
[INFO] [stdout]                                at /rustc/6067b36314ab5eb2eb47cecc464545ba58e1ad24/library/std/src/sys/backtrace.rs:152:18
[INFO] [stdout]   34:     0x654a59f1658a - std::thread::Builder::spawn_unchecked_::{{closure}}::{{closure}}::h4faa3f9db6133423
[INFO] [stdout]                                at /rustc/6067b36314ab5eb2eb47cecc464545ba58e1ad24/library/std/src/thread/mod.rs:559:17
[INFO] [stdout]   35:     0x654a59f1658a - <core::panic::unwind_safe::AssertUnwindSafe<F> as core::ops::function::FnOnce<()>>::call_once::hf2e855a36a4ea846
[INFO] [stdout]                                at /rustc/6067b36314ab5eb2eb47cecc464545ba58e1ad24/library/core/src/panic/unwind_safe.rs:272:9
[INFO] [stdout]   36:     0x654a59f1658a - std::panicking::try::do_call::h2f73af3616c35465
[INFO] [stdout]                                at /rustc/6067b36314ab5eb2eb47cecc464545ba58e1ad24/library/std/src/panicking.rs:587:40
[INFO] [stdout]   37:     0x654a59f1658a - std::panicking::try::hd1660ce9efadef5a
[INFO] [stdout]                                at /rustc/6067b36314ab5eb2eb47cecc464545ba58e1ad24/library/std/src/panicking.rs:550:19
[INFO] [stdout]   38:     0x654a59f1658a - std::panic::catch_unwind::h5ee8d7823b8ca744
[INFO] [stdout]                                at /rustc/6067b36314ab5eb2eb47cecc464545ba58e1ad24/library/std/src/panic.rs:358:14
[INFO] [stdout]   39:     0x654a59f1658a - std::thread::Builder::spawn_unchecked_::{{closure}}::h53c3a1894dce8407
[INFO] [stdout]                                at /rustc/6067b36314ab5eb2eb47cecc464545ba58e1ad24/library/std/src/thread/mod.rs:557:30
[INFO] [stdout]   40:     0x654a59f1658a - core::ops::function::FnOnce::call_once{{vtable.shim}}::h048ce291ad4f62bf
[INFO] [stdout]                                at /rustc/6067b36314ab5eb2eb47cecc464545ba58e1ad24/library/core/src/ops/function.rs:250:5
[INFO] [stdout]   41:     0x654a59fed73b - <alloc::boxed::Box<F,A> as core::ops::function::FnOnce<Args>>::call_once::ha52bedf99a3b4981
[INFO] [stdout]                                at /rustc/6067b36314ab5eb2eb47cecc464545ba58e1ad24/library/alloc/src/boxed.rs:2013:9
[INFO] [stdout]   42:     0x654a59fed73b - <alloc::boxed::Box<F,A> as core::ops::function::FnOnce<Args>>::call_once::h567748934d80ccf8
[INFO] [stdout]                                at /rustc/6067b36314ab5eb2eb47cecc464545ba58e1ad24/library/alloc/src/boxed.rs:2013:9
[INFO] [stdout]   43:     0x654a59fed73b - std::sys::pal::unix::thread::Thread::new::thread_start::h2d970728ae887adc
[INFO] [stdout]                                at /rustc/6067b36314ab5eb2eb47cecc464545ba58e1ad24/library/std/src/sys/pal/unix/thread.rs:106:17
[INFO] [stdout]   44:     0x7928b55a9ac3 - <unknown>
[INFO] [stdout]   45:     0x7928b563aa04 - clone
[INFO] [stdout]   46:                0x0 - <unknown>
[INFO] [stdout] 
[INFO] [stdout] 
[INFO] [stdout] failures:
[INFO] [stdout]     test_bam_to_bigwig
[INFO] [stdout] 
[INFO] [stdout] test result: FAILED. 0 passed; 1 failed; 0 ignored; 0 measured; 0 filtered out; finished in 0.10s
[INFO] [stdout] 
[INFO] [stderr] error: test failed, to rerun pass `--test integration_tests`
[INFO] running `Command { std: "docker" "inspect" "1b01d120bb1c79756e1d9276f3173c7af5cd693f377ac2148395a8f03f98e381", kill_on_drop: false }`
[INFO] running `Command { std: "docker" "rm" "-f" "1b01d120bb1c79756e1d9276f3173c7af5cd693f377ac2148395a8f03f98e381", kill_on_drop: false }`
[INFO] [stdout] 1b01d120bb1c79756e1d9276f3173c7af5cd693f377ac2148395a8f03f98e381
