[INFO] cloning repository https://github.com/stanig2106/Fluxa
[INFO] running `Command { std: "git" "-c" "credential.helper=" "-c" "credential.helper=/workspace/cargo-home/bin/git-credential-null" "clone" "--bare" "https://github.com/stanig2106/Fluxa" "/workspace/cache/git-repos/https%3A%2F%2Fgithub.com%2Fstanig2106%2FFluxa", kill_on_drop: false }`
[INFO] [stderr] Cloning into bare repository '/workspace/cache/git-repos/https%3A%2F%2Fgithub.com%2Fstanig2106%2FFluxa'...
[INFO] running `Command { std: "git" "rev-parse" "HEAD", kill_on_drop: false }`
[INFO] [stdout] 942dc8e36d04915575a4f04bb65e37ada8eea12f
[INFO] testing stanig2106/Fluxa against nightly-2025-01-18 for randomize-layout-2
[INFO] running `Command { std: "git" "clone" "/workspace/cache/git-repos/https%3A%2F%2Fgithub.com%2Fstanig2106%2FFluxa" "/workspace/builds/worker-4-tc1/source", kill_on_drop: false }`
[INFO] [stderr] Cloning into '/workspace/builds/worker-4-tc1/source'...
[INFO] [stderr] done.
[INFO] validating manifest of git repo https://github.com/stanig2106/Fluxa on toolchain nightly-2025-01-18
[INFO] running `Command { std: CARGO_HOME="/workspace/cargo-home" RUSTUP_HOME="/workspace/rustup-home" "/workspace/cargo-home/bin/cargo" "+nightly-2025-01-18" "metadata" "--manifest-path" "Cargo.toml" "--no-deps", kill_on_drop: false }`
[INFO] started tweaking git repo https://github.com/stanig2106/Fluxa
[INFO] finished tweaking git repo https://github.com/stanig2106/Fluxa
[INFO] tweaked toml for git repo https://github.com/stanig2106/Fluxa written to /workspace/builds/worker-4-tc1/source/Cargo.toml
[INFO] crate git repo https://github.com/stanig2106/Fluxa already has a lockfile, it will not be regenerated
[INFO] running `Command { std: CARGO_HOME="/workspace/cargo-home" RUSTUP_HOME="/workspace/rustup-home" "/workspace/cargo-home/bin/cargo" "+nightly-2025-01-18" "fetch" "--manifest-path" "Cargo.toml", kill_on_drop: false }`
[INFO] [stderr]  Downloading crates ...
[INFO] [stderr]   Downloaded cfg-expr v0.17.2
[INFO] [stderr]   Downloaded graphene-sys v0.20.7
[INFO] [stderr]   Downloaded gdk-pixbuf v0.20.7
[INFO] [stderr]   Downloaded pango-sys v0.20.7
[INFO] [stderr]   Downloaded graphene-rs v0.20.7
[INFO] [stderr]   Downloaded cairo-rs v0.20.7
[INFO] [stderr]   Downloaded gdk4-sys v0.9.5
[INFO] [stderr]   Downloaded pango v0.20.7
[INFO] [stderr]   Downloaded gdk4 v0.9.5
[INFO] [stderr]   Downloaded gtk4-sys v0.9.5
[INFO] [stderr]   Downloaded gio-sys v0.20.8
[INFO] [stderr]   Downloaded glib-macros v0.20.7
[INFO] [stderr]   Downloaded glib-sys v0.20.7
[INFO] [stderr]   Downloaded gsk4 v0.9.5
[INFO] [stderr]   Downloaded gtk4-macros v0.9.5
[INFO] [stderr]   Downloaded gio v0.20.7
[INFO] [stderr]   Downloaded cairo-sys-rs v0.20.7
[INFO] [stderr]   Downloaded glib v0.20.7
[INFO] [stderr]   Downloaded gsk4-sys v0.9.5
[INFO] [stderr]   Downloaded gdk-pixbuf-sys v0.20.7
[INFO] [stderr]   Downloaded gobject-sys v0.20.7
[INFO] [stderr]   Downloaded gtk4 v0.9.5
[INFO] running `Command { std: "docker" "create" "-v" "/var/lib/crater-agent-workspace/builds/worker-4-tc1/target:/opt/rustwide/target:rw,Z" "-v" "/var/lib/crater-agent-workspace/builds/worker-4-tc1/source:/opt/rustwide/workdir:ro,Z" "-v" "/var/lib/crater-agent-workspace/cargo-home:/opt/rustwide/cargo-home:ro,Z" "-v" "/var/lib/crater-agent-workspace/rustup-home:/opt/rustwide/rustup-home:ro,Z" "-e" "SOURCE_DIR=/opt/rustwide/workdir" "-e" "CARGO_TARGET_DIR=/opt/rustwide/target" "-e" "CARGO_HOME=/opt/rustwide/cargo-home" "-e" "RUSTUP_HOME=/opt/rustwide/rustup-home" "-w" "/opt/rustwide/workdir" "-m" "1610612736" "--user" "0:0" "--network" "none" "ghcr.io/rust-lang/crates-build-env/linux@sha256:819108c5571ea2e421544af4d832f968d213c87fbe3707a016657f43d2f853bc" "/opt/rustwide/cargo-home/bin/cargo" "+nightly-2025-01-18" "metadata" "--no-deps" "--format-version=1", kill_on_drop: false }`
[INFO] [stdout] d829956679eb4f0555d8f2c26cb6d8448c078440af29e0bcdbc925c086be06e3
[INFO] running `Command { std: "docker" "start" "-a" "d829956679eb4f0555d8f2c26cb6d8448c078440af29e0bcdbc925c086be06e3", kill_on_drop: false }`
[INFO] running `Command { std: "docker" "inspect" "d829956679eb4f0555d8f2c26cb6d8448c078440af29e0bcdbc925c086be06e3", kill_on_drop: false }`
[INFO] running `Command { std: "docker" "rm" "-f" "d829956679eb4f0555d8f2c26cb6d8448c078440af29e0bcdbc925c086be06e3", kill_on_drop: false }`
[INFO] [stdout] d829956679eb4f0555d8f2c26cb6d8448c078440af29e0bcdbc925c086be06e3
[INFO] running `Command { std: "docker" "create" "-v" "/var/lib/crater-agent-workspace/builds/worker-4-tc1/target:/opt/rustwide/target:rw,Z" "-v" "/var/lib/crater-agent-workspace/builds/worker-4-tc1/source:/opt/rustwide/workdir:ro,Z" "-v" "/var/lib/crater-agent-workspace/cargo-home:/opt/rustwide/cargo-home:ro,Z" "-v" "/var/lib/crater-agent-workspace/rustup-home:/opt/rustwide/rustup-home:ro,Z" "-e" "SOURCE_DIR=/opt/rustwide/workdir" "-e" "CARGO_TARGET_DIR=/opt/rustwide/target" "-e" "CARGO_INCREMENTAL=0" "-e" "RUST_BACKTRACE=full" "-e" "RUSTFLAGS=--cap-lints=forbid" "-e" "RUSTDOCFLAGS=--cap-lints=forbid" "-e" "CARGO_HOME=/opt/rustwide/cargo-home" "-e" "RUSTUP_HOME=/opt/rustwide/rustup-home" "-w" "/opt/rustwide/workdir" "-m" "1610612736" "--user" "0:0" "--network" "none" "ghcr.io/rust-lang/crates-build-env/linux@sha256:819108c5571ea2e421544af4d832f968d213c87fbe3707a016657f43d2f853bc" "/opt/rustwide/cargo-home/bin/cargo" "+nightly-2025-01-18" "build" "--frozen" "--message-format=json", kill_on_drop: false }`
[INFO] [stdout] 9b77621ecc6115c8080f9fca087cdfd8c6fd258167c78463d589e7a9ecdcc8b4
[INFO] running `Command { std: "docker" "start" "-a" "9b77621ecc6115c8080f9fca087cdfd8c6fd258167c78463d589e7a9ecdcc8b4", kill_on_drop: false }`
[INFO] [stderr]    Compiling serde v1.0.217
[INFO] [stderr]    Compiling equivalent v1.0.1
[INFO] [stderr]    Compiling hashbrown v0.15.2
[INFO] [stderr]    Compiling winnow v0.6.20
[INFO] [stderr]    Compiling smallvec v1.13.2
[INFO] [stderr]    Compiling version-compare v0.2.0
[INFO] [stderr]    Compiling pkg-config v0.3.31
[INFO] [stderr]    Compiling libc v0.2.169
[INFO] [stderr]    Compiling proc-macro2 v1.0.92
[INFO] [stderr]    Compiling autocfg v1.4.0
[INFO] [stderr]    Compiling unicode-ident v1.0.14
[INFO] [stderr]    Compiling futures-core v0.3.31
[INFO] [stderr]    Compiling futures-sink v0.3.31
[INFO] [stderr]    Compiling memchr v2.7.4
[INFO] [stderr]    Compiling futures-io v0.3.31
[INFO] [stderr]    Compiling futures-task v0.3.31
[INFO] [stderr]    Compiling pin-project-lite v0.2.15
[INFO] [stderr]    Compiling bitflags v2.6.0
[INFO] [stderr]    Compiling futures-channel v0.3.31
[INFO] [stderr]    Compiling gio v0.20.7
[INFO] [stderr]    Compiling semver v1.0.24
[INFO] [stderr]    Compiling flux-parser v0.1.0 (/opt/rustwide/workdir/flux-parser)
[INFO] [stderr]    Compiling cfg-expr v0.17.2
[INFO] [stderr]    Compiling flux-core v0.1.0 (/opt/rustwide/workdir/flux-core)
[INFO] [stderr]    Compiling slab v0.4.9
[INFO] [stderr]    Compiling memoffset v0.9.1
[INFO] [stderr]    Compiling indexmap v2.7.0
[INFO] [stderr]    Compiling quote v1.0.38
[INFO] [stderr]    Compiling rustc_version v0.4.1
[INFO] [stderr]    Compiling syn v2.0.92
[INFO] [stderr]    Compiling field-offset v0.3.6
[INFO] [stderr]    Compiling toml_datetime v0.6.8
[INFO] [stderr]    Compiling serde_spanned v0.6.8
[INFO] [stderr]    Compiling toml_edit v0.22.22
[INFO] [stderr]    Compiling futures-macro v0.3.31
[INFO] [stderr]    Compiling futures-util v0.3.31
[INFO] [stderr]    Compiling toml v0.8.19
[INFO] [stderr]    Compiling proc-macro-crate v3.2.0
[INFO] [stderr]    Compiling system-deps v7.0.3
[INFO] [stderr]    Compiling glib-macros v0.20.7
[INFO] [stderr]    Compiling gtk4-macros v0.9.5
[INFO] [stderr]    Compiling glib-sys v0.20.7
[INFO] [stderr]    Compiling gobject-sys v0.20.7
[INFO] [stderr]    Compiling gio-sys v0.20.8
[INFO] [stderr]    Compiling pango-sys v0.20.7
[INFO] [stderr]    Compiling gdk-pixbuf-sys v0.20.7
[INFO] [stderr]    Compiling cairo-sys-rs v0.20.7
[INFO] [stderr]    Compiling graphene-sys v0.20.7
[INFO] [stderr]    Compiling gdk4-sys v0.9.5
[INFO] [stderr]    Compiling gsk4-sys v0.9.5
[INFO] [stderr]    Compiling gtk4-sys v0.9.5
[INFO] [stderr]    Compiling futures-executor v0.3.31
[INFO] [stderr]    Compiling futures v0.3.31
[INFO] [stderr]    Compiling flux-network v0.1.0 (/opt/rustwide/workdir/flux-network)
[INFO] [stdout] warning: fields `query`, `fragment`, `username`, and `password` are never read
[INFO] [stdout]   --> flux-network/src/url.rs:17:9
[INFO] [stdout]    |
[INFO] [stdout] 3  | pub struct Url {
[INFO] [stdout]    |            --- fields in this struct
[INFO] [stdout] ...
[INFO] [stdout] 17 |     pub query: String,
[INFO] [stdout]    |         ^^^^^
[INFO] [stdout] 18 |     /// The fragment of the URL (e.g., "#section").
[INFO] [stdout] 19 |     pub fragment: String,
[INFO] [stdout]    |         ^^^^^^^^
[INFO] [stdout] 20 |     /// The username for basic authentication.
[INFO] [stdout] 21 |     pub username: Option<String>,
[INFO] [stdout]    |         ^^^^^^^^
[INFO] [stdout] 22 |     /// The password for basic authentication.
[INFO] [stdout] 23 |     pub password: Option<String>,
[INFO] [stdout]    |         ^^^^^^^^
[INFO] [stdout]    |
[INFO] [stdout]    = note: `#[warn(dead_code)]` on by default
[INFO] [stdout] 
[INFO] [stdout] 
[INFO] [stderr]    Compiling glib v0.20.7
[INFO] [stderr]    Compiling cairo-rs v0.20.7
[INFO] [stderr]    Compiling graphene-rs v0.20.7
[INFO] [stderr]    Compiling gdk-pixbuf v0.20.7
[INFO] [stderr]    Compiling pango v0.20.7
[INFO] [stderr]    Compiling gdk4 v0.9.5
[INFO] [stderr]    Compiling gsk4 v0.9.5
[INFO] [stderr]    Compiling gtk4 v0.9.5
[INFO] [stderr]    Compiling flux-dom v0.1.0 (/opt/rustwide/workdir/flux-dom)
[INFO] [stderr]    Compiling flux-ui v0.1.0 (/opt/rustwide/workdir/flux-ui)
[INFO] [stderr]    Compiling fluxa v0.1.0 (/opt/rustwide/workdir/fluxa)
[INFO] [stderr]     Finished `dev` profile [unoptimized + debuginfo] target(s) in 1m 33s
[INFO] running `Command { std: "docker" "inspect" "9b77621ecc6115c8080f9fca087cdfd8c6fd258167c78463d589e7a9ecdcc8b4", kill_on_drop: false }`
[INFO] running `Command { std: "docker" "rm" "-f" "9b77621ecc6115c8080f9fca087cdfd8c6fd258167c78463d589e7a9ecdcc8b4", kill_on_drop: false }`
[INFO] [stdout] 9b77621ecc6115c8080f9fca087cdfd8c6fd258167c78463d589e7a9ecdcc8b4
[INFO] running `Command { std: "docker" "create" "-v" "/var/lib/crater-agent-workspace/builds/worker-4-tc1/target:/opt/rustwide/target:rw,Z" "-v" "/var/lib/crater-agent-workspace/builds/worker-4-tc1/source:/opt/rustwide/workdir:ro,Z" "-v" "/var/lib/crater-agent-workspace/cargo-home:/opt/rustwide/cargo-home:ro,Z" "-v" "/var/lib/crater-agent-workspace/rustup-home:/opt/rustwide/rustup-home:ro,Z" "-e" "SOURCE_DIR=/opt/rustwide/workdir" "-e" "CARGO_TARGET_DIR=/opt/rustwide/target" "-e" "CARGO_INCREMENTAL=0" "-e" "RUST_BACKTRACE=full" "-e" "RUSTFLAGS=--cap-lints=forbid" "-e" "RUSTDOCFLAGS=--cap-lints=forbid" "-e" "CARGO_HOME=/opt/rustwide/cargo-home" "-e" "RUSTUP_HOME=/opt/rustwide/rustup-home" "-w" "/opt/rustwide/workdir" "-m" "1610612736" "--user" "0:0" "--network" "none" "ghcr.io/rust-lang/crates-build-env/linux@sha256:819108c5571ea2e421544af4d832f968d213c87fbe3707a016657f43d2f853bc" "/opt/rustwide/cargo-home/bin/cargo" "+nightly-2025-01-18" "test" "--frozen" "--no-run" "--message-format=json", kill_on_drop: false }`
[INFO] [stdout] b689f6bfcec5498de5d03d83e4388d9c6b94bf8abf03568b043d30c7422b4d8e
[INFO] running `Command { std: "docker" "start" "-a" "b689f6bfcec5498de5d03d83e4388d9c6b94bf8abf03568b043d30c7422b4d8e", kill_on_drop: false }`
[INFO] [stderr]    Compiling flux-parser v0.1.0 (/opt/rustwide/workdir/flux-parser)
[INFO] [stderr]    Compiling flux-core v0.1.0 (/opt/rustwide/workdir/flux-core)
[INFO] [stdout] warning: fields `query`, `fragment`, `username`, and `password` are never read
[INFO] [stdout]   --> flux-network/src/url.rs:17:9
[INFO] [stdout]    |
[INFO] [stdout] 3  | pub struct Url {
[INFO] [stdout]    |            --- fields in this struct
[INFO] [stdout] ...
[INFO] [stdout] 17 |     pub query: String,
[INFO] [stdout]    |         ^^^^^
[INFO] [stdout] 18 |     /// The fragment of the URL (e.g., "#section").
[INFO] [stdout] 19 |     pub fragment: String,
[INFO] [stdout]    |         ^^^^^^^^
[INFO] [stdout] 20 |     /// The username for basic authentication.
[INFO] [stdout] 21 |     pub username: Option<String>,
[INFO] [stdout]    |         ^^^^^^^^
[INFO] [stdout] 22 |     /// The password for basic authentication.
[INFO] [stdout] 23 |     pub password: Option<String>,
[INFO] [stdout]    |         ^^^^^^^^
[INFO] [stdout]    |
[INFO] [stdout]    = note: `#[warn(dead_code)]` on by default
[INFO] [stdout] 
[INFO] [stdout] 
[INFO] [stderr]    Compiling flux-network v0.1.0 (/opt/rustwide/workdir/flux-network)
[INFO] [stderr]    Compiling flux-dom v0.1.0 (/opt/rustwide/workdir/flux-dom)
[INFO] [stderr]    Compiling flux-ui v0.1.0 (/opt/rustwide/workdir/flux-ui)
[INFO] [stderr]    Compiling fluxa v0.1.0 (/opt/rustwide/workdir/fluxa)
[INFO] [stderr]     Finished `test` profile [unoptimized + debuginfo] target(s) in 1.86s
[INFO] running `Command { std: "docker" "inspect" "b689f6bfcec5498de5d03d83e4388d9c6b94bf8abf03568b043d30c7422b4d8e", kill_on_drop: false }`
[INFO] running `Command { std: "docker" "rm" "-f" "b689f6bfcec5498de5d03d83e4388d9c6b94bf8abf03568b043d30c7422b4d8e", kill_on_drop: false }`
[INFO] [stdout] b689f6bfcec5498de5d03d83e4388d9c6b94bf8abf03568b043d30c7422b4d8e
[INFO] running `Command { std: "docker" "create" "-v" "/var/lib/crater-agent-workspace/builds/worker-4-tc1/target:/opt/rustwide/target:rw,Z" "-v" "/var/lib/crater-agent-workspace/builds/worker-4-tc1/source:/opt/rustwide/workdir:ro,Z" "-v" "/var/lib/crater-agent-workspace/cargo-home:/opt/rustwide/cargo-home:ro,Z" "-v" "/var/lib/crater-agent-workspace/rustup-home:/opt/rustwide/rustup-home:ro,Z" "-e" "SOURCE_DIR=/opt/rustwide/workdir" "-e" "CARGO_TARGET_DIR=/opt/rustwide/target" "-e" "CARGO_INCREMENTAL=0" "-e" "RUST_BACKTRACE=full" "-e" "RUSTFLAGS=--cap-lints=forbid" "-e" "RUSTDOCFLAGS=--cap-lints=forbid" "-e" "CARGO_HOME=/opt/rustwide/cargo-home" "-e" "RUSTUP_HOME=/opt/rustwide/rustup-home" "-w" "/opt/rustwide/workdir" "-m" "1610612736" "--user" "0:0" "--network" "none" "ghcr.io/rust-lang/crates-build-env/linux@sha256:819108c5571ea2e421544af4d832f968d213c87fbe3707a016657f43d2f853bc" "/opt/rustwide/cargo-home/bin/cargo" "+nightly-2025-01-18" "test" "--frozen", kill_on_drop: false }`
[INFO] [stdout] e62a5607573138de293575fd3e4b718199356acd1713b64264c36d44a16d8e0f
[INFO] running `Command { std: "docker" "start" "-a" "e62a5607573138de293575fd3e4b718199356acd1713b64264c36d44a16d8e0f", kill_on_drop: false }`
[INFO] [stderr] warning: fields `query`, `fragment`, `username`, and `password` are never read
[INFO] [stderr]   --> flux-network/src/url.rs:17:9
[INFO] [stderr]    |
[INFO] [stderr] 3  | pub struct Url {
[INFO] [stderr]    |            --- fields in this struct
[INFO] [stderr] ...
[INFO] [stderr] 17 |     pub query: String,
[INFO] [stderr]    |         ^^^^^
[INFO] [stderr] 18 |     /// The fragment of the URL (e.g., "#section").
[INFO] [stderr] 19 |     pub fragment: String,
[INFO] [stderr]    |         ^^^^^^^^
[INFO] [stderr] 20 |     /// The username for basic authentication.
[INFO] [stderr] 21 |     pub username: Option<String>,
[INFO] [stderr]    |         ^^^^^^^^
[INFO] [stderr] 22 |     /// The password for basic authentication.
[INFO] [stderr] 23 |     pub password: Option<String>,
[INFO] [stderr]    |         ^^^^^^^^
[INFO] [stderr]    |
[INFO] [stderr]    = note: `#[warn(dead_code)]` on by default
[INFO] [stderr] 
[INFO] [stderr] warning: `flux-network` (lib) generated 1 warning
[INFO] [stderr]     Finished `test` profile [unoptimized + debuginfo] target(s) in 0.09s
[INFO] [stderr]      Running unittests src/lib.rs (/opt/rustwide/target/debug/deps/flux_core-0fb1bee75b830dc2)
[INFO] [stdout] 
[INFO] [stdout] running 0 tests
[INFO] [stdout] 
[INFO] [stdout] test result: ok. 0 passed; 0 failed; 0 ignored; 0 measured; 0 filtered out; finished in 0.00s
[INFO] [stdout] 
[INFO] [stderr]      Running unittests src/lib.rs (/opt/rustwide/target/debug/deps/flux_dom-e04f4e4289d2fc64)
[INFO] [stdout] 
[INFO] [stdout] running 0 tests
[INFO] [stdout] 
[INFO] [stdout] test result: ok. 0 passed; 0 failed; 0 ignored; 0 measured; 0 filtered out; finished in 0.00s
[INFO] [stdout] 
[INFO] [stderr]      Running unittests src/lib.rs (/opt/rustwide/target/debug/deps/flux_network-bf2f982777be197f)
[INFO] [stdout] 
[INFO] [stdout] running 16 tests
[INFO] [stdout] test request::tests::test_add_header ... ok
[INFO] [stdout] test request::tests::test_new_request ... ok
[INFO] [stdout] test url::tests::test_parse_url_missing_scheme ... ok
[INFO] [stdout] test url::tests::test_parse_url_with_credentials ... ok
[INFO] [stdout] test url::tests::test_parse_url_with_path ... ok
[INFO] [stdout] test url::tests::test_parse_url_with_port ... ok
[INFO] [stdout] test url::tests::test_parse_url_with_query ... ok
[INFO] [stdout] test url::tests::test_parse_url_with_query_and_fragment ... ok
[INFO] [stdout] test request::tests::test_to_http_string_no_body ... ok
[INFO] [stdout] test url::tests::test_default_port_https ... ok
[INFO] [stdout] test url::tests::test_parse_url_with_fragment ... ok
[INFO] [stdout] test url::tests::test_parse_url_basic ... ok
[INFO] [stdout] test request::tests::test_set_body ... ok
[INFO] [stdout] test url::tests::test_parse_url_invalid_port ... ok
[INFO] [stdout] test request::tests::test_to_http_string_with_body ... ok
[INFO] [stdout] test tests::test_fetch ... FAILED
[INFO] [stderr] error: test failed, to rerun pass `-p flux-network --lib`
[INFO] [stdout] 
[INFO] [stdout] failures:
[INFO] [stdout] 
[INFO] [stdout] ---- tests::test_fetch stdout ----
[INFO] [stdout] 
[INFO] [stdout] thread 'tests::test_fetch' panicked at flux-network/src/lib.rs:78:60:
[INFO] [stdout] called `Result::unwrap()` on an `Err` value: ConnectionError("ConnectionFailed")
[INFO] [stdout] stack backtrace:
[INFO] [stdout]    0:     0x6126475cd4da - std::backtrace_rs::backtrace::libunwind::trace::hb059275cfc8d6126
[INFO] [stdout]                                at /rustc/6067b36314ab5eb2eb47cecc464545ba58e1ad24/library/std/src/../../backtrace/src/backtrace/libunwind.rs:116:5
[INFO] [stdout]    1:     0x6126475cd4da - std::backtrace_rs::backtrace::trace_unsynchronized::h2da071e4327ce3ee
[INFO] [stdout]                                at /rustc/6067b36314ab5eb2eb47cecc464545ba58e1ad24/library/std/src/../../backtrace/src/backtrace/mod.rs:66:5
[INFO] [stdout]    2:     0x6126475cd4da - std::sys::backtrace::_print_fmt::h842a1474e6f8d23f
[INFO] [stdout]                                at /rustc/6067b36314ab5eb2eb47cecc464545ba58e1ad24/library/std/src/sys/backtrace.rs:66:9
[INFO] [stdout]    3:     0x6126475cd4da - <std::sys::backtrace::BacktraceLock::print::DisplayBacktrace as core::fmt::Display>::fmt::h71a62eb3b9696b12
[INFO] [stdout]                                at /rustc/6067b36314ab5eb2eb47cecc464545ba58e1ad24/library/std/src/sys/backtrace.rs:39:26
[INFO] [stdout]    4:     0x6126475f6b23 - core::fmt::rt::Argument::fmt::hdb6b616786b41dc1
[INFO] [stdout]                                at /rustc/6067b36314ab5eb2eb47cecc464545ba58e1ad24/library/core/src/fmt/rt.rs:177:76
[INFO] [stdout]    5:     0x6126475f6b23 - core::fmt::write::h2cc1698af7e2d686
[INFO] [stdout]                                at /rustc/6067b36314ab5eb2eb47cecc464545ba58e1ad24/library/core/src/fmt/mod.rs:1440:21
[INFO] [stdout]    6:     0x6126475c9953 - std::io::Write::write_fmt::hab1b4cd059a79022
[INFO] [stdout]                                at /rustc/6067b36314ab5eb2eb47cecc464545ba58e1ad24/library/std/src/io/mod.rs:1887:15
[INFO] [stdout]    7:     0x6126475cd322 - std::sys::backtrace::BacktraceLock::print::h147fe35b4ea13b08
[INFO] [stdout]                                at /rustc/6067b36314ab5eb2eb47cecc464545ba58e1ad24/library/std/src/sys/backtrace.rs:42:9
[INFO] [stdout]    8:     0x6126475ce8ff - std::panicking::default_hook::{{closure}}::hbd44223dbdc0d208
[INFO] [stdout]                                at /rustc/6067b36314ab5eb2eb47cecc464545ba58e1ad24/library/std/src/panicking.rs:298:22
[INFO] [stdout]    9:     0x6126475ce718 - std::panicking::default_hook::h20f81eb0576efcec
[INFO] [stdout]                                at /rustc/6067b36314ab5eb2eb47cecc464545ba58e1ad24/library/std/src/panicking.rs:322:9
[INFO] [stdout]   10:     0x612647596c83 - <alloc::boxed::Box<F,A> as core::ops::function::Fn<Args>>::call::hdb53814c496a4d34
[INFO] [stdout]                                at /rustc/6067b36314ab5eb2eb47cecc464545ba58e1ad24/library/alloc/src/boxed.rs:2027:9
[INFO] [stdout]   11:     0x612647596c83 - test::test_main::{{closure}}::hc0a4963c59427c24
[INFO] [stdout]                                at /rustc/6067b36314ab5eb2eb47cecc464545ba58e1ad24/library/test/src/lib.rs:134:21
[INFO] [stdout]   12:     0x6126475cf3f3 - <alloc::boxed::Box<F,A> as core::ops::function::Fn<Args>>::call::h591b2225413a77e9
[INFO] [stdout]                                at /rustc/6067b36314ab5eb2eb47cecc464545ba58e1ad24/library/alloc/src/boxed.rs:2027:9
[INFO] [stdout]   13:     0x6126475cf3f3 - std::panicking::rust_panic_with_hook::h625eea43051b2edc
[INFO] [stdout]                                at /rustc/6067b36314ab5eb2eb47cecc464545ba58e1ad24/library/std/src/panicking.rs:839:13
[INFO] [stdout]   14:     0x6126475cf0aa - std::panicking::begin_panic_handler::{{closure}}::h4f9159cfbc3f6bd3
[INFO] [stdout]                                at /rustc/6067b36314ab5eb2eb47cecc464545ba58e1ad24/library/std/src/panicking.rs:704:13
[INFO] [stdout]   15:     0x6126475cd9d9 - std::sys::backtrace::__rust_end_short_backtrace::h0390abce48353151
[INFO] [stdout]                                at /rustc/6067b36314ab5eb2eb47cecc464545ba58e1ad24/library/std/src/sys/backtrace.rs:168:18
[INFO] [stdout]   16:     0x6126475ced3d - rust_begin_unwind
[INFO] [stdout]                                at /rustc/6067b36314ab5eb2eb47cecc464545ba58e1ad24/library/std/src/panicking.rs:695:5
[INFO] [stdout]   17:     0x6126475f55a0 - core::panicking::panic_fmt::h9e7c637e9e5f29c9
[INFO] [stdout]                                at /rustc/6067b36314ab5eb2eb47cecc464545ba58e1ad24/library/core/src/panicking.rs:75:14
[INFO] [stdout]   18:     0x6126475f5976 - core::result::unwrap_failed::h7979f09313fe1849
[INFO] [stdout]                                at /rustc/6067b36314ab5eb2eb47cecc464545ba58e1ad24/library/core/src/result.rs:1704:5
[INFO] [stdout]   19:     0x612647545f4b - core::result::Result<T,E>::unwrap::h422362f8e4e3bf14
[INFO] [stdout]                                at /rustc/6067b36314ab5eb2eb47cecc464545ba58e1ad24/library/core/src/result.rs:1109:23
[INFO] [stdout]   20:     0x612647545f4b - flux_network::tests::test_fetch::he4a053525d2505d3
[INFO] [stdout]                                at /opt/rustwide/workdir/flux-network/src/lib.rs:78:24
[INFO] [stdout]   21:     0x612647545e97 - flux_network::tests::test_fetch::{{closure}}::h4afaa20b79c637d1
[INFO] [stdout]                                at /opt/rustwide/workdir/flux-network/src/lib.rs:74:20
[INFO] [stdout]   22:     0x612647539ee6 - core::ops::function::FnOnce::call_once::heda72a32a9e63504
[INFO] [stdout]                                at /rustc/6067b36314ab5eb2eb47cecc464545ba58e1ad24/library/core/src/ops/function.rs:250:5
[INFO] [stdout]   23:     0x61264759c3db - core::ops::function::FnOnce::call_once::he27718dfdd183f43
[INFO] [stdout]                                at /rustc/6067b36314ab5eb2eb47cecc464545ba58e1ad24/library/core/src/ops/function.rs:250:5
[INFO] [stdout]   24:     0x61264759c3db - test::__rust_begin_short_backtrace::h4e84902998457a5d
[INFO] [stdout]                                at /rustc/6067b36314ab5eb2eb47cecc464545ba58e1ad24/library/test/src/lib.rs:632:18
[INFO] [stdout]   25:     0x61264759b313 - test::run_test_in_process::{{closure}}::h7176fd18fc1feca0
[INFO] [stdout]                                at /rustc/6067b36314ab5eb2eb47cecc464545ba58e1ad24/library/test/src/lib.rs:655:60
[INFO] [stdout]   26:     0x61264759b313 - <core::panic::unwind_safe::AssertUnwindSafe<F> as core::ops::function::FnOnce<()>>::call_once::hf79cff2a624d8cf7
[INFO] [stdout]                                at /rustc/6067b36314ab5eb2eb47cecc464545ba58e1ad24/library/core/src/panic/unwind_safe.rs:272:9
[INFO] [stdout]   27:     0x61264759b313 - std::panicking::try::do_call::h3da0561d9ab99c25
[INFO] [stdout]                                at /rustc/6067b36314ab5eb2eb47cecc464545ba58e1ad24/library/std/src/panicking.rs:587:40
[INFO] [stdout]   28:     0x61264759b313 - std::panicking::try::h41c9fa508bc61df6
[INFO] [stdout]                                at /rustc/6067b36314ab5eb2eb47cecc464545ba58e1ad24/library/std/src/panicking.rs:550:19
[INFO] [stdout]   29:     0x61264759b313 - std::panic::catch_unwind::h6b3ff07bb5afad93
[INFO] [stdout]                                at /rustc/6067b36314ab5eb2eb47cecc464545ba58e1ad24/library/std/src/panic.rs:358:14
[INFO] [stdout]   30:     0x61264759b313 - test::run_test_in_process::hc7253dd11b39b9f4
[INFO] [stdout]                                at /rustc/6067b36314ab5eb2eb47cecc464545ba58e1ad24/library/test/src/lib.rs:655:27
[INFO] [stdout]   31:     0x61264759b313 - test::run_test::{{closure}}::hfb2007f8649c30bb
[INFO] [stdout]                                at /rustc/6067b36314ab5eb2eb47cecc464545ba58e1ad24/library/test/src/lib.rs:576:43
[INFO] [stdout]   32:     0x61264755e3f5 - test::run_test::{{closure}}::h56a17aa7a282a9f4
[INFO] [stdout]                                at /rustc/6067b36314ab5eb2eb47cecc464545ba58e1ad24/library/test/src/lib.rs:606:41
[INFO] [stdout]   33:     0x61264755e3f5 - std::sys::backtrace::__rust_begin_short_backtrace::hd2d2d2fb8e8c6aac
[INFO] [stdout]                                at /rustc/6067b36314ab5eb2eb47cecc464545ba58e1ad24/library/std/src/sys/backtrace.rs:152:18
[INFO] [stdout]   34:     0x612647561cda - std::thread::Builder::spawn_unchecked_::{{closure}}::{{closure}}::h4faa3f9db6133423
[INFO] [stdout]                                at /rustc/6067b36314ab5eb2eb47cecc464545ba58e1ad24/library/std/src/thread/mod.rs:559:17
[INFO] [stdout]   35:     0x612647561cda - <core::panic::unwind_safe::AssertUnwindSafe<F> as core::ops::function::FnOnce<()>>::call_once::hf2e855a36a4ea846
[INFO] [stdout]                                at /rustc/6067b36314ab5eb2eb47cecc464545ba58e1ad24/library/core/src/panic/unwind_safe.rs:272:9
[INFO] [stdout]   36:     0x612647561cda - std::panicking::try::do_call::h2f73af3616c35465
[INFO] [stdout]                                at /rustc/6067b36314ab5eb2eb47cecc464545ba58e1ad24/library/std/src/panicking.rs:587:40
[INFO] [stdout]   37:     0x612647561cda - std::panicking::try::hd1660ce9efadef5a
[INFO] [stdout]                                at /rustc/6067b36314ab5eb2eb47cecc464545ba58e1ad24/library/std/src/panicking.rs:550:19
[INFO] [stdout]   38:     0x612647561cda - std::panic::catch_unwind::h5ee8d7823b8ca744
[INFO] [stdout]                                at /rustc/6067b36314ab5eb2eb47cecc464545ba58e1ad24/library/std/src/panic.rs:358:14
[INFO] [stdout]   39:     0x612647561cda - std::thread::Builder::spawn_unchecked_::{{closure}}::h53c3a1894dce8407
[INFO] [stdout]                                at /rustc/6067b36314ab5eb2eb47cecc464545ba58e1ad24/library/std/src/thread/mod.rs:557:30
[INFO] [stdout]   40:     0x612647561cda - core::ops::function::FnOnce::call_once{{vtable.shim}}::h048ce291ad4f62bf
[INFO] [stdout]                                at /rustc/6067b36314ab5eb2eb47cecc464545ba58e1ad24/library/core/src/ops/function.rs:250:5
[INFO] [stdout]   41:     0x6126475d333b - <alloc::boxed::Box<F,A> as core::ops::function::FnOnce<Args>>::call_once::ha52bedf99a3b4981
[INFO] [stdout]                                at /rustc/6067b36314ab5eb2eb47cecc464545ba58e1ad24/library/alloc/src/boxed.rs:2013:9
[INFO] [stdout]   42:     0x6126475d333b - <alloc::boxed::Box<F,A> as core::ops::function::FnOnce<Args>>::call_once::h567748934d80ccf8
[INFO] [stdout]                                at /rustc/6067b36314ab5eb2eb47cecc464545ba58e1ad24/library/alloc/src/boxed.rs:2013:9
[INFO] [stdout]   43:     0x6126475d333b - std::sys::pal::unix::thread::Thread::new::thread_start::h2d970728ae887adc
[INFO] [stdout]                                at /rustc/6067b36314ab5eb2eb47cecc464545ba58e1ad24/library/std/src/sys/pal/unix/thread.rs:106:17
[INFO] [stdout]   44:     0x71bdc5bfaac3 - <unknown>
[INFO] [stdout]   45:     0x71bdc5c8ba04 - clone
[INFO] [stdout]   46:                0x0 - <unknown>
[INFO] [stdout] 
[INFO] [stdout] 
[INFO] [stdout] failures:
[INFO] [stdout]     tests::test_fetch
[INFO] [stdout] 
[INFO] [stdout] test result: FAILED. 15 passed; 1 failed; 0 ignored; 0 measured; 0 filtered out; finished in 0.05s
[INFO] [stdout] 
[INFO] running `Command { std: "docker" "inspect" "e62a5607573138de293575fd3e4b718199356acd1713b64264c36d44a16d8e0f", kill_on_drop: false }`
[INFO] running `Command { std: "docker" "rm" "-f" "e62a5607573138de293575fd3e4b718199356acd1713b64264c36d44a16d8e0f", kill_on_drop: false }`
[INFO] [stdout] e62a5607573138de293575fd3e4b718199356acd1713b64264c36d44a16d8e0f
