[INFO] cloning repository https://github.com/spotlesscoder/mixxx-libhelper
[INFO] running `Command { std: "git" "-c" "credential.helper=" "-c" "credential.helper=/workspace/cargo-home/bin/git-credential-null" "clone" "--bare" "https://github.com/spotlesscoder/mixxx-libhelper" "/workspace/cache/git-repos/https%3A%2F%2Fgithub.com%2Fspotlesscoder%2Fmixxx-libhelper", kill_on_drop: false }`
[INFO] [stderr] Cloning into bare repository '/workspace/cache/git-repos/https%3A%2F%2Fgithub.com%2Fspotlesscoder%2Fmixxx-libhelper'...
[INFO] running `Command { std: "git" "rev-parse" "HEAD", kill_on_drop: false }`
[INFO] [stdout] 600c6059972d1e8ec96db1dd9efc401eb0c593d4
[INFO] testing spotlesscoder/mixxx-libhelper against nightly-2025-01-18 for randomize-layout-2
[INFO] running `Command { std: "git" "clone" "/workspace/cache/git-repos/https%3A%2F%2Fgithub.com%2Fspotlesscoder%2Fmixxx-libhelper" "/workspace/builds/worker-3-tc1/source", kill_on_drop: false }`
[INFO] [stderr] Cloning into '/workspace/builds/worker-3-tc1/source'...
[INFO] [stderr] done.
[INFO] validating manifest of git repo https://github.com/spotlesscoder/mixxx-libhelper on toolchain nightly-2025-01-18
[INFO] running `Command { std: CARGO_HOME="/workspace/cargo-home" RUSTUP_HOME="/workspace/rustup-home" "/workspace/cargo-home/bin/cargo" "+nightly-2025-01-18" "metadata" "--manifest-path" "Cargo.toml" "--no-deps", kill_on_drop: false }`
[INFO] started tweaking git repo https://github.com/spotlesscoder/mixxx-libhelper
[INFO] finished tweaking git repo https://github.com/spotlesscoder/mixxx-libhelper
[INFO] tweaked toml for git repo https://github.com/spotlesscoder/mixxx-libhelper written to /workspace/builds/worker-3-tc1/source/Cargo.toml
[INFO] crate git repo https://github.com/spotlesscoder/mixxx-libhelper already has a lockfile, it will not be regenerated
[INFO] running `Command { std: CARGO_HOME="/workspace/cargo-home" RUSTUP_HOME="/workspace/rustup-home" "/workspace/cargo-home/bin/cargo" "+nightly-2025-01-18" "fetch" "--manifest-path" "Cargo.toml", kill_on_drop: false }`
[INFO] [stderr]  Downloading crates ...
[INFO] [stderr]   Downloaded toml v0.8.15
[INFO] [stderr]   Downloaded gobject-sys v0.20.0
[INFO] [stderr]   Downloaded system-deps v7.0.1
[INFO] [stderr]   Downloaded id3 v1.14.0
[INFO] [stderr]   Downloaded glib-macros v0.20.0
[INFO] [stderr]   Downloaded gio-sys v0.20.0
[INFO] [stderr]   Downloaded glib-sys v0.20.0
[INFO] [stderr]   Downloaded glib v0.20.0
[INFO] [stderr]   Downloaded winnow v0.6.14
[INFO] [stderr]   Downloaded gstreamer v0.23.3
[INFO] running `Command { std: "docker" "create" "-v" "/var/lib/crater-agent-workspace/builds/worker-3-tc1/target:/opt/rustwide/target:rw,Z" "-v" "/var/lib/crater-agent-workspace/builds/worker-3-tc1/source:/opt/rustwide/workdir:ro,Z" "-v" "/var/lib/crater-agent-workspace/cargo-home:/opt/rustwide/cargo-home:ro,Z" "-v" "/var/lib/crater-agent-workspace/rustup-home:/opt/rustwide/rustup-home:ro,Z" "-e" "SOURCE_DIR=/opt/rustwide/workdir" "-e" "CARGO_TARGET_DIR=/opt/rustwide/target" "-e" "CARGO_HOME=/opt/rustwide/cargo-home" "-e" "RUSTUP_HOME=/opt/rustwide/rustup-home" "-w" "/opt/rustwide/workdir" "-m" "1610612736" "--user" "0:0" "--network" "none" "ghcr.io/rust-lang/crates-build-env/linux@sha256:819108c5571ea2e421544af4d832f968d213c87fbe3707a016657f43d2f853bc" "/opt/rustwide/cargo-home/bin/cargo" "+nightly-2025-01-18" "metadata" "--no-deps" "--format-version=1", kill_on_drop: false }`
[INFO] [stdout] 6cbb3e91034415f1782e4776ff6724f18bfa7930e3f4ddb735f418b28acd54a8
[INFO] running `Command { std: "docker" "start" "-a" "6cbb3e91034415f1782e4776ff6724f18bfa7930e3f4ddb735f418b28acd54a8", kill_on_drop: false }`
[INFO] running `Command { std: "docker" "inspect" "6cbb3e91034415f1782e4776ff6724f18bfa7930e3f4ddb735f418b28acd54a8", kill_on_drop: false }`
[INFO] running `Command { std: "docker" "rm" "-f" "6cbb3e91034415f1782e4776ff6724f18bfa7930e3f4ddb735f418b28acd54a8", kill_on_drop: false }`
[INFO] [stdout] 6cbb3e91034415f1782e4776ff6724f18bfa7930e3f4ddb735f418b28acd54a8
[INFO] running `Command { std: "docker" "create" "-v" "/var/lib/crater-agent-workspace/builds/worker-3-tc1/target:/opt/rustwide/target:rw,Z" "-v" "/var/lib/crater-agent-workspace/builds/worker-3-tc1/source:/opt/rustwide/workdir:ro,Z" "-v" "/var/lib/crater-agent-workspace/cargo-home:/opt/rustwide/cargo-home:ro,Z" "-v" "/var/lib/crater-agent-workspace/rustup-home:/opt/rustwide/rustup-home:ro,Z" "-e" "SOURCE_DIR=/opt/rustwide/workdir" "-e" "CARGO_TARGET_DIR=/opt/rustwide/target" "-e" "CARGO_INCREMENTAL=0" "-e" "RUST_BACKTRACE=full" "-e" "RUSTFLAGS=--cap-lints=forbid" "-e" "RUSTDOCFLAGS=--cap-lints=forbid" "-e" "CARGO_HOME=/opt/rustwide/cargo-home" "-e" "RUSTUP_HOME=/opt/rustwide/rustup-home" "-w" "/opt/rustwide/workdir" "-m" "1610612736" "--user" "0:0" "--network" "none" "ghcr.io/rust-lang/crates-build-env/linux@sha256:819108c5571ea2e421544af4d832f968d213c87fbe3707a016657f43d2f853bc" "/opt/rustwide/cargo-home/bin/cargo" "+nightly-2025-01-18" "build" "--frozen" "--message-format=json", kill_on_drop: false }`
[INFO] [stdout] 1d6a8c3c4617f322a292de625757b0a32cb6d0d3b3ae7e9d9da3adc9471e73c2
[INFO] running `Command { std: "docker" "start" "-a" "1d6a8c3c4617f322a292de625757b0a32cb6d0d3b3ae7e9d9da3adc9471e73c2", kill_on_drop: false }`
[INFO] [stderr]    Compiling serde v1.0.204
[INFO] [stderr]    Compiling hashbrown v0.14.5
[INFO] [stderr]    Compiling equivalent v1.0.1
[INFO] [stderr]    Compiling pkg-config v0.3.30
[INFO] [stderr]    Compiling target-lexicon v0.12.15
[INFO] [stderr]    Compiling winnow v0.6.14
[INFO] [stderr]    Compiling smallvec v1.13.2
[INFO] [stderr]    Compiling heck v0.5.0
[INFO] [stderr]    Compiling version-compare v0.2.0
[INFO] [stderr]    Compiling version_check v0.9.4
[INFO] [stderr]    Compiling libc v0.2.155
[INFO] [stderr]    Compiling autocfg v1.3.0
[INFO] [stderr]    Compiling proc-macro2 v1.0.86
[INFO] [stderr]    Compiling unicode-ident v1.0.12
[INFO] [stderr]    Compiling typenum v1.17.0
[INFO] [stderr]    Compiling once_cell v1.19.0
[INFO] [stderr]    Compiling futures-core v0.3.30
[INFO] [stderr]    Compiling winnow v0.5.40
[INFO] [stderr]    Compiling memchr v2.7.4
[INFO] [stderr]    Compiling bitflags v2.6.0
[INFO] [stderr]    Compiling zerocopy v0.7.35
[INFO] [stderr]    Compiling slab v0.4.9
[INFO] [stderr]    Compiling num-traits v0.2.19
[INFO] [stderr]    Compiling generic-array v0.14.7
[INFO] [stderr]    Compiling ahash v0.8.11
[INFO] [stderr]    Compiling paste v1.0.15
[INFO] [stderr]    Compiling pin-project-lite v0.2.14
[INFO] [stderr]    Compiling futures-task v0.3.30
[INFO] [stderr]    Compiling vcpkg v0.2.15
[INFO] [stderr]    Compiling thiserror v1.0.63
[INFO] [stderr]    Compiling miniz_oxide v0.7.4
[INFO] [stderr]    Compiling quote v1.0.36
[INFO] [stderr]    Compiling cfg-expr v0.15.8
[INFO] [stderr]    Compiling getrandom v0.2.15
[INFO] [stderr]    Compiling aho-corasick v1.1.3
[INFO] [stderr]    Compiling indexmap v2.2.6
[INFO] [stderr]    Compiling syn v2.0.70
[INFO] [stderr]    Compiling num-integer v0.1.46
[INFO] [stderr]    Compiling rand_core v0.6.4
[INFO] [stderr]    Compiling futures-channel v0.3.30
[INFO] [stderr]    Compiling crc32fast v1.4.2
[INFO] [stderr]    Compiling either v1.13.0
[INFO] [stderr]    Compiling regex-syntax v0.8.5
[INFO] [stderr]    Compiling ppv-lite86 v0.2.17
[INFO] [stderr]    Compiling num-rational v0.4.2
[INFO] [stderr]    Compiling option-operations v0.5.0
[INFO] [stderr]    Compiling flate2 v1.0.30
[INFO] [stderr]    Compiling muldiv v1.0.1
[INFO] [stderr]    Compiling libsqlite3-sys v0.28.0
[INFO] [stderr]    Compiling itertools v0.13.0
[INFO] [stderr]    Compiling cpufeatures v0.2.12
[INFO] [stderr]    Compiling fallible-iterator v0.3.0
[INFO] [stderr]    Compiling rand_chacha v0.3.1
[INFO] [stderr]    Compiling byteorder v1.5.0
[INFO] [stderr]    Compiling fallible-streaming-iterator v0.1.9
[INFO] [stderr]    Compiling hashlink v0.9.1
[INFO] [stderr]    Compiling rand v0.8.5
[INFO] [stderr]    Compiling id3 v1.14.0
[INFO] [stderr]    Compiling crypto-common v0.1.6
[INFO] [stderr]    Compiling block-buffer v0.10.4
[INFO] [stderr]    Compiling digest v0.10.7
[INFO] [stderr]    Compiling sha2 v0.10.8
[INFO] [stderr]    Compiling rusqlite v0.31.0
[INFO] [stderr]    Compiling regex-automata v0.4.8
[INFO] [stderr]    Compiling toml_datetime v0.6.6
[INFO] [stderr]    Compiling serde_spanned v0.6.6
[INFO] [stderr]    Compiling toml_edit v0.22.16
[INFO] [stderr]    Compiling toml_edit v0.21.1
[INFO] [stderr]    Compiling futures-macro v0.3.30
[INFO] [stderr]    Compiling thiserror-impl v1.0.63
[INFO] [stderr]    Compiling futures-util v0.3.30
[INFO] [stderr]    Compiling proc-macro-crate v3.1.0
[INFO] [stderr]    Compiling regex v1.11.1
[INFO] [stderr]    Compiling toml v0.8.15
[INFO] [stderr]    Compiling glib-macros v0.20.0
[INFO] [stderr]    Compiling system-deps v7.0.1
[INFO] [stderr]    Compiling glib-sys v0.20.0
[INFO] [stderr]    Compiling gobject-sys v0.20.0
[INFO] [stderr]    Compiling gio-sys v0.20.0
[INFO] [stderr]    Compiling gstreamer-sys v0.23.0
[INFO] [stderr]    Compiling futures-executor v0.3.30
[INFO] [stderr]    Compiling glib v0.20.0
[INFO] [stderr]    Compiling gstreamer v0.23.3
[INFO] [stderr]    Compiling mixxx_libhelper v0.1.0 (/opt/rustwide/workdir)
[INFO] [stdout] warning: fields `fingerprint` and `fingerprint_algorithm` are never read
[INFO] [stdout]   --> src/lib/track_fingerprinting/track_fingerprinting.rs:11:13
[INFO] [stdout]    |
[INFO] [stdout] 10 |     pub struct Fingerprint {
[INFO] [stdout]    |                ----------- fields in this struct
[INFO] [stdout] 11 |         pub fingerprint: String,
[INFO] [stdout]    |             ^^^^^^^^^^^
[INFO] [stdout] 12 |         pub fingerprint_algorithm: FingerprintAlgorithm,
[INFO] [stdout]    |             ^^^^^^^^^^^^^^^^^^^^^
[INFO] [stdout]    |
[INFO] [stdout]    = note: `#[warn(dead_code)]` on by default
[INFO] [stdout] 
[INFO] [stdout] 
[INFO] [stdout] warning: function `move_folder` is never used
[INFO] [stdout]  --> src/lib/track_movement/move_fns.rs:7:12
[INFO] [stdout]   |
[INFO] [stdout] 7 |     pub fn move_folder(
[INFO] [stdout]   |            ^^^^^^^^^^^
[INFO] [stdout] 
[INFO] [stdout] 
[INFO] [stdout] warning: call to `.clone()` on a reference in this situation does nothing
[INFO] [stdout]   --> src/lib/track_movement/move_fns.rs:30:54
[INFO] [stdout]    |
[INFO] [stdout] 30 |             let mut target = String::from(target_path.clone());
[INFO] [stdout]    |                                                      ^^^^^^^^ help: remove this redundant call
[INFO] [stdout]    |
[INFO] [stdout]    = note: the type `str` does not implement `Clone`, so calling `clone` on `&str` copies the reference, which does not do anything and can be removed
[INFO] [stdout]    = note: `#[warn(noop_method_call)]` on by default
[INFO] [stdout] 
[INFO] [stdout] 
[INFO] [stderr]     Finished `dev` profile [unoptimized + debuginfo] target(s) in 50.30s
[INFO] running `Command { std: "docker" "inspect" "1d6a8c3c4617f322a292de625757b0a32cb6d0d3b3ae7e9d9da3adc9471e73c2", kill_on_drop: false }`
[INFO] running `Command { std: "docker" "rm" "-f" "1d6a8c3c4617f322a292de625757b0a32cb6d0d3b3ae7e9d9da3adc9471e73c2", kill_on_drop: false }`
[INFO] [stdout] 1d6a8c3c4617f322a292de625757b0a32cb6d0d3b3ae7e9d9da3adc9471e73c2
[INFO] running `Command { std: "docker" "create" "-v" "/var/lib/crater-agent-workspace/builds/worker-3-tc1/target:/opt/rustwide/target:rw,Z" "-v" "/var/lib/crater-agent-workspace/builds/worker-3-tc1/source:/opt/rustwide/workdir:ro,Z" "-v" "/var/lib/crater-agent-workspace/cargo-home:/opt/rustwide/cargo-home:ro,Z" "-v" "/var/lib/crater-agent-workspace/rustup-home:/opt/rustwide/rustup-home:ro,Z" "-e" "SOURCE_DIR=/opt/rustwide/workdir" "-e" "CARGO_TARGET_DIR=/opt/rustwide/target" "-e" "CARGO_INCREMENTAL=0" "-e" "RUST_BACKTRACE=full" "-e" "RUSTFLAGS=--cap-lints=forbid" "-e" "RUSTDOCFLAGS=--cap-lints=forbid" "-e" "CARGO_HOME=/opt/rustwide/cargo-home" "-e" "RUSTUP_HOME=/opt/rustwide/rustup-home" "-w" "/opt/rustwide/workdir" "-m" "1610612736" "--user" "0:0" "--network" "none" "ghcr.io/rust-lang/crates-build-env/linux@sha256:819108c5571ea2e421544af4d832f968d213c87fbe3707a016657f43d2f853bc" "/opt/rustwide/cargo-home/bin/cargo" "+nightly-2025-01-18" "test" "--frozen" "--no-run" "--message-format=json", kill_on_drop: false }`
[INFO] [stdout] 79c6d39b99de70fe4f66f80221183694af3f042978829de67ef94c2f7465e022
[INFO] running `Command { std: "docker" "start" "-a" "79c6d39b99de70fe4f66f80221183694af3f042978829de67ef94c2f7465e022", kill_on_drop: false }`
[INFO] [stderr]    Compiling mixxx_libhelper v0.1.0 (/opt/rustwide/workdir)
[INFO] [stdout] warning: fields `fingerprint` and `fingerprint_algorithm` are never read
[INFO] [stdout]   --> src/lib/track_fingerprinting/track_fingerprinting.rs:11:13
[INFO] [stdout]    |
[INFO] [stdout] 10 |     pub struct Fingerprint {
[INFO] [stdout]    |                ----------- fields in this struct
[INFO] [stdout] 11 |         pub fingerprint: String,
[INFO] [stdout]    |             ^^^^^^^^^^^
[INFO] [stdout] 12 |         pub fingerprint_algorithm: FingerprintAlgorithm,
[INFO] [stdout]    |             ^^^^^^^^^^^^^^^^^^^^^
[INFO] [stdout]    |
[INFO] [stdout]    = note: `#[warn(dead_code)]` on by default
[INFO] [stdout] 
[INFO] [stdout] 
[INFO] [stdout] warning: function `move_folder` is never used
[INFO] [stdout]  --> src/lib/track_movement/move_fns.rs:7:12
[INFO] [stdout]   |
[INFO] [stdout] 7 |     pub fn move_folder(
[INFO] [stdout]   |            ^^^^^^^^^^^
[INFO] [stdout] 
[INFO] [stdout] 
[INFO] [stdout] warning: call to `.clone()` on a reference in this situation does nothing
[INFO] [stdout]   --> src/lib/track_movement/move_fns.rs:30:54
[INFO] [stdout]    |
[INFO] [stdout] 30 |             let mut target = String::from(target_path.clone());
[INFO] [stdout]    |                                                      ^^^^^^^^ help: remove this redundant call
[INFO] [stdout]    |
[INFO] [stdout]    = note: the type `str` does not implement `Clone`, so calling `clone` on `&str` copies the reference, which does not do anything and can be removed
[INFO] [stdout]    = note: `#[warn(noop_method_call)]` on by default
[INFO] [stdout] 
[INFO] [stdout] 
[INFO] [stdout] warning: function `move_folder` is never used
[INFO] [stdout]  --> src/lib/track_movement/move_fns.rs:7:12
[INFO] [stdout]   |
[INFO] [stdout] 7 |     pub fn move_folder(
[INFO] [stdout]   |            ^^^^^^^^^^^
[INFO] [stdout]   |
[INFO] [stdout]   = note: `#[warn(dead_code)]` on by default
[INFO] [stdout] 
[INFO] [stdout] 
[INFO] [stdout] warning: function `full_integration_test` is never used
[INFO] [stdout]    --> src/lib/lib.rs:247:12
[INFO] [stdout]     |
[INFO] [stdout] 247 |         fn full_integration_test() -> Result<(), Box<dyn std::error::Error>> {
[INFO] [stdout]     |            ^^^^^^^^^^^^^^^^^^^^^
[INFO] [stdout] 
[INFO] [stdout] 
[INFO] [stdout] warning: function `setup_test_db` is never used
[INFO] [stdout]    --> src/lib/lib.rs:367:12
[INFO] [stdout]     |
[INFO] [stdout] 367 |         fn setup_test_db(connection: &Connection) -> Result<(), Box<dyn std::error::Error>> {
[INFO] [stdout]     |            ^^^^^^^^^^^^^
[INFO] [stdout] 
[INFO] [stdout] 
[INFO] [stdout] warning: call to `.clone()` on a reference in this situation does nothing
[INFO] [stdout]   --> src/lib/track_movement/move_fns.rs:30:54
[INFO] [stdout]    |
[INFO] [stdout] 30 |             let mut target = String::from(target_path.clone());
[INFO] [stdout]    |                                                      ^^^^^^^^ help: remove this redundant call
[INFO] [stdout]    |
[INFO] [stdout]    = note: the type `str` does not implement `Clone`, so calling `clone` on `&str` copies the reference, which does not do anything and can be removed
[INFO] [stdout]    = note: `#[warn(noop_method_call)]` on by default
[INFO] [stdout] 
[INFO] [stdout] 
[INFO] [stderr]     Finished `test` profile [unoptimized + debuginfo] target(s) in 1.32s
[INFO] running `Command { std: "docker" "inspect" "79c6d39b99de70fe4f66f80221183694af3f042978829de67ef94c2f7465e022", kill_on_drop: false }`
[INFO] running `Command { std: "docker" "rm" "-f" "79c6d39b99de70fe4f66f80221183694af3f042978829de67ef94c2f7465e022", kill_on_drop: false }`
[INFO] [stdout] 79c6d39b99de70fe4f66f80221183694af3f042978829de67ef94c2f7465e022
[INFO] running `Command { std: "docker" "create" "-v" "/var/lib/crater-agent-workspace/builds/worker-3-tc1/target:/opt/rustwide/target:rw,Z" "-v" "/var/lib/crater-agent-workspace/builds/worker-3-tc1/source:/opt/rustwide/workdir:ro,Z" "-v" "/var/lib/crater-agent-workspace/cargo-home:/opt/rustwide/cargo-home:ro,Z" "-v" "/var/lib/crater-agent-workspace/rustup-home:/opt/rustwide/rustup-home:ro,Z" "-e" "SOURCE_DIR=/opt/rustwide/workdir" "-e" "CARGO_TARGET_DIR=/opt/rustwide/target" "-e" "CARGO_INCREMENTAL=0" "-e" "RUST_BACKTRACE=full" "-e" "RUSTFLAGS=--cap-lints=forbid" "-e" "RUSTDOCFLAGS=--cap-lints=forbid" "-e" "CARGO_HOME=/opt/rustwide/cargo-home" "-e" "RUSTUP_HOME=/opt/rustwide/rustup-home" "-w" "/opt/rustwide/workdir" "-m" "1610612736" "--user" "0:0" "--network" "none" "ghcr.io/rust-lang/crates-build-env/linux@sha256:819108c5571ea2e421544af4d832f968d213c87fbe3707a016657f43d2f853bc" "/opt/rustwide/cargo-home/bin/cargo" "+nightly-2025-01-18" "test" "--frozen", kill_on_drop: false }`
[INFO] [stdout] ea3604bf068edea897e12370e463ac2614e5c35673aee1b8c2ae982359ee8583
[INFO] running `Command { std: "docker" "start" "-a" "ea3604bf068edea897e12370e463ac2614e5c35673aee1b8c2ae982359ee8583", kill_on_drop: false }`
[INFO] [stderr] warning: fields `fingerprint` and `fingerprint_algorithm` are never read
[INFO] [stderr]   --> src/lib/track_fingerprinting/track_fingerprinting.rs:11:13
[INFO] [stderr]    |
[INFO] [stderr] 10 |     pub struct Fingerprint {
[INFO] [stderr]    |                ----------- fields in this struct
[INFO] [stderr] 11 |         pub fingerprint: String,
[INFO] [stderr]    |             ^^^^^^^^^^^
[INFO] [stderr] 12 |         pub fingerprint_algorithm: FingerprintAlgorithm,
[INFO] [stderr]    |             ^^^^^^^^^^^^^^^^^^^^^
[INFO] [stderr]    |
[INFO] [stderr]    = note: `#[warn(dead_code)]` on by default
[INFO] [stderr] 
[INFO] [stderr] warning: function `move_folder` is never used
[INFO] [stderr]  --> src/lib/track_movement/move_fns.rs:7:12
[INFO] [stderr]   |
[INFO] [stderr] 7 |     pub fn move_folder(
[INFO] [stderr]   |            ^^^^^^^^^^^
[INFO] [stderr] 
[INFO] [stderr] warning: call to `.clone()` on a reference in this situation does nothing
[INFO] [stderr]   --> src/lib/track_movement/move_fns.rs:30:54
[INFO] [stderr]    |
[INFO] [stderr] 30 |             let mut target = String::from(target_path.clone());
[INFO] [stderr]    |                                                      ^^^^^^^^ help: remove this redundant call
[INFO] [stderr]    |
[INFO] [stderr]    = note: the type `str` does not implement `Clone`, so calling `clone` on `&str` copies the reference, which does not do anything and can be removed
[INFO] [stderr]    = note: `#[warn(noop_method_call)]` on by default
[INFO] [stderr] 
[INFO] [stderr] warning: function `move_folder` is never used
[INFO] [stderr]  --> src/lib/track_movement/move_fns.rs:7:12
[INFO] [stderr]   |
[INFO] [stderr] 7 |     pub fn move_folder(
[INFO] [stderr]   |            ^^^^^^^^^^^
[INFO] [stderr]   |
[INFO] [stderr]   = note: `#[warn(dead_code)]` on by default
[INFO] [stderr] 
[INFO] [stderr] warning: function `full_integration_test` is never used
[INFO] [stderr]    --> src/lib/lib.rs:247:12
[INFO] [stderr]     |
[INFO] [stderr] 247 |         fn full_integration_test() -> Result<(), Box<dyn std::error::Error>> {
[INFO] [stderr]     |            ^^^^^^^^^^^^^^^^^^^^^
[INFO] [stderr] 
[INFO] [stderr] warning: function `setup_test_db` is never used
[INFO] [stderr]    --> src/lib/lib.rs:367:12
[INFO] [stderr]     |
[INFO] [stderr] 367 |         fn setup_test_db(connection: &Connection) -> Result<(), Box<dyn std::error::Error>> {
[INFO] [stderr]     |            ^^^^^^^^^^^^^
[INFO] [stderr] 
[INFO] [stderr] warning: `mixxx_libhelper` (lib) generated 3 warnings (run `cargo fix --lib -p mixxx_libhelper` to apply 1 suggestion)
[INFO] [stderr] warning: `mixxx_libhelper` (lib test) generated 4 warnings (1 duplicate)
[INFO] [stderr]     Finished `test` profile [unoptimized + debuginfo] target(s) in 0.27s
[INFO] [stderr]      Running unittests src/lib/lib.rs (/opt/rustwide/target/debug/deps/mixxx_libhelper-136f56af5b04a4ee)
[INFO] [stdout] 
[INFO] [stdout] running 11 tests
[INFO] [stdout] test logfile_anonymize::logfile_anonymize::tests::random_device_id_works ... ok
[INFO] [stdout] test mixxx_db::tests::filter_to_id3_supported_formats_includes_all_valid_formats ... ok
[INFO] [stdout] test logfile_anonymize::logfile_anonymize::tests::replace_works_serial_one_line ... ok
[INFO] [stdout] test track_categorization::genre::genre::tests::detects_main_floor_dance ... ok
[INFO] [stdout] test mixxx_db::tests::filter_to_id3_supported_formats_leaves_out_mov ... ok
[INFO] [stdout] test mixxx_db::tests::filter_to_edm_tracks_leaves_out_whitespace_genre ... ok
[INFO] [stdout] test track_categorization::genre::genre::tests::detects_main_floor_trance ... ok
[INFO] [stdout] test track_categorization::genre::genre::tests::trance_is_edm ... ok
[INFO] [stdout] test track_fingerprinting::track_fingerprinting::track_fingerprinting::tests::get_track_fingerprints_for_file_works ... ok
[INFO] [stdout] test logfile_anonymize::logfile_anonymize::tests::replace_works_serial_multi_line ... FAILED
[INFO] [stdout] test logfile_anonymize::logfile_anonymize::tests::replace_device_ids_works_single_line ... FAILED
[INFO] [stdout] 
[INFO] [stdout] failures:
[INFO] [stdout] 
[INFO] [stdout] ---- logfile_anonymize::logfile_anonymize::tests::replace_works_serial_multi_line stdout ----
[INFO] [stdout] 
[INFO] [stdout] thread 'logfile_anonymize::logfile_anonymize::tests::replace_works_serial_multi_line' panicked at src/lib/logfile_anonymize.rs:120:13:
[INFO] [stdout] assertion `left == right` failed
[INFO] [stdout]   left: "Debug [Controller]    Nodes detected: 0\nDebug [Controller] Scanning USB Bulk devices:\nInfo [Controller] Scanning USB HID devices\nInfo [Controller] Excluding HID device { 1a2b:3c4d r123 | Usage: ff00:000b | Manufacturer: Apple Inc. | Product: Apple Internal Keyboard / Trackpad | S/N: [HIDDEN by github.com/spotlesscoder/mixxx-libhelper] }\nInfo [Controller] Excluding HID device { 1a2b:3c4d r123 | Usage: ff00:0003 | Manufacturer: Apple Inc. | Product: Apple Internal Keyboard / Trackpad | S/N: [HIDDEN by github.com/spotlesscoder/mixxx-libhelper] }\nInfo [Controller] Found HID device: { 0000:0000 r0 | Usage: ff00:00ff | Manufacturer: Apple }\nInfo [Controller] Found HID device: { 0000:0000 r0 | Usage: ff00:0004 | Manufacturer: Apple }\nInfo [Controller] Excluding HID device { 1a2b:3c4d r123 | Usage: ff00:000d | Manufacturer: Apple Inc. | Product: Apple Internal Keyboard / Trackpad | S/N: [HIDDEN by github.com/spotlesscoder/mixxx-libhelper] }\nInfo [Controller] Found HID device: { 5e6f:7a8b r0 | Usage: ff00:0048 | Manufacturer: APPL | Product: BTM }\nInfo [Controller] Excluding HID device { 5e6f:7a8b r0 | Usage: 000d:0004 | Manufacturer: Apple }\nInfo [Controller] Excluding HID device { 9c0d:8e1f r0 | Usage: 0001:0006 | Product: TouchBarUserDevice }\nInfo [Controller] Excluding HID device { 1a2b:3c4d r0 | Usage: ff00:000f | Product: Keyboard Backlight }\nInfo [Controller] Excluding HID device { 1a2b:3c4d r123 | Usage: 0001:0006 | Manufacturer: Apple Inc. | Product: Apple Internal Keyboard / Trackpad | S/N: [HIDDEN by github.com/spotlesscoder/mixxx-libhelper] }\nInfo [Controller] Found HID device: { a3b4:c5d6 r0 | Usage: 000c:0001 | Manufacturer: Apple | Product: Headset }\nInfo [Controller] Excluding HID device { 1a2b:3c4d r123 | Usage: 0001:0002 | Manufacturer: Apple Inc. | Product: Apple Internal Keyboard / Trackpad | S/N: [HIDDEN by github.com/spotlesscoder/mixxx-libhelper] }\nInfo [Controller] Duplicate HID device, excluding { 1a2b:3c4d r123 | Usage: 0001:0001 | Manufacturer: Apple Inc. | Product: Apple Internal Keyboard / Trackpad | S/N: [HIDDEN by github.com/spotlesscoder/mixxx-libhelper] }\nInfo [Controller] Duplicate HID device, excluding { 1a2b:3c4d r123 | Usage: 000d:0005 | Manufacturer: Apple Inc. | Product: Apple Internal Keyboard / Trackpad | S/N: [HIDDEN by github.com/spotlesscoder/mixxx-libhelper] }\nInfo [Controller] Duplicate HID device, excluding { 1a2b:3c4d r123 | Usage: ff00:000c | Manufacturer: Apple Inc. | Product: Apple Internal Keyboard / Trackpad | S/N: [HIDDEN by github.com/spotlesscoder/mixxx-libhelper] }\nDebug [Controller] ControllerManager::getControllerList"
[INFO] [stdout]  right: "Debug [Controller]    Nodes detected: 0Debug [Controller] Scanning USB Bulk devices:Info [Controller] Scanning USB HID devicesInfo [Controller] Excluding HID device { 1a2b:3c4d r123 | Usage: ff00:000b | Manufacturer: Apple Inc. | Product: Apple Internal Keyboard / Trackpad | S/N: [HIDDEN by github.com/spotlesscoder/mixxx-libhelper] }Info [Controller] Excluding HID device { 1a2b:3c4d r123 | Usage: ff00:0003 | Manufacturer: Apple Inc. | Product: Apple Internal Keyboard / Trackpad | S/N: [HIDDEN by github.com/spotlesscoder/mixxx-libhelper] }Info [Controller] Found HID device: { 0000:0000 r0 | Usage: ff00:00ff | Manufacturer: Apple }Info [Controller] Found HID device: { 0000:0000 r0 | Usage: ff00:0004 | Manufacturer: Apple }Info [Controller] Excluding HID device { 1a2b:3c4d r123 | Usage: ff00:000d | Manufacturer: Apple Inc. | Product: Apple Internal Keyboard / Trackpad | S/N: [HIDDEN by github.com/spotlesscoder/mixxx-libhelper] }Info [Controller] Found HID device: { 5e6f:7a8b r0 | Usage: ff00:0048 | Manufacturer: APPL | Product: BTM }Info [Controller] Excluding HID device { 5e6f:7a8b r0 | Usage: 000d:0004 | Manufacturer: Apple }Info [Controller] Excluding HID device { 9c0d:8e1f r0 | Usage: 0001:0006 | Product: TouchBarUserDevice }Info [Controller] Excluding HID device { 1a2b:3c4d r0 | Usage: ff00:000f | Product: Keyboard Backlight }Info [Controller] Excluding HID device { 1a2b:3c4d r123 | Usage: 0001:0006 | Manufacturer: Apple Inc. | Product: Apple Internal Keyboard / Trackpad | S/N: [HIDDEN by github.com/spotlesscoder/mixxx-libhelper] }Info [Controller] Found HID device: { a3b4:c5d6 r0 | Usage: 000c:0001 | Manufacturer: Apple | Product: Headset }Info [Controller] Excluding HID device { 1a2b:3c4d r123 | Usage: 0001:0002 | Manufacturer: Apple Inc. | Product: Apple Internal Keyboard / Trackpad | S/N: [HIDDEN by github.com/spotlesscoder/mixxx-libhelper] }Info [Controller] Duplicate HID device, excluding { 1a2b:3c4d r123 | Usage: 0001:0001 | Manufacturer: Apple Inc. | Product: Apple Internal Keyboard / Trackpad | S/N: [HIDDEN by github.com/spotlesscoder/mixxx-libhelper] }Info [Controller] Duplicate HID device, excluding { 1a2b:3c4d r123 | Usage: 000d:0005 | Manufacturer: Apple Inc. | Product: Apple Internal Keyboard / Trackpad | S/N: [HIDDEN by github.com/spotlesscoder/mixxx-libhelper] }Info [Controller] Duplicate HID device, excluding { 1a2b:3c4d r123 | Usage: ff00:000c | Manufacturer: Apple Inc. | Product: Apple Internal Keyboard / Trackpad | S/N: [HIDDEN by github.com/spotlesscoder/mixxx-libhelper] }Debug [Controller] ControllerManager::getControllerList"
[INFO] [stdout] stack backtrace:
[INFO] [stdout]    0:     0x5c0aff9372fa - std::backtrace_rs::backtrace::libunwind::trace::hb059275cfc8d6126
[INFO] [stdout]                                at /rustc/6067b36314ab5eb2eb47cecc464545ba58e1ad24/library/std/src/../../backtrace/src/backtrace/libunwind.rs:116:5
[INFO] [stdout]    1:     0x5c0aff9372fa - std::backtrace_rs::backtrace::trace_unsynchronized::h2da071e4327ce3ee
[INFO] [stdout]                                at /rustc/6067b36314ab5eb2eb47cecc464545ba58e1ad24/library/std/src/../../backtrace/src/backtrace/mod.rs:66:5
[INFO] [stdout]    2:     0x5c0aff9372fa - std::sys::backtrace::_print_fmt::h842a1474e6f8d23f
[INFO] [stdout]                                at /rustc/6067b36314ab5eb2eb47cecc464545ba58e1ad24/library/std/src/sys/backtrace.rs:66:9
[INFO] [stdout]    3:     0x5c0aff9372fa - <std::sys::backtrace::BacktraceLock::print::DisplayBacktrace as core::fmt::Display>::fmt::h71a62eb3b9696b12
[INFO] [stdout]                                at /rustc/6067b36314ab5eb2eb47cecc464545ba58e1ad24/library/std/src/sys/backtrace.rs:39:26
[INFO] [stdout]    4:     0x5c0aff960253 - core::fmt::rt::Argument::fmt::hdb6b616786b41dc1
[INFO] [stdout]                                at /rustc/6067b36314ab5eb2eb47cecc464545ba58e1ad24/library/core/src/fmt/rt.rs:177:76
[INFO] [stdout]    5:     0x5c0aff960253 - core::fmt::write::h2cc1698af7e2d686
[INFO] [stdout]                                at /rustc/6067b36314ab5eb2eb47cecc464545ba58e1ad24/library/core/src/fmt/mod.rs:1440:21
[INFO] [stdout]    6:     0x5c0aff933e53 - std::io::Write::write_fmt::hab1b4cd059a79022
[INFO] [stdout]                                at /rustc/6067b36314ab5eb2eb47cecc464545ba58e1ad24/library/std/src/io/mod.rs:1887:15
[INFO] [stdout]    7:     0x5c0aff937142 - std::sys::backtrace::BacktraceLock::print::h147fe35b4ea13b08
[INFO] [stdout]                                at /rustc/6067b36314ab5eb2eb47cecc464545ba58e1ad24/library/std/src/sys/backtrace.rs:42:9
[INFO] [stdout]    8:     0x5c0aff93871f - std::panicking::default_hook::{{closure}}::hbd44223dbdc0d208
[INFO] [stdout]                                at /rustc/6067b36314ab5eb2eb47cecc464545ba58e1ad24/library/std/src/panicking.rs:298:22
[INFO] [stdout]    9:     0x5c0aff938538 - std::panicking::default_hook::h20f81eb0576efcec
[INFO] [stdout]                                at /rustc/6067b36314ab5eb2eb47cecc464545ba58e1ad24/library/std/src/panicking.rs:322:9
[INFO] [stdout]   10:     0x5c0aff6390f3 - <alloc::boxed::Box<F,A> as core::ops::function::Fn<Args>>::call::hdb53814c496a4d34
[INFO] [stdout]                                at /rustc/6067b36314ab5eb2eb47cecc464545ba58e1ad24/library/alloc/src/boxed.rs:2027:9
[INFO] [stdout]   11:     0x5c0aff6390f3 - test::test_main::{{closure}}::hc0a4963c59427c24
[INFO] [stdout]                                at /rustc/6067b36314ab5eb2eb47cecc464545ba58e1ad24/library/test/src/lib.rs:134:21
[INFO] [stdout]   12:     0x5c0aff939213 - <alloc::boxed::Box<F,A> as core::ops::function::Fn<Args>>::call::h591b2225413a77e9
[INFO] [stdout]                                at /rustc/6067b36314ab5eb2eb47cecc464545ba58e1ad24/library/alloc/src/boxed.rs:2027:9
[INFO] [stdout]   13:     0x5c0aff939213 - std::panicking::rust_panic_with_hook::h625eea43051b2edc
[INFO] [stdout]                                at /rustc/6067b36314ab5eb2eb47cecc464545ba58e1ad24/library/std/src/panicking.rs:839:13
[INFO] [stdout]   14:     0x5c0aff938eca - std::panicking::begin_panic_handler::{{closure}}::h4f9159cfbc3f6bd3
[INFO] [stdout]                                at /rustc/6067b36314ab5eb2eb47cecc464545ba58e1ad24/library/std/src/panicking.rs:704:13
[INFO] [stdout]   15:     0x5c0aff9377f9 - std::sys::backtrace::__rust_end_short_backtrace::h0390abce48353151
[INFO] [stdout]                                at /rustc/6067b36314ab5eb2eb47cecc464545ba58e1ad24/library/std/src/sys/backtrace.rs:168:18
[INFO] [stdout]   16:     0x5c0aff938b5d - rust_begin_unwind
[INFO] [stdout]                                at /rustc/6067b36314ab5eb2eb47cecc464545ba58e1ad24/library/std/src/panicking.rs:695:5
[INFO] [stdout]   17:     0x5c0aff95e8e0 - core::panicking::panic_fmt::h9e7c637e9e5f29c9
[INFO] [stdout]                                at /rustc/6067b36314ab5eb2eb47cecc464545ba58e1ad24/library/core/src/panicking.rs:75:14
[INFO] [stdout]   18:     0x5c0aff95ecd2 - core::panicking::assert_failed_inner::h538bec7c1374cd9c
[INFO] [stdout]   19:     0x5c0aff5e84dc - core::panicking::assert_failed::h1d1bd1dd08582136
[INFO] [stdout]                                at /rustc/6067b36314ab5eb2eb47cecc464545ba58e1ad24/library/core/src/panicking.rs:364:5
[INFO] [stdout]   20:     0x5c0aff5ed32b - mixxx_libhelper::logfile_anonymize::logfile_anonymize::tests::replace_works_serial_multi_line::h03a956297d5fef2c
[INFO] [stdout]                                at /opt/rustwide/workdir/src/lib/logfile_anonymize.rs:120:13
[INFO] [stdout]   21:     0x5c0aff5ed137 - mixxx_libhelper::logfile_anonymize::logfile_anonymize::tests::replace_works_serial_multi_line::{{closure}}::h52f2ecd71aeab71a
[INFO] [stdout]                                at /opt/rustwide/workdir/src/lib/logfile_anonymize.rs:97:45
[INFO] [stdout]   22:     0x5c0aff5e6c66 - core::ops::function::FnOnce::call_once::h880d5f80872d54bc
[INFO] [stdout]                                at /rustc/6067b36314ab5eb2eb47cecc464545ba58e1ad24/library/core/src/ops/function.rs:250:5
[INFO] [stdout]   23:     0x5c0aff63e84b - core::ops::function::FnOnce::call_once::he27718dfdd183f43
[INFO] [stdout]                                at /rustc/6067b36314ab5eb2eb47cecc464545ba58e1ad24/library/core/src/ops/function.rs:250:5
[INFO] [stdout]   24:     0x5c0aff63e84b - test::__rust_begin_short_backtrace::h4e84902998457a5d
[INFO] [stdout]                                at /rustc/6067b36314ab5eb2eb47cecc464545ba58e1ad24/library/test/src/lib.rs:632:18
[INFO] [stdout]   25:     0x5c0aff63d783 - test::run_test_in_process::{{closure}}::h7176fd18fc1feca0
[INFO] [stdout]                                at /rustc/6067b36314ab5eb2eb47cecc464545ba58e1ad24/library/test/src/lib.rs:655:60
[INFO] [stdout]   26:     0x5c0aff63d783 - <core::panic::unwind_safe::AssertUnwindSafe<F> as core::ops::function::FnOnce<()>>::call_once::hf79cff2a624d8cf7
[INFO] [stdout]                                at /rustc/6067b36314ab5eb2eb47cecc464545ba58e1ad24/library/core/src/panic/unwind_safe.rs:272:9
[INFO] [stdout]   27:     0x5c0aff63d783 - std::panicking::try::do_call::h3da0561d9ab99c25
[INFO] [stdout]                                at /rustc/6067b36314ab5eb2eb47cecc464545ba58e1ad24/library/std/src/panicking.rs:587:40
[INFO] [stdout]   28:     0x5c0aff63d783 - std::panicking::try::h41c9fa508bc61df6
[INFO] [stdout]                                at /rustc/6067b36314ab5eb2eb47cecc464545ba58e1ad24/library/std/src/panicking.rs:550:19
[INFO] [stdout]   29:     0x5c0aff63d783 - std::panic::catch_unwind::h6b3ff07bb5afad93
[INFO] [stdout]                                at /rustc/6067b36314ab5eb2eb47cecc464545ba58e1ad24/library/std/src/panic.rs:358:14
[INFO] [stdout]   30:     0x5c0aff63d783 - test::run_test_in_process::hc7253dd11b39b9f4
[INFO] [stdout]                                at /rustc/6067b36314ab5eb2eb47cecc464545ba58e1ad24/library/test/src/lib.rs:655:27
[INFO] [stdout]   31:     0x5c0aff63d783 - test::run_test::{{closure}}::hfb2007f8649c30bb
[INFO] [stdout]                                at /rustc/6067b36314ab5eb2eb47cecc464545ba58e1ad24/library/test/src/lib.rs:576:43
[INFO] [stdout]   32:     0x5c0aff600865 - test::run_test::{{closure}}::h56a17aa7a282a9f4
[INFO] [stdout]                                at /rustc/6067b36314ab5eb2eb47cecc464545ba58e1ad24/library/test/src/lib.rs:606:41
[INFO] [stdout]   33:     0x5c0aff600865 - std::sys::backtrace::__rust_begin_short_backtrace::hd2d2d2fb8e8c6aac
[INFO] [stdout]                                at /rustc/6067b36314ab5eb2eb47cecc464545ba58e1ad24/library/std/src/sys/backtrace.rs:152:18
[INFO] [stdout]   34:     0x5c0aff60414a - std::thread::Builder::spawn_unchecked_::{{closure}}::{{closure}}::h4faa3f9db6133423
[INFO] [stdout]                                at /rustc/6067b36314ab5eb2eb47cecc464545ba58e1ad24/library/std/src/thread/mod.rs:559:17
[INFO] [stdout]   35:     0x5c0aff60414a - <core::panic::unwind_safe::AssertUnwindSafe<F> as core::ops::function::FnOnce<()>>::call_once::hf2e855a36a4ea846
[INFO] [stdout]                                at /rustc/6067b36314ab5eb2eb47cecc464545ba58e1ad24/library/core/src/panic/unwind_safe.rs:272:9
[INFO] [stdout]   36:     0x5c0aff60414a - std::panicking::try::do_call::h2f73af3616c35465
[INFO] [stdout]                                at /rustc/6067b36314ab5eb2eb47cecc464545ba58e1ad24/library/std/src/panicking.rs:587:40
[INFO] [stdout]   37:     0x5c0aff60414a - std::panicking::try::hd1660ce9efadef5a
[INFO] [stdout]                                at /rustc/6067b36314ab5eb2eb47cecc464545ba58e1ad24/library/std/src/panicking.rs:550:19
[INFO] [stdout]   38:     0x5c0aff60414a - std::panic::catch_unwind::h5ee8d7823b8ca744
[INFO] [stdout]                                at /rustc/6067b36314ab5eb2eb47cecc464545ba58e1ad24/library/std/src/panic.rs:358:14
[INFO] [stdout]   39:     0x5c0aff60414a - std::thread::Builder::spawn_unchecked_::{{closure}}::h53c3a1894dce8407
[INFO] [stdout]                                at /rustc/6067b36314ab5eb2eb47cecc464545ba58e1ad24/library/std/src/thread/mod.rs:557:30
[INFO] [stdout]   40:     0x5c0aff60414a - core::ops::function::FnOnce::call_once{{vtable.shim}}::h048ce291ad4f62bf
[INFO] [stdout]                                at /rustc/6067b36314ab5eb2eb47cecc464545ba58e1ad24/library/core/src/ops/function.rs:250:5
[INFO] [stdout]   41:     0x5c0aff93d14b - <alloc::boxed::Box<F,A> as core::ops::function::FnOnce<Args>>::call_once::ha52bedf99a3b4981
[INFO] [stdout]                                at /rustc/6067b36314ab5eb2eb47cecc464545ba58e1ad24/library/alloc/src/boxed.rs:2013:9
[INFO] [stdout]   42:     0x5c0aff93d14b - <alloc::boxed::Box<F,A> as core::ops::function::FnOnce<Args>>::call_once::h567748934d80ccf8
[INFO] [stdout]                                at /rustc/6067b36314ab5eb2eb47cecc464545ba58e1ad24/library/alloc/src/boxed.rs:2013:9
[INFO] [stdout]   43:     0x5c0aff93d14b - std::sys::pal::unix::thread::Thread::new::thread_start::h2d970728ae887adc
[INFO] [stdout]                                at /rustc/6067b36314ab5eb2eb47cecc464545ba58e1ad24/library/std/src/sys/pal/unix/thread.rs:106:17
[INFO] [stdout]   44:     0x74cee76a6ac3 - <unknown>
[INFO] [stdout]   45:     0x74cee7737a04 - clone
[INFO] [stdout]   46:                0x0 - <unknown>
[INFO] [stdout] 
[INFO] [stdout] ---- logfile_anonymize::logfile_anonymize::tests::replace_device_ids_works_single_line stdout ----
[INFO] [stdout] 
[INFO] [stdout] thread 'logfile_anonymize::logfile_anonymize::tests::replace_device_ids_works_single_line' panicked at src/lib/logfile_anonymize.rs:157:13:
[INFO] [stdout] assertion failed: result.ends_with(input_end)
[INFO] [stdout] stack backtrace:
[INFO] [stdout]    0:     0x5c0aff9372fa - std::backtrace_rs::backtrace::libunwind::trace::hb059275cfc8d6126
[INFO] [stdout]                                at /rustc/6067b36314ab5eb2eb47cecc464545ba58e1ad24/library/std/src/../../backtrace/src/backtrace/libunwind.rs:116:5
[INFO] [stdout]    1:     0x5c0aff9372fa - std::backtrace_rs::backtrace::trace_unsynchronized::h2da071e4327ce3ee
[INFO] [stdout]                                at /rustc/6067b36314ab5eb2eb47cecc464545ba58e1ad24/library/std/src/../../backtrace/src/backtrace/mod.rs:66:5
[INFO] [stdout]    2:     0x5c0aff9372fa - std::sys::backtrace::_print_fmt::h842a1474e6f8d23f
[INFO] [stdout]                                at /rustc/6067b36314ab5eb2eb47cecc464545ba58e1ad24/library/std/src/sys/backtrace.rs:66:9
[INFO] [stdout]    3:     0x5c0aff9372fa - <std::sys::backtrace::BacktraceLock::print::DisplayBacktrace as core::fmt::Display>::fmt::h71a62eb3b9696b12
[INFO] [stdout]                                at /rustc/6067b36314ab5eb2eb47cecc464545ba58e1ad24/library/std/src/sys/backtrace.rs:39:26
[INFO] [stdout]    4:     0x5c0aff960253 - core::fmt::rt::Argument::fmt::hdb6b616786b41dc1
[INFO] [stdout]                                at /rustc/6067b36314ab5eb2eb47cecc464545ba58e1ad24/library/core/src/fmt/rt.rs:177:76
[INFO] [stdout]    5:     0x5c0aff960253 - core::fmt::write::h2cc1698af7e2d686
[INFO] [stdout]                                at /rustc/6067b36314ab5eb2eb47cecc464545ba58e1ad24/library/core/src/fmt/mod.rs:1440:21
[INFO] [stdout]    6:     0x5c0aff933e53 - std::io::Write::write_fmt::hab1b4cd059a79022
[INFO] [stdout]                                at /rustc/6067b36314ab5eb2eb47cecc464545ba58e1ad24/library/std/src/io/mod.rs:1887:15
[INFO] [stdout]    7:     0x5c0aff937142 - std::sys::backtrace::BacktraceLock::print::h147fe35b4ea13b08
[INFO] [stdout]                                at /rustc/6067b36314ab5eb2eb47cecc464545ba58e1ad24/library/std/src/sys/backtrace.rs:42:9
[INFO] [stdout]    8:     0x5c0aff93871f - std::panicking::default_hook::{{closure}}::hbd44223dbdc0d208
[INFO] [stdout]                                at /rustc/6067b36314ab5eb2eb47cecc464545ba58e1ad24/library/std/src/panicking.rs:298:22
[INFO] [stdout]    9:     0x5c0aff938538 - std::panicking::default_hook::h20f81eb0576efcec
[INFO] [stdout]                                at /rustc/6067b36314ab5eb2eb47cecc464545ba58e1ad24/library/std/src/panicking.rs:322:9
[INFO] [stdout]   10:     0x5c0aff6390f3 - <alloc::boxed::Box<F,A> as core::ops::function::Fn<Args>>::call::hdb53814c496a4d34
[INFO] [stdout]                                at /rustc/6067b36314ab5eb2eb47cecc464545ba58e1ad24/library/alloc/src/boxed.rs:2027:9
[INFO] [stdout]   11:     0x5c0aff6390f3 - test::test_main::{{closure}}::hc0a4963c59427c24
[INFO] [stdout]                                at /rustc/6067b36314ab5eb2eb47cecc464545ba58e1ad24/library/test/src/lib.rs:134:21
[INFO] [stdout]   12:     0x5c0aff939213 - <alloc::boxed::Box<F,A> as core::ops::function::Fn<Args>>::call::h591b2225413a77e9
[INFO] [stdout]                                at /rustc/6067b36314ab5eb2eb47cecc464545ba58e1ad24/library/alloc/src/boxed.rs:2027:9
[INFO] [stdout]   13:     0x5c0aff939213 - std::panicking::rust_panic_with_hook::h625eea43051b2edc
[INFO] [stdout]                                at /rustc/6067b36314ab5eb2eb47cecc464545ba58e1ad24/library/std/src/panicking.rs:839:13
[INFO] [stdout]   14:     0x5c0aff938e96 - std::panicking::begin_panic_handler::{{closure}}::h4f9159cfbc3f6bd3
[INFO] [stdout]                                at /rustc/6067b36314ab5eb2eb47cecc464545ba58e1ad24/library/std/src/panicking.rs:697:13
[INFO] [stdout]   15:     0x5c0aff9377f9 - std::sys::backtrace::__rust_end_short_backtrace::h0390abce48353151
[INFO] [stdout]                                at /rustc/6067b36314ab5eb2eb47cecc464545ba58e1ad24/library/std/src/sys/backtrace.rs:168:18
[INFO] [stdout]   16:     0x5c0aff938b5d - rust_begin_unwind
[INFO] [stdout]                                at /rustc/6067b36314ab5eb2eb47cecc464545ba58e1ad24/library/std/src/panicking.rs:695:5
[INFO] [stdout]   17:     0x5c0aff95e8e0 - core::panicking::panic_fmt::h9e7c637e9e5f29c9
[INFO] [stdout]                                at /rustc/6067b36314ab5eb2eb47cecc464545ba58e1ad24/library/core/src/panicking.rs:75:14
[INFO] [stdout]   18:     0x5c0aff95e96c - core::panicking::panic::haa3255ea20181a33
[INFO] [stdout]                                at /rustc/6067b36314ab5eb2eb47cecc464545ba58e1ad24/library/core/src/panicking.rs:145:5
[INFO] [stdout]   19:     0x5c0aff5ed7a8 - mixxx_libhelper::logfile_anonymize::logfile_anonymize::tests::replace_device_ids_works_single_line::h6f89c92473a3e053
[INFO] [stdout]                                at /opt/rustwide/workdir/src/lib/logfile_anonymize.rs:157:13
[INFO] [stdout]   20:     0x5c0aff5ed397 - mixxx_libhelper::logfile_anonymize::logfile_anonymize::tests::replace_device_ids_works_single_line::{{closure}}::h841c581b4b86a561
[INFO] [stdout]                                at /opt/rustwide/workdir/src/lib/logfile_anonymize.rs:142:50
[INFO] [stdout]   21:     0x5c0aff5e6b96 - core::ops::function::FnOnce::call_once::h5bcb96d8ffe80f38
[INFO] [stdout]                                at /rustc/6067b36314ab5eb2eb47cecc464545ba58e1ad24/library/core/src/ops/function.rs:250:5
[INFO] [stdout]   22:     0x5c0aff63e84b - core::ops::function::FnOnce::call_once::he27718dfdd183f43
[INFO] [stdout]                                at /rustc/6067b36314ab5eb2eb47cecc464545ba58e1ad24/library/core/src/ops/function.rs:250:5
[INFO] [stdout]   23:     0x5c0aff63e84b - test::__rust_begin_short_backtrace::h4e84902998457a5d
[INFO] [stdout]                                at /rustc/6067b36314ab5eb2eb47cecc464545ba58e1ad24/library/test/src/lib.rs:632:18
[INFO] [stdout]   24:     0x5c0aff63d783 - test::run_test_in_process::{{closure}}::h7176fd18fc1feca0
[INFO] [stdout]                                at /rustc/6067b36314ab5eb2eb47cecc464545ba58e1ad24/library/test/src/lib.rs:655:60
[INFO] [stdout]   25:     0x5c0aff63d783 - <core::panic::unwind_safe::AssertUnwindSafe<F> as core::ops::function::FnOnce<()>>::call_once::hf79cff2a624d8cf7
[INFO] [stdout]                                at /rustc/6067b36314ab5eb2eb47cecc464545ba58e1ad24/library/core/src/panic/unwind_safe.rs:272:9
[INFO] [stdout]   26:     0x5c0aff63d783 - std::panicking::try::do_call::h3da0561d9ab99c25
[INFO] [stdout]                                at /rustc/6067b36314ab5eb2eb47cecc464545ba58e1ad24/library/std/src/panicking.rs:587:40
[INFO] [stdout]   27:     0x5c0aff63d783 - std::panicking::try::h41c9fa508bc61df6
[INFO] [stdout]                                at /rustc/6067b36314ab5eb2eb47cecc464545ba58e1ad24/library/std/src/panicking.rs:550:19
[INFO] [stdout]   28:     0x5c0aff63d783 - std::panic::catch_unwind::h6b3ff07bb5afad93
[INFO] [stdout]                                at /rustc/6067b36314ab5eb2eb47cecc464545ba58e1ad24/library/std/src/panic.rs:358:14
[INFO] [stdout]   29:     0x5c0aff63d783 - test::run_test_in_process::hc7253dd11b39b9f4
[INFO] [stdout]                                at /rustc/6067b36314ab5eb2eb47cecc464545ba58e1ad24/library/test/src/lib.rs:655:27
[INFO] [stdout]   30:     0x5c0aff63d783 - test::run_test::{{closure}}::hfb2007f8649c30bb
[INFO] [stdout]                                at /rustc/6067b36314ab5eb2eb47cecc464545ba58e1ad24/library/test/src/lib.rs:576:43
[INFO] [stdout]   31:     0x5c0aff600865 - test::run_test::{{closure}}::h56a17aa7a282a9f4
[INFO] [stdout]                                at /rustc/6067b36314ab5eb2eb47cecc464545ba58e1ad24/library/test/src/lib.rs:606:41
[INFO] [stdout]   32:     0x5c0aff600865 - std::sys::backtrace::__rust_begin_short_backtrace::hd2d2d2fb8e8c6aac
[INFO] [stdout]                                at /rustc/6067b36314ab5eb2eb47cecc464545ba58e1ad24/library/std/src/sys/backtrace.rs:152:18
[INFO] [stdout]   33:     0x5c0aff60414a - std::thread::Builder::spawn_unchecked_::{{closure}}::{{closure}}::h4faa3f9db6133423
[INFO] [stdout]                                at /rustc/6067b36314ab5eb2eb47cecc464545ba58e1ad24/library/std/src/thread/mod.rs:559:17
[INFO] [stdout]   34:     0x5c0aff60414a - <core::panic::unwind_safe::AssertUnwindSafe<F> as core::ops::function::FnOnce<()>>::call_once::hf2e855a36a4ea846
[INFO] [stdout]                                at /rustc/6067b36314ab5eb2eb47cecc464545ba58e1ad24/library/core/src/panic/unwind_safe.rs:272:9
[INFO] [stdout]   35:     0x5c0aff60414a - std::panicking::try::do_call::h2f73af3616c35465
[INFO] [stdout]                                at /rustc/6067b36314ab5eb2eb47cecc464545ba58e1ad24/library/std/src/panicking.rs:587:40
[INFO] [stdout]   36:     0x5c0aff60414a - std::panicking::try::hd1660ce9efadef5a
[INFO] [stdout]                                at /rustc/6067b36314ab5eb2eb47cecc464545ba58e1ad24/library/std/src/panicking.rs:550:19
[INFO] [stdout]   37:     0x5c0aff60414a - std::panic::catch_unwind::h5ee8d7823b8ca744
[INFO] [stdout]                                at /rustc/6067b36314ab5eb2eb47cecc464545ba58e1ad24/library/std/src/panic.rs:358:14
[INFO] [stdout]   38:     0x5c0aff60414a - std::thread::Builder::spawn_unchecked_::{{closure}}::h53c3a1894dce8407
[INFO] [stdout]                                at /rustc/6067b36314ab5eb2eb47cecc464545ba58e1ad24/library/std/src/thread/mod.rs:557:30
[INFO] [stdout]   39:     0x5c0aff60414a - core::ops::function::FnOnce::call_once{{vtable.shim}}::h048ce291ad4f62bf
[INFO] [stdout]                                at /rustc/6067b36314ab5eb2eb47cecc464545ba58e1ad24/library/core/src/ops/function.rs:250:5
[INFO] [stdout]   40:     0x5c0aff93d14b - <alloc::boxed::Box<F,A> as core::ops::function::FnOnce<Args>>::call_once::ha52bedf99a3b4981
[INFO] [stdout]                                at /rustc/6067b36314ab5eb2eb47cecc464545ba58e1ad24/library/alloc/src/boxed.rs:2013:9
[INFO] [stdout]   41:     0x5c0aff93d14b - <alloc::boxed::Box<F,A> as core::ops::function::FnOnce<Args>>::call_once::h567748934d80ccf8
[INFO] [stdout]                                at /rustc/6067b36314ab5eb2eb47cecc464545ba58e1ad24/library/alloc/src/boxed.rs:2013:9
[INFO] [stdout]   42:     0x5c0aff93d14b - std::sys::pal::unix::thread::Thread::new::thread_start::h2d970728ae887adc
[INFO] [stdout]                                at /rustc/6067b36314ab5eb2eb47cecc464545ba58e1ad24/library/std/src/sys/pal/unix/thread.rs:106:17
[INFO] [stdout]   43:     0x74cee76a6ac3 - <unknown>
[INFO] [stdout]   44:     0x74cee7737a04 - clone
[INFO] [stdout]   45:                0x0 - <unknown>
[INFO] [stdout] 
[INFO] [stdout] 
[INFO] [stdout] failures:
[INFO] [stdout]     logfile_anonymize::logfile_anonymize::tests::replace_device_ids_works_single_line
[INFO] [stdout]     logfile_anonymize::logfile_anonymize::tests::replace_works_serial_multi_line
[INFO] [stdout] 
[INFO] [stdout] test result: FAILED. 9 passed; 2 failed; 0 ignored; 0 measured; 0 filtered out; finished in 0.12s
[INFO] [stdout] 
[INFO] [stderr] error: test failed, to rerun pass `--lib`
[INFO] running `Command { std: "docker" "inspect" "ea3604bf068edea897e12370e463ac2614e5c35673aee1b8c2ae982359ee8583", kill_on_drop: false }`
[INFO] running `Command { std: "docker" "rm" "-f" "ea3604bf068edea897e12370e463ac2614e5c35673aee1b8c2ae982359ee8583", kill_on_drop: false }`
[INFO] [stdout] ea3604bf068edea897e12370e463ac2614e5c35673aee1b8c2ae982359ee8583
