[INFO] cloning repository https://github.com/sorairolake/abcrypt
[INFO] running `Command { std: "git" "-c" "credential.helper=" "-c" "credential.helper=/workspace/cargo-home/bin/git-credential-null" "clone" "--bare" "https://github.com/sorairolake/abcrypt" "/workspace/cache/git-repos/https%3A%2F%2Fgithub.com%2Fsorairolake%2Fabcrypt", kill_on_drop: false }`
[INFO] [stderr] Cloning into bare repository '/workspace/cache/git-repos/https%3A%2F%2Fgithub.com%2Fsorairolake%2Fabcrypt'...
[INFO] running `Command { std: "git" "rev-parse" "HEAD", kill_on_drop: false }`
[INFO] [stdout] d38270f39f9c9dea665c215f2c66f06f6be9d0d7
[INFO] testing sorairolake/abcrypt against nightly-2025-01-18 for randomize-layout-2
[INFO] running `Command { std: "git" "clone" "/workspace/cache/git-repos/https%3A%2F%2Fgithub.com%2Fsorairolake%2Fabcrypt" "/workspace/builds/worker-6-tc1/source", kill_on_drop: false }`
[INFO] [stderr] Cloning into '/workspace/builds/worker-6-tc1/source'...
[INFO] [stderr] done.
[INFO] validating manifest of git repo https://github.com/sorairolake/abcrypt on toolchain nightly-2025-01-18
[INFO] running `Command { std: CARGO_HOME="/workspace/cargo-home" RUSTUP_HOME="/workspace/rustup-home" "/workspace/cargo-home/bin/cargo" "+nightly-2025-01-18" "metadata" "--manifest-path" "Cargo.toml" "--no-deps", kill_on_drop: false }`
[INFO] started tweaking git repo https://github.com/sorairolake/abcrypt
[INFO] finished tweaking git repo https://github.com/sorairolake/abcrypt
[INFO] tweaked toml for git repo https://github.com/sorairolake/abcrypt written to /workspace/builds/worker-6-tc1/source/Cargo.toml
[INFO] crate git repo https://github.com/sorairolake/abcrypt already has a lockfile, it will not be regenerated
[INFO] running `Command { std: CARGO_HOME="/workspace/cargo-home" RUSTUP_HOME="/workspace/rustup-home" "/workspace/cargo-home/bin/cargo" "+nightly-2025-01-18" "fetch" "--manifest-path" "Cargo.toml", kill_on_drop: false }`
[INFO] [stderr]     Updating crates.io index
[INFO] [stderr]  Downloading crates ...
[INFO] [stderr]   Downloaded pyo3-ffi v0.23.4
[INFO] [stderr]   Downloaded pyo3-macros v0.23.4
[INFO] [stderr]   Downloaded pyo3-build-config v0.23.4
[INFO] [stderr]   Downloaded sysexits v0.8.5
[INFO] [stderr]   Downloaded byte-unit v5.1.6
[INFO] [stderr]   Downloaded borsh-derive v1.5.4
[INFO] [stderr]   Downloaded pyo3-macros-backend v0.23.4
[INFO] [stderr]   Downloaded clap_complete_nushell v4.5.5
[INFO] [stderr]   Downloaded borsh v1.5.4
[INFO] [stderr]   Downloaded cbindgen v0.28.0
[INFO] [stderr]   Downloaded pyo3 v0.23.4
[INFO] running `Command { std: "docker" "create" "-v" "/var/lib/crater-agent-workspace/builds/worker-6-tc1/target:/opt/rustwide/target:rw,Z" "-v" "/var/lib/crater-agent-workspace/builds/worker-6-tc1/source:/opt/rustwide/workdir:ro,Z" "-v" "/var/lib/crater-agent-workspace/cargo-home:/opt/rustwide/cargo-home:ro,Z" "-v" "/var/lib/crater-agent-workspace/rustup-home:/opt/rustwide/rustup-home:ro,Z" "-e" "SOURCE_DIR=/opt/rustwide/workdir" "-e" "CARGO_TARGET_DIR=/opt/rustwide/target" "-e" "CARGO_HOME=/opt/rustwide/cargo-home" "-e" "RUSTUP_HOME=/opt/rustwide/rustup-home" "-w" "/opt/rustwide/workdir" "-m" "1610612736" "--user" "0:0" "--network" "none" "ghcr.io/rust-lang/crates-build-env/linux@sha256:819108c5571ea2e421544af4d832f968d213c87fbe3707a016657f43d2f853bc" "/opt/rustwide/cargo-home/bin/cargo" "+nightly-2025-01-18" "metadata" "--no-deps" "--format-version=1", kill_on_drop: false }`
[INFO] [stdout] c42fb4674192abce5d4955dbb3ae4dba911c468d9b08132a7457b84ec91835a1
[INFO] running `Command { std: "docker" "start" "-a" "c42fb4674192abce5d4955dbb3ae4dba911c468d9b08132a7457b84ec91835a1", kill_on_drop: false }`
[INFO] running `Command { std: "docker" "inspect" "c42fb4674192abce5d4955dbb3ae4dba911c468d9b08132a7457b84ec91835a1", kill_on_drop: false }`
[INFO] running `Command { std: "docker" "rm" "-f" "c42fb4674192abce5d4955dbb3ae4dba911c468d9b08132a7457b84ec91835a1", kill_on_drop: false }`
[INFO] [stdout] c42fb4674192abce5d4955dbb3ae4dba911c468d9b08132a7457b84ec91835a1
[INFO] running `Command { std: "docker" "create" "-v" "/var/lib/crater-agent-workspace/builds/worker-6-tc1/target:/opt/rustwide/target:rw,Z" "-v" "/var/lib/crater-agent-workspace/builds/worker-6-tc1/source:/opt/rustwide/workdir:ro,Z" "-v" "/var/lib/crater-agent-workspace/cargo-home:/opt/rustwide/cargo-home:ro,Z" "-v" "/var/lib/crater-agent-workspace/rustup-home:/opt/rustwide/rustup-home:ro,Z" "-e" "SOURCE_DIR=/opt/rustwide/workdir" "-e" "CARGO_TARGET_DIR=/opt/rustwide/target" "-e" "CARGO_INCREMENTAL=0" "-e" "RUST_BACKTRACE=full" "-e" "RUSTFLAGS=--cap-lints=forbid" "-e" "RUSTDOCFLAGS=--cap-lints=forbid" "-e" "CARGO_HOME=/opt/rustwide/cargo-home" "-e" "RUSTUP_HOME=/opt/rustwide/rustup-home" "-w" "/opt/rustwide/workdir" "-m" "1610612736" "--user" "0:0" "--network" "none" "ghcr.io/rust-lang/crates-build-env/linux@sha256:819108c5571ea2e421544af4d832f968d213c87fbe3707a016657f43d2f853bc" "/opt/rustwide/cargo-home/bin/cargo" "+nightly-2025-01-18" "build" "--frozen" "--message-format=json", kill_on_drop: false }`
[INFO] [stdout] c8bf80da347229076d70928900f490ac107f1906ae8d23789147736d432de8e1
[INFO] running `Command { std: "docker" "start" "-a" "c8bf80da347229076d70928900f490ac107f1906ae8d23789147736d432de8e1", kill_on_drop: false }`
[INFO] [stderr]    Compiling proc-macro2 v1.0.93
[INFO] [stderr]    Compiling unicode-ident v1.0.14
[INFO] [stderr]    Compiling cfg-if v1.0.0
[INFO] [stderr]    Compiling libc v0.2.169
[INFO] [stderr]    Compiling once_cell v1.20.2
[INFO] [stderr]    Compiling version_check v0.9.5
[INFO] [stderr]    Compiling typenum v1.17.0
[INFO] [stderr]    Compiling target-lexicon v0.12.16
[INFO] [stderr]    Compiling linux-raw-sys v0.4.15
[INFO] [stderr]    Compiling bitflags v2.8.0
[INFO] [stderr]    Compiling subtle v2.6.1
[INFO] [stderr]    Compiling serde v1.0.217
[INFO] [stderr]    Compiling autocfg v1.4.0
[INFO] [stderr]    Compiling generic-array v0.14.7
[INFO] [stderr]    Compiling zeroize v1.8.1
[INFO] [stderr]    Compiling log v0.4.25
[INFO] [stderr]    Compiling heck v0.5.0
[INFO] [stderr]    Compiling byteorder v1.5.0
[INFO] [stderr]    Compiling cpufeatures v0.2.16
[INFO] [stderr]    Compiling rustix v0.38.43
[INFO] [stderr]    Compiling pyo3-build-config v0.23.4
[INFO] [stderr]    Compiling quote v1.0.38
[INFO] [stderr]    Compiling serde_json v1.0.137
[INFO] [stderr]    Compiling utf8parse v0.2.2
[INFO] [stderr]    Compiling opaque-debug v0.3.1
[INFO] [stderr]    Compiling base64ct v1.6.0
[INFO] [stderr]    Compiling ryu v1.0.18
[INFO] [stderr]    Compiling syn v2.0.96
[INFO] [stderr]    Compiling wasm-bindgen-shared v0.2.100
[INFO] [stderr]    Compiling itoa v1.0.14
[INFO] [stderr]    Compiling memchr v2.7.4
[INFO] [stderr]    Compiling equivalent v1.0.1
[INFO] [stderr]    Compiling hashbrown v0.15.2
[INFO] [stderr]    Compiling anstyle-parse v0.2.6
[INFO] [stderr]    Compiling getrandom v0.2.15
[INFO] [stderr]    Compiling rand_core v0.6.4
[INFO] [stderr]    Compiling block-buffer v0.10.4
[INFO] [stderr]    Compiling inout v0.1.3
[INFO] [stderr]    Compiling crypto-common v0.1.6
[INFO] [stderr]    Compiling password-hash v0.5.0
[INFO] [stderr]    Compiling digest v0.10.7
[INFO] [stderr]    Compiling cipher v0.4.4
[INFO] [stderr]    Compiling universal-hash v0.5.1
[INFO] [stderr]    Compiling blake2 v0.10.6
[INFO] [stderr]    Compiling chacha20 v0.9.1
[INFO] [stderr]    Compiling poly1305 v0.8.0
[INFO] [stderr]    Compiling indexmap v2.7.0
[INFO] [stderr]    Compiling aead v0.5.2
[INFO] [stderr]    Compiling anstyle v1.0.10
[INFO] [stderr]    Compiling colorchoice v1.0.3
[INFO] [stderr]    Compiling winnow v0.6.24
[INFO] [stderr]    Compiling is_terminal_polyfill v1.70.1
[INFO] [stderr]    Compiling anstyle-query v1.1.2
[INFO] [stderr]    Compiling anstream v0.6.18
[INFO] [stderr]    Compiling chacha20poly1305 v0.10.1
[INFO] [stderr]    Compiling argon2 v0.5.3
[INFO] [stderr]    Compiling pyo3-ffi v0.23.4
[INFO] [stderr]    Compiling pyo3-macros-backend v0.23.4
[INFO] [stderr]    Compiling terminal_size v0.4.1
[INFO] [stderr]    Compiling num-traits v0.2.19
[INFO] [stderr]    Compiling clap_lex v0.7.4
[INFO] [stderr]    Compiling bumpalo v3.16.0
[INFO] [stderr]    Compiling strsim v0.11.1
[INFO] [stderr]    Compiling fastrand v2.3.0
[INFO] [stderr]    Compiling cbindgen v0.28.0
[INFO] [stderr]    Compiling clap_builder v4.5.26
[INFO] [stderr]    Compiling memoffset v0.9.1
[INFO] [stderr]    Compiling rust_decimal v1.36.0
[INFO] [stderr]    Compiling thiserror v1.0.69
[INFO] [stderr]    Compiling rustversion v1.0.19
[INFO] [stderr]    Compiling heck v0.4.1
[INFO] [stderr]    Compiling pyo3 v0.23.4
[INFO] [stderr]    Compiling anyhow v1.0.95
[INFO] [stderr]    Compiling arrayvec v0.7.6
[INFO] [stderr]    Compiling unicode-width v0.2.0
[INFO] [stderr]    Compiling wasm-bindgen v0.2.100
[INFO] [stderr]    Compiling console v0.15.10
[INFO] [stderr]    Compiling utf8-width v0.1.7
[INFO] [stderr]    Compiling shell-words v1.1.0
[INFO] [stderr]    Compiling abcrypt-cli v0.4.0 (/opt/rustwide/workdir/crates/cli)
[INFO] [stderr]    Compiling indoc v2.0.5
[INFO] [stderr]    Compiling unindent v0.2.3
[INFO] [stderr] warning: abcrypt-cli@0.4.0: failed to execute Asciidoctor: No such file or directory (os error 2)
[INFO] [stderr]    Compiling tempfile v3.15.0
[INFO] [stderr]    Compiling sysexits v0.8.5
[INFO] [stderr]    Compiling byte-unit v5.1.6
[INFO] [stderr]    Compiling wasm-bindgen-backend v0.2.100
[INFO] [stderr]    Compiling serde_derive v1.0.217
[INFO] [stderr]    Compiling zerocopy-derive v0.7.35
[INFO] [stderr]    Compiling clap_derive v4.5.24
[INFO] [stderr]    Compiling thiserror-impl v1.0.69
[INFO] [stderr]    Compiling zerocopy v0.7.35
[INFO] [stderr]    Compiling wasm-bindgen-macro-support v0.2.100
[INFO] [stderr]    Compiling dialoguer v0.11.0
[INFO] [stderr]    Compiling ppv-lite86 v0.2.20
[INFO] [stderr]    Compiling rand_chacha v0.3.1
[INFO] [stderr]    Compiling rand v0.8.5
[INFO] [stderr]    Compiling clap v4.5.26
[INFO] [stderr]    Compiling clap_complete v4.5.42
[INFO] [stderr]    Compiling wasm-bindgen-macro v0.2.100
[INFO] [stderr]    Compiling clap_complete_nushell v4.5.5
[INFO] [stderr]    Compiling pyo3-macros v0.23.4
[INFO] [stderr]    Compiling toml_datetime v0.6.8
[INFO] [stderr]    Compiling serde_spanned v0.6.8
[INFO] [stderr]    Compiling toml_edit v0.22.22
[INFO] [stderr]    Compiling abcrypt v0.4.0 (/opt/rustwide/workdir/crates/abcrypt)
[INFO] [stderr]    Compiling abcrypt-wasm v0.4.0 (/opt/rustwide/workdir/crates/wasm)
[INFO] [stderr]    Compiling abcrypt-py v0.2.0 (/opt/rustwide/workdir/crates/python)
[INFO] [stderr]    Compiling toml v0.8.19
[INFO] [stderr]    Compiling abcrypt-capi v0.4.0 (/opt/rustwide/workdir/crates/capi)
[INFO] [stderr] warning: abcrypt-capi@0.4.0: failed to execute Asciidoctor: No such file or directory (os error 2)
[INFO] [stderr]     Finished `dev` profile [unoptimized + debuginfo] target(s) in 1m 39s
[INFO] running `Command { std: "docker" "inspect" "c8bf80da347229076d70928900f490ac107f1906ae8d23789147736d432de8e1", kill_on_drop: false }`
[INFO] running `Command { std: "docker" "rm" "-f" "c8bf80da347229076d70928900f490ac107f1906ae8d23789147736d432de8e1", kill_on_drop: false }`
[INFO] [stdout] c8bf80da347229076d70928900f490ac107f1906ae8d23789147736d432de8e1
[INFO] running `Command { std: "docker" "create" "-v" "/var/lib/crater-agent-workspace/builds/worker-6-tc1/target:/opt/rustwide/target:rw,Z" "-v" "/var/lib/crater-agent-workspace/builds/worker-6-tc1/source:/opt/rustwide/workdir:ro,Z" "-v" "/var/lib/crater-agent-workspace/cargo-home:/opt/rustwide/cargo-home:ro,Z" "-v" "/var/lib/crater-agent-workspace/rustup-home:/opt/rustwide/rustup-home:ro,Z" "-e" "SOURCE_DIR=/opt/rustwide/workdir" "-e" "CARGO_TARGET_DIR=/opt/rustwide/target" "-e" "CARGO_INCREMENTAL=0" "-e" "RUST_BACKTRACE=full" "-e" "RUSTFLAGS=--cap-lints=forbid" "-e" "RUSTDOCFLAGS=--cap-lints=forbid" "-e" "CARGO_HOME=/opt/rustwide/cargo-home" "-e" "RUSTUP_HOME=/opt/rustwide/rustup-home" "-w" "/opt/rustwide/workdir" "-m" "1610612736" "--user" "0:0" "--network" "none" "ghcr.io/rust-lang/crates-build-env/linux@sha256:819108c5571ea2e421544af4d832f968d213c87fbe3707a016657f43d2f853bc" "/opt/rustwide/cargo-home/bin/cargo" "+nightly-2025-01-18" "test" "--frozen" "--no-run" "--message-format=json", kill_on_drop: false }`
[INFO] [stdout] afb67bbf6055487d946a2a1fac094bbdbdd30bc8c3be7138827dc4f7499fb3aa
[INFO] running `Command { std: "docker" "start" "-a" "afb67bbf6055487d946a2a1fac094bbdbdd30bc8c3be7138827dc4f7499fb3aa", kill_on_drop: false }`
[INFO] [stderr]    Compiling serde v1.0.217
[INFO] [stderr]    Compiling aho-corasick v1.1.3
[INFO] [stderr]    Compiling regex-syntax v0.8.5
[INFO] [stderr]    Compiling doc-comment v0.3.3
[INFO] [stderr]    Compiling predicates-core v1.0.9
[INFO] [stderr]    Compiling float-cmp v0.10.0
[INFO] [stderr]    Compiling difflib v0.4.0
[INFO] [stderr]    Compiling assert_cmd v2.0.16
[INFO] [stderr]    Compiling termtree v0.5.1
[INFO] [stderr]    Compiling normalize-line-endings v0.3.0
[INFO] [stderr] warning: abcrypt-cli@0.4.0: failed to execute Asciidoctor: No such file or directory (os error 2)
[INFO] [stderr]    Compiling js-sys v0.3.77
[INFO] [stderr]    Compiling wait-timeout v0.2.0
[INFO] [stderr]    Compiling predicates-tree v1.0.12
[INFO] [stderr]    Compiling wasm-bindgen-test-macro v0.3.50
[INFO] [stderr]    Compiling regex-automata v0.4.9
[INFO] [stderr]    Compiling abcrypt v0.4.0 (/opt/rustwide/workdir/crates/abcrypt)
[INFO] [stderr]    Compiling serde_json v1.0.137
[INFO] [stderr]    Compiling serde_test v1.0.177
[INFO] [stderr]    Compiling toml_datetime v0.6.8
[INFO] [stderr]    Compiling serde_spanned v0.6.8
[INFO] [stderr]    Compiling toml_edit v0.22.22
[INFO] [stderr]    Compiling abcrypt-wasm v0.4.0 (/opt/rustwide/workdir/crates/wasm)
[INFO] [stderr]    Compiling abcrypt-py v0.2.0 (/opt/rustwide/workdir/crates/python)
[INFO] [stderr]    Compiling wasm-bindgen-futures v0.4.50
[INFO] [stderr]    Compiling wasm-bindgen-test v0.3.50
[INFO] [stdout] warning: function `header_size` is never used
[INFO] [stdout]   --> crates/wasm/src/lib.rs:48:8
[INFO] [stdout]    |
[INFO] [stdout] 48 |     fn header_size() {
[INFO] [stdout]    |        ^^^^^^^^^^^
[INFO] [stdout]    |
[INFO] [stdout]    = note: `#[warn(dead_code)]` on by default
[INFO] [stdout] 
[INFO] [stdout] 
[INFO] [stdout] warning: function `tag_size` is never used
[INFO] [stdout]   --> crates/wasm/src/lib.rs:54:8
[INFO] [stdout]    |
[INFO] [stdout] 54 |     fn tag_size() {
[INFO] [stdout]    |        ^^^^^^^^
[INFO] [stdout] 
[INFO] [stdout] 
[INFO] [stdout] warning: constant `TEST_DATA_ENC` is never used
[INFO] [stdout]   --> crates/wasm/tests/params.rs:10:7
[INFO] [stdout]    |
[INFO] [stdout] 10 | const TEST_DATA_ENC: &[u8] = include_bytes!("data/v1/argon2id/v0x13/data.txt.abcrypt");
[INFO] [stdout]    |       ^^^^^^^^^^^^^
[INFO] [stdout]    |
[INFO] [stdout]    = note: `#[warn(dead_code)]` on by default
[INFO] [stdout] 
[INFO] [stdout] 
[INFO] [stdout] warning: function `success` is never used
[INFO] [stdout]   --> crates/wasm/tests/params.rs:13:4
[INFO] [stdout]    |
[INFO] [stdout] 13 | fn success() {
[INFO] [stdout]    |    ^^^^^^^
[INFO] [stdout] 
[INFO] [stdout] 
[INFO] [stdout] warning: function `memory_cost` is never used
[INFO] [stdout]   --> crates/wasm/tests/params.rs:19:4
[INFO] [stdout]    |
[INFO] [stdout] 19 | fn memory_cost() {
[INFO] [stdout]    |    ^^^^^^^^^^^
[INFO] [stdout] 
[INFO] [stdout] 
[INFO] [stdout] warning: function `time_cost` is never used
[INFO] [stdout]   --> crates/wasm/tests/params.rs:57:4
[INFO] [stdout]    |
[INFO] [stdout] 57 | fn time_cost() {
[INFO] [stdout]    |    ^^^^^^^^^
[INFO] [stdout] 
[INFO] [stdout] 
[INFO] [stdout] warning: function `parallelism` is never used
[INFO] [stdout]   --> crates/wasm/tests/params.rs:95:4
[INFO] [stdout]    |
[INFO] [stdout] 95 | fn parallelism() {
[INFO] [stdout]    |    ^^^^^^^^^^^
[INFO] [stdout] 
[INFO] [stdout] 
[INFO] [stdout] warning: constant `PASSPHRASE` is never used
[INFO] [stdout]  --> crates/wasm/tests/decrypt.rs:8:7
[INFO] [stdout]   |
[INFO] [stdout] 8 | const PASSPHRASE: &[u8] = b"passphrase";
[INFO] [stdout]   |       ^^^^^^^^^^
[INFO] [stdout]   |
[INFO] [stdout]   = note: `#[warn(dead_code)]` on by default
[INFO] [stdout] 
[INFO] [stdout] 
[INFO] [stdout] warning: constant `TEST_DATA` is never used
[INFO] [stdout]  --> crates/wasm/tests/decrypt.rs:9:7
[INFO] [stdout]   |
[INFO] [stdout] 9 | const TEST_DATA: &[u8] = include_bytes!("data/data.txt");
[INFO] [stdout]   |       ^^^^^^^^^
[INFO] [stdout] 
[INFO] [stdout] 
[INFO] [stdout] warning: constant `TEST_DATA_ENC` is never used
[INFO] [stdout]   --> crates/wasm/tests/decrypt.rs:11:7
[INFO] [stdout]    |
[INFO] [stdout] 11 | const TEST_DATA_ENC: &[u8] = include_bytes!("data/v1/argon2id/v0x13/data.txt.abcrypt");
[INFO] [stdout]    |       ^^^^^^^^^^^^^
[INFO] [stdout] 
[INFO] [stdout] 
[INFO] [stdout] warning: function `success` is never used
[INFO] [stdout]   --> crates/wasm/tests/decrypt.rs:14:4
[INFO] [stdout]    |
[INFO] [stdout] 14 | fn success() {
[INFO] [stdout]    |    ^^^^^^^
[INFO] [stdout] 
[INFO] [stdout] 
[INFO] [stdout] warning: function `incorrect_passphrase` is never used
[INFO] [stdout]   --> crates/wasm/tests/decrypt.rs:69:4
[INFO] [stdout]    |
[INFO] [stdout] 69 | fn incorrect_passphrase() {
[INFO] [stdout]    |    ^^^^^^^^^^^^^^^^^^^^
[INFO] [stdout] 
[INFO] [stdout] 
[INFO] [stdout] warning: function `invalid_input_length` is never used
[INFO] [stdout]   --> crates/wasm/tests/decrypt.rs:75:4
[INFO] [stdout]    |
[INFO] [stdout] 75 | fn invalid_input_length() {
[INFO] [stdout]    |    ^^^^^^^^^^^^^^^^^^^^
[INFO] [stdout] 
[INFO] [stdout] 
[INFO] [stdout] warning: function `invalid_magic_number` is never used
[INFO] [stdout]   --> crates/wasm/tests/decrypt.rs:91:4
[INFO] [stdout]    |
[INFO] [stdout] 91 | fn invalid_magic_number() {
[INFO] [stdout]    |    ^^^^^^^^^^^^^^^^^^^^
[INFO] [stdout] 
[INFO] [stdout] 
[INFO] [stdout] warning: function `unsupported_version` is never used
[INFO] [stdout]   --> crates/wasm/tests/decrypt.rs:99:4
[INFO] [stdout]    |
[INFO] [stdout] 99 | fn unsupported_version() {
[INFO] [stdout]    |    ^^^^^^^^^^^^^^^^^^^
[INFO] [stdout] 
[INFO] [stdout] 
[INFO] [stdout] warning: function `unknown_version` is never used
[INFO] [stdout]    --> crates/wasm/tests/decrypt.rs:105:4
[INFO] [stdout]     |
[INFO] [stdout] 105 | fn unknown_version() {
[INFO] [stdout]     |    ^^^^^^^^^^^^^^^
[INFO] [stdout] 
[INFO] [stdout] 
[INFO] [stdout] warning: function `invalid_params` is never used
[INFO] [stdout]    --> crates/wasm/tests/decrypt.rs:113:4
[INFO] [stdout]     |
[INFO] [stdout] 113 | fn invalid_params() {
[INFO] [stdout]     |    ^^^^^^^^^^^^^^
[INFO] [stdout] 
[INFO] [stdout] 
[INFO] [stdout] warning: function `invalid_header_mac` is never used
[INFO] [stdout]    --> crates/wasm/tests/decrypt.rs:136:4
[INFO] [stdout]     |
[INFO] [stdout] 136 | fn invalid_header_mac() {
[INFO] [stdout]     |    ^^^^^^^^^^^^^^^^^^
[INFO] [stdout] 
[INFO] [stdout] 
[INFO] [stdout] warning: function `invalid_mac` is never used
[INFO] [stdout]    --> crates/wasm/tests/decrypt.rs:146:4
[INFO] [stdout]     |
[INFO] [stdout] 146 | fn invalid_mac() {
[INFO] [stdout]     |    ^^^^^^^^^^^
[INFO] [stdout] 
[INFO] [stdout] 
[INFO] [stdout] warning: constant `PASSPHRASE` is never used
[INFO] [stdout]  --> crates/wasm/tests/encrypt.rs:9:7
[INFO] [stdout]   |
[INFO] [stdout] 9 | const PASSPHRASE: &[u8] = b"passphrase";
[INFO] [stdout]   |       ^^^^^^^^^^
[INFO] [stdout]   |
[INFO] [stdout]   = note: `#[warn(dead_code)]` on by default
[INFO] [stdout] 
[INFO] [stdout] 
[INFO] [stdout] warning: constant `TEST_DATA` is never used
[INFO] [stdout]   --> crates/wasm/tests/encrypt.rs:10:7
[INFO] [stdout]    |
[INFO] [stdout] 10 | const TEST_DATA: &[u8] = include_bytes!("data/data.txt");
[INFO] [stdout]    |       ^^^^^^^^^
[INFO] [stdout] 
[INFO] [stdout] 
[INFO] [stdout] warning: function `success` is never used
[INFO] [stdout]   --> crates/wasm/tests/encrypt.rs:13:4
[INFO] [stdout]    |
[INFO] [stdout] 13 | fn success() {
[INFO] [stdout]    |    ^^^^^^^
[INFO] [stdout] 
[INFO] [stdout] 
[INFO] [stdout] warning: function `success_with_params` is never used
[INFO] [stdout]   --> crates/wasm/tests/encrypt.rs:35:4
[INFO] [stdout]    |
[INFO] [stdout] 35 | fn success_with_params() {
[INFO] [stdout]    |    ^^^^^^^^^^^^^^^^^^^
[INFO] [stdout] 
[INFO] [stdout] 
[INFO] [stdout] warning: function `success_with_context` is never used
[INFO] [stdout]   --> crates/wasm/tests/encrypt.rs:57:4
[INFO] [stdout]    |
[INFO] [stdout] 57 | fn success_with_context() {
[INFO] [stdout]    |    ^^^^^^^^^^^^^^^^^^^^
[INFO] [stdout] 
[INFO] [stdout] 
[INFO] [stdout] warning: function `minimum_output_length` is never used
[INFO] [stdout]    --> crates/wasm/tests/encrypt.rs:187:4
[INFO] [stdout]     |
[INFO] [stdout] 187 | fn minimum_output_length() {
[INFO] [stdout]     |    ^^^^^^^^^^^^^^^^^^^^^
[INFO] [stdout] 
[INFO] [stdout] 
[INFO] [stdout] warning: function `magic_number` is never used
[INFO] [stdout]    --> crates/wasm/tests/encrypt.rs:198:4
[INFO] [stdout]     |
[INFO] [stdout] 198 | fn magic_number() {
[INFO] [stdout]     |    ^^^^^^^^^^^^
[INFO] [stdout] 
[INFO] [stdout] 
[INFO] [stdout] warning: function `version` is never used
[INFO] [stdout]    --> crates/wasm/tests/encrypt.rs:206:4
[INFO] [stdout]     |
[INFO] [stdout] 206 | fn version() {
[INFO] [stdout]     |    ^^^^^^^
[INFO] [stdout] 
[INFO] [stdout] 
[INFO] [stdout] warning: function `argon2_type` is never used
[INFO] [stdout]    --> crates/wasm/tests/encrypt.rs:214:4
[INFO] [stdout]     |
[INFO] [stdout] 214 | fn argon2_type() {
[INFO] [stdout]     |    ^^^^^^^^^^^
[INFO] [stdout] 
[INFO] [stdout] 
[INFO] [stdout] warning: function `argon2_version` is never used
[INFO] [stdout]    --> crates/wasm/tests/encrypt.rs:239:4
[INFO] [stdout]     |
[INFO] [stdout] 239 | fn argon2_version() {
[INFO] [stdout]     |    ^^^^^^^^^^^^^^
[INFO] [stdout] 
[INFO] [stdout] 
[INFO] [stdout] warning: function `memory_cost` is never used
[INFO] [stdout]    --> crates/wasm/tests/encrypt.rs:257:4
[INFO] [stdout]     |
[INFO] [stdout] 257 | fn memory_cost() {
[INFO] [stdout]     |    ^^^^^^^^^^^
[INFO] [stdout] 
[INFO] [stdout] 
[INFO] [stdout] warning: function `time_cost` is never used
[INFO] [stdout]    --> crates/wasm/tests/encrypt.rs:265:4
[INFO] [stdout]     |
[INFO] [stdout] 265 | fn time_cost() {
[INFO] [stdout]     |    ^^^^^^^^^
[INFO] [stdout] 
[INFO] [stdout] 
[INFO] [stdout] warning: function `parallelism` is never used
[INFO] [stdout]    --> crates/wasm/tests/encrypt.rs:273:4
[INFO] [stdout]     |
[INFO] [stdout] 273 | fn parallelism() {
[INFO] [stdout]     |    ^^^^^^^^^^^
[INFO] [stdout] 
[INFO] [stdout] 
[INFO] [stderr]    Compiling abcrypt-cli v0.4.0 (/opt/rustwide/workdir/crates/cli)
[INFO] [stderr]    Compiling regex v1.11.1
[INFO] [stderr]    Compiling bstr v1.11.3
[INFO] [stderr]    Compiling toml v0.8.19
[INFO] [stderr]    Compiling predicates v3.1.3
[INFO] [stderr]    Compiling cbindgen v0.28.0
[INFO] [stderr]    Compiling abcrypt-capi v0.4.0 (/opt/rustwide/workdir/crates/capi)
[INFO] [stderr] warning: abcrypt-capi@0.4.0: failed to execute Asciidoctor: No such file or directory (os error 2)
[INFO] [stderr]     Finished `test` profile [unoptimized + debuginfo] target(s) in 59.11s
[INFO] running `Command { std: "docker" "inspect" "afb67bbf6055487d946a2a1fac094bbdbdd30bc8c3be7138827dc4f7499fb3aa", kill_on_drop: false }`
[INFO] running `Command { std: "docker" "rm" "-f" "afb67bbf6055487d946a2a1fac094bbdbdd30bc8c3be7138827dc4f7499fb3aa", kill_on_drop: false }`
[INFO] [stdout] afb67bbf6055487d946a2a1fac094bbdbdd30bc8c3be7138827dc4f7499fb3aa
[INFO] running `Command { std: "docker" "create" "-v" "/var/lib/crater-agent-workspace/builds/worker-6-tc1/target:/opt/rustwide/target:rw,Z" "-v" "/var/lib/crater-agent-workspace/builds/worker-6-tc1/source:/opt/rustwide/workdir:ro,Z" "-v" "/var/lib/crater-agent-workspace/cargo-home:/opt/rustwide/cargo-home:ro,Z" "-v" "/var/lib/crater-agent-workspace/rustup-home:/opt/rustwide/rustup-home:ro,Z" "-e" "SOURCE_DIR=/opt/rustwide/workdir" "-e" "CARGO_TARGET_DIR=/opt/rustwide/target" "-e" "CARGO_INCREMENTAL=0" "-e" "RUST_BACKTRACE=full" "-e" "RUSTFLAGS=--cap-lints=forbid" "-e" "RUSTDOCFLAGS=--cap-lints=forbid" "-e" "CARGO_HOME=/opt/rustwide/cargo-home" "-e" "RUSTUP_HOME=/opt/rustwide/rustup-home" "-w" "/opt/rustwide/workdir" "-m" "1610612736" "--user" "0:0" "--network" "none" "ghcr.io/rust-lang/crates-build-env/linux@sha256:819108c5571ea2e421544af4d832f968d213c87fbe3707a016657f43d2f853bc" "/opt/rustwide/cargo-home/bin/cargo" "+nightly-2025-01-18" "test" "--frozen", kill_on_drop: false }`
[INFO] [stdout] 11bdbfa75115dd6186ede21726fd5edb6e218db3d721545c05660f9a305d992f
[INFO] running `Command { std: "docker" "start" "-a" "11bdbfa75115dd6186ede21726fd5edb6e218db3d721545c05660f9a305d992f", kill_on_drop: false }`
[INFO] [stderr] warning: abcrypt-cli@0.4.0: failed to execute Asciidoctor: No such file or directory (os error 2)
[INFO] [stderr] warning: constant `TEST_DATA_ENC` is never used
[INFO] [stderr]   --> crates/wasm/tests/params.rs:10:7
[INFO] [stderr]    |
[INFO] [stderr] 10 | const TEST_DATA_ENC: &[u8] = include_bytes!("data/v1/argon2id/v0x13/data.txt.abcrypt");
[INFO] [stderr]    |       ^^^^^^^^^^^^^
[INFO] [stderr]    |
[INFO] [stderr]    = note: `#[warn(dead_code)]` on by default
[INFO] [stderr] 
[INFO] [stderr] warning: function `success` is never used
[INFO] [stderr]   --> crates/wasm/tests/params.rs:13:4
[INFO] [stderr]    |
[INFO] [stderr] 13 | fn success() {
[INFO] [stderr]    |    ^^^^^^^
[INFO] [stderr] 
[INFO] [stderr] warning: function `memory_cost` is never used
[INFO] [stderr]   --> crates/wasm/tests/params.rs:19:4
[INFO] [stderr]    |
[INFO] [stderr] 19 | fn memory_cost() {
[INFO] [stderr]    |    ^^^^^^^^^^^
[INFO] [stderr] 
[INFO] [stderr] warning: function `time_cost` is never used
[INFO] [stderr]   --> crates/wasm/tests/params.rs:57:4
[INFO] [stderr]    |
[INFO] [stderr] 57 | fn time_cost() {
[INFO] [stderr]    |    ^^^^^^^^^
[INFO] [stderr] 
[INFO] [stderr] warning: function `parallelism` is never used
[INFO] [stderr]   --> crates/wasm/tests/params.rs:95:4
[INFO] [stderr]    |
[INFO] [stderr] 95 | fn parallelism() {
[INFO] [stderr]    |    ^^^^^^^^^^^
[INFO] [stderr] 
[INFO] [stderr] warning: constant `PASSPHRASE` is never used
[INFO] [stderr]  --> crates/wasm/tests/encrypt.rs:9:7
[INFO] [stderr]   |
[INFO] [stderr] 9 | const PASSPHRASE: &[u8] = b"passphrase";
[INFO] [stderr]   |       ^^^^^^^^^^
[INFO] [stderr]   |
[INFO] [stderr]   = note: `#[warn(dead_code)]` on by default
[INFO] [stderr] 
[INFO] [stderr] warning: constant `TEST_DATA` is never used
[INFO] [stderr]   --> crates/wasm/tests/encrypt.rs:10:7
[INFO] [stderr]    |
[INFO] [stderr] 10 | const TEST_DATA: &[u8] = include_bytes!("data/data.txt");
[INFO] [stderr]    |       ^^^^^^^^^
[INFO] [stderr] 
[INFO] [stderr] warning: function `success` is never used
[INFO] [stderr]   --> crates/wasm/tests/encrypt.rs:13:4
[INFO] [stderr]    |
[INFO] [stderr] 13 | fn success() {
[INFO] [stderr]    |    ^^^^^^^
[INFO] [stderr] 
[INFO] [stderr] warning: function `success_with_params` is never used
[INFO] [stderr]   --> crates/wasm/tests/encrypt.rs:35:4
[INFO] [stderr]    |
[INFO] [stderr] 35 | fn success_with_params() {
[INFO] [stderr]    |    ^^^^^^^^^^^^^^^^^^^
[INFO] [stderr] 
[INFO] [stderr] warning: function `success_with_context` is never used
[INFO] [stderr]   --> crates/wasm/tests/encrypt.rs:57:4
[INFO] [stderr]    |
[INFO] [stderr] 57 | fn success_with_context() {
[INFO] [stderr]    |    ^^^^^^^^^^^^^^^^^^^^
[INFO] [stderr] 
[INFO] [stderr] warning: function `minimum_output_length` is never used
[INFO] [stderr]    --> crates/wasm/tests/encrypt.rs:187:4
[INFO] [stderr]     |
[INFO] [stderr] 187 | fn minimum_output_length() {
[INFO] [stderr]     |    ^^^^^^^^^^^^^^^^^^^^^
[INFO] [stderr] 
[INFO] [stderr] warning: function `magic_number` is never used
[INFO] [stderr]    --> crates/wasm/tests/encrypt.rs:198:4
[INFO] [stderr]     |
[INFO] [stderr] 198 | fn magic_number() {
[INFO] [stderr]     |    ^^^^^^^^^^^^
[INFO] [stderr] 
[INFO] [stderr] warning: function `version` is never used
[INFO] [stderr]    --> crates/wasm/tests/encrypt.rs:206:4
[INFO] [stderr]     |
[INFO] [stderr] 206 | fn version() {
[INFO] [stderr]     |    ^^^^^^^
[INFO] [stderr] 
[INFO] [stderr] warning: function `argon2_type` is never used
[INFO] [stderr]    --> crates/wasm/tests/encrypt.rs:214:4
[INFO] [stderr]     |
[INFO] [stderr] 214 | fn argon2_type() {
[INFO] [stderr]     |    ^^^^^^^^^^^
[INFO] [stderr] 
[INFO] [stderr] warning: function `argon2_version` is never used
[INFO] [stderr]    --> crates/wasm/tests/encrypt.rs:239:4
[INFO] [stderr]     |
[INFO] [stderr] 239 | fn argon2_version() {
[INFO] [stderr]     |    ^^^^^^^^^^^^^^
[INFO] [stderr] 
[INFO] [stderr] warning: function `memory_cost` is never used
[INFO] [stderr]    --> crates/wasm/tests/encrypt.rs:257:4
[INFO] [stderr]     |
[INFO] [stderr] 257 | fn memory_cost() {
[INFO] [stderr]     |    ^^^^^^^^^^^
[INFO] [stderr] 
[INFO] [stderr] warning: function `time_cost` is never used
[INFO] [stderr]    --> crates/wasm/tests/encrypt.rs:265:4
[INFO] [stderr]     |
[INFO] [stderr] 265 | fn time_cost() {
[INFO] [stderr]     |    ^^^^^^^^^
[INFO] [stderr] 
[INFO] [stderr] warning: function `parallelism` is never used
[INFO] [stderr]    --> crates/wasm/tests/encrypt.rs:273:4
[INFO] [stderr]     |
[INFO] [stderr] 273 | fn parallelism() {
[INFO] [stderr]     |    ^^^^^^^^^^^
[INFO] [stderr] 
[INFO] [stderr] warning: `abcrypt-wasm` (test "params") generated 5 warnings
[INFO] [stderr] warning: `abcrypt-wasm` (test "encrypt") generated 13 warnings
[INFO] [stderr] warning: constant `PASSPHRASE` is never used
[INFO] [stderr]  --> crates/wasm/tests/decrypt.rs:8:7
[INFO] [stderr]   |
[INFO] [stderr] 8 | const PASSPHRASE: &[u8] = b"passphrase";
[INFO] [stderr]   |       ^^^^^^^^^^
[INFO] [stderr]   |
[INFO] [stderr]   = note: `#[warn(dead_code)]` on by default
[INFO] [stderr] 
[INFO] [stderr] warning: constant `TEST_DATA` is never used
[INFO] [stderr]  --> crates/wasm/tests/decrypt.rs:9:7
[INFO] [stderr]   |
[INFO] [stderr] 9 | const TEST_DATA: &[u8] = include_bytes!("data/data.txt");
[INFO] [stderr]   |       ^^^^^^^^^
[INFO] [stderr] 
[INFO] [stderr] warning: constant `TEST_DATA_ENC` is never used
[INFO] [stderr]   --> crates/wasm/tests/decrypt.rs:11:7
[INFO] [stderr]    |
[INFO] [stderr] 11 | const TEST_DATA_ENC: &[u8] = include_bytes!("data/v1/argon2id/v0x13/data.txt.abcrypt");
[INFO] [stderr]    |       ^^^^^^^^^^^^^
[INFO] [stderr] 
[INFO] [stderr] warning: function `success` is never used
[INFO] [stderr]   --> crates/wasm/tests/decrypt.rs:14:4
[INFO] [stderr]    |
[INFO] [stderr] 14 | fn success() {
[INFO] [stderr]    |    ^^^^^^^
[INFO] [stderr] 
[INFO] [stderr] warning: function `incorrect_passphrase` is never used
[INFO] [stderr]   --> crates/wasm/tests/decrypt.rs:69:4
[INFO] [stderr]    |
[INFO] [stderr] 69 | fn incorrect_passphrase() {
[INFO] [stderr]    |    ^^^^^^^^^^^^^^^^^^^^
[INFO] [stderr] 
[INFO] [stderr] warning: function `invalid_input_length` is never used
[INFO] [stderr]   --> crates/wasm/tests/decrypt.rs:75:4
[INFO] [stderr]    |
[INFO] [stderr] 75 | fn invalid_input_length() {
[INFO] [stderr]    |    ^^^^^^^^^^^^^^^^^^^^
[INFO] [stderr] 
[INFO] [stderr] warning: function `invalid_magic_number` is never used
[INFO] [stderr]   --> crates/wasm/tests/decrypt.rs:91:4
[INFO] [stderr]    |
[INFO] [stderr] 91 | fn invalid_magic_number() {
[INFO] [stderr]    |    ^^^^^^^^^^^^^^^^^^^^
[INFO] [stderr] 
[INFO] [stderr] warning: function `unsupported_version` is never used
[INFO] [stderr]   --> crates/wasm/tests/decrypt.rs:99:4
[INFO] [stderr]    |
[INFO] [stderr] 99 | fn unsupported_version() {
[INFO] [stderr]    |    ^^^^^^^^^^^^^^^^^^^
[INFO] [stderr] 
[INFO] [stderr] warning: function `unknown_version` is never used
[INFO] [stderr]    --> crates/wasm/tests/decrypt.rs:105:4
[INFO] [stderr]     |
[INFO] [stderr] 105 | fn unknown_version() {
[INFO] [stderr]     |    ^^^^^^^^^^^^^^^
[INFO] [stderr] 
[INFO] [stderr] warning: function `invalid_params` is never used
[INFO] [stderr]    --> crates/wasm/tests/decrypt.rs:113:4
[INFO] [stderr]     |
[INFO] [stderr] 113 | fn invalid_params() {
[INFO] [stderr]     |    ^^^^^^^^^^^^^^
[INFO] [stderr] 
[INFO] [stderr] warning: function `invalid_header_mac` is never used
[INFO] [stderr]    --> crates/wasm/tests/decrypt.rs:136:4
[INFO] [stderr]     |
[INFO] [stderr] 136 | fn invalid_header_mac() {
[INFO] [stderr]     |    ^^^^^^^^^^^^^^^^^^
[INFO] [stderr] 
[INFO] [stderr] warning: function `invalid_mac` is never used
[INFO] [stderr]    --> crates/wasm/tests/decrypt.rs:146:4
[INFO] [stderr]     |
[INFO] [stderr] 146 | fn invalid_mac() {
[INFO] [stderr]     |    ^^^^^^^^^^^
[INFO] [stderr] 
[INFO] [stderr] warning: function `header_size` is never used
[INFO] [stderr]   --> crates/wasm/src/lib.rs:48:8
[INFO] [stderr]    |
[INFO] [stderr] 48 |     fn header_size() {
[INFO] [stderr]    |        ^^^^^^^^^^^
[INFO] [stderr]    |
[INFO] [stderr]    = note: `#[warn(dead_code)]` on by default
[INFO] [stderr] 
[INFO] [stderr] warning: function `tag_size` is never used
[INFO] [stderr]   --> crates/wasm/src/lib.rs:54:8
[INFO] [stderr]    |
[INFO] [stderr] 54 |     fn tag_size() {
[INFO] [stderr]    |        ^^^^^^^^
[INFO] [stderr] 
[INFO] [stderr] warning: `abcrypt-wasm` (test "decrypt") generated 12 warnings
[INFO] [stderr] warning: `abcrypt-wasm` (lib test) generated 2 warnings
[INFO] [stderr] warning: abcrypt-capi@0.4.0: failed to execute Asciidoctor: No such file or directory (os error 2)
[INFO] [stderr]     Finished `test` profile [unoptimized + debuginfo] target(s) in 0.23s
[INFO] [stderr]      Running unittests src/lib.rs (/opt/rustwide/target/debug/deps/abcrypt-ed50d4b197b6950c)
[INFO] [stdout] 
[INFO] [stdout] running 33 tests
[INFO] [stdout] test argon2_context::tests::from_argon2_version_to_version ... ok
[INFO] [stdout] test argon2_context::tests::from_variant_to_algorithm ... ok
[INFO] [stdout] test argon2_context::tests::from_variant_to_u32 ... ok
[INFO] [stdout] test argon2_context::tests::from_algorithm_to_variant ... ok
[INFO] [stdout] test argon2_context::tests::from_version_to_argon2_version ... ok
[INFO] [stdout] test argon2_context::tests::from_version_to_u32 ... ok
[INFO] [stdout] test argon2_context::tests::try_from_u32_to_variant_with_invalid_argon2_type ... ok
[INFO] [stdout] test argon2_context::tests::try_from_u32_to_variant ... ok
[INFO] [stdout] test argon2_context::tests::try_from_u32_to_version_with_invalid_argon2_version ... ok
[INFO] [stdout] test error::tests::debug ... ok
[INFO] [stdout] test error::tests::display ... ok
[INFO] [stdout] test error::tests::equality ... ok
[INFO] [stdout] test error::tests::from_chacha20poly1305_error_to_error ... ok
[INFO] [stdout] test error::tests::from_mac_error_to_error ... ok
[INFO] [stdout] test error::tests::result_type ... ok
[INFO] [stdout] test error::tests::source ... ok
[INFO] [stdout] test format::tests::clone_version ... ok
[INFO] [stdout] test format::tests::copy_version ... ok
[INFO] [stdout] test format::tests::debug_version ... ok
[INFO] [stdout] test format::tests::default_version ... ok
[INFO] [stdout] test format::tests::derived_key_size ... ok
[INFO] [stdout] test format::tests::from_version_to_u8 ... ok
[INFO] [stdout] test format::tests::magic_number ... ok
[INFO] [stdout] test format::tests::size_of_version ... ok
[INFO] [stdout] test format::tests::tag_size ... ok
[INFO] [stdout] test format::tests::try_from_u8_to_version ... ok
[INFO] [stdout] test format::tests::try_from_u8_to_version_with_invalid_version ... ok
[INFO] [stdout] test format::tests::version ... ok
[INFO] [stdout] test format::tests::version_equality ... ok
[INFO] [stdout] test error::tests::clone ... ok
[INFO] [stdout] test error::tests::copy ... ok
[INFO] [stdout] test format::tests::header_size ... ok
[INFO] [stdout] test argon2_context::tests::try_from_u32_to_version ... ok
[INFO] [stdout] 
[INFO] [stdout] test result: ok. 33 passed; 0 failed; 0 ignored; 0 measured; 0 filtered out; finished in 0.02s
[INFO] [stdout] 
[INFO] [stderr]      Running tests/argon2_context.rs (/opt/rustwide/target/debug/deps/argon2_context-5c1678abf42a99cb)
[INFO] [stdout] 
[INFO] [stdout] running 3 tests
[INFO] [stdout] test variant ... ok
[INFO] [stdout] test success ... ok
[INFO] [stdout] test version ... ok
[INFO] [stdout] 
[INFO] [stdout] test result: ok. 3 passed; 0 failed; 0 ignored; 0 measured; 0 filtered out; finished in 0.00s
[INFO] [stdout] 
[INFO] [stderr]      Running tests/decrypt.rs (/opt/rustwide/target/debug/deps/decrypt-59ee5de1fa969ffc)
[INFO] [stdout] 
[INFO] [stdout] running 13 tests
[INFO] [stdout] test invalid_input_length ... ok
[INFO] [stdout] test invalid_params ... ok
[INFO] [stdout] test invalid_magic_number ... ok
[INFO] [stdout] test success_to_vec ... ok
[INFO] [stdout] test unknown_version ... ok
[INFO] [stdout] test unsupported_version ... ok
[INFO] [stdout] test incorrect_passphrase ... ok
[INFO] [stdout] test invalid_mac ... ok
[INFO] [stdout] test invalid_header_mac ... ok
[INFO] [stdout] test out_len ... ok
[INFO] [stdout] test invalid_output_length - should panic ... ok
[INFO] [stdout] test success_convenience_function ... ok
[INFO] [stdout] test success ... ok
[INFO] [stdout] 
[INFO] [stdout] test result: ok. 13 passed; 0 failed; 0 ignored; 0 measured; 0 filtered out; finished in 8.04s
[INFO] [stdout] 
[INFO] [stderr]      Running tests/encrypt.rs (/opt/rustwide/target/debug/deps/encrypt-c70fe93fd74ff583)
[INFO] [stdout] 
[INFO] [stdout] running 17 tests
[INFO] [stdout] test memory_cost ... ok
[INFO] [stdout] test parallelism ... ok
[INFO] [stdout] test magic_number ... ok
[INFO] [stdout] test out_len ... ok
[INFO] [stdout] test minimum_output_length ... ok
[INFO] [stdout] test argon2_version ... ok
[INFO] [stdout] test argon2_type ... ok
[INFO] [stdout] test success_with_params ... ok
[INFO] [stdout] test success_convenience_function_with_params ... ok
[INFO] [stdout] test time_cost ... ok
[INFO] [stdout] test invalid_output_length - should panic ... ok
[INFO] [stdout] test version ... ok
[INFO] [stdout] test success_to_vec ... ok
[INFO] [stdout] test success ... ok
[INFO] [stdout] test success_convenience_function ... ok
[INFO] [stdout] test success_with_context ... ok
[INFO] [stdout] test success_convenience_function_with_context ... ok
[INFO] [stdout] 
[INFO] [stdout] test result: ok. 17 passed; 0 failed; 0 ignored; 0 measured; 0 filtered out; finished in 19.54s
[INFO] [stdout] 
[INFO] [stderr]      Running tests/params.rs (/opt/rustwide/target/debug/deps/params-7f9bcebc4ac9a747)
[INFO] [stdout] 
[INFO] [stdout] running 6 tests
[INFO] [stdout] test parallelism ... ok
[INFO] [stdout] test memory_cost ... ok
[INFO] [stdout] test serialize ... ok
[INFO] [stdout] test success ... ok
[INFO] [stdout] test serialize_json ... ok
[INFO] [stdout] test time_cost ... ok
[INFO] [stdout] 
[INFO] [stdout] test result: ok. 6 passed; 0 failed; 0 ignored; 0 measured; 0 filtered out; finished in 0.02s
[INFO] [stdout] 
[INFO] [stderr]      Running unittests src/lib.rs (/opt/rustwide/target/debug/deps/abcrypt_capi-57c8975fbf0aa923)
[INFO] [stdout] 
[INFO] [stdout] running 37 tests
[INFO] [stdout] test decrypt::tests::invalid_input_length ... ok
[INFO] [stdout] test decrypt::tests::invalid_params ... ok
[INFO] [stdout] test decrypt::tests::invalid_magic_number ... ok
[INFO] [stdout] test decrypt::tests::unknown_version ... ok
[INFO] [stdout] test decrypt::tests::unsupported_version ... ok
[INFO] [stdout] test decrypt::tests::incorrect_passphrase ... ok
[INFO] [stdout] test decrypt::tests::invalid_mac ... ok
[INFO] [stdout] test decrypt::tests::invalid_header_mac ... ok
[INFO] [stdout] test encrypt::tests::magic_number ... ok
[INFO] [stdout] test encrypt::tests::memory_cost ... ok
[INFO] [stdout] test encrypt::tests::argon2_version ... ok
[INFO] [stdout] test encrypt::tests::minimum_output_length ... ok
[INFO] [stdout] test encrypt::tests::argon2_type ... ok
[INFO] [stdout] test encrypt::tests::invalid_output_length - should panic ... ok
[INFO] [stdout] test encrypt::tests::parallelism ... ok
[INFO] [stdout] test decrypt::tests::invalid_output_length - should panic ... ok
[INFO] [stdout] test error::tests::copy ... ok
[INFO] [stdout] test encrypt::tests::time_cost ... ok
[INFO] [stdout] test error::tests::clone ... ok
[INFO] [stdout] test error::tests::debug ... ok
[INFO] [stdout] test error::tests::equality ... ok
[INFO] [stdout] test error::tests::error_code ... ok
[INFO] [stdout] test encrypt::tests::version ... ok
[INFO] [stdout] test error::tests::error_message ... ok
[INFO] [stdout] test error::tests::display ... ok
[INFO] [stdout] test params::tests::memory_cost ... ok
[INFO] [stdout] test encrypt::tests::success_with_params ... ok
[INFO] [stdout] test error::tests::error_message_out_len ... ok
[INFO] [stdout] test params::tests::parallelism ... ok
[INFO] [stdout] test params::tests::time_cost ... ok
[INFO] [stdout] test tests::header_size ... ok
[INFO] [stdout] test error::tests::from_error_to_code ... ok
[INFO] [stdout] test params::tests::success ... ok
[INFO] [stdout] test tests::tag_size ... ok
[INFO] [stdout] test encrypt::tests::success ... ok
[INFO] [stdout] test decrypt::tests::success ... ok
[INFO] [stdout] test encrypt::tests::success_with_context ... ok
[INFO] [stdout] 
[INFO] [stdout] test result: ok. 37 passed; 0 failed; 0 ignored; 0 measured; 0 filtered out; finished in 15.35s
[INFO] [stdout] 
[INFO] [stderr]      Running unittests src/main.rs (/opt/rustwide/target/debug/deps/abcrypt-ab4acfdd44c98643)
[INFO] [stdout] 
[INFO] [stdout] running 22 tests
[INFO] [stdout] test cli::tests::default_memory_cost ... ok
[INFO] [stdout] test cli::tests::default_time_cost ... ok
[INFO] [stdout] test cli::tests::deref_memory_cost ... ok
[INFO] [stdout] test cli::tests::deref_parallelism ... ok
[INFO] [stdout] test cli::tests::deref_time_cost ... ok
[INFO] [stdout] test cli::tests::display_memory_cost ... ok
[INFO] [stdout] test cli::tests::display_parallelism ... ok
[INFO] [stdout] test cli::tests::display_time_cost ... ok
[INFO] [stdout] test cli::tests::default_parallelism ... ok
[INFO] [stdout] test cli::tests::file_name_shell ... ok
[INFO] [stdout] test cli::tests::from_str_memory_cost_if_out_of_range ... ok
[INFO] [stdout] test cli::tests::from_str_memory_cost ... ok
[INFO] [stdout] test cli::tests::from_str_memory_cost_with_invalid_unit ... ok
[INFO] [stdout] test cli::tests::from_str_memory_cost_with_nan ... ok
[INFO] [stdout] test cli::tests::parse_ref_time_cost_value_parser ... ok
[INFO] [stdout] test cli::tests::value_parser_parallelism ... ok
[INFO] [stdout] test cli::tests::verify_app ... ok
[INFO] [stdout] test utils::tests::remove_cr ... ok
[INFO] [stdout] test cli::tests::parse_ref_parallelism_value_parser ... ok
[INFO] [stdout] test utils::tests::remove_cr_lf ... ok
[INFO] [stdout] test utils::tests::remove_lf ... ok
[INFO] [stdout] test cli::tests::value_parser_time_cost ... ok
[INFO] [stdout] 
[INFO] [stdout] test result: ok. 22 passed; 0 failed; 0 ignored; 0 measured; 0 filtered out; finished in 0.02s
[INFO] [stdout] 
[INFO] [stderr]      Running tests/argon2.rs (/opt/rustwide/target/debug/deps/argon2-d930d4a99f8e450c)
[INFO] [stdout] 
[INFO] [stdout] running 5 tests
[INFO] [stdout] test long_version_for_argon2_command ... ok
[INFO] [stdout] test after_long_help_for_argon2_command ... ok
[INFO] [stdout] test argon2_if_non_existent_input_file ... ok
[INFO] [stdout] test basic_argon2 ... ok
[INFO] [stdout] test argon2_if_input_file_is_invalid ... ok
[INFO] [stdout] 
[INFO] [stdout] test result: ok. 5 passed; 0 failed; 0 ignored; 0 measured; 0 filtered out; finished in 0.17s
[INFO] [stdout] 
[INFO] [stderr]      Running tests/decrypt.rs (/opt/rustwide/target/debug/deps/decrypt-57d67fafeae93c23)
[INFO] [stdout] 
[INFO] [stdout] running 11 tests
[INFO] [stdout] test after_long_help_for_decrypt_command ... ok
[INFO] [stdout] test long_version_for_decrypt_command ... ok
[INFO] [stdout] test validate_aliases_for_decrypt_command ... ok
[INFO] [stdout] test decrypt_if_non_existent_input_file ... ok
[INFO] [stdout] test decrypt_if_input_file_is_invalid ... ok
[INFO] [stdout] test decrypt_from_unsupported_version ... ok
[INFO] [stdout] test validate_conflicts_if_reading_from_stdin_for_decrypt_command ... FAILED
[INFO] [stdout] test decrypt_if_passphrase_is_incorrect ... ok
[INFO] [stdout] test decrypt_if_output_is_directory ... ok
[INFO] [stdout] test decrypt_verbose ... ok
[INFO] [stdout] test basic_decrypt ... ok
[INFO] [stdout] 
[INFO] [stdout] failures:
[INFO] [stdout] 
[INFO] [stdout] ---- validate_conflicts_if_reading_from_stdin_for_decrypt_command stdout ----
[INFO] [stdout] 
[INFO] [stdout] thread 'validate_conflicts_if_reading_from_stdin_for_decrypt_command' panicked at /rustc/6067b36314ab5eb2eb47cecc464545ba58e1ad24/library/core/src/ops/function.rs:250:5:
[INFO] [stdout] Unexpected stderr, failed var.ends_with("cannot read both passphrase and input data from standard input\n")
[INFO] [stdout] ├── var: Error: cannot read both passphrase and input data from standard input
[INFO] [stdout] │   
[INFO] [stdout] │   Stack backtrace:
[INFO] [stdout] │      0: anyhow::error::<impl anyhow::Error>::msg
[INFO] [stdout] │                at /opt/rustwide/cargo-home/registry/src/index.crates.io-1949cf8c6b5b557f/anyhow-1.0.95/src/backtrace.rs:27:14
[INFO] [stdout] │      1: anyhow::__private::format_err
[INFO] [stdout] │                at /opt/rustwide/cargo-home/registry/src/index.crates.io-1949cf8c6b5b557f/anyhow-1.0.95/src/lib.rs:691:13
[INFO] [stdout] │      2: abcrypt::app::ensure_stdin_does_not_conflict
[INFO] [stdout] │                at /opt/rustwide/workdir/crates/cli/src/app.rs:20:9
[INFO] [stdout] │      3: abcrypt::app::run
[INFO] [stdout] │                at /opt/rustwide/workdir/crates/cli/src/app.rs:81:21
[INFO] [stdout] │      4: abcrypt::main
[INFO] [stdout] │                at /opt/rustwide/workdir/crates/cli/src/main.rs:21:11
[INFO] [stdout] │      5: core::ops::function::FnOnce::call_once
[INFO] [stdout] │                at /rustc/6067b36314ab5eb2eb47cecc464545ba58e1ad24/library/core/src/ops/function.rs:250:5
[INFO] [stdout] │      6: std::sys::backtrace::__rust_begin_short_backtrace
[INFO] [stdout] │                at /rustc/6067b36314ab5eb2eb47cecc464545ba58e1ad24/library/std/src/sys/backtrace.rs:152:18
[INFO] [stdout] │      7: std::rt::lang_start::{{closure}}
[INFO] [stdout] │                at /rustc/6067b36314ab5eb2eb47cecc464545ba58e1ad24/library/std/src/rt.rs:194:18
[INFO] [stdout] │      8: core::ops::function::impls::<impl core::ops::function::FnOnce<A> for &F>::call_once
[INFO] [stdout] │                at /rustc/6067b36314ab5eb2eb47cecc464545ba58e1ad24/library/core/src/ops/function.rs:284:13
[INFO] [stdout] │      9: std::panicking::try::do_call
[INFO] [stdout] │                at /rustc/6067b36314ab5eb2eb47cecc464545ba58e1ad24/library/std/src/panicking.rs:587:40
[INFO] [stdout] │     10: std::panicking::try
[INFO] [stdout] │                at /rustc/6067b36314ab5eb2eb47cecc464545ba58e1ad24/library/std/src/panicking.rs:550:19
[INFO] [stdout] │     11: std::panic::catch_unwind
[INFO] [stdout] │                at /rustc/6067b36314ab5eb2eb47cecc464545ba58e1ad24/library/std/src/panic.rs:358:14
[INFO] [stdout] │     12: std::rt::lang_start_internal::{{closure}}
[INFO] [stdout] │                at /rustc/6067b36314ab5eb2eb47cecc464545ba58e1ad24/library/std/src/rt.rs:163:24
[INFO] [stdout] │     13: std::panicking::try::do_call
[INFO] [stdout] │                at /rustc/6067b36314ab5eb2eb47cecc464545ba58e1ad24/library/std/src/panicking.rs:587:40
[INFO] [stdout] │     14: std::panicking::try
[INFO] [stdout] │                at /rustc/6067b36314ab5eb2eb47cecc464545ba58e1ad24/library/std/src/panicking.rs:550:19
[INFO] [stdout] │     15: std::panic::catch_unwind
[INFO] [stdout] │                at /rustc/6067b36314ab5eb2eb47cecc464545ba58e1ad24/library/std/src/panic.rs:358:14
[INFO] [stdout] │     16: std::rt::lang_start_internal
[INFO] [stdout] │                at /rustc/6067b36314ab5eb2eb47cecc464545ba58e1ad24/library/std/src/rt.rs:159:5
[INFO] [stdout] │     17: std::rt::lang_start
[INFO] [stdout] │                at /rustc/6067b36314ab5eb2eb47cecc464545ba58e1ad24/library/std/src/rt.rs:193:5
[INFO] [stdout] │     18: main
[INFO] [stdout] │     19: <unknown>
[INFO] [stdout] │     20: __libc_start_main
[INFO] [stdout] │     21: _start
[INFO] [stdout] └── var as str: Error: cannot read both passphrase and input data from standard input
[INFO] [stdout]     
[INFO] [stdout]     Stack backtrace:
[INFO] [stdout]        0: anyhow::error::<impl anyhow::Error>::msg
[INFO] [stdout]                  at /opt/rustwide/cargo-home/registry/src/index.crates.io-1949cf8c6b5b557f/anyhow-1.0.95/src/backtrace.rs:27:14
[INFO] [stdout]        1: anyhow::__private::format_err
[INFO] [stdout]                  at /opt/rustwide/cargo-home/registry/src/index.crates.io-1949cf8c6b5b557f/anyhow-1.0.95/src/lib.rs:691:13
[INFO] [stdout]        2: abcrypt::app::ensure_stdin_does_not_conflict
[INFO] [stdout]                  at /opt/rustwide/workdir/crates/cli/src/app.rs:20:9
[INFO] [stdout]        3: abcrypt::app::run
[INFO] [stdout]                  at /opt/rustwide/workdir/crates/cli/src/app.rs:81:21
[INFO] [stdout]        4: abcrypt::main
[INFO] [stdout]                  at /opt/rustwide/workdir/crates/cli/src/main.rs:21:11
[INFO] [stdout]        5: core::ops::function::FnOnce::call_once
[INFO] [stdout]                  at /rustc/6067b36314ab5eb2eb47cecc464545ba58e1ad24/library/core/src/ops/function.rs:250:5
[INFO] [stdout]        6: std::sys::backtrace::__rust_begin_short_backtrace
[INFO] [stdout]                  at /rustc/6067b36314ab5eb2eb47cecc464545ba58e1ad24/library/std/src/sys/backtrace.rs:152:18
[INFO] [stdout]        7: std::rt::lang_start::{{closure}}
[INFO] [stdout]                  at /rustc/6067b36314ab5eb2eb47cecc464545ba58e1ad24/library/std/src/rt.rs:194:18
[INFO] [stdout]        8: core::ops::function::impls::<impl core::ops::function::FnOnce<A> for &F>::call_once
[INFO] [stdout]                  at /rustc/6067b36314ab5eb2eb47cecc464545ba58e1ad24/library/core/src/ops/function.rs:284:13
[INFO] [stdout]        9: std::panicking::try::do_call
[INFO] [stdout]                  at /rustc/6067b36314ab5eb2eb47cecc464545ba58e1ad24/library/std/src/panicking.rs:587:40
[INFO] [stdout]       10: std::panicking::try
[INFO] [stdout]                  at /rustc/6067b36314ab5eb2eb47cecc464545ba58e1ad24/library/std/src/panicking.rs:550:19
[INFO] [stdout]       11: std::panic::catch_unwind
[INFO] [stdout]                  at /rustc/6067b36314ab5eb2eb47cecc464545ba58e1ad24/library/std/src/panic.rs:358:14
[INFO] [stdout]       12: std::rt::lang_start_internal::{{closure}}
[INFO] [stdout]                  at /rustc/6067b36314ab5eb2eb47cecc464545ba58e1ad24/library/std/src/rt.rs:163:24
[INFO] [stdout]       13: std::panicking::try::do_call
[INFO] [stdout]                  at /rustc/6067b36314ab5eb2eb47cecc464545ba58e1ad24/library/std/src/panicking.rs:587:40
[INFO] [stdout]       14: std::panicking::try
[INFO] [stdout]                  at /rustc/6067b36314ab5eb2eb47cecc464545ba58e1ad24/library/std/src/panicking.rs:550:19
[INFO] [stdout]       15: std::panic::catch_unwind
[INFO] [stdout]                  at /rustc/6067b36314ab5eb2eb47cecc464545ba58e1ad24/library/std/src/panic.rs:358:14
[INFO] [stdout]       16: std::rt::lang_start_internal
[INFO] [stdout]                  at /rustc/6067b36314ab5eb2eb47cecc464545ba58e1ad24/library/std/src/rt.rs:159:5
[INFO] [stdout]       17: std::rt::lang_start
[INFO] [stdout]                  at /rustc/6067b36314ab5eb2eb47cecc464545ba58e1ad24/library/std/src/rt.rs:193:5
[INFO] [stdout]       18: main
[INFO] [stdout]       19: <unknown>
[INFO] [stdout]       20: __libc_start_main
[INFO] [stdout]       21: _start
[INFO] [stdout] 
[INFO] [stdout] command=`cd "tests" && "/opt/rustwide/target/debug/abcrypt" "decrypt" "--passphrase-from-stdin"`
[INFO] [stdout] stdin=`"passphrase"`
[INFO] [stdout] code=1
[INFO] [stdout] stdout=""
[INFO] [stdout] stderr=```
[INFO] [stdout] Error: cannot read both passphrase and input data from standard input
[INFO] [stdout] 
[INFO] [stdout] Stack backtrace:
[INFO] [stdout]    0: anyhow::error::<impl anyhow::Error>::msg
[INFO] [stdout]              at /opt/rustwide/cargo-home/registry/src/index.crates.io-1949cf8c6b5b557f/anyhow-1.0.95/src/backtrace.rs:27:14
[INFO] [stdout]    1: anyhow::__private::format_err
[INFO] [stdout]              at /opt/rustwide/cargo-home/registry/src/index.crates.io-1949cf8c6b5b557f/anyhow-1.0.95/src/lib.rs:691:13
[INFO] [stdout]    2: abcrypt::app::ensure_stdin_does_not_conflict
[INFO] [stdout]              at /opt/rustwide/workdir/crates/cli/src/app.rs:20:9
[INFO] [stdout]    3: abcrypt::app::run
[INFO] [stdout]              at /opt/rustwide/workdir/crates/cli/src/app.rs:81:21
[INFO] [stdout]    4: abcrypt::main
[INFO] [stdout]              at /opt/rustwide/workdir/crates/cli/src/main.rs:21:11
[INFO] [stdout]    5: core::ops::function::FnOnce::call_once
[INFO] [stdout]              at /rustc/6067b36314ab5eb2eb47cecc464545ba58e1ad24/library/core/src/ops/function.rs:250:5
[INFO] [stdout]    6: std::sys::backtrace::__rust_begin_short_backtrace
[INFO] [stdout]              at /rustc/6067b36314ab5eb2eb47cecc464545ba58e1ad24/library/std/src/sys/backtrace.rs:152:18
[INFO] [stdout]    7: std::rt::lang_start::{{closure}}
[INFO] [stdout]              at /rustc/6067b36314ab5eb2eb47cecc464545ba58e1ad24/library/std/src/rt.rs:194:18
[INFO] [stdout]    8: core::ops::function::impls::<impl core::ops::function::FnOnce<A> for &F>::call_once
[INFO] [stdout]              at /rustc/6067b36314ab5eb2eb47cecc464545ba58e1ad24/library/core/src/ops/function.rs:284:13
[INFO] [stdout]    9: std::panicking::try::do_call
[INFO] [stdout]              at /rustc/6067b36314ab5eb2eb47cecc464545ba58e1ad24/library/std/src/panicking.rs:587:40
[INFO] [stdout]   10: std::panicking::try
[INFO] [stdout]              at /rustc/6067b36314ab5eb2eb47cecc464545ba58e1ad24/library/std/src/panicking.rs:550:19
[INFO] [stdout]   11: std::panic::catch_unwind
[INFO] [stdout]              at /rustc/6067b36314ab5eb2eb47cecc464545ba58e1ad24/library/std/src/panic.rs:358:14
[INFO] [stdout]   12: std::rt::lang_start_internal::{{closure}}
[INFO] [stdout]              at /rustc/6067b36314ab5eb2eb47cecc464545ba58e1ad24/library/std/src/rt.rs:163:24
[INFO] [stdout]   13: std::panicking::try::do_call
[INFO] [stdout]              at /rustc/6067b36314ab5eb2eb47cecc464545ba58e1ad24/library/std/src/panicking.rs:587:40
[INFO] [stdout]   14: std::panicking::try
[INFO] [stdout]              at /rustc/6067b36314ab5eb2eb47cecc464545ba58e1ad24/library/std/src/panicking.rs:550:19
[INFO] [stdout]   15: std::panic::catch_unwind
[INFO] [stdout]              at /rustc/6067b36314ab5eb2eb47cecc464545ba58e1ad24/library/std/src/panic.rs:358:14
[INFO] [stdout]   16: std::rt::lang_start_internal
[INFO] [stdout]              at /rustc/6067b36314ab5eb2eb47cecc464545ba58e1ad24/library/std/src/rt.rs:159:5
[INFO] [stdout]   17: std::rt::lang_start
[INFO] [stdout]              at /rustc/6067b36314ab5eb2eb47cecc464545ba58e1ad24/library/std/src/rt.rs:193:5
[INFO] [stdout]   18: main
[INFO] [stdout]   19: <unknown>
[INFO] [stdout]   20: __libc_start_main
[INFO] [stdout]   21: _start
[INFO] [stdout] ```
[INFO] [stdout] 
[INFO] [stdout] 
[INFO] [stdout] stack backtrace:
[INFO] [stdout]    0:     0x57b8293279da - std::backtrace_rs::backtrace::libunwind::trace::hb059275cfc8d6126
[INFO] [stdout]                                at /rustc/6067b36314ab5eb2eb47cecc464545ba58e1ad24/library/std/src/../../backtrace/src/backtrace/libunwind.rs:116:5
[INFO] [stdout]    1:     0x57b8293279da - std::backtrace_rs::backtrace::trace_unsynchronized::h2da071e4327ce3ee
[INFO] [stdout]                                at /rustc/6067b36314ab5eb2eb47cecc464545ba58e1ad24/library/std/src/../../backtrace/src/backtrace/mod.rs:66:5
[INFO] [stdout]    2:     0x57b8293279da - std::sys::backtrace::_print_fmt::h842a1474e6f8d23f
[INFO] [stdout]                                at /rustc/6067b36314ab5eb2eb47cecc464545ba58e1ad24/library/std/src/sys/backtrace.rs:66:9
[INFO] [stdout]    3:     0x57b8293279da - <std::sys::backtrace::BacktraceLock::print::DisplayBacktrace as core::fmt::Display>::fmt::h71a62eb3b9696b12
[INFO] [stdout]                                at /rustc/6067b36314ab5eb2eb47cecc464545ba58e1ad24/library/std/src/sys/backtrace.rs:39:26
[INFO] [stdout]    4:     0x57b829351223 - core::fmt::rt::Argument::fmt::hdb6b616786b41dc1
[INFO] [stdout]                                at /rustc/6067b36314ab5eb2eb47cecc464545ba58e1ad24/library/core/src/fmt/rt.rs:177:76
[INFO] [stdout]    5:     0x57b829351223 - core::fmt::write::h2cc1698af7e2d686
[INFO] [stdout]                                at /rustc/6067b36314ab5eb2eb47cecc464545ba58e1ad24/library/core/src/fmt/mod.rs:1440:21
[INFO] [stdout]    6:     0x57b829323e83 - std::io::Write::write_fmt::hab1b4cd059a79022
[INFO] [stdout]                                at /rustc/6067b36314ab5eb2eb47cecc464545ba58e1ad24/library/std/src/io/mod.rs:1887:15
[INFO] [stdout]    7:     0x57b829327822 - std::sys::backtrace::BacktraceLock::print::h147fe35b4ea13b08
[INFO] [stdout]                                at /rustc/6067b36314ab5eb2eb47cecc464545ba58e1ad24/library/std/src/sys/backtrace.rs:42:9
[INFO] [stdout]    8:     0x57b829328e7f - std::panicking::default_hook::{{closure}}::hbd44223dbdc0d208
[INFO] [stdout]                                at /rustc/6067b36314ab5eb2eb47cecc464545ba58e1ad24/library/std/src/panicking.rs:298:22
[INFO] [stdout]    9:     0x57b829328c98 - std::panicking::default_hook::h20f81eb0576efcec
[INFO] [stdout]                                at /rustc/6067b36314ab5eb2eb47cecc464545ba58e1ad24/library/std/src/panicking.rs:322:9
[INFO] [stdout]   10:     0x57b8292a5a13 - <alloc::boxed::Box<F,A> as core::ops::function::Fn<Args>>::call::hdb53814c496a4d34
[INFO] [stdout]                                at /rustc/6067b36314ab5eb2eb47cecc464545ba58e1ad24/library/alloc/src/boxed.rs:2027:9
[INFO] [stdout]   11:     0x57b8292a5a13 - test::test_main::{{closure}}::hc0a4963c59427c24
[INFO] [stdout]                                at /rustc/6067b36314ab5eb2eb47cecc464545ba58e1ad24/library/test/src/lib.rs:134:21
[INFO] [stdout]   12:     0x57b829329973 - <alloc::boxed::Box<F,A> as core::ops::function::Fn<Args>>::call::h591b2225413a77e9
[INFO] [stdout]                                at /rustc/6067b36314ab5eb2eb47cecc464545ba58e1ad24/library/alloc/src/boxed.rs:2027:9
[INFO] [stdout]   13:     0x57b829329973 - std::panicking::rust_panic_with_hook::h625eea43051b2edc
[INFO] [stdout]                                at /rustc/6067b36314ab5eb2eb47cecc464545ba58e1ad24/library/std/src/panicking.rs:839:13
[INFO] [stdout]   14:     0x57b82932962a - std::panicking::begin_panic_handler::{{closure}}::h4f9159cfbc3f6bd3
[INFO] [stdout]                                at /rustc/6067b36314ab5eb2eb47cecc464545ba58e1ad24/library/std/src/panicking.rs:704:13
[INFO] [stdout]   15:     0x57b829327ed9 - std::sys::backtrace::__rust_end_short_backtrace::h0390abce48353151
[INFO] [stdout]                                at /rustc/6067b36314ab5eb2eb47cecc464545ba58e1ad24/library/std/src/sys/backtrace.rs:168:18
[INFO] [stdout]   16:     0x57b8293292bd - rust_begin_unwind
[INFO] [stdout]                                at /rustc/6067b36314ab5eb2eb47cecc464545ba58e1ad24/library/std/src/panicking.rs:695:5
[INFO] [stdout]   17:     0x57b82934f8f0 - core::panicking::panic_fmt::h9e7c637e9e5f29c9
[INFO] [stdout]                                at /rustc/6067b36314ab5eb2eb47cecc464545ba58e1ad24/library/core/src/panicking.rs:75:14
[INFO] [stdout]   18:     0x57b8292bea73 - core::panicking::panic_display::hf927b4456e81a256
[INFO] [stdout]                                at /rustc/6067b36314ab5eb2eb47cecc464545ba58e1ad24/library/core/src/panicking.rs:261:5
[INFO] [stdout]   19:     0x57b8292bb2be - assert_cmd::assert::AssertError::panic::panic_cold_display::hf83005649144c0ec
[INFO] [stdout]                                at /rustc/6067b36314ab5eb2eb47cecc464545ba58e1ad24/library/core/src/panic.rs:100:13
[INFO] [stdout]   20:     0x57b8292b9e47 - assert_cmd::assert::AssertError::panic::h717ab8f5476cfea9
[INFO] [stdout]                                at /opt/rustwide/cargo-home/registry/src/index.crates.io-1949cf8c6b5b557f/assert_cmd-2.0.16/src/assert.rs:1033:9
[INFO] [stdout]   21:     0x57b8292b0997 - core::ops::function::FnOnce::call_once::hd183be17ce1647f6
[INFO] [stdout]                                at /rustc/6067b36314ab5eb2eb47cecc464545ba58e1ad24/library/core/src/ops/function.rs:250:5
[INFO] [stdout]   22:     0x57b8292c1260 - core::result::Result<T,E>::unwrap_or_else::h2fa68e9e7873648d
[INFO] [stdout]                                at /rustc/6067b36314ab5eb2eb47cecc464545ba58e1ad24/library/core/src/result.rs:1463:23
[INFO] [stdout]   23:     0x57b829262ef5 - assert_cmd::assert::Assert::stderr::h1205a3e2508e9eed
[INFO] [stdout]                                at /opt/rustwide/cargo-home/registry/src/index.crates.io-1949cf8c6b5b557f/assert_cmd-2.0.16/src/assert.rs:460:9
[INFO] [stdout]   24:     0x57b829269d63 - decrypt::validate_conflicts_if_reading_from_stdin_for_decrypt_command::h0d76d84565b74f9c
[INFO] [stdout]                                at /opt/rustwide/workdir/crates/cli/tests/decrypt.rs:122:5
[INFO] [stdout]   25:     0x57b829269c07 - decrypt::validate_conflicts_if_reading_from_stdin_for_decrypt_command::{{closure}}::h5bdbc0cb86cf4bb6
[INFO] [stdout]                                at /opt/rustwide/workdir/crates/cli/tests/decrypt.rs:121:66
[INFO] [stdout]   26:     0x57b829265f56 - core::ops::function::FnOnce::call_once::hfc53db991d1685a3
[INFO] [stdout]                                at /rustc/6067b36314ab5eb2eb47cecc464545ba58e1ad24/library/core/src/ops/function.rs:250:5
[INFO] [stdout]   27:     0x57b8292ab16b - core::ops::function::FnOnce::call_once::he27718dfdd183f43
[INFO] [stdout]                                at /rustc/6067b36314ab5eb2eb47cecc464545ba58e1ad24/library/core/src/ops/function.rs:250:5
[INFO] [stdout]   28:     0x57b8292ab16b - test::__rust_begin_short_backtrace::h4e84902998457a5d
[INFO] [stdout]                                at /rustc/6067b36314ab5eb2eb47cecc464545ba58e1ad24/library/test/src/lib.rs:632:18
[INFO] [stdout]   29:     0x57b8292aa0a3 - test::run_test_in_process::{{closure}}::h7176fd18fc1feca0
[INFO] [stdout]                                at /rustc/6067b36314ab5eb2eb47cecc464545ba58e1ad24/library/test/src/lib.rs:655:60
[INFO] [stdout]   30:     0x57b8292aa0a3 - <core::panic::unwind_safe::AssertUnwindSafe<F> as core::ops::function::FnOnce<()>>::call_once::hf79cff2a624d8cf7
[INFO] [stdout]                                at /rustc/6067b36314ab5eb2eb47cecc464545ba58e1ad24/library/core/src/panic/unwind_safe.rs:272:9
[INFO] [stdout]   31:     0x57b8292aa0a3 - std::panicking::try::do_call::h3da0561d9ab99c25
[INFO] [stdout]                                at /rustc/6067b36314ab5eb2eb47cecc464545ba58e1ad24/library/std/src/panicking.rs:587:40
[INFO] [stdout]   32:     0x57b8292aa0a3 - std::panicking::try::h41c9fa508bc61df6
[INFO] [stdout]                                at /rustc/6067b36314ab5eb2eb47cecc464545ba58e1ad24/library/std/src/panicking.rs:550:19
[INFO] [stdout]   33:     0x57b8292aa0a3 - std::panic::catch_unwind::h6b3ff07bb5afad93
[INFO] [stdout]                                at /rustc/6067b36314ab5eb2eb47cecc464545ba58e1ad24/library/std/src/panic.rs:358:14
[INFO] [stdout]   34:     0x57b8292aa0a3 - test::run_test_in_process::hc7253dd11b39b9f4
[INFO] [stdout]                                at /rustc/6067b36314ab5eb2eb47cecc464545ba58e1ad24/library/test/src/lib.rs:655:27
[INFO] [stdout]   35:     0x57b8292aa0a3 - test::run_test::{{closure}}::hfb2007f8649c30bb
[INFO] [stdout]                                at /rustc/6067b36314ab5eb2eb47cecc464545ba58e1ad24/library/test/src/lib.rs:576:43
[INFO] [stdout]   36:     0x57b82926d185 - test::run_test::{{closure}}::h56a17aa7a282a9f4
[INFO] [stdout]                                at /rustc/6067b36314ab5eb2eb47cecc464545ba58e1ad24/library/test/src/lib.rs:606:41
[INFO] [stdout]   37:     0x57b82926d185 - std::sys::backtrace::__rust_begin_short_backtrace::hd2d2d2fb8e8c6aac
[INFO] [stdout]                                at /rustc/6067b36314ab5eb2eb47cecc464545ba58e1ad24/library/std/src/sys/backtrace.rs:152:18
[INFO] [stdout]   38:     0x57b829270a6a - std::thread::Builder::spawn_unchecked_::{{closure}}::{{closure}}::h4faa3f9db6133423
[INFO] [stdout]                                at /rustc/6067b36314ab5eb2eb47cecc464545ba58e1ad24/library/std/src/thread/mod.rs:559:17
[INFO] [stdout]   39:     0x57b829270a6a - <core::panic::unwind_safe::AssertUnwindSafe<F> as core::ops::function::FnOnce<()>>::call_once::hf2e855a36a4ea846
[INFO] [stdout]                                at /rustc/6067b36314ab5eb2eb47cecc464545ba58e1ad24/library/core/src/panic/unwind_safe.rs:272:9
[INFO] [stdout]   40:     0x57b829270a6a - std::panicking::try::do_call::h2f73af3616c35465
[INFO] [stdout]                                at /rustc/6067b36314ab5eb2eb47cecc464545ba58e1ad24/library/std/src/panicking.rs:587:40
[INFO] [stdout]   41:     0x57b829270a6a - std::panicking::try::hd1660ce9efadef5a
[INFO] [stdout]                                at /rustc/6067b36314ab5eb2eb47cecc464545ba58e1ad24/library/std/src/panicking.rs:550:19
[INFO] [stdout]   42:     0x57b829270a6a - std::panic::catch_unwind::h5ee8d7823b8ca744
[INFO] [stdout]                                at /rustc/6067b36314ab5eb2eb47cecc464545ba58e1ad24/library/std/src/panic.rs:358:14
[INFO] [stdout]   43:     0x57b829270a6a - std::thread::Builder::spawn_unchecked_::{{closure}}::h53c3a1894dce8407
[INFO] [stdout]                                at /rustc/6067b36314ab5eb2eb47cecc464545ba58e1ad24/library/std/src/thread/mod.rs:557:30
[INFO] [stdout]   44:     0x57b829270a6a - core::ops::function::FnOnce::call_once{{vtable.shim}}::h048ce291ad4f62bf
[INFO] [stdout]                                at /rustc/6067b36314ab5eb2eb47cecc464545ba58e1ad24/library/core/src/ops/function.rs:250:5
[INFO] [stdout]   45:     0x57b82932e50b - <alloc::boxed::Box<F,A> as core::ops::function::FnOnce<Args>>::call_once::ha52bedf99a3b4981
[INFO] [stdout]                                at /rustc/6067b36314ab5eb2eb47cecc464545ba58e1ad24/library/alloc/src/boxed.rs:2013:9
[INFO] [stdout]   46:     0x57b82932e50b - <alloc::boxed::Box<F,A> as core::ops::function::FnOnce<Args>>::call_once::h567748934d80ccf8
[INFO] [stdout]                                at /rustc/6067b36314ab5eb2eb47cecc464545ba58e1ad24/library/alloc/src/boxed.rs:2013:9
[INFO] [stdout]   47:     0x57b82932e50b - std::sys::pal::unix::thread::Thread::new::thread_start::h2d970728ae887adc
[INFO] [stdout]                                at /rustc/6067b36314ab5eb2eb47cecc464545ba58e1ad24/library/std/src/sys/pal/unix/thread.rs:106:17
[INFO] [stdout]   48:     0x712d16953ac3 - <unknown>
[INFO] [stdout]   49:     0x712d169e4a04 - clone
[INFO] [stdout]   50:                0x0 - <unknown>
[INFO] [stdout] 
[INFO] [stdout] 
[INFO] [stdout] failures:
[INFO] [stdout]     validate_conflicts_if_reading_from_stdin_for_decrypt_command
[INFO] [stdout] 
[INFO] [stdout] test result: FAILED. 10 passed; 1 failed; 0 ignored; 0 measured; 0 filtered out; finished in 8.68s
[INFO] [stdout] 
[INFO] [stderr] error: test failed, to rerun pass `-p abcrypt-cli --test decrypt`
[INFO] running `Command { std: "docker" "inspect" "11bdbfa75115dd6186ede21726fd5edb6e218db3d721545c05660f9a305d992f", kill_on_drop: false }`
[INFO] running `Command { std: "docker" "rm" "-f" "11bdbfa75115dd6186ede21726fd5edb6e218db3d721545c05660f9a305d992f", kill_on_drop: false }`
[INFO] [stdout] 11bdbfa75115dd6186ede21726fd5edb6e218db3d721545c05660f9a305d992f
