[INFO] cloning repository https://github.com/sor4chi/browser
[INFO] running `Command { std: "git" "-c" "credential.helper=" "-c" "credential.helper=/workspace/cargo-home/bin/git-credential-null" "clone" "--bare" "https://github.com/sor4chi/browser" "/workspace/cache/git-repos/https%3A%2F%2Fgithub.com%2Fsor4chi%2Fbrowser", kill_on_drop: false }`
[INFO] [stderr] Cloning into bare repository '/workspace/cache/git-repos/https%3A%2F%2Fgithub.com%2Fsor4chi%2Fbrowser'...
[INFO] running `Command { std: "git" "rev-parse" "HEAD", kill_on_drop: false }`
[INFO] [stdout] db5374644eed3f111a3057729ed009ca603b6be4
[INFO] testing sor4chi/browser against nightly-2025-01-18+rustflags=-Zrandomize-layout for randomize-layout-2
[INFO] running `Command { std: "git" "clone" "/workspace/cache/git-repos/https%3A%2F%2Fgithub.com%2Fsor4chi%2Fbrowser" "/workspace/builds/worker-1-tc2/source", kill_on_drop: false }`
[INFO] [stderr] Cloning into '/workspace/builds/worker-1-tc2/source'...
[INFO] [stderr] done.
[INFO] validating manifest of git repo https://github.com/sor4chi/browser on toolchain nightly-2025-01-18
[INFO] running `Command { std: CARGO_HOME="/workspace/cargo-home" RUSTUP_HOME="/workspace/rustup-home" "/workspace/cargo-home/bin/cargo" "+nightly-2025-01-18" "metadata" "--manifest-path" "Cargo.toml" "--no-deps", kill_on_drop: false }`
[INFO] started tweaking git repo https://github.com/sor4chi/browser
[INFO] finished tweaking git repo https://github.com/sor4chi/browser
[INFO] tweaked toml for git repo https://github.com/sor4chi/browser written to /workspace/builds/worker-1-tc2/source/Cargo.toml
[INFO] crate git repo https://github.com/sor4chi/browser already has a lockfile, it will not be regenerated
[INFO] running `Command { std: CARGO_HOME="/workspace/cargo-home" RUSTUP_HOME="/workspace/rustup-home" "/workspace/cargo-home/bin/cargo" "+nightly-2025-01-18" "fetch" "--manifest-path" "Cargo.toml", kill_on_drop: false }`
[INFO] [stderr] warning: virtual workspace defaulting to `resolver = "1"` despite one or more workspace members being on edition 2021 which implies `resolver = "2"`
[INFO] [stderr] note: to keep the current resolver, specify `workspace.resolver = "1"` in the workspace root's manifest
[INFO] [stderr] note: to use the edition 2021 resolver, specify `workspace.resolver = "2"` in the workspace root's manifest
[INFO] [stderr] note: for more details see https://doc.rust-lang.org/cargo/reference/resolver.html#resolver-versions
[INFO] running `Command { std: "docker" "create" "-v" "/var/lib/crater-agent-workspace/builds/worker-1-tc2/target:/opt/rustwide/target:rw,Z" "-v" "/var/lib/crater-agent-workspace/builds/worker-1-tc2/source:/opt/rustwide/workdir:ro,Z" "-v" "/var/lib/crater-agent-workspace/cargo-home:/opt/rustwide/cargo-home:ro,Z" "-v" "/var/lib/crater-agent-workspace/rustup-home:/opt/rustwide/rustup-home:ro,Z" "-e" "SOURCE_DIR=/opt/rustwide/workdir" "-e" "CARGO_TARGET_DIR=/opt/rustwide/target" "-e" "CARGO_HOME=/opt/rustwide/cargo-home" "-e" "RUSTUP_HOME=/opt/rustwide/rustup-home" "-w" "/opt/rustwide/workdir" "-m" "1610612736" "--user" "0:0" "--network" "none" "ghcr.io/rust-lang/crates-build-env/linux@sha256:819108c5571ea2e421544af4d832f968d213c87fbe3707a016657f43d2f853bc" "/opt/rustwide/cargo-home/bin/cargo" "+nightly-2025-01-18" "metadata" "--no-deps" "--format-version=1", kill_on_drop: false }`
[INFO] [stdout] 736e87630a229d5e71f19ab6f084591dc4ccf07710c28cd893630e5b7c22bf67
[INFO] running `Command { std: "docker" "start" "-a" "736e87630a229d5e71f19ab6f084591dc4ccf07710c28cd893630e5b7c22bf67", kill_on_drop: false }`
[INFO] running `Command { std: "docker" "inspect" "736e87630a229d5e71f19ab6f084591dc4ccf07710c28cd893630e5b7c22bf67", kill_on_drop: false }`
[INFO] running `Command { std: "docker" "rm" "-f" "736e87630a229d5e71f19ab6f084591dc4ccf07710c28cd893630e5b7c22bf67", kill_on_drop: false }`
[INFO] [stdout] 736e87630a229d5e71f19ab6f084591dc4ccf07710c28cd893630e5b7c22bf67
[INFO] running `Command { std: "docker" "create" "-v" "/var/lib/crater-agent-workspace/builds/worker-1-tc2/target:/opt/rustwide/target:rw,Z" "-v" "/var/lib/crater-agent-workspace/builds/worker-1-tc2/source:/opt/rustwide/workdir:ro,Z" "-v" "/var/lib/crater-agent-workspace/cargo-home:/opt/rustwide/cargo-home:ro,Z" "-v" "/var/lib/crater-agent-workspace/rustup-home:/opt/rustwide/rustup-home:ro,Z" "-e" "SOURCE_DIR=/opt/rustwide/workdir" "-e" "CARGO_TARGET_DIR=/opt/rustwide/target" "-e" "CARGO_INCREMENTAL=0" "-e" "RUST_BACKTRACE=full" "-e" "RUSTFLAGS=--cap-lints=forbid -Zrandomize-layout" "-e" "RUSTDOCFLAGS=--cap-lints=forbid" "-e" "CARGO_HOME=/opt/rustwide/cargo-home" "-e" "RUSTUP_HOME=/opt/rustwide/rustup-home" "-w" "/opt/rustwide/workdir" "-m" "1610612736" "--user" "0:0" "--network" "none" "ghcr.io/rust-lang/crates-build-env/linux@sha256:819108c5571ea2e421544af4d832f968d213c87fbe3707a016657f43d2f853bc" "/opt/rustwide/cargo-home/bin/cargo" "+nightly-2025-01-18" "build" "--frozen" "--message-format=json", kill_on_drop: false }`
[INFO] [stdout] 53cb05a53fe325594fa6e57cba6146db805e4599b80cbbbae1617074a9aa23ff
[INFO] running `Command { std: "docker" "start" "-a" "53cb05a53fe325594fa6e57cba6146db805e4599b80cbbbae1617074a9aa23ff", kill_on_drop: false }`
[INFO] [stderr] warning: virtual workspace defaulting to `resolver = "1"` despite one or more workspace members being on edition 2021 which implies `resolver = "2"`
[INFO] [stderr] note: to keep the current resolver, specify `workspace.resolver = "1"` in the workspace root's manifest
[INFO] [stderr] note: to use the edition 2021 resolver, specify `workspace.resolver = "2"` in the workspace root's manifest
[INFO] [stderr] note: for more details see https://doc.rust-lang.org/cargo/reference/resolver.html#resolver-versions
[INFO] [stderr]    Compiling dom_parser v0.1.0 (/opt/rustwide/workdir/dom_parser)
[INFO] [stdout] warning: unused import: `crate::attribute::Attribute`
[INFO] [stdout]  --> dom_parser/src/parser.rs:1:5
[INFO] [stdout]   |
[INFO] [stdout] 1 | use crate::attribute::Attribute;
[INFO] [stdout]   |     ^^^^^^^^^^^^^^^^^^^^^^^^^^^
[INFO] [stdout]   |
[INFO] [stdout]   = note: `#[warn(unused_imports)]` on by default
[INFO] [stdout] 
[INFO] [stdout] 
[INFO] [stdout] warning: unused import: `Token`
[INFO] [stdout]  --> dom_parser/src/parser.rs:3:24
[INFO] [stdout]   |
[INFO] [stdout] 3 | use crate::tokenizer::{Token, Tokenizer};
[INFO] [stdout]   |                        ^^^^^
[INFO] [stdout] 
[INFO] [stdout] 
[INFO] [stdout] warning: unused variable: `a`
[INFO] [stdout]   --> dom_parser/src/tokenizer.rs:45:13
[INFO] [stdout]    |
[INFO] [stdout] 45 |         let a = self.next_char(); // <
[INFO] [stdout]    |             ^ help: if this is intentional, prefix it with an underscore: `_a`
[INFO] [stdout]    |
[INFO] [stdout]    = note: `#[warn(unused_variables)]` on by default
[INFO] [stdout] 
[INFO] [stdout] 
[INFO] [stdout] warning: variants `Element` and `Text` are never constructed
[INFO] [stdout]  --> dom_parser/src/parser.rs:8:5
[INFO] [stdout]   |
[INFO] [stdout] 7 | pub enum Node {
[INFO] [stdout]   |          ---- variants in this enum
[INFO] [stdout] 8 |     Element(ElementData),
[INFO] [stdout]   |     ^^^^^^^
[INFO] [stdout] 9 |     Text(String),
[INFO] [stdout]   |     ^^^^
[INFO] [stdout]   |
[INFO] [stdout]   = note: `Node` has a derived impl for the trait `Debug`, but this is intentionally ignored during dead code analysis
[INFO] [stdout]   = note: `#[warn(dead_code)]` on by default
[INFO] [stdout] 
[INFO] [stdout] 
[INFO] [stdout] warning: struct `Parser` is never constructed
[INFO] [stdout]   --> dom_parser/src/parser.rs:19:12
[INFO] [stdout]    |
[INFO] [stdout] 19 | pub struct Parser<'a> {
[INFO] [stdout]    |            ^^^^^^
[INFO] [stdout] 
[INFO] [stdout] 
[INFO] [stdout] warning: associated items `new` and `parse_nodes` are never used
[INFO] [stdout]   --> dom_parser/src/parser.rs:24:12
[INFO] [stdout]    |
[INFO] [stdout] 23 | impl Parser<'_> {
[INFO] [stdout]    | --------------- associated items in this implementation
[INFO] [stdout] 24 |     pub fn new(input: &str) -> Parser {
[INFO] [stdout]    |            ^^^
[INFO] [stdout] ...
[INFO] [stdout] 30 |     pub fn parse_nodes(&mut self) -> Result<Vec<Node>, String> {
[INFO] [stdout]    |            ^^^^^^^^^^^
[INFO] [stdout] 
[INFO] [stdout] 
[INFO] [stdout] warning: variants `StartTag`, `EndTag`, and `Text` are never constructed
[INFO] [stdout]  --> dom_parser/src/tokenizer.rs:6:5
[INFO] [stdout]   |
[INFO] [stdout] 5 | pub enum Token {
[INFO] [stdout]   |          ----- variants in this enum
[INFO] [stdout] 6 |     StartTag(Tag, Vec<Attribute>),
[INFO] [stdout]   |     ^^^^^^^^
[INFO] [stdout] 7 |     EndTag(Tag),
[INFO] [stdout]   |     ^^^^^^
[INFO] [stdout] 8 |     Text(String),
[INFO] [stdout]   |     ^^^^
[INFO] [stdout]   |
[INFO] [stdout]   = note: `Token` has a derived impl for the trait `Debug`, but this is intentionally ignored during dead code analysis
[INFO] [stdout] 
[INFO] [stdout] 
[INFO] [stdout] warning: struct `Tokenizer` is never constructed
[INFO] [stdout]   --> dom_parser/src/tokenizer.rs:11:12
[INFO] [stdout]    |
[INFO] [stdout] 11 | pub struct Tokenizer<'a> {
[INFO] [stdout]    |            ^^^^^^^^^
[INFO] [stdout] 
[INFO] [stdout] 
[INFO] [stdout] warning: multiple associated items are never used
[INFO] [stdout]    --> dom_parser/src/tokenizer.rs:17:12
[INFO] [stdout]     |
[INFO] [stdout] 16  | impl<'a> Tokenizer<'a> {
[INFO] [stdout]     | ---------------------- associated items in this implementation
[INFO] [stdout] 17  |     pub fn new(input: &'a str) -> Self {
[INFO] [stdout]     |            ^^^
[INFO] [stdout] ...
[INFO] [stdout] 24  |     fn next_char(&mut self) -> Option<char> {
[INFO] [stdout]     |        ^^^^^^^^^
[INFO] [stdout] ...
[INFO] [stdout] 29  |     fn peek_char(&mut self) -> Option<&char> {
[INFO] [stdout]     |        ^^^^^^^^^
[INFO] [stdout] ...
[INFO] [stdout] 33  |     fn parse_text(&mut self) -> Token {
[INFO] [stdout]     |        ^^^^^^^^^^
[INFO] [stdout] ...
[INFO] [stdout] 44  |     fn parse_tag(&mut self) -> Token {
[INFO] [stdout]     |        ^^^^^^^^^
[INFO] [stdout] ...
[INFO] [stdout] 66  |     fn parse_tag_name(&mut self) -> Tag {
[INFO] [stdout]     |        ^^^^^^^^^^^^^^
[INFO] [stdout] ...
[INFO] [stdout] 77  |     fn parse_attributes(&mut self) -> Vec<Attribute> {
[INFO] [stdout]     |        ^^^^^^^^^^^^^^^^
[INFO] [stdout] ...
[INFO] [stdout] 92  |     fn parse_attribute(&mut self) -> Attribute {
[INFO] [stdout]     |        ^^^^^^^^^^^^^^^
[INFO] [stdout] ...
[INFO] [stdout] 99  |     fn parse_attribute_name(&mut self) -> String {
[INFO] [stdout]     |        ^^^^^^^^^^^^^^^^^^^^
[INFO] [stdout] ...
[INFO] [stdout] 110 |     fn parse_attribute_value(&mut self) -> String {
[INFO] [stdout]     |        ^^^^^^^^^^^^^^^^^^^^^
[INFO] [stdout] ...
[INFO] [stdout] 123 |     pub fn next_token(&mut self) -> Option<Token> {
[INFO] [stdout]     |            ^^^^^^^^^^
[INFO] [stdout] 
[INFO] [stdout] 
[INFO] [stdout] warning: multiple variants are never constructed
[INFO] [stdout]  --> dom_parser/src/tag.rs:3:5
[INFO] [stdout]   |
[INFO] [stdout] 2 | pub enum Tag {
[INFO] [stdout]   |          --- variants in this enum
[INFO] [stdout] 3 |     Html,
[INFO] [stdout]   |     ^^^^
[INFO] [stdout] 4 |     Head,
[INFO] [stdout]   |     ^^^^
[INFO] [stdout] 5 |     Title,
[INFO] [stdout]   |     ^^^^^
[INFO] [stdout] 6 |     Body,
[INFO] [stdout]   |     ^^^^
[INFO] [stdout] 7 |     H1,
[INFO] [stdout]   |     ^^
[INFO] [stdout] 8 |     P,
[INFO] [stdout]   |     ^
[INFO] [stdout] 9 |     Unknown,
[INFO] [stdout]   |     ^^^^^^^
[INFO] [stdout]   |
[INFO] [stdout]   = note: `Tag` has a derived impl for the trait `Debug`, but this is intentionally ignored during dead code analysis
[INFO] [stdout] 
[INFO] [stdout] 
[INFO] [stdout] warning: associated function `new` is never used
[INFO] [stdout]   --> dom_parser/src/tag.rs:13:12
[INFO] [stdout]    |
[INFO] [stdout] 12 | impl Tag {
[INFO] [stdout]    | -------- associated function in this implementation
[INFO] [stdout] 13 |     pub fn new(tag: &str) -> Self {
[INFO] [stdout]    |            ^^^
[INFO] [stdout] 
[INFO] [stdout] 
[INFO] [stdout] warning: variants `Class`, `Id`, and `Unknown` are never constructed
[INFO] [stdout]  --> dom_parser/src/attribute.rs:3:5
[INFO] [stdout]   |
[INFO] [stdout] 2 | pub enum Attribute {
[INFO] [stdout]   |          --------- variants in this enum
[INFO] [stdout] 3 |     Class(String),
[INFO] [stdout]   |     ^^^^^
[INFO] [stdout] 4 |     Id(String),
[INFO] [stdout]   |     ^^
[INFO] [stdout] 5 |     Unknown,
[INFO] [stdout]   |     ^^^^^^^
[INFO] [stdout]   |
[INFO] [stdout]   = note: `Attribute` has a derived impl for the trait `Debug`, but this is intentionally ignored during dead code analysis
[INFO] [stdout] 
[INFO] [stdout] 
[INFO] [stdout] warning: associated function `new` is never used
[INFO] [stdout]  --> dom_parser/src/attribute.rs:9:12
[INFO] [stdout]   |
[INFO] [stdout] 8 | impl Attribute {
[INFO] [stdout]   | -------------- associated function in this implementation
[INFO] [stdout] 9 |     pub fn new(attribute: &str, value: &str) -> Self {
[INFO] [stdout]   |            ^^^
[INFO] [stdout] 
[INFO] [stdout] 
[INFO] [stderr]     Finished `dev` profile [unoptimized + debuginfo] target(s) in 0.27s
[INFO] running `Command { std: "docker" "inspect" "53cb05a53fe325594fa6e57cba6146db805e4599b80cbbbae1617074a9aa23ff", kill_on_drop: false }`
[INFO] running `Command { std: "docker" "rm" "-f" "53cb05a53fe325594fa6e57cba6146db805e4599b80cbbbae1617074a9aa23ff", kill_on_drop: false }`
[INFO] [stdout] 53cb05a53fe325594fa6e57cba6146db805e4599b80cbbbae1617074a9aa23ff
[INFO] running `Command { std: "docker" "create" "-v" "/var/lib/crater-agent-workspace/builds/worker-1-tc2/target:/opt/rustwide/target:rw,Z" "-v" "/var/lib/crater-agent-workspace/builds/worker-1-tc2/source:/opt/rustwide/workdir:ro,Z" "-v" "/var/lib/crater-agent-workspace/cargo-home:/opt/rustwide/cargo-home:ro,Z" "-v" "/var/lib/crater-agent-workspace/rustup-home:/opt/rustwide/rustup-home:ro,Z" "-e" "SOURCE_DIR=/opt/rustwide/workdir" "-e" "CARGO_TARGET_DIR=/opt/rustwide/target" "-e" "CARGO_INCREMENTAL=0" "-e" "RUST_BACKTRACE=full" "-e" "RUSTFLAGS=--cap-lints=forbid -Zrandomize-layout" "-e" "RUSTDOCFLAGS=--cap-lints=forbid" "-e" "CARGO_HOME=/opt/rustwide/cargo-home" "-e" "RUSTUP_HOME=/opt/rustwide/rustup-home" "-w" "/opt/rustwide/workdir" "-m" "1610612736" "--user" "0:0" "--network" "none" "ghcr.io/rust-lang/crates-build-env/linux@sha256:819108c5571ea2e421544af4d832f968d213c87fbe3707a016657f43d2f853bc" "/opt/rustwide/cargo-home/bin/cargo" "+nightly-2025-01-18" "test" "--frozen" "--no-run" "--message-format=json", kill_on_drop: false }`
[INFO] [stdout] 5d084dc95349740d39e7b3032d43ec1c910aacc90ef94a669e21e69f1ae3a965
[INFO] running `Command { std: "docker" "start" "-a" "5d084dc95349740d39e7b3032d43ec1c910aacc90ef94a669e21e69f1ae3a965", kill_on_drop: false }`
[INFO] [stderr] warning: virtual workspace defaulting to `resolver = "1"` despite one or more workspace members being on edition 2021 which implies `resolver = "2"`
[INFO] [stderr] note: to keep the current resolver, specify `workspace.resolver = "1"` in the workspace root's manifest
[INFO] [stderr] note: to use the edition 2021 resolver, specify `workspace.resolver = "2"` in the workspace root's manifest
[INFO] [stderr] note: for more details see https://doc.rust-lang.org/cargo/reference/resolver.html#resolver-versions
[INFO] [stdout] warning: unused import: `crate::attribute::Attribute`
[INFO] [stdout]  --> dom_parser/src/parser.rs:1:5
[INFO] [stdout]   |
[INFO] [stdout] 1 | use crate::attribute::Attribute;
[INFO] [stdout]   |     ^^^^^^^^^^^^^^^^^^^^^^^^^^^
[INFO] [stdout]   |
[INFO] [stdout]   = note: `#[warn(unused_imports)]` on by default
[INFO] [stdout] 
[INFO] [stdout] 
[INFO] [stdout] warning: unused import: `Token`
[INFO] [stdout]  --> dom_parser/src/parser.rs:3:24
[INFO] [stdout]   |
[INFO] [stdout] 3 | use crate::tokenizer::{Token, Tokenizer};
[INFO] [stdout]   |                        ^^^^^
[INFO] [stdout] 
[INFO] [stdout] 
[INFO] [stdout] warning: unused variable: `a`
[INFO] [stdout]   --> dom_parser/src/tokenizer.rs:45:13
[INFO] [stdout]    |
[INFO] [stdout] 45 |         let a = self.next_char(); // <
[INFO] [stdout]    |             ^ help: if this is intentional, prefix it with an underscore: `_a`
[INFO] [stdout]    |
[INFO] [stdout]    = note: `#[warn(unused_variables)]` on by default
[INFO] [stdout] 
[INFO] [stdout] 
[INFO] [stdout] warning: variants `Element` and `Text` are never constructed
[INFO] [stdout]  --> dom_parser/src/parser.rs:8:5
[INFO] [stdout]   |
[INFO] [stdout] 7 | pub enum Node {
[INFO] [stdout]   |          ---- variants in this enum
[INFO] [stdout] 8 |     Element(ElementData),
[INFO] [stdout]   |     ^^^^^^^
[INFO] [stdout] 9 |     Text(String),
[INFO] [stdout]   |     ^^^^
[INFO] [stdout]   |
[INFO] [stdout]   = note: `Node` has a derived impl for the trait `Debug`, but this is intentionally ignored during dead code analysis
[INFO] [stdout]   = note: `#[warn(dead_code)]` on by default
[INFO] [stdout] 
[INFO] [stdout] 
[INFO] [stdout] warning: struct `Parser` is never constructed
[INFO] [stdout]   --> dom_parser/src/parser.rs:19:12
[INFO] [stdout]    |
[INFO] [stdout] 19 | pub struct Parser<'a> {
[INFO] [stdout]    |            ^^^^^^
[INFO] [stdout] 
[INFO] [stdout] 
[INFO] [stdout] warning: associated items `new` and `parse_nodes` are never used
[INFO] [stdout]   --> dom_parser/src/parser.rs:24:12
[INFO] [stdout]    |
[INFO] [stdout] 23 | impl Parser<'_> {
[INFO] [stdout]    | --------------- associated items in this implementation
[INFO] [stdout] 24 |     pub fn new(input: &str) -> Parser {
[INFO] [stdout]    |            ^^^
[INFO] [stdout] ...
[INFO] [stdout] 30 |     pub fn parse_nodes(&mut self) -> Result<Vec<Node>, String> {
[INFO] [stdout]    |            ^^^^^^^^^^^
[INFO] [stdout] 
[INFO] [stdout] 
[INFO] [stdout] warning: variants `StartTag`, `EndTag`, and `Text` are never constructed
[INFO] [stdout]  --> dom_parser/src/tokenizer.rs:6:5
[INFO] [stdout]   |
[INFO] [stdout] 5 | pub enum Token {
[INFO] [stdout]   |          ----- variants in this enum
[INFO] [stdout] 6 |     StartTag(Tag, Vec<Attribute>),
[INFO] [stdout]   |     ^^^^^^^^
[INFO] [stdout] 7 |     EndTag(Tag),
[INFO] [stdout]   |     ^^^^^^
[INFO] [stdout] 8 |     Text(String),
[INFO] [stdout]   |     ^^^^
[INFO] [stdout]   |
[INFO] [stdout]   = note: `Token` has a derived impl for the trait `Debug`, but this is intentionally ignored during dead code analysis
[INFO] [stdout] 
[INFO] [stdout] 
[INFO] [stdout] warning: struct `Tokenizer` is never constructed
[INFO] [stdout]   --> dom_parser/src/tokenizer.rs:11:12
[INFO] [stdout]    |
[INFO] [stdout] 11 | pub struct Tokenizer<'a> {
[INFO] [stdout]    |            ^^^^^^^^^
[INFO] [stdout] 
[INFO] [stdout] 
[INFO] [stdout] warning: multiple associated items are never used
[INFO] [stdout]    --> dom_parser/src/tokenizer.rs:17:12
[INFO] [stdout]     |
[INFO] [stdout] 16  | impl<'a> Tokenizer<'a> {
[INFO] [stdout]     | ---------------------- associated items in this implementation
[INFO] [stdout] 17  |     pub fn new(input: &'a str) -> Self {
[INFO] [stdout]     |            ^^^
[INFO] [stdout] ...
[INFO] [stdout] 24  |     fn next_char(&mut self) -> Option<char> {
[INFO] [stdout]     |        ^^^^^^^^^
[INFO] [stdout] ...
[INFO] [stdout] 29  |     fn peek_char(&mut self) -> Option<&char> {
[INFO] [stdout]     |        ^^^^^^^^^
[INFO] [stdout] ...
[INFO] [stdout] 33  |     fn parse_text(&mut self) -> Token {
[INFO] [stdout]     |        ^^^^^^^^^^
[INFO] [stdout] ...
[INFO] [stdout] 44  |     fn parse_tag(&mut self) -> Token {
[INFO] [stdout]     |        ^^^^^^^^^
[INFO] [stdout] ...
[INFO] [stdout] 66  |     fn parse_tag_name(&mut self) -> Tag {
[INFO] [stdout]     |        ^^^^^^^^^^^^^^
[INFO] [stdout] ...
[INFO] [stdout] 77  |     fn parse_attributes(&mut self) -> Vec<Attribute> {
[INFO] [stdout]     |        ^^^^^^^^^^^^^^^^
[INFO] [stdout] ...
[INFO] [stdout] 92  |     fn parse_attribute(&mut self) -> Attribute {
[INFO] [stdout]     |        ^^^^^^^^^^^^^^^
[INFO] [stdout] ...
[INFO] [stdout] 99  |     fn parse_attribute_name(&mut self) -> String {
[INFO] [stdout]     |        ^^^^^^^^^^^^^^^^^^^^
[INFO] [stdout] ...
[INFO] [stdout] 110 |     fn parse_attribute_value(&mut self) -> String {
[INFO] [stdout]     |        ^^^^^^^^^^^^^^^^^^^^^
[INFO] [stdout] ...
[INFO] [stdout] 123 |     pub fn next_token(&mut self) -> Option<Token> {
[INFO] [stdout]     |            ^^^^^^^^^^
[INFO] [stdout] 
[INFO] [stdout] 
[INFO] [stdout] warning: multiple variants are never constructed
[INFO] [stdout]  --> dom_parser/src/tag.rs:3:5
[INFO] [stdout]   |
[INFO] [stdout] 2 | pub enum Tag {
[INFO] [stdout]   |          --- variants in this enum
[INFO] [stdout] 3 |     Html,
[INFO] [stdout]   |     ^^^^
[INFO] [stdout] 4 |     Head,
[INFO] [stdout]   |     ^^^^
[INFO] [stdout] 5 |     Title,
[INFO] [stdout]   |     ^^^^^
[INFO] [stdout] 6 |     Body,
[INFO] [stdout]   |     ^^^^
[INFO] [stdout] 7 |     H1,
[INFO] [stdout]   |     ^^
[INFO] [stdout] 8 |     P,
[INFO] [stdout]   |     ^
[INFO] [stdout] 9 |     Unknown,
[INFO] [stdout]   |     ^^^^^^^
[INFO] [stdout]   |
[INFO] [stdout]   = note: `Tag` has a derived impl for the trait `Debug`, but this is intentionally ignored during dead code analysis
[INFO] [stdout] 
[INFO] [stdout] 
[INFO] [stdout] warning: associated function `new` is never used
[INFO] [stdout]   --> dom_parser/src/tag.rs:13:12
[INFO] [stdout]    |
[INFO] [stdout] 12 | impl Tag {
[INFO] [stdout]    | -------- associated function in this implementation
[INFO] [stdout] 13 |     pub fn new(tag: &str) -> Self {
[INFO] [stdout]    |            ^^^
[INFO] [stdout] 
[INFO] [stdout] 
[INFO] [stdout] warning: variants `Class`, `Id`, and `Unknown` are never constructed
[INFO] [stdout]  --> dom_parser/src/attribute.rs:3:5
[INFO] [stdout]   |
[INFO] [stdout] 2 | pub enum Attribute {
[INFO] [stdout]   |          --------- variants in this enum
[INFO] [stdout] 3 |     Class(String),
[INFO] [stdout]   |     ^^^^^
[INFO] [stdout] 4 |     Id(String),
[INFO] [stdout]   |     ^^
[INFO] [stdout] 5 |     Unknown,
[INFO] [stdout]   |     ^^^^^^^
[INFO] [stdout]   |
[INFO] [stdout]   = note: `Attribute` has a derived impl for the trait `Debug`, but this is intentionally ignored during dead code analysis
[INFO] [stdout] 
[INFO] [stdout] 
[INFO] [stdout] warning: associated function `new` is never used
[INFO] [stdout]  --> dom_parser/src/attribute.rs:9:12
[INFO] [stdout]   |
[INFO] [stdout] 8 | impl Attribute {
[INFO] [stdout]   | -------------- associated function in this implementation
[INFO] [stdout] 9 |     pub fn new(attribute: &str, value: &str) -> Self {
[INFO] [stdout]   |            ^^^
[INFO] [stdout] 
[INFO] [stdout] 
[INFO] [stderr]    Compiling dom_parser v0.1.0 (/opt/rustwide/workdir/dom_parser)
[INFO] [stdout] warning: unused import: `crate::attribute::Attribute`
[INFO] [stdout]  --> dom_parser/src/parser.rs:1:5
[INFO] [stdout]   |
[INFO] [stdout] 1 | use crate::attribute::Attribute;
[INFO] [stdout]   |     ^^^^^^^^^^^^^^^^^^^^^^^^^^^
[INFO] [stdout]   |
[INFO] [stdout]   = note: `#[warn(unused_imports)]` on by default
[INFO] [stdout] 
[INFO] [stdout] 
[INFO] [stdout] warning: unused import: `Token`
[INFO] [stdout]  --> dom_parser/src/parser.rs:3:24
[INFO] [stdout]   |
[INFO] [stdout] 3 | use crate::tokenizer::{Token, Tokenizer};
[INFO] [stdout]   |                        ^^^^^
[INFO] [stdout] 
[INFO] [stdout] 
[INFO] [stdout] warning: unused variable: `a`
[INFO] [stdout]   --> dom_parser/src/tokenizer.rs:45:13
[INFO] [stdout]    |
[INFO] [stdout] 45 |         let a = self.next_char(); // <
[INFO] [stdout]    |             ^ help: if this is intentional, prefix it with an underscore: `_a`
[INFO] [stdout]    |
[INFO] [stdout]    = note: `#[warn(unused_variables)]` on by default
[INFO] [stdout] 
[INFO] [stdout] 
[INFO] [stdout] warning: field `tokenizer` is never read
[INFO] [stdout]   --> dom_parser/src/parser.rs:20:5
[INFO] [stdout]    |
[INFO] [stdout] 19 | pub struct Parser<'a> {
[INFO] [stdout]    |            ------ field in this struct
[INFO] [stdout] 20 |     tokenizer: Tokenizer<'a>,
[INFO] [stdout]    |     ^^^^^^^^^
[INFO] [stdout]    |
[INFO] [stdout]    = note: `#[warn(dead_code)]` on by default
[INFO] [stdout] 
[INFO] [stdout] 
[INFO] [stderr]     Finished `test` profile [unoptimized + debuginfo] target(s) in 0.45s
[INFO] running `Command { std: "docker" "inspect" "5d084dc95349740d39e7b3032d43ec1c910aacc90ef94a669e21e69f1ae3a965", kill_on_drop: false }`
[INFO] running `Command { std: "docker" "rm" "-f" "5d084dc95349740d39e7b3032d43ec1c910aacc90ef94a669e21e69f1ae3a965", kill_on_drop: false }`
[INFO] [stdout] 5d084dc95349740d39e7b3032d43ec1c910aacc90ef94a669e21e69f1ae3a965
[INFO] running `Command { std: "docker" "create" "-v" "/var/lib/crater-agent-workspace/builds/worker-1-tc2/target:/opt/rustwide/target:rw,Z" "-v" "/var/lib/crater-agent-workspace/builds/worker-1-tc2/source:/opt/rustwide/workdir:ro,Z" "-v" "/var/lib/crater-agent-workspace/cargo-home:/opt/rustwide/cargo-home:ro,Z" "-v" "/var/lib/crater-agent-workspace/rustup-home:/opt/rustwide/rustup-home:ro,Z" "-e" "SOURCE_DIR=/opt/rustwide/workdir" "-e" "CARGO_TARGET_DIR=/opt/rustwide/target" "-e" "CARGO_INCREMENTAL=0" "-e" "RUST_BACKTRACE=full" "-e" "RUSTFLAGS=--cap-lints=forbid -Zrandomize-layout" "-e" "RUSTDOCFLAGS=--cap-lints=forbid" "-e" "CARGO_HOME=/opt/rustwide/cargo-home" "-e" "RUSTUP_HOME=/opt/rustwide/rustup-home" "-w" "/opt/rustwide/workdir" "-m" "1610612736" "--user" "0:0" "--network" "none" "ghcr.io/rust-lang/crates-build-env/linux@sha256:819108c5571ea2e421544af4d832f968d213c87fbe3707a016657f43d2f853bc" "/opt/rustwide/cargo-home/bin/cargo" "+nightly-2025-01-18" "test" "--frozen", kill_on_drop: false }`
[INFO] [stdout] 4b501d55755ea6c62cc165b38037c6421f864d0513313b21d3a913c868ced42a
[INFO] running `Command { std: "docker" "start" "-a" "4b501d55755ea6c62cc165b38037c6421f864d0513313b21d3a913c868ced42a", kill_on_drop: false }`
[INFO] [stderr] warning: virtual workspace defaulting to `resolver = "1"` despite one or more workspace members being on edition 2021 which implies `resolver = "2"`
[INFO] [stderr] note: to keep the current resolver, specify `workspace.resolver = "1"` in the workspace root's manifest
[INFO] [stderr] note: to use the edition 2021 resolver, specify `workspace.resolver = "2"` in the workspace root's manifest
[INFO] [stderr] note: for more details see https://doc.rust-lang.org/cargo/reference/resolver.html#resolver-versions
[INFO] [stderr] warning: unused import: `crate::attribute::Attribute`
[INFO] [stderr]  --> dom_parser/src/parser.rs:1:5
[INFO] [stderr]   |
[INFO] [stderr] 1 | use crate::attribute::Attribute;
[INFO] [stderr]   |     ^^^^^^^^^^^^^^^^^^^^^^^^^^^
[INFO] [stderr]   |
[INFO] [stderr]   = note: `#[warn(unused_imports)]` on by default
[INFO] [stderr] 
[INFO] [stderr] warning: unused import: `Token`
[INFO] [stderr]  --> dom_parser/src/parser.rs:3:24
[INFO] [stderr]   |
[INFO] [stderr] 3 | use crate::tokenizer::{Token, Tokenizer};
[INFO] [stderr]   |                        ^^^^^
[INFO] [stderr] 
[INFO] [stderr] warning: unused variable: `a`
[INFO] [stderr]   --> dom_parser/src/tokenizer.rs:45:13
[INFO] [stderr]    |
[INFO] [stderr] 45 |         let a = self.next_char(); // <
[INFO] [stderr]    |             ^ help: if this is intentional, prefix it with an underscore: `_a`
[INFO] [stderr]    |
[INFO] [stderr]    = note: `#[warn(unused_variables)]` on by default
[INFO] [stderr] 
[INFO] [stderr] warning: variants `Element` and `Text` are never constructed
[INFO] [stderr]  --> dom_parser/src/parser.rs:8:5
[INFO] [stderr]   |
[INFO] [stderr] 7 | pub enum Node {
[INFO] [stderr]   |          ---- variants in this enum
[INFO] [stderr] 8 |     Element(ElementData),
[INFO] [stderr]   |     ^^^^^^^
[INFO] [stderr] 9 |     Text(String),
[INFO] [stderr]   |     ^^^^
[INFO] [stderr]   |
[INFO] [stderr]   = note: `Node` has a derived impl for the trait `Debug`, but this is intentionally ignored during dead code analysis
[INFO] [stderr]   = note: `#[warn(dead_code)]` on by default
[INFO] [stderr] 
[INFO] [stderr] warning: struct `Parser` is never constructed
[INFO] [stderr]   --> dom_parser/src/parser.rs:19:12
[INFO] [stderr]    |
[INFO] [stderr] 19 | pub struct Parser<'a> {
[INFO] [stderr]    |            ^^^^^^
[INFO] [stderr] 
[INFO] [stderr] warning: associated items `new` and `parse_nodes` are never used
[INFO] [stderr]   --> dom_parser/src/parser.rs:24:12
[INFO] [stderr]    |
[INFO] [stderr] 23 | impl Parser<'_> {
[INFO] [stderr]    | --------------- associated items in this implementation
[INFO] [stderr] 24 |     pub fn new(input: &str) -> Parser {
[INFO] [stderr]    |            ^^^
[INFO] [stderr] ...
[INFO] [stderr] 30 |     pub fn parse_nodes(&mut self) -> Result<Vec<Node>, String> {
[INFO] [stderr]    |            ^^^^^^^^^^^
[INFO] [stderr] 
[INFO] [stderr] warning: variants `StartTag`, `EndTag`, and `Text` are never constructed
[INFO] [stderr]  --> dom_parser/src/tokenizer.rs:6:5
[INFO] [stderr]   |
[INFO] [stderr] 5 | pub enum Token {
[INFO] [stderr]   |          ----- variants in this enum
[INFO] [stderr] 6 |     StartTag(Tag, Vec<Attribute>),
[INFO] [stderr]   |     ^^^^^^^^
[INFO] [stderr] 7 |     EndTag(Tag),
[INFO] [stderr]   |     ^^^^^^
[INFO] [stderr] 8 |     Text(String),
[INFO] [stderr]   |     ^^^^
[INFO] [stderr]   |
[INFO] [stderr]   = note: `Token` has a derived impl for the trait `Debug`, but this is intentionally ignored during dead code analysis
[INFO] [stderr] 
[INFO] [stderr] warning: struct `Tokenizer` is never constructed
[INFO] [stderr]   --> dom_parser/src/tokenizer.rs:11:12
[INFO] [stderr]    |
[INFO] [stderr] 11 | pub struct Tokenizer<'a> {
[INFO] [stderr]    |            ^^^^^^^^^
[INFO] [stderr] 
[INFO] [stderr] warning: multiple associated items are never used
[INFO] [stderr]    --> dom_parser/src/tokenizer.rs:17:12
[INFO] [stderr]     |
[INFO] [stderr] 16  | impl<'a> Tokenizer<'a> {
[INFO] [stderr]     | ---------------------- associated items in this implementation
[INFO] [stderr] 17  |     pub fn new(input: &'a str) -> Self {
[INFO] [stderr]     |            ^^^
[INFO] [stderr] ...
[INFO] [stderr] 24  |     fn next_char(&mut self) -> Option<char> {
[INFO] [stderr]     |        ^^^^^^^^^
[INFO] [stderr] ...
[INFO] [stderr] 29  |     fn peek_char(&mut self) -> Option<&char> {
[INFO] [stderr]     |        ^^^^^^^^^
[INFO] [stderr] ...
[INFO] [stderr] 33  |     fn parse_text(&mut self) -> Token {
[INFO] [stderr]     |        ^^^^^^^^^^
[INFO] [stderr] ...
[INFO] [stderr] 44  |     fn parse_tag(&mut self) -> Token {
[INFO] [stderr]     |        ^^^^^^^^^
[INFO] [stderr] ...
[INFO] [stderr] 66  |     fn parse_tag_name(&mut self) -> Tag {
[INFO] [stderr]     |        ^^^^^^^^^^^^^^
[INFO] [stderr] ...
[INFO] [stderr] 77  |     fn parse_attributes(&mut self) -> Vec<Attribute> {
[INFO] [stderr]     |        ^^^^^^^^^^^^^^^^
[INFO] [stderr] ...
[INFO] [stderr] 92  |     fn parse_attribute(&mut self) -> Attribute {
[INFO] [stderr]     |        ^^^^^^^^^^^^^^^
[INFO] [stderr] ...
[INFO] [stderr] 99  |     fn parse_attribute_name(&mut self) -> String {
[INFO] [stderr]     |        ^^^^^^^^^^^^^^^^^^^^
[INFO] [stderr] ...
[INFO] [stderr] 110 |     fn parse_attribute_value(&mut self) -> String {
[INFO] [stderr]     |        ^^^^^^^^^^^^^^^^^^^^^
[INFO] [stderr] ...
[INFO] [stderr] 123 |     pub fn next_token(&mut self) -> Option<Token> {
[INFO] [stderr]     |            ^^^^^^^^^^
[INFO] [stderr] 
[INFO] [stderr] warning: multiple variants are never constructed
[INFO] [stderr]  --> dom_parser/src/tag.rs:3:5
[INFO] [stderr]   |
[INFO] [stderr] 2 | pub enum Tag {
[INFO] [stderr]   |          --- variants in this enum
[INFO] [stderr] 3 |     Html,
[INFO] [stderr]   |     ^^^^
[INFO] [stderr] 4 |     Head,
[INFO] [stderr]   |     ^^^^
[INFO] [stderr] 5 |     Title,
[INFO] [stderr]   |     ^^^^^
[INFO] [stderr] 6 |     Body,
[INFO] [stderr]   |     ^^^^
[INFO] [stderr] 7 |     H1,
[INFO] [stderr]   |     ^^
[INFO] [stderr] 8 |     P,
[INFO] [stderr]   |     ^
[INFO] [stderr] 9 |     Unknown,
[INFO] [stderr]   |     ^^^^^^^
[INFO] [stderr]   |
[INFO] [stderr]   = note: `Tag` has a derived impl for the trait `Debug`, but this is intentionally ignored during dead code analysis
[INFO] [stderr] 
[INFO] [stderr] warning: associated function `new` is never used
[INFO] [stderr]   --> dom_parser/src/tag.rs:13:12
[INFO] [stderr]    |
[INFO] [stderr] 12 | impl Tag {
[INFO] [stderr]    | -------- associated function in this implementation
[INFO] [stderr] 13 |     pub fn new(tag: &str) -> Self {
[INFO] [stderr]    |            ^^^
[INFO] [stderr] 
[INFO] [stderr] warning: variants `Class`, `Id`, and `Unknown` are never constructed
[INFO] [stderr]  --> dom_parser/src/attribute.rs:3:5
[INFO] [stderr]   |
[INFO] [stderr] 2 | pub enum Attribute {
[INFO] [stderr]   |          --------- variants in this enum
[INFO] [stderr] 3 |     Class(String),
[INFO] [stderr]   |     ^^^^^
[INFO] [stderr] 4 |     Id(String),
[INFO] [stderr]   |     ^^
[INFO] [stderr] 5 |     Unknown,
[INFO] [stderr]   |     ^^^^^^^
[INFO] [stderr]   |
[INFO] [stderr]   = note: `Attribute` has a derived impl for the trait `Debug`, but this is intentionally ignored during dead code analysis
[INFO] [stderr] 
[INFO] [stderr] warning: associated function `new` is never used
[INFO] [stderr]  --> dom_parser/src/attribute.rs:9:12
[INFO] [stderr]   |
[INFO] [stderr] 8 | impl Attribute {
[INFO] [stderr]   | -------------- associated function in this implementation
[INFO] [stderr] 9 |     pub fn new(attribute: &str, value: &str) -> Self {
[INFO] [stderr]   |            ^^^
[INFO] [stderr] 
[INFO] [stderr] warning: `dom_parser` (lib) generated 13 warnings (run `cargo fix --lib -p dom_parser` to apply 2 suggestions)
[INFO] [stderr] warning: field `tokenizer` is never read
[INFO] [stderr]   --> dom_parser/src/parser.rs:20:5
[INFO] [stderr]    |
[INFO] [stderr] 19 | pub struct Parser<'a> {
[INFO] [stderr]    |            ------ field in this struct
[INFO] [stderr] 20 |     tokenizer: Tokenizer<'a>,
[INFO] [stderr]    |     ^^^^^^^^^
[INFO] [stderr]    |
[INFO] [stderr]    = note: `#[warn(dead_code)]` on by default
[INFO] [stderr] 
[INFO] [stderr] warning: `dom_parser` (lib test) generated 4 warnings (3 duplicates)
[INFO] [stderr]     Finished `test` profile [unoptimized + debuginfo] target(s) in 0.01s
[INFO] [stderr]      Running unittests src/lib.rs (/opt/rustwide/target/debug/deps/dom_parser-abd5a3dd03133f69)
[INFO] [stdout] 
[INFO] [stdout] running 13 tests
[INFO] [stdout] test tokenizer::tests::test_tokenize_parse_attribute_name ... ok
[INFO] [stdout] test tokenizer::tests::test_tokenize_next_token ... ok
[INFO] [stdout] test tokenizer::tests::test_tokenize_parse_attribute ... ok
[INFO] [stdout] test tokenizer::tests::test_tokenize_parse_attribute_value ... ok
[INFO] [stdout] test tokenizer::tests::test_tokenize_parse_attributes ... ok
[INFO] [stdout] test tokenizer::tests::test_tokenize_parse_end_tag ... ok
[INFO] [stdout] test tokenizer::tests::test_tokenize_parse_start_tag ... ok
[INFO] [stdout] test tokenizer::tests::test_tokenize_parse_tag ... ok
[INFO] [stdout] test tokenizer::tests::test_tokenize_parse_tag_name ... ok
[INFO] [stdout] test tokenizer::tests::test_tokenize_parse_text ... ok
[INFO] [stdout] test tokenizer::tests::test_tokenize_simple_html ... ok
[INFO] [stdout] test tokenizer::tests::test_tokenize_simple_html_with_attributes ... ok
[INFO] [stdout] test parser::tests::test_parser_parse_nodes ... FAILED
[INFO] [stdout] 
[INFO] [stdout] failures:
[INFO] [stdout] 
[INFO] [stdout] ---- parser::tests::test_parser_parse_nodes stdout ----
[INFO] [stdout] 
[INFO] [stdout] thread 'parser::tests::test_parser_parse_nodes' panicked at dom_parser/src/parser.rs:31:9:
[INFO] [stdout] Not implemented yet
[INFO] [stdout] stack backtrace:
[INFO] [stdout]    0:     0x58bec83ffcaa - std::backtrace_rs::backtrace::libunwind::trace::hb059275cfc8d6126
[INFO] [stdout]                                at /rustc/6067b36314ab5eb2eb47cecc464545ba58e1ad24/library/std/src/../../backtrace/src/backtrace/libunwind.rs:116:5
[INFO] [stdout]    1:     0x58bec83ffcaa - std::backtrace_rs::backtrace::trace_unsynchronized::h2da071e4327ce3ee
[INFO] [stdout]                                at /rustc/6067b36314ab5eb2eb47cecc464545ba58e1ad24/library/std/src/../../backtrace/src/backtrace/mod.rs:66:5
[INFO] [stdout]    2:     0x58bec83ffcaa - std::sys::backtrace::_print_fmt::h842a1474e6f8d23f
[INFO] [stdout]                                at /rustc/6067b36314ab5eb2eb47cecc464545ba58e1ad24/library/std/src/sys/backtrace.rs:66:9
[INFO] [stdout]    3:     0x58bec83ffcaa - <std::sys::backtrace::BacktraceLock::print::DisplayBacktrace as core::fmt::Display>::fmt::h71a62eb3b9696b12
[INFO] [stdout]                                at /rustc/6067b36314ab5eb2eb47cecc464545ba58e1ad24/library/std/src/sys/backtrace.rs:39:26
[INFO] [stdout]    4:     0x58bec84275e3 - core::fmt::rt::Argument::fmt::hdb6b616786b41dc1
[INFO] [stdout]                                at /rustc/6067b36314ab5eb2eb47cecc464545ba58e1ad24/library/core/src/fmt/rt.rs:177:76
[INFO] [stdout]    5:     0x58bec84275e3 - core::fmt::write::h2cc1698af7e2d686
[INFO] [stdout]                                at /rustc/6067b36314ab5eb2eb47cecc464545ba58e1ad24/library/core/src/fmt/mod.rs:1440:21
[INFO] [stdout]    6:     0x58bec83fc803 - std::io::Write::write_fmt::hab1b4cd059a79022
[INFO] [stdout]                                at /rustc/6067b36314ab5eb2eb47cecc464545ba58e1ad24/library/std/src/io/mod.rs:1887:15
[INFO] [stdout]    7:     0x58bec83ffaf2 - std::sys::backtrace::BacktraceLock::print::h147fe35b4ea13b08
[INFO] [stdout]                                at /rustc/6067b36314ab5eb2eb47cecc464545ba58e1ad24/library/std/src/sys/backtrace.rs:42:9
[INFO] [stdout]    8:     0x58bec84010cf - std::panicking::default_hook::{{closure}}::hbd44223dbdc0d208
[INFO] [stdout]                                at /rustc/6067b36314ab5eb2eb47cecc464545ba58e1ad24/library/std/src/panicking.rs:298:22
[INFO] [stdout]    9:     0x58bec8400ee8 - std::panicking::default_hook::h20f81eb0576efcec
[INFO] [stdout]                                at /rustc/6067b36314ab5eb2eb47cecc464545ba58e1ad24/library/std/src/panicking.rs:322:9
[INFO] [stdout]   10:     0x58bec83c9d03 - <alloc::boxed::Box<F,A> as core::ops::function::Fn<Args>>::call::hdb53814c496a4d34
[INFO] [stdout]                                at /rustc/6067b36314ab5eb2eb47cecc464545ba58e1ad24/library/alloc/src/boxed.rs:2027:9
[INFO] [stdout]   11:     0x58bec83c9d03 - test::test_main::{{closure}}::hc0a4963c59427c24
[INFO] [stdout]                                at /rustc/6067b36314ab5eb2eb47cecc464545ba58e1ad24/library/test/src/lib.rs:134:21
[INFO] [stdout]   12:     0x58bec8401bc3 - <alloc::boxed::Box<F,A> as core::ops::function::Fn<Args>>::call::h591b2225413a77e9
[INFO] [stdout]                                at /rustc/6067b36314ab5eb2eb47cecc464545ba58e1ad24/library/alloc/src/boxed.rs:2027:9
[INFO] [stdout]   13:     0x58bec8401bc3 - std::panicking::rust_panic_with_hook::h625eea43051b2edc
[INFO] [stdout]                                at /rustc/6067b36314ab5eb2eb47cecc464545ba58e1ad24/library/std/src/panicking.rs:839:13
[INFO] [stdout]   14:     0x58bec8401846 - std::panicking::begin_panic_handler::{{closure}}::h4f9159cfbc3f6bd3
[INFO] [stdout]                                at /rustc/6067b36314ab5eb2eb47cecc464545ba58e1ad24/library/std/src/panicking.rs:697:13
[INFO] [stdout]   15:     0x58bec84001a9 - std::sys::backtrace::__rust_end_short_backtrace::h0390abce48353151
[INFO] [stdout]                                at /rustc/6067b36314ab5eb2eb47cecc464545ba58e1ad24/library/std/src/sys/backtrace.rs:168:18
[INFO] [stdout]   16:     0x58bec840150d - rust_begin_unwind
[INFO] [stdout]                                at /rustc/6067b36314ab5eb2eb47cecc464545ba58e1ad24/library/std/src/panicking.rs:695:5
[INFO] [stdout]   17:     0x58bec8425ce0 - core::panicking::panic_fmt::h9e7c637e9e5f29c9
[INFO] [stderr] error: test failed, to rerun pass `--lib`
[INFO] [stdout]                                at /rustc/6067b36314ab5eb2eb47cecc464545ba58e1ad24/library/core/src/panicking.rs:75:14
[INFO] [stdout]   18:     0x58bec83874e4 - dom_parser::parser::Parser::parse_nodes::h6f905c29d3c4b2fd
[INFO] [stdout]                                at /opt/rustwide/workdir/dom_parser/src/parser.rs:31:9
[INFO] [stdout]   19:     0x58bec838f7e0 - dom_parser::parser::tests::test_parser_parse_nodes::h8bdba7acfef5e531
[INFO] [stdout]                                at /opt/rustwide/workdir/dom_parser/src/parser.rs:67:22
[INFO] [stdout]   20:     0x58bec838ed77 - dom_parser::parser::tests::test_parser_parse_nodes::{{closure}}::h3ced8c3c78a0afed
[INFO] [stdout]                                at /opt/rustwide/workdir/dom_parser/src/parser.rs:40:33
[INFO] [stdout]   21:     0x58bec83838a6 - core::ops::function::FnOnce::call_once::h504a5fbee623c11c
[INFO] [stdout]                                at /rustc/6067b36314ab5eb2eb47cecc464545ba58e1ad24/library/core/src/ops/function.rs:250:5
[INFO] [stdout]   22:     0x58bec83cf45b - core::ops::function::FnOnce::call_once::he27718dfdd183f43
[INFO] [stdout]                                at /rustc/6067b36314ab5eb2eb47cecc464545ba58e1ad24/library/core/src/ops/function.rs:250:5
[INFO] [stdout]   23:     0x58bec83cf45b - test::__rust_begin_short_backtrace::h4e84902998457a5d
[INFO] [stdout]                                at /rustc/6067b36314ab5eb2eb47cecc464545ba58e1ad24/library/test/src/lib.rs:632:18
[INFO] [stdout]   24:     0x58bec83ce393 - test::run_test_in_process::{{closure}}::h7176fd18fc1feca0
[INFO] [stdout]                                at /rustc/6067b36314ab5eb2eb47cecc464545ba58e1ad24/library/test/src/lib.rs:655:60
[INFO] [stdout]   25:     0x58bec83ce393 - <core::panic::unwind_safe::AssertUnwindSafe<F> as core::ops::function::FnOnce<()>>::call_once::hf79cff2a624d8cf7
[INFO] [stdout]                                at /rustc/6067b36314ab5eb2eb47cecc464545ba58e1ad24/library/core/src/panic/unwind_safe.rs:272:9
[INFO] [stdout]   26:     0x58bec83ce393 - std::panicking::try::do_call::h3da0561d9ab99c25
[INFO] [stdout]                                at /rustc/6067b36314ab5eb2eb47cecc464545ba58e1ad24/library/std/src/panicking.rs:587:40
[INFO] [stdout]   27:     0x58bec83ce393 - std::panicking::try::h41c9fa508bc61df6
[INFO] [stdout]                                at /rustc/6067b36314ab5eb2eb47cecc464545ba58e1ad24/library/std/src/panicking.rs:550:19
[INFO] [stdout]   28:     0x58bec83ce393 - std::panic::catch_unwind::h6b3ff07bb5afad93
[INFO] [stdout]                                at /rustc/6067b36314ab5eb2eb47cecc464545ba58e1ad24/library/std/src/panic.rs:358:14
[INFO] [stdout]   29:     0x58bec83ce393 - test::run_test_in_process::hc7253dd11b39b9f4
[INFO] [stdout]                                at /rustc/6067b36314ab5eb2eb47cecc464545ba58e1ad24/library/test/src/lib.rs:655:27
[INFO] [stdout]   30:     0x58bec83ce393 - test::run_test::{{closure}}::hfb2007f8649c30bb
[INFO] [stdout]                                at /rustc/6067b36314ab5eb2eb47cecc464545ba58e1ad24/library/test/src/lib.rs:576:43
[INFO] [stdout]   31:     0x58bec8391475 - test::run_test::{{closure}}::h56a17aa7a282a9f4
[INFO] [stdout]                                at /rustc/6067b36314ab5eb2eb47cecc464545ba58e1ad24/library/test/src/lib.rs:606:41
[INFO] [stdout]   32:     0x58bec8391475 - std::sys::backtrace::__rust_begin_short_backtrace::hd2d2d2fb8e8c6aac
[INFO] [stdout]                                at /rustc/6067b36314ab5eb2eb47cecc464545ba58e1ad24/library/std/src/sys/backtrace.rs:152:18
[INFO] [stdout]   33:     0x58bec8394d5a - std::thread::Builder::spawn_unchecked_::{{closure}}::{{closure}}::h4faa3f9db6133423
[INFO] [stdout]                                at /rustc/6067b36314ab5eb2eb47cecc464545ba58e1ad24/library/std/src/thread/mod.rs:559:17
[INFO] [stdout]   34:     0x58bec8394d5a - <core::panic::unwind_safe::AssertUnwindSafe<F> as core::ops::function::FnOnce<()>>::call_once::hf2e855a36a4ea846
[INFO] [stdout]                                at /rustc/6067b36314ab5eb2eb47cecc464545ba58e1ad24/library/core/src/panic/unwind_safe.rs:272:9
[INFO] [stdout]   35:     0x58bec8394d5a - std::panicking::try::do_call::h2f73af3616c35465
[INFO] [stdout]                                at /rustc/6067b36314ab5eb2eb47cecc464545ba58e1ad24/library/std/src/panicking.rs:587:40
[INFO] [stdout]   36:     0x58bec8394d5a - std::panicking::try::hd1660ce9efadef5a
[INFO] [stdout]                                at /rustc/6067b36314ab5eb2eb47cecc464545ba58e1ad24/library/std/src/panicking.rs:550:19
[INFO] [stdout]   37:     0x58bec8394d5a - std::panic::catch_unwind::h5ee8d7823b8ca744
[INFO] [stdout]                                at /rustc/6067b36314ab5eb2eb47cecc464545ba58e1ad24/library/std/src/panic.rs:358:14
[INFO] [stdout]   38:     0x58bec8394d5a - std::thread::Builder::spawn_unchecked_::{{closure}}::h53c3a1894dce8407
[INFO] [stdout]                                at /rustc/6067b36314ab5eb2eb47cecc464545ba58e1ad24/library/std/src/thread/mod.rs:557:30
[INFO] [stdout]   39:     0x58bec8394d5a - core::ops::function::FnOnce::call_once{{vtable.shim}}::h048ce291ad4f62bf
[INFO] [stdout]                                at /rustc/6067b36314ab5eb2eb47cecc464545ba58e1ad24/library/core/src/ops/function.rs:250:5
[INFO] [stdout]   40:     0x58bec8405afb - <alloc::boxed::Box<F,A> as core::ops::function::FnOnce<Args>>::call_once::ha52bedf99a3b4981
[INFO] [stdout]                                at /rustc/6067b36314ab5eb2eb47cecc464545ba58e1ad24/library/alloc/src/boxed.rs:2013:9
[INFO] [stdout]   41:     0x58bec8405afb - <alloc::boxed::Box<F,A> as core::ops::function::FnOnce<Args>>::call_once::h567748934d80ccf8
[INFO] [stdout]                                at /rustc/6067b36314ab5eb2eb47cecc464545ba58e1ad24/library/alloc/src/boxed.rs:2013:9
[INFO] [stdout]   42:     0x58bec8405afb - std::sys::pal::unix::thread::Thread::new::thread_start::h2d970728ae887adc
[INFO] [stdout]                                at /rustc/6067b36314ab5eb2eb47cecc464545ba58e1ad24/library/std/src/sys/pal/unix/thread.rs:106:17
[INFO] [stdout]   43:     0x7abad76e0ac3 - <unknown>
[INFO] [stdout]   44:     0x7abad7771a04 - clone
[INFO] [stdout]   45:                0x0 - <unknown>
[INFO] [stdout] 
[INFO] [stdout] 
[INFO] [stdout] failures:
[INFO] [stdout]     parser::tests::test_parser_parse_nodes
[INFO] [stdout] 
[INFO] [stdout] test result: FAILED. 12 passed; 1 failed; 0 ignored; 0 measured; 0 filtered out; finished in 0.05s
[INFO] [stdout] 
[INFO] running `Command { std: "docker" "inspect" "4b501d55755ea6c62cc165b38037c6421f864d0513313b21d3a913c868ced42a", kill_on_drop: false }`
[INFO] running `Command { std: "docker" "rm" "-f" "4b501d55755ea6c62cc165b38037c6421f864d0513313b21d3a913c868ced42a", kill_on_drop: false }`
[INFO] [stdout] 4b501d55755ea6c62cc165b38037c6421f864d0513313b21d3a913c868ced42a
