[INFO] cloning repository https://github.com/sombralibre/task-flow
[INFO] running `Command { std: "git" "-c" "credential.helper=" "-c" "credential.helper=/workspace/cargo-home/bin/git-credential-null" "clone" "--bare" "https://github.com/sombralibre/task-flow" "/workspace/cache/git-repos/https%3A%2F%2Fgithub.com%2Fsombralibre%2Ftask-flow", kill_on_drop: false }`
[INFO] [stderr] Cloning into bare repository '/workspace/cache/git-repos/https%3A%2F%2Fgithub.com%2Fsombralibre%2Ftask-flow'...
[INFO] running `Command { std: "git" "rev-parse" "HEAD", kill_on_drop: false }`
[INFO] [stdout] 76dcefd56a0b00bf37b42da37fd9cfce0598c705
[INFO] testing sombralibre/task-flow against nightly-2025-01-18+rustflags=-Zrandomize-layout for randomize-layout-2
[INFO] running `Command { std: "git" "clone" "/workspace/cache/git-repos/https%3A%2F%2Fgithub.com%2Fsombralibre%2Ftask-flow" "/workspace/builds/worker-6-tc2/source", kill_on_drop: false }`
[INFO] [stderr] Cloning into '/workspace/builds/worker-6-tc2/source'...
[INFO] [stderr] done.
[INFO] validating manifest of git repo https://github.com/sombralibre/task-flow on toolchain nightly-2025-01-18
[INFO] running `Command { std: CARGO_HOME="/workspace/cargo-home" RUSTUP_HOME="/workspace/rustup-home" "/workspace/cargo-home/bin/cargo" "+nightly-2025-01-18" "metadata" "--manifest-path" "Cargo.toml" "--no-deps", kill_on_drop: false }`
[INFO] started tweaking git repo https://github.com/sombralibre/task-flow
[INFO] finished tweaking git repo https://github.com/sombralibre/task-flow
[INFO] tweaked toml for git repo https://github.com/sombralibre/task-flow written to /workspace/builds/worker-6-tc2/source/Cargo.toml
[INFO] crate git repo https://github.com/sombralibre/task-flow already has a lockfile, it will not be regenerated
[INFO] running `Command { std: CARGO_HOME="/workspace/cargo-home" RUSTUP_HOME="/workspace/rustup-home" "/workspace/cargo-home/bin/cargo" "+nightly-2025-01-18" "fetch" "--manifest-path" "Cargo.toml", kill_on_drop: false }`
[INFO] [stderr]     Updating crates.io index
[INFO] [stderr]      Locking 1 package to latest compatible version
[INFO] [stderr]       Adding trait-variant v0.1.2
[INFO] running `Command { std: "docker" "create" "-v" "/var/lib/crater-agent-workspace/builds/worker-6-tc2/target:/opt/rustwide/target:rw,Z" "-v" "/var/lib/crater-agent-workspace/builds/worker-6-tc2/source:/opt/rustwide/workdir:ro,Z" "-v" "/var/lib/crater-agent-workspace/cargo-home:/opt/rustwide/cargo-home:ro,Z" "-v" "/var/lib/crater-agent-workspace/rustup-home:/opt/rustwide/rustup-home:ro,Z" "-e" "SOURCE_DIR=/opt/rustwide/workdir" "-e" "CARGO_TARGET_DIR=/opt/rustwide/target" "-e" "CARGO_HOME=/opt/rustwide/cargo-home" "-e" "RUSTUP_HOME=/opt/rustwide/rustup-home" "-w" "/opt/rustwide/workdir" "-m" "1610612736" "--user" "0:0" "--network" "none" "ghcr.io/rust-lang/crates-build-env/linux@sha256:819108c5571ea2e421544af4d832f968d213c87fbe3707a016657f43d2f853bc" "/opt/rustwide/cargo-home/bin/cargo" "+nightly-2025-01-18" "metadata" "--no-deps" "--format-version=1", kill_on_drop: false }`
[INFO] [stdout] 8598085245be34ddc446884e331c89e101661950ee6adb2b323687d5097d6c78
[INFO] running `Command { std: "docker" "start" "-a" "8598085245be34ddc446884e331c89e101661950ee6adb2b323687d5097d6c78", kill_on_drop: false }`
[INFO] running `Command { std: "docker" "inspect" "8598085245be34ddc446884e331c89e101661950ee6adb2b323687d5097d6c78", kill_on_drop: false }`
[INFO] running `Command { std: "docker" "rm" "-f" "8598085245be34ddc446884e331c89e101661950ee6adb2b323687d5097d6c78", kill_on_drop: false }`
[INFO] [stdout] 8598085245be34ddc446884e331c89e101661950ee6adb2b323687d5097d6c78
[INFO] running `Command { std: "docker" "create" "-v" "/var/lib/crater-agent-workspace/builds/worker-6-tc2/target:/opt/rustwide/target:rw,Z" "-v" "/var/lib/crater-agent-workspace/builds/worker-6-tc2/source:/opt/rustwide/workdir:ro,Z" "-v" "/var/lib/crater-agent-workspace/cargo-home:/opt/rustwide/cargo-home:ro,Z" "-v" "/var/lib/crater-agent-workspace/rustup-home:/opt/rustwide/rustup-home:ro,Z" "-e" "SOURCE_DIR=/opt/rustwide/workdir" "-e" "CARGO_TARGET_DIR=/opt/rustwide/target" "-e" "CARGO_INCREMENTAL=0" "-e" "RUST_BACKTRACE=full" "-e" "RUSTFLAGS=--cap-lints=forbid -Zrandomize-layout" "-e" "RUSTDOCFLAGS=--cap-lints=forbid" "-e" "CARGO_HOME=/opt/rustwide/cargo-home" "-e" "RUSTUP_HOME=/opt/rustwide/rustup-home" "-w" "/opt/rustwide/workdir" "-m" "1610612736" "--user" "0:0" "--network" "none" "ghcr.io/rust-lang/crates-build-env/linux@sha256:819108c5571ea2e421544af4d832f968d213c87fbe3707a016657f43d2f853bc" "/opt/rustwide/cargo-home/bin/cargo" "+nightly-2025-01-18" "build" "--frozen" "--message-format=json", kill_on_drop: false }`
[INFO] [stdout] 47d524e7dc041a83e92b60e1efe917924fdcbf04eb20ee44f6581165855a0a18
[INFO] running `Command { std: "docker" "start" "-a" "47d524e7dc041a83e92b60e1efe917924fdcbf04eb20ee44f6581165855a0a18", kill_on_drop: false }`
[INFO] [stderr]    Compiling libc v0.2.155
[INFO] [stderr]    Compiling proc-macro2 v1.0.86
[INFO] [stderr]    Compiling unicode-ident v1.0.12
[INFO] [stderr]    Compiling autocfg v1.3.0
[INFO] [stderr]    Compiling parking_lot_core v0.9.10
[INFO] [stderr]    Compiling scopeguard v1.2.0
[INFO] [stderr]    Compiling smallvec v1.13.2
[INFO] [stderr]    Compiling pin-project-lite v0.2.14
[INFO] [stderr]    Compiling bytes v1.7.1
[INFO] [stderr]    Compiling futures-core v0.3.30
[INFO] [stderr]    Compiling lock_api v0.4.12
[INFO] [stderr]    Compiling quote v1.0.36
[INFO] [stderr]    Compiling socket2 v0.5.7
[INFO] [stderr]    Compiling signal-hook-registry v1.4.2
[INFO] [stderr]    Compiling mio v1.0.2
[INFO] [stderr]    Compiling syn v2.0.74
[INFO] [stderr]    Compiling parking_lot v0.12.3
[INFO] [stderr]    Compiling tokio-macros v2.4.0
[INFO] [stderr]    Compiling trait-variant v0.1.2
[INFO] [stderr]    Compiling tokio v1.39.2
[INFO] [stderr]    Compiling tokio-stream v0.1.15
[INFO] [stderr]    Compiling task-flow v0.1.0 (/opt/rustwide/workdir)
[INFO] [stderr]     Finished `dev` profile [unoptimized + debuginfo] target(s) in 11.07s
[INFO] running `Command { std: "docker" "inspect" "47d524e7dc041a83e92b60e1efe917924fdcbf04eb20ee44f6581165855a0a18", kill_on_drop: false }`
[INFO] running `Command { std: "docker" "rm" "-f" "47d524e7dc041a83e92b60e1efe917924fdcbf04eb20ee44f6581165855a0a18", kill_on_drop: false }`
[INFO] [stdout] 47d524e7dc041a83e92b60e1efe917924fdcbf04eb20ee44f6581165855a0a18
[INFO] running `Command { std: "docker" "create" "-v" "/var/lib/crater-agent-workspace/builds/worker-6-tc2/target:/opt/rustwide/target:rw,Z" "-v" "/var/lib/crater-agent-workspace/builds/worker-6-tc2/source:/opt/rustwide/workdir:ro,Z" "-v" "/var/lib/crater-agent-workspace/cargo-home:/opt/rustwide/cargo-home:ro,Z" "-v" "/var/lib/crater-agent-workspace/rustup-home:/opt/rustwide/rustup-home:ro,Z" "-e" "SOURCE_DIR=/opt/rustwide/workdir" "-e" "CARGO_TARGET_DIR=/opt/rustwide/target" "-e" "CARGO_INCREMENTAL=0" "-e" "RUST_BACKTRACE=full" "-e" "RUSTFLAGS=--cap-lints=forbid -Zrandomize-layout" "-e" "RUSTDOCFLAGS=--cap-lints=forbid" "-e" "CARGO_HOME=/opt/rustwide/cargo-home" "-e" "RUSTUP_HOME=/opt/rustwide/rustup-home" "-w" "/opt/rustwide/workdir" "-m" "1610612736" "--user" "0:0" "--network" "none" "ghcr.io/rust-lang/crates-build-env/linux@sha256:819108c5571ea2e421544af4d832f968d213c87fbe3707a016657f43d2f853bc" "/opt/rustwide/cargo-home/bin/cargo" "+nightly-2025-01-18" "test" "--frozen" "--no-run" "--message-format=json", kill_on_drop: false }`
[INFO] [stdout] 9d5e8131c2f2b4ab099e54a1c00cea22ea1a9eb2447ad91eac66df6030c9230c
[INFO] running `Command { std: "docker" "start" "-a" "9d5e8131c2f2b4ab099e54a1c00cea22ea1a9eb2447ad91eac66df6030c9230c", kill_on_drop: false }`
[INFO] [stderr]    Compiling task-flow v0.1.0 (/opt/rustwide/workdir)
[INFO] [stderr]     Finished `test` profile [unoptimized + debuginfo] target(s) in 1.37s
[INFO] running `Command { std: "docker" "inspect" "9d5e8131c2f2b4ab099e54a1c00cea22ea1a9eb2447ad91eac66df6030c9230c", kill_on_drop: false }`
[INFO] running `Command { std: "docker" "rm" "-f" "9d5e8131c2f2b4ab099e54a1c00cea22ea1a9eb2447ad91eac66df6030c9230c", kill_on_drop: false }`
[INFO] [stdout] 9d5e8131c2f2b4ab099e54a1c00cea22ea1a9eb2447ad91eac66df6030c9230c
[INFO] running `Command { std: "docker" "create" "-v" "/var/lib/crater-agent-workspace/builds/worker-6-tc2/target:/opt/rustwide/target:rw,Z" "-v" "/var/lib/crater-agent-workspace/builds/worker-6-tc2/source:/opt/rustwide/workdir:ro,Z" "-v" "/var/lib/crater-agent-workspace/cargo-home:/opt/rustwide/cargo-home:ro,Z" "-v" "/var/lib/crater-agent-workspace/rustup-home:/opt/rustwide/rustup-home:ro,Z" "-e" "SOURCE_DIR=/opt/rustwide/workdir" "-e" "CARGO_TARGET_DIR=/opt/rustwide/target" "-e" "CARGO_INCREMENTAL=0" "-e" "RUST_BACKTRACE=full" "-e" "RUSTFLAGS=--cap-lints=forbid -Zrandomize-layout" "-e" "RUSTDOCFLAGS=--cap-lints=forbid" "-e" "CARGO_HOME=/opt/rustwide/cargo-home" "-e" "RUSTUP_HOME=/opt/rustwide/rustup-home" "-w" "/opt/rustwide/workdir" "-m" "1610612736" "--user" "0:0" "--network" "none" "ghcr.io/rust-lang/crates-build-env/linux@sha256:819108c5571ea2e421544af4d832f968d213c87fbe3707a016657f43d2f853bc" "/opt/rustwide/cargo-home/bin/cargo" "+nightly-2025-01-18" "test" "--frozen", kill_on_drop: false }`
[INFO] [stdout] 61e13a94477d9c3976aab12a44f907157f6c171b4c78b2ddd1fb5026a8eeffbe
[INFO] running `Command { std: "docker" "start" "-a" "61e13a94477d9c3976aab12a44f907157f6c171b4c78b2ddd1fb5026a8eeffbe", kill_on_drop: false }`
[INFO] [stderr]     Finished `test` profile [unoptimized + debuginfo] target(s) in 0.04s
[INFO] [stderr]      Running unittests src/lib.rs (/opt/rustwide/target/debug/deps/task_flow-5f6871faacb08e49)
[INFO] [stdout] 
[INFO] [stdout] running 0 tests
[INFO] [stdout] 
[INFO] [stdout] test result: ok. 0 passed; 0 failed; 0 ignored; 0 measured; 0 filtered out; finished in 0.00s
[INFO] [stdout] 
[INFO] [stderr]    Doc-tests task_flow
[INFO] [stdout] 
[INFO] [stdout] running 2 tests
[INFO] [stdout] test src/pipe.rs - pipe::LocalConduit (line 7) ... FAILED
[INFO] [stdout] test src/pipe.rs - pipe::Conduit (line 7) ... FAILED
[INFO] [stdout] 
[INFO] [stdout] failures:
[INFO] [stdout] 
[INFO] [stdout] ---- src/pipe.rs - pipe::LocalConduit (line 7) stdout ----
[INFO] [stdout] error[E0405]: cannot find trait `Conduit` in this scope
[INFO] [stdout]   --> src/pipe.rs:19:6
[INFO] [stdout]    |
[INFO] [stdout] 14 | impl Conduit for SenderWrapper<UnboundedSender<usize>> {
[INFO] [stdout]    |      ^^^^^^^ not found in this scope
[INFO] [stdout]    |
[INFO] [stdout] help: consider importing this trait
[INFO] [stdout]    |
[INFO] [stdout] 2  + use task_flow::Conduit;
[INFO] [stdout]    |
[INFO] [stdout] 
[INFO] [stdout] error[E0412]: cannot find type `SendError` in this scope
[INFO] [stdout]   --> src/pipe.rs:21:17
[INFO] [stdout]    |
[INFO] [stdout] 16 |    type Error = SendError<Self::Item>;
[INFO] [stdout]    |                 ^^^^^^^^^ not found in this scope
[INFO] [stdout]    |
[INFO] [stdout] help: consider importing one of these structs
[INFO] [stdout]    |
[INFO] [stdout] 2  + use std::sync::mpsc::SendError;
[INFO] [stdout]    |
[INFO] [stdout] 2  + use tokio::sync::broadcast::error::SendError;
[INFO] [stdout]    |
[INFO] [stdout] 2  + use tokio::sync::mpsc::error::SendError;
[INFO] [stdout]    |
[INFO] [stdout] 2  + use tokio::sync::watch::error::SendError;
[INFO] [stdout]    |
[INFO] [stdout] 
[INFO] [stdout] error: aborting due to 2 previous errors
[INFO] [stdout] 
[INFO] [stdout] Some errors have detailed explanations: E0405, E0412.
[INFO] [stdout] For more information about an error, try `rustc --explain E0405`.
[INFO] [stdout] Couldn't compile the test.
[INFO] [stdout] ---- src/pipe.rs - pipe::Conduit (line 7) stdout ----
[INFO] [stdout] error[E0405]: cannot find trait `Conduit` in this scope
[INFO] [stdout]   --> src/pipe.rs:19:6
[INFO] [stdout]    |
[INFO] [stdout] 14 | impl Conduit for SenderWrapper<UnboundedSender<usize>> {
[INFO] [stdout]    |      ^^^^^^^ not found in this scope
[INFO] [stdout]    |
[INFO] [stdout] help: consider importing this trait
[INFO] [stdout]    |
[INFO] [stdout] 2  + use task_flow::Conduit;
[INFO] [stdout]    |
[INFO] [stdout] 
[INFO] [stdout] error[E0412]: cannot find type `SendError` in this scope
[INFO] [stdout]   --> src/pipe.rs:21:17
[INFO] [stdout]    |
[INFO] [stdout] 16 |    type Error = SendError<Self::Item>;
[INFO] [stdout]    |                 ^^^^^^^^^ not found in this scope
[INFO] [stdout]    |
[INFO] [stdout] help: consider importing one of these structs
[INFO] [stdout]    |
[INFO] [stdout] 2  + use std::sync::mpsc::SendError;
[INFO] [stdout]    |
[INFO] [stdout] 2  + use tokio::sync::broadcast::error::SendError;
[INFO] [stdout]    |
[INFO] [stdout] 2  + use tokio::sync::mpsc::error::SendError;
[INFO] [stdout]    |
[INFO] [stdout] 2  + use tokio::sync::watch::error::SendError;
[INFO] [stdout]    |
[INFO] [stdout] 
[INFO] [stdout] error: aborting due to 2 previous errors
[INFO] [stdout] 
[INFO] [stdout] Some errors have detailed explanations: E0405, E0412.
[INFO] [stdout] For more information about an error, try `rustc --explain E0405`.
[INFO] [stdout] Couldn't compile the test.
[INFO] [stdout] 
[INFO] [stdout] failures:
[INFO] [stdout]     src/pipe.rs - pipe::Conduit (line 7)
[INFO] [stdout]     src/pipe.rs - pipe::LocalConduit (line 7)
[INFO] [stdout] 
[INFO] [stdout] test result: FAILED. 0 passed; 2 failed; 0 ignored; 0 measured; 0 filtered out; finished in 0.14s
[INFO] [stdout] 
[INFO] [stderr] error: doctest failed, to rerun pass `--doc`
[INFO] running `Command { std: "docker" "inspect" "61e13a94477d9c3976aab12a44f907157f6c171b4c78b2ddd1fb5026a8eeffbe", kill_on_drop: false }`
[INFO] running `Command { std: "docker" "rm" "-f" "61e13a94477d9c3976aab12a44f907157f6c171b4c78b2ddd1fb5026a8eeffbe", kill_on_drop: false }`
[INFO] [stdout] 61e13a94477d9c3976aab12a44f907157f6c171b4c78b2ddd1fb5026a8eeffbe
