[INFO] cloning repository https://github.com/solfacil/photosphere-cli
[INFO] running `Command { std: "git" "-c" "credential.helper=" "-c" "credential.helper=/workspace/cargo-home/bin/git-credential-null" "clone" "--bare" "https://github.com/solfacil/photosphere-cli" "/workspace/cache/git-repos/https%3A%2F%2Fgithub.com%2Fsolfacil%2Fphotosphere-cli", kill_on_drop: false }`
[INFO] [stderr] Cloning into bare repository '/workspace/cache/git-repos/https%3A%2F%2Fgithub.com%2Fsolfacil%2Fphotosphere-cli'...
[INFO] running `Command { std: "git" "rev-parse" "HEAD", kill_on_drop: false }`
[INFO] [stdout] 356bd08025cfebb43c0bd082a02fcacf7b3453c3
[INFO] testing solfacil/photosphere-cli against nightly-2025-01-18+rustflags=-Zrandomize-layout for randomize-layout-2
[INFO] running `Command { std: "git" "clone" "/workspace/cache/git-repos/https%3A%2F%2Fgithub.com%2Fsolfacil%2Fphotosphere-cli" "/workspace/builds/worker-2-tc2/source", kill_on_drop: false }`
[INFO] [stderr] Cloning into '/workspace/builds/worker-2-tc2/source'...
[INFO] [stderr] done.
[INFO] validating manifest of git repo https://github.com/solfacil/photosphere-cli on toolchain nightly-2025-01-18
[INFO] running `Command { std: CARGO_HOME="/workspace/cargo-home" RUSTUP_HOME="/workspace/rustup-home" "/workspace/cargo-home/bin/cargo" "+nightly-2025-01-18" "metadata" "--manifest-path" "Cargo.toml" "--no-deps", kill_on_drop: false }`
[INFO] started tweaking git repo https://github.com/solfacil/photosphere-cli
[INFO] finished tweaking git repo https://github.com/solfacil/photosphere-cli
[INFO] tweaked toml for git repo https://github.com/solfacil/photosphere-cli written to /workspace/builds/worker-2-tc2/source/Cargo.toml
[INFO] crate git repo https://github.com/solfacil/photosphere-cli already has a lockfile, it will not be regenerated
[INFO] running `Command { std: CARGO_HOME="/workspace/cargo-home" RUSTUP_HOME="/workspace/rustup-home" "/workspace/cargo-home/bin/cargo" "+nightly-2025-01-18" "fetch" "--manifest-path" "Cargo.toml", kill_on_drop: false }`
[INFO] [stderr]     Blocking waiting for file lock on package cache
[INFO] running `Command { std: "docker" "create" "-v" "/var/lib/crater-agent-workspace/builds/worker-2-tc2/target:/opt/rustwide/target:rw,Z" "-v" "/var/lib/crater-agent-workspace/builds/worker-2-tc2/source:/opt/rustwide/workdir:ro,Z" "-v" "/var/lib/crater-agent-workspace/cargo-home:/opt/rustwide/cargo-home:ro,Z" "-v" "/var/lib/crater-agent-workspace/rustup-home:/opt/rustwide/rustup-home:ro,Z" "-e" "SOURCE_DIR=/opt/rustwide/workdir" "-e" "CARGO_TARGET_DIR=/opt/rustwide/target" "-e" "CARGO_HOME=/opt/rustwide/cargo-home" "-e" "RUSTUP_HOME=/opt/rustwide/rustup-home" "-w" "/opt/rustwide/workdir" "-m" "1610612736" "--user" "0:0" "--network" "none" "ghcr.io/rust-lang/crates-build-env/linux@sha256:819108c5571ea2e421544af4d832f968d213c87fbe3707a016657f43d2f853bc" "/opt/rustwide/cargo-home/bin/cargo" "+nightly-2025-01-18" "metadata" "--no-deps" "--format-version=1", kill_on_drop: false }`
[INFO] [stdout] e5c8723ff4b555ffe1b15a43aa96ae0712f5b2b508160903f79d3a53c4134ca6
[INFO] running `Command { std: "docker" "start" "-a" "e5c8723ff4b555ffe1b15a43aa96ae0712f5b2b508160903f79d3a53c4134ca6", kill_on_drop: false }`
[INFO] running `Command { std: "docker" "inspect" "e5c8723ff4b555ffe1b15a43aa96ae0712f5b2b508160903f79d3a53c4134ca6", kill_on_drop: false }`
[INFO] running `Command { std: "docker" "rm" "-f" "e5c8723ff4b555ffe1b15a43aa96ae0712f5b2b508160903f79d3a53c4134ca6", kill_on_drop: false }`
[INFO] [stdout] e5c8723ff4b555ffe1b15a43aa96ae0712f5b2b508160903f79d3a53c4134ca6
[INFO] running `Command { std: "docker" "create" "-v" "/var/lib/crater-agent-workspace/builds/worker-2-tc2/target:/opt/rustwide/target:rw,Z" "-v" "/var/lib/crater-agent-workspace/builds/worker-2-tc2/source:/opt/rustwide/workdir:ro,Z" "-v" "/var/lib/crater-agent-workspace/cargo-home:/opt/rustwide/cargo-home:ro,Z" "-v" "/var/lib/crater-agent-workspace/rustup-home:/opt/rustwide/rustup-home:ro,Z" "-e" "SOURCE_DIR=/opt/rustwide/workdir" "-e" "CARGO_TARGET_DIR=/opt/rustwide/target" "-e" "CARGO_INCREMENTAL=0" "-e" "RUST_BACKTRACE=full" "-e" "RUSTFLAGS=--cap-lints=forbid -Zrandomize-layout" "-e" "RUSTDOCFLAGS=--cap-lints=forbid" "-e" "CARGO_HOME=/opt/rustwide/cargo-home" "-e" "RUSTUP_HOME=/opt/rustwide/rustup-home" "-w" "/opt/rustwide/workdir" "-m" "1610612736" "--user" "0:0" "--network" "none" "ghcr.io/rust-lang/crates-build-env/linux@sha256:819108c5571ea2e421544af4d832f968d213c87fbe3707a016657f43d2f853bc" "/opt/rustwide/cargo-home/bin/cargo" "+nightly-2025-01-18" "build" "--frozen" "--message-format=json", kill_on_drop: false }`
[INFO] [stdout] 4596a3b1051bb0f11886af846995efab56b43802b5d42d43deede792e2bcd8e8
[INFO] running `Command { std: "docker" "start" "-a" "4596a3b1051bb0f11886af846995efab56b43802b5d42d43deede792e2bcd8e8", kill_on_drop: false }`
[INFO] [stderr]    Compiling proc-macro2 v1.0.39
[INFO] [stderr]    Compiling version_check v0.9.4
[INFO] [stderr]    Compiling unicode-ident v1.0.0
[INFO] [stderr]    Compiling syn v1.0.96
[INFO] [stderr]    Compiling autocfg v1.1.0
[INFO] [stderr]    Compiling libc v0.2.126
[INFO] [stderr]    Compiling hashbrown v0.11.2
[INFO] [stderr]    Compiling os_str_bytes v6.1.0
[INFO] [stderr]    Compiling anyhow v1.0.57
[INFO] [stderr]    Compiling heck v0.4.0
[INFO] [stderr]    Compiling clap_lex v0.2.0
[INFO] [stderr]    Compiling strsim v0.10.0
[INFO] [stderr]    Compiling bitflags v1.3.2
[INFO] [stderr]    Compiling proc-macro-error-attr v1.0.4
[INFO] [stderr]    Compiling proc-macro-error v1.0.4
[INFO] [stderr]    Compiling indexmap v1.8.2
[INFO] [stderr]    Compiling termcolor v1.1.3
[INFO] [stderr]    Compiling textwrap v0.15.0
[INFO] [stderr]    Compiling lazy_static v1.4.0
[INFO] [stderr]    Compiling same-file v1.0.6
[INFO] [stderr]    Compiling atty v0.2.14
[INFO] [stderr]    Compiling quote v1.0.18
[INFO] [stderr]    Compiling walkdir v2.3.2
[INFO] [stderr]    Compiling clap_derive v3.1.18
[INFO] [stderr]    Compiling clap v3.1.18
[INFO] [stderr]    Compiling photosphere v0.3.0 (/opt/rustwide/workdir)
[INFO] [stdout] warning: unused import: `crate::parser::lexer::Lexer`
[INFO] [stdout]  --> src/photosphere/service/dep.rs:1:5
[INFO] [stdout]   |
[INFO] [stdout] 1 | use crate::parser::lexer::Lexer;
[INFO] [stdout]   |     ^^^^^^^^^^^^^^^^^^^^^^^^^^^
[INFO] [stdout]   |
[INFO] [stdout]   = note: `#[warn(unused_imports)]` on by default
[INFO] [stdout] 
[INFO] [stdout] 
[INFO] [stdout] warning: unused import: `dep::Env`
[INFO] [stdout]  --> src/photosphere/service/ser.rs:1:29
[INFO] [stdout]   |
[INFO] [stdout] 1 | use super::{de::DEPS_START, dep::Env, Service};
[INFO] [stdout]   |                             ^^^^^^^^
[INFO] [stdout] 
[INFO] [stdout] 
[INFO] [stdout] warning: unused import: `dep::Dep`
[INFO] [stdout]  --> src/photosphere/setup.rs:3:15
[INFO] [stdout]   |
[INFO] [stdout] 3 |     service::{dep::Dep, Service},
[INFO] [stdout]   |               ^^^^^^^^
[INFO] [stdout] 
[INFO] [stdout] 
[INFO] [stdout] warning: method `is_done` is never used
[INFO] [stdout]   --> src/parser/lexer.rs:65:8
[INFO] [stdout]    |
[INFO] [stdout] 12 | impl Lexer {
[INFO] [stdout]    | ---------- method in this implementation
[INFO] [stdout] ...
[INFO] [stdout] 65 |     fn is_done(&self) -> bool {
[INFO] [stdout]    |        ^^^^^^^
[INFO] [stdout]    |
[INFO] [stdout]    = note: `#[warn(dead_code)]` on by default
[INFO] [stdout] 
[INFO] [stdout] 
[INFO] [stderr]     Finished `dev` profile [unoptimized + debuginfo] target(s) in 20.16s
[INFO] running `Command { std: "docker" "inspect" "4596a3b1051bb0f11886af846995efab56b43802b5d42d43deede792e2bcd8e8", kill_on_drop: false }`
[INFO] running `Command { std: "docker" "rm" "-f" "4596a3b1051bb0f11886af846995efab56b43802b5d42d43deede792e2bcd8e8", kill_on_drop: false }`
[INFO] [stdout] 4596a3b1051bb0f11886af846995efab56b43802b5d42d43deede792e2bcd8e8
[INFO] running `Command { std: "docker" "create" "-v" "/var/lib/crater-agent-workspace/builds/worker-2-tc2/target:/opt/rustwide/target:rw,Z" "-v" "/var/lib/crater-agent-workspace/builds/worker-2-tc2/source:/opt/rustwide/workdir:ro,Z" "-v" "/var/lib/crater-agent-workspace/cargo-home:/opt/rustwide/cargo-home:ro,Z" "-v" "/var/lib/crater-agent-workspace/rustup-home:/opt/rustwide/rustup-home:ro,Z" "-e" "SOURCE_DIR=/opt/rustwide/workdir" "-e" "CARGO_TARGET_DIR=/opt/rustwide/target" "-e" "CARGO_INCREMENTAL=0" "-e" "RUST_BACKTRACE=full" "-e" "RUSTFLAGS=--cap-lints=forbid -Zrandomize-layout" "-e" "RUSTDOCFLAGS=--cap-lints=forbid" "-e" "CARGO_HOME=/opt/rustwide/cargo-home" "-e" "RUSTUP_HOME=/opt/rustwide/rustup-home" "-w" "/opt/rustwide/workdir" "-m" "1610612736" "--user" "0:0" "--network" "none" "ghcr.io/rust-lang/crates-build-env/linux@sha256:819108c5571ea2e421544af4d832f968d213c87fbe3707a016657f43d2f853bc" "/opt/rustwide/cargo-home/bin/cargo" "+nightly-2025-01-18" "test" "--frozen" "--no-run" "--message-format=json", kill_on_drop: false }`
[INFO] [stdout] 8922080a0688e86bdeed947d5418c4ee94914c30568df74bd16d390a8bf0d2ed
[INFO] running `Command { std: "docker" "start" "-a" "8922080a0688e86bdeed947d5418c4ee94914c30568df74bd16d390a8bf0d2ed", kill_on_drop: false }`
[INFO] [stderr]    Compiling photosphere v0.3.0 (/opt/rustwide/workdir)
[INFO] [stdout] warning: unused import: `crate::parser::lexer::Lexer`
[INFO] [stdout]  --> src/photosphere/service/dep.rs:1:5
[INFO] [stdout]   |
[INFO] [stdout] 1 | use crate::parser::lexer::Lexer;
[INFO] [stdout]   |     ^^^^^^^^^^^^^^^^^^^^^^^^^^^
[INFO] [stdout]   |
[INFO] [stdout]   = note: `#[warn(unused_imports)]` on by default
[INFO] [stdout] 
[INFO] [stdout] 
[INFO] [stdout] warning: unused import: `dep::Env`
[INFO] [stdout]  --> src/photosphere/service/ser.rs:1:29
[INFO] [stdout]   |
[INFO] [stdout] 1 | use super::{de::DEPS_START, dep::Env, Service};
[INFO] [stdout]   |                             ^^^^^^^^
[INFO] [stdout] 
[INFO] [stdout] 
[INFO] [stdout] warning: unused import: `dep::Dep`
[INFO] [stdout]  --> src/photosphere/setup.rs:3:15
[INFO] [stdout]   |
[INFO] [stdout] 3 |     service::{dep::Dep, Service},
[INFO] [stdout]   |               ^^^^^^^^
[INFO] [stdout] 
[INFO] [stdout] 
[INFO] [stdout] warning: unused `Result` that must be used
[INFO] [stdout]    --> src/parser/lexer.rs:592:13
[INFO] [stdout]     |
[INFO] [stdout] 592 |             writeln!(&mut f, "{:?}", t.unwrap());
[INFO] [stdout]     |             ^^^^^^^^^^^^^^^^^^^^^^^^^^^^^^^^^^^^
[INFO] [stdout]     |
[INFO] [stdout]     = note: this `Result` may be an `Err` variant, which should be handled
[INFO] [stdout]     = note: `#[warn(unused_must_use)]` on by default
[INFO] [stdout]     = note: this warning originates in the macro `writeln` (in Nightly builds, run with -Z macro-backtrace for more info)
[INFO] [stdout] 
[INFO] [stdout] 
[INFO] [stderr]     Finished `test` profile [unoptimized + debuginfo] target(s) in 1.30s
[INFO] running `Command { std: "docker" "inspect" "8922080a0688e86bdeed947d5418c4ee94914c30568df74bd16d390a8bf0d2ed", kill_on_drop: false }`
[INFO] running `Command { std: "docker" "rm" "-f" "8922080a0688e86bdeed947d5418c4ee94914c30568df74bd16d390a8bf0d2ed", kill_on_drop: false }`
[INFO] [stdout] 8922080a0688e86bdeed947d5418c4ee94914c30568df74bd16d390a8bf0d2ed
[INFO] running `Command { std: "docker" "create" "-v" "/var/lib/crater-agent-workspace/builds/worker-2-tc2/target:/opt/rustwide/target:rw,Z" "-v" "/var/lib/crater-agent-workspace/builds/worker-2-tc2/source:/opt/rustwide/workdir:ro,Z" "-v" "/var/lib/crater-agent-workspace/cargo-home:/opt/rustwide/cargo-home:ro,Z" "-v" "/var/lib/crater-agent-workspace/rustup-home:/opt/rustwide/rustup-home:ro,Z" "-e" "SOURCE_DIR=/opt/rustwide/workdir" "-e" "CARGO_TARGET_DIR=/opt/rustwide/target" "-e" "CARGO_INCREMENTAL=0" "-e" "RUST_BACKTRACE=full" "-e" "RUSTFLAGS=--cap-lints=forbid -Zrandomize-layout" "-e" "RUSTDOCFLAGS=--cap-lints=forbid" "-e" "CARGO_HOME=/opt/rustwide/cargo-home" "-e" "RUSTUP_HOME=/opt/rustwide/rustup-home" "-w" "/opt/rustwide/workdir" "-m" "1610612736" "--user" "0:0" "--network" "none" "ghcr.io/rust-lang/crates-build-env/linux@sha256:819108c5571ea2e421544af4d832f968d213c87fbe3707a016657f43d2f853bc" "/opt/rustwide/cargo-home/bin/cargo" "+nightly-2025-01-18" "test" "--frozen", kill_on_drop: false }`
[INFO] [stdout] 8523cc797872409ab250a1fe434d1c67c69cc05febfc6ecd2c340afc374faf89
[INFO] running `Command { std: "docker" "start" "-a" "8523cc797872409ab250a1fe434d1c67c69cc05febfc6ecd2c340afc374faf89", kill_on_drop: false }`
[INFO] [stderr] warning: unused import: `crate::parser::lexer::Lexer`
[INFO] [stderr]  --> src/photosphere/service/dep.rs:1:5
[INFO] [stderr]   |
[INFO] [stderr] 1 | use crate::parser::lexer::Lexer;
[INFO] [stderr]   |     ^^^^^^^^^^^^^^^^^^^^^^^^^^^
[INFO] [stderr]   |
[INFO] [stderr]   = note: `#[warn(unused_imports)]` on by default
[INFO] [stderr] 
[INFO] [stderr] warning: unused import: `dep::Env`
[INFO] [stderr]  --> src/photosphere/service/ser.rs:1:29
[INFO] [stderr]   |
[INFO] [stderr] 1 | use super::{de::DEPS_START, dep::Env, Service};
[INFO] [stderr]   |                             ^^^^^^^^
[INFO] [stderr] 
[INFO] [stderr] warning: unused import: `dep::Dep`
[INFO] [stderr]  --> src/photosphere/setup.rs:3:15
[INFO] [stderr]   |
[INFO] [stderr] 3 |     service::{dep::Dep, Service},
[INFO] [stderr]   |               ^^^^^^^^
[INFO] [stderr] 
[INFO] [stderr] warning: unused `Result` that must be used
[INFO] [stderr]    --> src/parser/lexer.rs:592:13
[INFO] [stderr]     |
[INFO] [stderr] 592 |             writeln!(&mut f, "{:?}", t.unwrap());
[INFO] [stderr]     |             ^^^^^^^^^^^^^^^^^^^^^^^^^^^^^^^^^^^^
[INFO] [stderr]     |
[INFO] [stderr]     = note: this `Result` may be an `Err` variant, which should be handled
[INFO] [stderr]     = note: `#[warn(unused_must_use)]` on by default
[INFO] [stderr]     = note: this warning originates in the macro `writeln` (in Nightly builds, run with -Z macro-backtrace for more info)
[INFO] [stderr] 
[INFO] [stderr] warning: `photosphere` (bin "photosphere" test) generated 4 warnings (run `cargo fix --bin "photosphere" --tests` to apply 3 suggestions)
[INFO] [stderr]     Finished `test` profile [unoptimized + debuginfo] target(s) in 0.05s
[INFO] [stderr]      Running unittests src/main.rs (/opt/rustwide/target/debug/deps/photosphere-958153f7aec15fd4)
[INFO] [stdout] 
[INFO] [stdout] running 50 tests
[INFO] [stdout] test parser::lexer::cursor::in_progress ... ok
[INFO] [stdout] test parser::lexer::cursor::is_done ... ok
[INFO] [stdout] test parser::lexer::is_done::emtpy ... ok
[INFO] [stdout] test parser::lexer::is_done::not_done ... ok
[INFO] [stdout] test parser::lexer::lexer::should_read_char ... ok
[INFO] [stdout] test parser::lexer::lexer::should_read_delims ... ok
[INFO] [stdout] test parser::lexer::lexer::should_read_float ... ok
[INFO] [stdout] test parser::lexer::lexer::should_read_hexa ... ok
[INFO] [stdout] test parser::lexer::lexer::should_read_bin ... ok
[INFO] [stdout] test parser::lexer::lexer::should_read_identifier ... ok
[INFO] [stdout] test parser::lexer::lexer::should_read_ignored_identifier ... ok
[INFO] [stdout] test parser::lexer::lexer::should_read_atom ... ok
[INFO] [stdout] test parser::lexer::cursor::empty ... ok
[INFO] [stdout] test parser::lexer::is_done::done ... ok
[INFO] [stdout] test parser::lexer::lexer::should_read_bool ... ok
[INFO] [stdout] test parser::lexer::lexer::should_read_comment ... ok
[INFO] [stdout] test parser::lexer::lexer::should_read_int ... ok
[INFO] [stdout] test parser::lexer::lexer::should_read_octal ... ok
[INFO] [stdout] test parser::lexer::lexer::should_read_module_identifier ... ok
[INFO] [stdout] test parser::lexer::lexer::should_read_quotes ... ok
[INFO] [stdout] test parser::lexer::lexer::should_read_operator ... ok
[INFO] [stdout] test parser::lexer::peek::not_done ... ok
[INFO] [stdout] test parser::lexer::peek::id_done ... ok
[INFO] [stdout] test parser::lexer::lexer::should_read_newline ... ok
[INFO] [stdout] test parser::lexer::peek::empty ... ok
[INFO] [stdout] test parser::lexer::lexer::should_read_sci_float ... ok
[INFO] [stdout] test parser::lexer::peek_ahead::done ... ok
[INFO] [stdout] test parser::lexer::peek_ahead::not_done ... ok
[INFO] [stdout] test parser::lexer::peek_ahead::empty ... ok
[INFO] [stdout] test parser::lexer::read::done ... ok
[INFO] [stdout] test parser::lexer::read::empty ... ok
[INFO] [stdout] test parser::lexer::read::not_done ... ok
[INFO] [stdout] test photosphere::service::de::tests::parse_git_dep ... ok
[INFO] [stdout] test photosphere::service::de::tests::parse_only_dep ... ok
[INFO] [stdout] test photosphere::service::de::tests::parse_runtime_dep ... ok
[INFO] [stdout] test photosphere::service::de::tests::parse_common_dep ... ok
[INFO] [stdout] test parser::lexer::lexer::should_read_quoted_atom ... ok
[INFO] [stdout] test photosphere::service::tests::set_grpc_protocol ... ok
[INFO] [stdout] test photosphere::service::tests::set_name ... ok
[INFO] [stdout] test photosphere::service::tests::set_no_database ... ok
[INFO] [stdout] test photosphere::service::tests::set_no_http_client ... ok
[INFO] [stdout] test photosphere::service::tests::set_no_mailer ... ok
[INFO] [stdout] test photosphere::service::tests::set_path ... ok
[INFO] [stdout] test photosphere::service::tests::set_rest_protocol ... ok
[INFO] [stdout] test photosphere::service::tests::set_no_auth ... ok
[INFO] [stdout] test photosphere::service::tests::set_no_graphql ... ok
[INFO] [stdout] test photosphere::service::tests::set_no_messaging ... ok
[INFO] [stdout] test photosphere::service::tests::set_no_monitoring ... ok
[INFO] [stdout] test photosphere::service::tests::set_ssh ... ok
[INFO] [stdout] test parser::lexer::lexer::read_mix_exs ... FAILED
[INFO] [stdout] 
[INFO] [stdout] failures:
[INFO] [stdout] 
[INFO] [stdout] ---- parser::lexer::lexer::read_mix_exs stdout ----
[INFO] [stdout] 
[INFO] [stdout] thread 'parser::lexer::lexer::read_mix_exs' panicked at src/parser/lexer.rs:583:48:
[INFO] [stdout] called `Result::unwrap()` on an `Err` value: Os { code: 30, kind: ReadOnlyFilesystem, message: "Read-only file system" }
[INFO] [stdout] stack backtrace:
[INFO] [stdout]    0:     0x5a60e3865d6a - std::backtrace_rs::backtrace::libunwind::trace::hb059275cfc8d6126
[INFO] [stdout]                                at /rustc/6067b36314ab5eb2eb47cecc464545ba58e1ad24/library/std/src/../../backtrace/src/backtrace/libunwind.rs:116:5
[INFO] [stdout]    1:     0x5a60e3865d6a - std::backtrace_rs::backtrace::trace_unsynchronized::h2da071e4327ce3ee
[INFO] [stdout]                                at /rustc/6067b36314ab5eb2eb47cecc464545ba58e1ad24/library/std/src/../../backtrace/src/backtrace/mod.rs:66:5
[INFO] [stdout]    2:     0x5a60e3865d6a - std::sys::backtrace::_print_fmt::h842a1474e6f8d23f
[INFO] [stdout]                                at /rustc/6067b36314ab5eb2eb47cecc464545ba58e1ad24/library/std/src/sys/backtrace.rs:66:9
[INFO] [stdout]    3:     0x5a60e3865d6a - <std::sys::backtrace::BacktraceLock::print::DisplayBacktrace as core::fmt::Display>::fmt::h71a62eb3b9696b12
[INFO] [stdout]                                at /rustc/6067b36314ab5eb2eb47cecc464545ba58e1ad24/library/std/src/sys/backtrace.rs:39:26
[INFO] [stdout]    4:     0x5a60e388e233 - core::fmt::rt::Argument::fmt::hdb6b616786b41dc1
[INFO] [stdout]                                at /rustc/6067b36314ab5eb2eb47cecc464545ba58e1ad24/library/core/src/fmt/rt.rs:177:76
[INFO] [stdout]    5:     0x5a60e388e233 - core::fmt::write::h2cc1698af7e2d686
[INFO] [stdout]                                at /rustc/6067b36314ab5eb2eb47cecc464545ba58e1ad24/library/core/src/fmt/mod.rs:1440:21
[INFO] [stdout]    6:     0x5a60e38626f3 - std::io::Write::write_fmt::hab1b4cd059a79022
[INFO] [stdout]                                at /rustc/6067b36314ab5eb2eb47cecc464545ba58e1ad24/library/std/src/io/mod.rs:1887:15
[INFO] [stdout]    7:     0x5a60e3865bb2 - std::sys::backtrace::BacktraceLock::print::h147fe35b4ea13b08
[INFO] [stdout]                                at /rustc/6067b36314ab5eb2eb47cecc464545ba58e1ad24/library/std/src/sys/backtrace.rs:42:9
[INFO] [stdout]    8:     0x5a60e386718f - std::panicking::default_hook::{{closure}}::hbd44223dbdc0d208
[INFO] [stdout]                                at /rustc/6067b36314ab5eb2eb47cecc464545ba58e1ad24/library/std/src/panicking.rs:298:22
[INFO] [stdout]    9:     0x5a60e3866fa8 - std::panicking::default_hook::h20f81eb0576efcec
[INFO] [stdout]                                at /rustc/6067b36314ab5eb2eb47cecc464545ba58e1ad24/library/std/src/panicking.rs:322:9
[INFO] [stdout]   10:     0x5a60e381fe93 - <alloc::boxed::Box<F,A> as core::ops::function::Fn<Args>>::call::hdb53814c496a4d34
[INFO] [stdout]                                at /rustc/6067b36314ab5eb2eb47cecc464545ba58e1ad24/library/alloc/src/boxed.rs:2027:9
[INFO] [stdout]   11:     0x5a60e381fe93 - test::test_main::{{closure}}::hc0a4963c59427c24
[INFO] [stdout]                                at /rustc/6067b36314ab5eb2eb47cecc464545ba58e1ad24/library/test/src/lib.rs:134:21
[INFO] [stdout]   12:     0x5a60e3867c83 - <alloc::boxed::Box<F,A> as core::ops::function::Fn<Args>>::call::h591b2225413a77e9
[INFO] [stdout]                                at /rustc/6067b36314ab5eb2eb47cecc464545ba58e1ad24/library/alloc/src/boxed.rs:2027:9
[INFO] [stdout]   13:     0x5a60e3867c83 - std::panicking::rust_panic_with_hook::h625eea43051b2edc
[INFO] [stdout]                                at /rustc/6067b36314ab5eb2eb47cecc464545ba58e1ad24/library/std/src/panicking.rs:839:13
[INFO] [stdout]   14:     0x5a60e386793a - std::panicking::begin_panic_handler::{{closure}}::h4f9159cfbc3f6bd3
[INFO] [stdout]                                at /rustc/6067b36314ab5eb2eb47cecc464545ba58e1ad24/library/std/src/panicking.rs:704:13
[INFO] [stdout]   15:     0x5a60e3866269 - std::sys::backtrace::__rust_end_short_backtrace::h0390abce48353151
[INFO] [stdout]                                at /rustc/6067b36314ab5eb2eb47cecc464545ba58e1ad24/library/std/src/sys/backtrace.rs:168:18
[INFO] [stdout]   16:     0x5a60e38675cd - rust_begin_unwind
[INFO] [stdout]                                at /rustc/6067b36314ab5eb2eb47cecc464545ba58e1ad24/library/std/src/panicking.rs:695:5
[INFO] [stdout]   17:     0x5a60e388cc10 - core::panicking::panic_fmt::h9e7c637e9e5f29c9
[INFO] [stdout]                                at /rustc/6067b36314ab5eb2eb47cecc464545ba58e1ad24/library/core/src/panicking.rs:75:14
[INFO] [stdout]   18:     0x5a60e388d086 - core::result::unwrap_failed::h7979f09313fe1849
[INFO] [stdout]                                at /rustc/6067b36314ab5eb2eb47cecc464545ba58e1ad24/library/core/src/result.rs:1704:5
[INFO] [stdout]   19:     0x5a60e37e5a68 - core::result::Result<T,E>::unwrap::h3b4a9b69f2ecedcc
[INFO] [stdout]                                at /rustc/6067b36314ab5eb2eb47cecc464545ba58e1ad24/library/core/src/result.rs:1109:23
[INFO] [stdout]   20:     0x5a60e37e5a68 - photosphere::parser::lexer::lexer::read_mix_exs::he6014a242155209d
[INFO] [stdout]                                at /opt/rustwide/workdir/src/parser/lexer.rs:583:21
[INFO] [stdout]   21:     0x5a60e37e5727 - photosphere::parser::lexer::lexer::read_mix_exs::{{closure}}::h63d329d7c0619f42
[INFO] [stdout]                                at /opt/rustwide/workdir/src/parser/lexer.rs:577:22
[INFO] [stdout]   22:     0x5a60e37dac76 - core::ops::function::FnOnce::call_once::h462bef495c973236
[INFO] [stdout]                                at /rustc/6067b36314ab5eb2eb47cecc464545ba58e1ad24/library/core/src/ops/function.rs:250:5
[INFO] [stdout]   23:     0x5a60e38255eb - core::ops::function::FnOnce::call_once::he27718dfdd183f43
[INFO] [stdout]                                at /rustc/6067b36314ab5eb2eb47cecc464545ba58e1ad24/library/core/src/ops/function.rs:250:5
[INFO] [stdout]   24:     0x5a60e38255eb - test::__rust_begin_short_backtrace::h4e84902998457a5d
[INFO] [stdout]                                at /rustc/6067b36314ab5eb2eb47cecc464545ba58e1ad24/library/test/src/lib.rs:632:18
[INFO] [stdout]   25:     0x5a60e3824523 - test::run_test_in_process::{{closure}}::h7176fd18fc1feca0
[INFO] [stdout]                                at /rustc/6067b36314ab5eb2eb47cecc464545ba58e1ad24/library/test/src/lib.rs:655:60
[INFO] [stdout]   26:     0x5a60e3824523 - <core::panic::unwind_safe::AssertUnwindSafe<F> as core::ops::function::FnOnce<()>>::call_once::hf79cff2a624d8cf7
[INFO] [stdout]                                at /rustc/6067b36314ab5eb2eb47cecc464545ba58e1ad24/library/core/src/panic/unwind_safe.rs:272:9
[INFO] [stdout]   27:     0x5a60e3824523 - std::panicking::try::do_call::h3da0561d9ab99c25
[INFO] [stdout]                                at /rustc/6067b36314ab5eb2eb47cecc464545ba58e1ad24/library/std/src/panicking.rs:587:40
[INFO] [stdout]   28:     0x5a60e3824523 - std::panicking::try::h41c9fa508bc61df6
[INFO] [stdout]                                at /rustc/6067b36314ab5eb2eb47cecc464545ba58e1ad24/library/std/src/panicking.rs:550:19
[INFO] [stdout]   29:     0x5a60e3824523 - std::panic::catch_unwind::h6b3ff07bb5afad93
[INFO] [stdout]                                at /rustc/6067b36314ab5eb2eb47cecc464545ba58e1ad24/library/std/src/panic.rs:358:14
[INFO] [stdout]   30:     0x5a60e3824523 - test::run_test_in_process::hc7253dd11b39b9f4
[INFO] [stdout]                                at /rustc/6067b36314ab5eb2eb47cecc464545ba58e1ad24/library/test/src/lib.rs:655:27
[INFO] [stdout]   31:     0x5a60e3824523 - test::run_test::{{closure}}::hfb2007f8649c30bb
[INFO] [stdout]                                at /rustc/6067b36314ab5eb2eb47cecc464545ba58e1ad24/library/test/src/lib.rs:576:43
[INFO] [stdout]   32:     0x5a60e37e7605 - test::run_test::{{closure}}::h56a17aa7a282a9f4
[INFO] [stdout]                                at /rustc/6067b36314ab5eb2eb47cecc464545ba58e1ad24/library/test/src/lib.rs:606:41
[INFO] [stdout]   33:     0x5a60e37e7605 - std::sys::backtrace::__rust_begin_short_backtrace::hd2d2d2fb8e8c6aac
[INFO] [stdout]                                at /rustc/6067b36314ab5eb2eb47cecc464545ba58e1ad24/library/std/src/sys/backtrace.rs:152:18
[INFO] [stdout]   34:     0x5a60e37eaeea - std::thread::Builder::spawn_unchecked_::{{closure}}::{{closure}}::h4faa3f9db6133423
[INFO] [stdout]                                at /rustc/6067b36314ab5eb2eb47cecc464545ba58e1ad24/library/std/src/thread/mod.rs:559:17
[INFO] [stdout]   35:     0x5a60e37eaeea - <core::panic::unwind_safe::AssertUnwindSafe<F> as core::ops::function::FnOnce<()>>::call_once::hf2e855a36a4ea846
[INFO] [stdout]                                at /rustc/6067b36314ab5eb2eb47cecc464545ba58e1ad24/library/core/src/panic/unwind_safe.rs:272:9
[INFO] [stdout]   36:     0x5a60e37eaeea - std::panicking::try::do_call::h2f73af3616c35465
[INFO] [stdout]                                at /rustc/6067b36314ab5eb2eb47cecc464545ba58e1ad24/library/std/src/panicking.rs:587:40
[INFO] [stdout]   37:     0x5a60e37eaeea - std::panicking::try::hd1660ce9efadef5a
[INFO] [stdout]                                at /rustc/6067b36314ab5eb2eb47cecc464545ba58e1ad24/library/std/src/panicking.rs:550:19
[INFO] [stdout]   38:     0x5a60e37eaeea - std::panic::catch_unwind::h5ee8d7823b8ca744
[INFO] [stdout]                                at /rustc/6067b36314ab5eb2eb47cecc464545ba58e1ad24/library/std/src/panic.rs:358:14
[INFO] [stdout]   39:     0x5a60e37eaeea - std::thread::Builder::spawn_unchecked_::{{closure}}::h53c3a1894dce8407
[INFO] [stdout]                                at /rustc/6067b36314ab5eb2eb47cecc464545ba58e1ad24/library/std/src/thread/mod.rs:557:30
[INFO] [stdout]   40:     0x5a60e37eaeea - core::ops::function::FnOnce::call_once{{vtable.shim}}::h048ce291ad4f62bf
[INFO] [stdout]                                at /rustc/6067b36314ab5eb2eb47cecc464545ba58e1ad24/library/core/src/ops/function.rs:250:5
[INFO] [stdout]   41:     0x5a60e386bbcb - <alloc::boxed::Box<F,A> as core::ops::function::FnOnce<Args>>::call_once::ha52bedf99a3b4981
[INFO] [stdout]                                at /rustc/6067b36314ab5eb2eb47cecc464545ba58e1ad24/library/alloc/src/boxed.rs:2013:9
[INFO] [stdout]   42:     0x5a60e386bbcb - <alloc::boxed::Box<F,A> as core::ops::function::FnOnce<Args>>::call_once::h567748934d80ccf8
[INFO] [stdout]                                at /rustc/6067b36314ab5eb2eb47cecc464545ba58e1ad24/library/alloc/src/boxed.rs:2013:9
[INFO] [stdout]   43:     0x5a60e386bbcb - std::sys::pal::unix::thread::Thread::new::thread_start::h2d970728ae887adc
[INFO] [stdout]                                at /rustc/6067b36314ab5eb2eb47cecc464545ba58e1ad24/library/std/src/sys/pal/unix/thread.rs:106:17
[INFO] [stdout]   44:     0x7108d9321ac3 - <unknown>
[INFO] [stdout]   45:     0x7108d93b2a04 - clone
[INFO] [stdout]   46:                0x0 - <unknown>
[INFO] [stdout] 
[INFO] [stdout] 
[INFO] [stdout] failures:
[INFO] [stdout]     parser::lexer::lexer::read_mix_exs
[INFO] [stdout] 
[INFO] [stdout] test result: FAILED. 49 passed; 1 failed; 0 ignored; 0 measured; 0 filtered out; finished in 0.07s
[INFO] [stdout] 
[INFO] [stderr] error: test failed, to rerun pass `--bin photosphere`
[INFO] running `Command { std: "docker" "inspect" "8523cc797872409ab250a1fe434d1c67c69cc05febfc6ecd2c340afc374faf89", kill_on_drop: false }`
[INFO] running `Command { std: "docker" "rm" "-f" "8523cc797872409ab250a1fe434d1c67c69cc05febfc6ecd2c340afc374faf89", kill_on_drop: false }`
[INFO] [stdout] 8523cc797872409ab250a1fe434d1c67c69cc05febfc6ecd2c340afc374faf89
