[INFO] cloning repository https://github.com/soerenreichardt/aoc2024
[INFO] running `Command { std: "git" "-c" "credential.helper=" "-c" "credential.helper=/workspace/cargo-home/bin/git-credential-null" "clone" "--bare" "https://github.com/soerenreichardt/aoc2024" "/workspace/cache/git-repos/https%3A%2F%2Fgithub.com%2Fsoerenreichardt%2Faoc2024", kill_on_drop: false }`
[INFO] [stderr] Cloning into bare repository '/workspace/cache/git-repos/https%3A%2F%2Fgithub.com%2Fsoerenreichardt%2Faoc2024'...
[INFO] running `Command { std: "git" "rev-parse" "HEAD", kill_on_drop: false }`
[INFO] [stdout] 95a9126c45b3a050460a49d36ffd98c93f05c5e5
[INFO] testing soerenreichardt/aoc2024 against nightly-2025-01-18+rustflags=-Zrandomize-layout for randomize-layout-2
[INFO] running `Command { std: "git" "clone" "/workspace/cache/git-repos/https%3A%2F%2Fgithub.com%2Fsoerenreichardt%2Faoc2024" "/workspace/builds/worker-6-tc2/source", kill_on_drop: false }`
[INFO] [stderr] Cloning into '/workspace/builds/worker-6-tc2/source'...
[INFO] [stderr] done.
[INFO] validating manifest of git repo https://github.com/soerenreichardt/aoc2024 on toolchain nightly-2025-01-18
[INFO] running `Command { std: CARGO_HOME="/workspace/cargo-home" RUSTUP_HOME="/workspace/rustup-home" "/workspace/cargo-home/bin/cargo" "+nightly-2025-01-18" "metadata" "--manifest-path" "Cargo.toml" "--no-deps", kill_on_drop: false }`
[INFO] started tweaking git repo https://github.com/soerenreichardt/aoc2024
[INFO] finished tweaking git repo https://github.com/soerenreichardt/aoc2024
[INFO] tweaked toml for git repo https://github.com/soerenreichardt/aoc2024 written to /workspace/builds/worker-6-tc2/source/Cargo.toml
[INFO] crate git repo https://github.com/soerenreichardt/aoc2024 already has a lockfile, it will not be regenerated
[INFO] running `Command { std: CARGO_HOME="/workspace/cargo-home" RUSTUP_HOME="/workspace/rustup-home" "/workspace/cargo-home/bin/cargo" "+nightly-2025-01-18" "fetch" "--manifest-path" "Cargo.toml", kill_on_drop: false }`
[INFO] running `Command { std: "docker" "create" "-v" "/var/lib/crater-agent-workspace/builds/worker-6-tc2/target:/opt/rustwide/target:rw,Z" "-v" "/var/lib/crater-agent-workspace/builds/worker-6-tc2/source:/opt/rustwide/workdir:ro,Z" "-v" "/var/lib/crater-agent-workspace/cargo-home:/opt/rustwide/cargo-home:ro,Z" "-v" "/var/lib/crater-agent-workspace/rustup-home:/opt/rustwide/rustup-home:ro,Z" "-e" "SOURCE_DIR=/opt/rustwide/workdir" "-e" "CARGO_TARGET_DIR=/opt/rustwide/target" "-e" "CARGO_HOME=/opt/rustwide/cargo-home" "-e" "RUSTUP_HOME=/opt/rustwide/rustup-home" "-w" "/opt/rustwide/workdir" "-m" "1610612736" "--user" "0:0" "--network" "none" "ghcr.io/rust-lang/crates-build-env/linux@sha256:819108c5571ea2e421544af4d832f968d213c87fbe3707a016657f43d2f853bc" "/opt/rustwide/cargo-home/bin/cargo" "+nightly-2025-01-18" "metadata" "--no-deps" "--format-version=1", kill_on_drop: false }`
[INFO] [stdout] b2613586701036dc019e60b7edd67be0c1fcd70bf7fa0e8066aef97973f2bdbd
[INFO] running `Command { std: "docker" "start" "-a" "b2613586701036dc019e60b7edd67be0c1fcd70bf7fa0e8066aef97973f2bdbd", kill_on_drop: false }`
[INFO] running `Command { std: "docker" "inspect" "b2613586701036dc019e60b7edd67be0c1fcd70bf7fa0e8066aef97973f2bdbd", kill_on_drop: false }`
[INFO] running `Command { std: "docker" "rm" "-f" "b2613586701036dc019e60b7edd67be0c1fcd70bf7fa0e8066aef97973f2bdbd", kill_on_drop: false }`
[INFO] [stdout] b2613586701036dc019e60b7edd67be0c1fcd70bf7fa0e8066aef97973f2bdbd
[INFO] running `Command { std: "docker" "create" "-v" "/var/lib/crater-agent-workspace/builds/worker-6-tc2/target:/opt/rustwide/target:rw,Z" "-v" "/var/lib/crater-agent-workspace/builds/worker-6-tc2/source:/opt/rustwide/workdir:ro,Z" "-v" "/var/lib/crater-agent-workspace/cargo-home:/opt/rustwide/cargo-home:ro,Z" "-v" "/var/lib/crater-agent-workspace/rustup-home:/opt/rustwide/rustup-home:ro,Z" "-e" "SOURCE_DIR=/opt/rustwide/workdir" "-e" "CARGO_TARGET_DIR=/opt/rustwide/target" "-e" "CARGO_INCREMENTAL=0" "-e" "RUST_BACKTRACE=full" "-e" "RUSTFLAGS=--cap-lints=forbid -Zrandomize-layout" "-e" "RUSTDOCFLAGS=--cap-lints=forbid" "-e" "CARGO_HOME=/opt/rustwide/cargo-home" "-e" "RUSTUP_HOME=/opt/rustwide/rustup-home" "-w" "/opt/rustwide/workdir" "-m" "1610612736" "--user" "0:0" "--network" "none" "ghcr.io/rust-lang/crates-build-env/linux@sha256:819108c5571ea2e421544af4d832f968d213c87fbe3707a016657f43d2f853bc" "/opt/rustwide/cargo-home/bin/cargo" "+nightly-2025-01-18" "build" "--frozen" "--message-format=json", kill_on_drop: false }`
[INFO] [stdout] 8ea26800e1ee5c642d3ad4c4b906e0ae76b94b30b58c062bf33484ddfe5be8dd
[INFO] running `Command { std: "docker" "start" "-a" "8ea26800e1ee5c642d3ad4c4b906e0ae76b94b30b58c062bf33484ddfe5be8dd", kill_on_drop: false }`
[INFO] [stderr]    Compiling winnow v0.6.20
[INFO] [stderr]    Compiling aoc2024 v0.1.0 (/opt/rustwide/workdir)
[INFO] [stdout] warning: unnecessary trailing semicolon
[INFO] [stdout]  --> src/day1/mod.rs:9:86
[INFO] [stdout]   |
[INFO] [stdout] 9 |     let input = std::str::from_utf8(include_bytes!("../../res/day1/part1")).unwrap();;
[INFO] [stdout]   |                                                                                      ^ help: remove this semicolon
[INFO] [stdout]   |
[INFO] [stdout]   = note: `#[warn(redundant_semicolons)]` on by default
[INFO] [stdout] 
[INFO] [stdout] 
[INFO] [stdout] warning: unnecessary trailing semicolon
[INFO] [stdout]  --> src/day2/mod.rs:4:86
[INFO] [stdout]   |
[INFO] [stdout] 4 |     let input = std::str::from_utf8(include_bytes!("../../res/day2/part1")).unwrap();;
[INFO] [stdout]   |                                                                                      ^ help: remove this semicolon
[INFO] [stdout] 
[INFO] [stdout] 
[INFO] [stdout] warning: unnecessary trailing semicolon
[INFO] [stdout]  --> src/day2/mod.rs:9:86
[INFO] [stdout]   |
[INFO] [stdout] 9 |     let input = std::str::from_utf8(include_bytes!("../../res/day2/part1")).unwrap();;
[INFO] [stdout]   |                                                                                      ^ help: remove this semicolon
[INFO] [stdout] 
[INFO] [stdout] 
[INFO] [stdout] warning: unused import: `std::error::Error`
[INFO] [stdout]  --> src/day13/mod.rs:1:5
[INFO] [stdout]   |
[INFO] [stdout] 1 | use std::error::Error;
[INFO] [stdout]   |     ^^^^^^^^^^^^^^^^^
[INFO] [stdout]   |
[INFO] [stdout]   = note: `#[warn(unused_imports)]` on by default
[INFO] [stdout] 
[INFO] [stdout] 
[INFO] [stdout] warning: unused import: `winnow::Parser`
[INFO] [stdout]  --> src/day4/mod.rs:1:5
[INFO] [stdout]   |
[INFO] [stdout] 1 | use winnow::Parser;
[INFO] [stdout]   |     ^^^^^^^^^^^^^^
[INFO] [stdout] 
[INFO] [stdout] 
[INFO] [stdout] warning: unused import: `winnow::Parser`
[INFO] [stdout]  --> src/day7/mod.rs:2:5
[INFO] [stdout]   |
[INFO] [stdout] 2 | use winnow::Parser;
[INFO] [stdout]   |     ^^^^^^^^^^^^^^
[INFO] [stdout] 
[INFO] [stdout] 
[INFO] [stdout] warning: unused variable: `col`
[INFO] [stdout]   --> src/day10/mod.rs:45:27
[INFO] [stdout]    |
[INFO] [stdout] 45 |                 .filter(|(col, height)| **height == 0)
[INFO] [stdout]    |                           ^^^ help: if this is intentional, prefix it with an underscore: `_col`
[INFO] [stdout]    |
[INFO] [stdout]    = note: `#[warn(unused_variables)]` on by default
[INFO] [stdout] 
[INFO] [stdout] 
[INFO] [stdout] warning: function `part1` is never used
[INFO] [stdout]  --> src/day1/mod.rs:3:8
[INFO] [stdout]   |
[INFO] [stdout] 3 | pub fn part1() {
[INFO] [stdout]   |        ^^^^^
[INFO] [stdout]   |
[INFO] [stdout]   = note: `#[warn(dead_code)]` on by default
[INFO] [stdout] 
[INFO] [stdout] 
[INFO] [stdout] warning: function `part2` is never used
[INFO] [stdout]  --> src/day1/mod.rs:8:8
[INFO] [stdout]   |
[INFO] [stdout] 8 | pub fn part2() {
[INFO] [stdout]   |        ^^^^^
[INFO] [stdout] 
[INFO] [stdout] 
[INFO] [stdout] warning: function `pair_distances` is never used
[INFO] [stdout]  --> src/day1/historian_hysteria.rs:3:8
[INFO] [stdout]   |
[INFO] [stdout] 3 | pub fn pair_distances(input: &str) -> u32 {
[INFO] [stdout]   |        ^^^^^^^^^^^^^^
[INFO] [stdout] 
[INFO] [stdout] 
[INFO] [stdout] warning: function `similarity_score` is never used
[INFO] [stdout]   --> src/day1/historian_hysteria.rs:21:8
[INFO] [stdout]    |
[INFO] [stdout] 21 | pub fn similarity_score(input: &str) -> u32 {
[INFO] [stdout]    |        ^^^^^^^^^^^^^^^^
[INFO] [stdout] 
[INFO] [stdout] 
[INFO] [stdout] warning: function `part1` is never used
[INFO] [stdout]  --> src/day2/mod.rs:3:8
[INFO] [stdout]   |
[INFO] [stdout] 3 | pub fn part1() {
[INFO] [stdout]   |        ^^^^^
[INFO] [stdout] 
[INFO] [stdout] 
[INFO] [stdout] warning: function `part2` is never used
[INFO] [stdout]  --> src/day2/mod.rs:8:8
[INFO] [stdout]   |
[INFO] [stdout] 8 | pub fn part2() {
[INFO] [stdout]   |        ^^^^^
[INFO] [stdout] 
[INFO] [stdout] 
[INFO] [stdout] warning: function `safe_reports` is never used
[INFO] [stdout]  --> src/day2/red_nodes_reports.rs:2:8
[INFO] [stdout]   |
[INFO] [stdout] 2 | pub fn safe_reports(input: &str, with_tolerance: bool) -> u32 {
[INFO] [stdout]   |        ^^^^^^^^^^^^
[INFO] [stdout] 
[INFO] [stdout] 
[INFO] [stdout] warning: function `check_report` is never used
[INFO] [stdout]   --> src/day2/red_nodes_reports.rs:19:4
[INFO] [stdout]    |
[INFO] [stdout] 19 | fn check_report(report: &[i32]) -> bool {
[INFO] [stdout]    |    ^^^^^^^^^^^^
[INFO] [stdout] 
[INFO] [stdout] 
[INFO] [stdout] warning: function `check_report_with_tolerance` is never used
[INFO] [stdout]   --> src/day2/red_nodes_reports.rs:30:4
[INFO] [stdout]    |
[INFO] [stdout] 30 | fn check_report_with_tolerance(report: &Vec<i32>) -> bool {
[INFO] [stdout]    |    ^^^^^^^^^^^^^^^^^^^^^^^^^^^
[INFO] [stdout] 
[INFO] [stdout] 
[INFO] [stdout] warning: function `part1` is never used
[INFO] [stdout]  --> src/day3/mod.rs:3:8
[INFO] [stdout]   |
[INFO] [stdout] 3 | pub fn part1() {
[INFO] [stdout]   |        ^^^^^
[INFO] [stdout] 
[INFO] [stdout] 
[INFO] [stdout] warning: enum `Instruction` is never used
[INFO] [stdout]  --> src/day3/mull_it_over.rs:5:6
[INFO] [stdout]   |
[INFO] [stdout] 5 | enum Instruction {
[INFO] [stdout]   |      ^^^^^^^^^^^
[INFO] [stdout] 
[INFO] [stdout] 
[INFO] [stdout] warning: function `compute_multiplications` is never used
[INFO] [stdout]   --> src/day3/mull_it_over.rs:11:8
[INFO] [stdout]    |
[INFO] [stdout] 11 | pub fn compute_multiplications(input: &str) -> u32 {
[INFO] [stdout]    |        ^^^^^^^^^^^^^^^^^^^^^^^
[INFO] [stdout] 
[INFO] [stdout] 
[INFO] [stdout] warning: function `parse_instruction` is never used
[INFO] [stdout]   --> src/day3/mull_it_over.rs:32:4
[INFO] [stdout]    |
[INFO] [stdout] 32 | fn parse_instruction(input: &mut &str) -> PResult<Instruction> {
[INFO] [stdout]    |    ^^^^^^^^^^^^^^^^^
[INFO] [stdout] 
[INFO] [stdout] 
[INFO] [stdout] warning: function `parse_mul_tuple` is never used
[INFO] [stdout]   --> src/day3/mull_it_over.rs:40:4
[INFO] [stdout]    |
[INFO] [stdout] 40 | fn parse_mul_tuple(input: &mut &str) -> PResult<Instruction> {
[INFO] [stdout]    |    ^^^^^^^^^^^^^^^
[INFO] [stdout] 
[INFO] [stdout] 
[INFO] [stdout] warning: function `parse_do` is never used
[INFO] [stdout]   --> src/day3/mull_it_over.rs:56:4
[INFO] [stdout]    |
[INFO] [stdout] 56 | fn parse_do(input: &mut &str) -> PResult<Instruction> {
[INFO] [stdout]    |    ^^^^^^^^
[INFO] [stdout] 
[INFO] [stdout] 
[INFO] [stdout] warning: function `parse_dont` is never used
[INFO] [stdout]   --> src/day3/mull_it_over.rs:60:4
[INFO] [stdout]    |
[INFO] [stdout] 60 | fn parse_dont(input: &mut &str) -> PResult<Instruction> {
[INFO] [stdout]    |    ^^^^^^^^^^
[INFO] [stdout] 
[INFO] [stdout] 
[INFO] [stdout] warning: function `part1` is never used
[INFO] [stdout]  --> src/day4/mod.rs:3:8
[INFO] [stdout]   |
[INFO] [stdout] 3 | pub fn part1() {
[INFO] [stdout]   |        ^^^^^
[INFO] [stdout] 
[INFO] [stdout] 
[INFO] [stdout] warning: function `part2` is never used
[INFO] [stdout]  --> src/day4/mod.rs:8:8
[INFO] [stdout]   |
[INFO] [stdout] 8 | pub fn part2() {
[INFO] [stdout]   |        ^^^^^
[INFO] [stdout] 
[INFO] [stdout] 
[INFO] [stdout] warning: struct `Board` is never constructed
[INFO] [stdout]   --> src/day4/mod.rs:13:8
[INFO] [stdout]    |
[INFO] [stdout] 13 | struct Board<'a> {
[INFO] [stdout]    |        ^^^^^
[INFO] [stdout] 
[INFO] [stdout] 
[INFO] [stdout] warning: struct `XmasKernel` is never constructed
[INFO] [stdout]   --> src/day4/mod.rs:19:8
[INFO] [stdout]    |
[INFO] [stdout] 19 | struct XmasKernel {
[INFO] [stdout]    |        ^^^^^^^^^^
[INFO] [stdout] 
[INFO] [stdout] 
[INFO] [stdout] warning: struct `XKernel` is never constructed
[INFO] [stdout]   --> src/day4/mod.rs:24:8
[INFO] [stdout]    |
[INFO] [stdout] 24 | struct XKernel {
[INFO] [stdout]    |        ^^^^^^^
[INFO] [stdout] 
[INFO] [stdout] 
[INFO] [stdout] warning: method `search` is never used
[INFO] [stdout]   --> src/day4/mod.rs:29:19
[INFO] [stdout]    |
[INFO] [stdout] 28 | impl XKernel {
[INFO] [stdout]    | ------------ method in this implementation
[INFO] [stdout] 29 |     pub(crate) fn search(&self, board: &[Vec<&str>], x: usize, y: usize) -> bool {
[INFO] [stdout]    |                   ^^^^^^
[INFO] [stdout] 
[INFO] [stdout] 
[INFO] [stdout] warning: associated function `new` is never used
[INFO] [stdout]   --> src/day4/mod.rs:44:8
[INFO] [stdout]    |
[INFO] [stdout] 43 | impl XmasKernel {
[INFO] [stdout]    | --------------- associated function in this implementation
[INFO] [stdout] 44 |     fn new (target: String) -> Self {
[INFO] [stdout]    |        ^^^
[INFO] [stdout] 
[INFO] [stdout] 
[INFO] [stdout] warning: function `word_search` is never used
[INFO] [stdout]   --> src/day4/mod.rs:52:4
[INFO] [stdout]    |
[INFO] [stdout] 52 | fn word_search(input: &str) -> u32 {
[INFO] [stdout]    |    ^^^^^^^^^^^
[INFO] [stdout] 
[INFO] [stdout] 
[INFO] [stdout] warning: function `x_search` is never used
[INFO] [stdout]   --> src/day4/mod.rs:57:4
[INFO] [stdout]    |
[INFO] [stdout] 57 | fn x_search(input: &str) -> u32 {
[INFO] [stdout]    |    ^^^^^^^^
[INFO] [stdout] 
[INFO] [stdout] 
[INFO] [stdout] warning: associated items `parse`, `accept2`, and `accept` are never used
[INFO] [stdout]   --> src/day4/mod.rs:63:8
[INFO] [stdout]    |
[INFO] [stdout] 62 | impl<'a> Board<'a> {
[INFO] [stdout]    | ------------------ associated items in this implementation
[INFO] [stdout] 63 |     fn parse(input: &'a str) -> Self {
[INFO] [stdout]    |        ^^^^^
[INFO] [stdout] ...
[INFO] [stdout] 74 |     fn accept2(&self, kernel: XKernel) -> u32 {
[INFO] [stdout]    |        ^^^^^^^
[INFO] [stdout] ...
[INFO] [stdout] 89 |     fn accept(&self, kernel: XmasKernel) -> u32 {
[INFO] [stdout]    |        ^^^^^^
[INFO] [stdout] 
[INFO] [stdout] 
[INFO] [stdout] warning: multiple methods are never used
[INFO] [stdout]    --> src/day4/mod.rs:121:8
[INFO] [stdout]     |
[INFO] [stdout] 120 | impl XmasKernel {
[INFO] [stdout]     | --------------- methods in this implementation
[INFO] [stdout] 121 |     fn search_row(&self, board: &[Vec<&str>], x_offset: usize, y_offset: usize) -> bool {
[INFO] [stdout]     |        ^^^^^^^^^^
[INFO] [stdout] ...
[INFO] [stdout] 129 |     fn row_slice<'a>(&self, board: &'a [Vec<&'a str>], x_offset: usize, y_offset: usize) -> &'a [&'a str] {
[INFO] [stdout]     |        ^^^^^^^^^
[INFO] [stdout] ...
[INFO] [stdout] 133 |     fn search_column(&self, board: &[Vec<&str>], x_offset: usize, y_offset: usize) -> bool {
[INFO] [stdout]     |        ^^^^^^^^^^^^^
[INFO] [stdout] ...
[INFO] [stdout] 141 |     fn column_slice<'a>(&self, board: &'a [Vec<&'a str>], x_offset: usize, y_offset: usize) -> Vec<&'a str> {
[INFO] [stdout]     |        ^^^^^^^^^^^^
[INFO] [stdout] ...
[INFO] [stdout] 149 |     fn search_diagonal_right(&self, board: &[Vec<&str>], x_offset: usize, y_offset: usize) -> bool {
[INFO] [stdout]     |        ^^^^^^^^^^^^^^^^^^^^^
[INFO] [stdout] ...
[INFO] [stdout] 157 |     fn diagonal_slice_right<'a>(&self, board: &'a [Vec<&'a str>], x_offset: usize, y_offset: usize) -> Vec<&'a str> {
[INFO] [stdout]     |        ^^^^^^^^^^^^^^^^^^^^
[INFO] [stdout] ...
[INFO] [stdout] 165 |     fn search_diagonal_left(&self, board: &[Vec<&str>], x_offset: usize, y_offset: usize) -> bool {
[INFO] [stdout]     |        ^^^^^^^^^^^^^^^^^^^^
[INFO] [stdout] ...
[INFO] [stdout] 170 |     fn diagonal_slice_left<'a>(&self, board: &'a [Vec<&'a str>], x_offset: usize, y_offset: usize) -> Vec<&'a str> {
[INFO] [stdout]     |        ^^^^^^^^^^^^^^^^^^^
[INFO] [stdout] ...
[INFO] [stdout] 178 |     fn check_slice(&self, slice: &[&str]) -> bool {
[INFO] [stdout]     |        ^^^^^^^^^^^
[INFO] [stdout] 
[INFO] [stdout] 
[INFO] [stdout] warning: function `part1` is never used
[INFO] [stdout]  --> src/day5/mod.rs:4:8
[INFO] [stdout]   |
[INFO] [stdout] 4 | pub fn part1() {
[INFO] [stdout]   |        ^^^^^
[INFO] [stdout] 
[INFO] [stdout] 
[INFO] [stdout] warning: function `part2` is never used
[INFO] [stdout]  --> src/day5/mod.rs:9:8
[INFO] [stdout]   |
[INFO] [stdout] 9 | pub fn part2() {
[INFO] [stdout]   |        ^^^^^
[INFO] [stdout] 
[INFO] [stdout] 
[INFO] [stdout] warning: function `ordered_pages` is never used
[INFO] [stdout]   --> src/day5/mod.rs:14:4
[INFO] [stdout]    |
[INFO] [stdout] 14 | fn ordered_pages(input: &str) -> u32 {
[INFO] [stdout]    |    ^^^^^^^^^^^^^
[INFO] [stdout] 
[INFO] [stdout] 
[INFO] [stdout] warning: function `reordered_pages` is never used
[INFO] [stdout]   --> src/day5/mod.rs:22:4
[INFO] [stdout]    |
[INFO] [stdout] 22 | fn reordered_pages(input: &str) -> u32 {
[INFO] [stdout]    |    ^^^^^^^^^^^^^^^
[INFO] [stdout] 
[INFO] [stdout] 
[INFO] [stdout] warning: field `orderings` is never read
[INFO] [stdout]   --> src/day5/mod.rs:34:5
[INFO] [stdout]    |
[INFO] [stdout] 33 | struct PageOrderings {
[INFO] [stdout]    |        ------------- field in this struct
[INFO] [stdout] 34 |     orderings: HashMap<u32, Vec<u32>>,
[INFO] [stdout]    |     ^^^^^^^^^
[INFO] [stdout] 
[INFO] [stdout] 
[INFO] [stdout] warning: field `pages` is never read
[INFO] [stdout]   --> src/day5/mod.rs:54:5
[INFO] [stdout]    |
[INFO] [stdout] 53 | struct PageUpdates {
[INFO] [stdout]    |        ----------- field in this struct
[INFO] [stdout] 54 |     pages: Vec<Page>,
[INFO] [stdout]    |     ^^^^^
[INFO] [stdout] 
[INFO] [stdout] 
[INFO] [stdout] warning: field `values` is never read
[INFO] [stdout]   --> src/day5/mod.rs:59:5
[INFO] [stdout]    |
[INFO] [stdout] 58 | struct Page {
[INFO] [stdout]    |        ---- field in this struct
[INFO] [stdout] 59 |     values: Vec<u32>
[INFO] [stdout]    |     ^^^^^^
[INFO] [stdout]    |
[INFO] [stdout]    = note: `Page` has a derived impl for the trait `Debug`, but this is intentionally ignored during dead code analysis
[INFO] [stdout] 
[INFO] [stdout] 
[INFO] [stdout] warning: methods `filter_pages` and `broken_pages` are never used
[INFO] [stdout]   --> src/day5/mod.rs:83:8
[INFO] [stdout]    |
[INFO] [stdout] 82 | impl PageUpdates {
[INFO] [stdout]    | ---------------- methods in this implementation
[INFO] [stdout] 83 |     fn filter_pages(&self, orderings: &PageOrderings) -> u32 {
[INFO] [stdout]    |        ^^^^^^^^^^^^
[INFO] [stdout] ...
[INFO] [stdout] 87 |     fn broken_pages(&mut self, ordering: &PageOrderings) -> Vec<&mut Page> {
[INFO] [stdout]    |        ^^^^^^^^^^^^
[INFO] [stdout] 
[INFO] [stdout] 
[INFO] [stdout] warning: methods `validate_page`, `middle_item`, and `fix_page` are never used
[INFO] [stdout]    --> src/day5/mod.rs:93:8
[INFO] [stdout]     |
[INFO] [stdout] 92  | impl Page {
[INFO] [stdout]     | --------- methods in this implementation
[INFO] [stdout] 93  |     fn validate_page(&self, orderings: &PageOrderings) -> bool {
[INFO] [stdout]     |        ^^^^^^^^^^^^^
[INFO] [stdout] ...
[INFO] [stdout] 97  |     fn middle_item(&self) -> u32 {
[INFO] [stdout]     |        ^^^^^^^^^^^
[INFO] [stdout] ...
[INFO] [stdout] 102 |     fn fix_page(&mut self, orderings: &PageOrderings) {
[INFO] [stdout]     |        ^^^^^^^^
[INFO] [stdout] 
[INFO] [stdout] 
[INFO] [stdout] warning: method `check_item` is never used
[INFO] [stdout]    --> src/day5/mod.rs:123:8
[INFO] [stdout]     |
[INFO] [stdout] 122 | impl PageOrderings {
[INFO] [stdout]     | ------------------ method in this implementation
[INFO] [stdout] 123 |     fn check_item(&self, item: u32, index: usize, values: &[u32]) -> Option<usize> {
[INFO] [stdout]     |        ^^^^^^^^^^
[INFO] [stdout] 
[INFO] [stdout] 
[INFO] [stdout] warning: function `part1` is never used
[INFO] [stdout]  --> src/day6/mod.rs:4:8
[INFO] [stdout]   |
[INFO] [stdout] 4 | pub fn part1() {
[INFO] [stdout]   |        ^^^^^
[INFO] [stdout] 
[INFO] [stdout] 
[INFO] [stdout] warning: function `part2` is never used
[INFO] [stdout]  --> src/day6/mod.rs:9:8
[INFO] [stdout]   |
[INFO] [stdout] 9 | pub fn part2() {
[INFO] [stdout]   |        ^^^^^
[INFO] [stdout] 
[INFO] [stdout] 
[INFO] [stdout] warning: function `guard_path` is never used
[INFO] [stdout]   --> src/day6/mod.rs:14:4
[INFO] [stdout]    |
[INFO] [stdout] 14 | fn guard_path(input: &str) -> u32 {
[INFO] [stdout]    |    ^^^^^^^^^^
[INFO] [stdout] 
[INFO] [stdout] 
[INFO] [stdout] warning: function `obstruction_loops` is never used
[INFO] [stdout]   --> src/day6/mod.rs:19:4
[INFO] [stdout]    |
[INFO] [stdout] 19 | fn obstruction_loops(input: &str) -> u32 {
[INFO] [stdout]    |    ^^^^^^^^^^^^^^^^^
[INFO] [stdout] 
[INFO] [stdout] 
[INFO] [stdout] warning: field `0` is never read
[INFO] [stdout]   --> src/day6/mod.rs:30:11
[INFO] [stdout]    |
[INFO] [stdout] 30 |     Guard(Direction)
[INFO] [stdout]    |     ----- ^^^^^^^^^
[INFO] [stdout]    |     |
[INFO] [stdout]    |     field in this variant
[INFO] [stdout]    |
[INFO] [stdout]    = note: `Tile` has derived impls for the traits `Debug` and `Clone`, but these are intentionally ignored during dead code analysis
[INFO] [stdout] help: consider changing the field to be of unit type to suppress this warning while preserving the field numbering, or remove the field
[INFO] [stdout]    |
[INFO] [stdout] 30 |     Guard(())
[INFO] [stdout]    |           ~~
[INFO] [stdout] 
[INFO] [stdout] 
[INFO] [stdout] warning: variants `Left`, `Right`, and `Down` are never constructed
[INFO] [stdout]   --> src/day6/mod.rs:35:5
[INFO] [stdout]    |
[INFO] [stdout] 34 | enum Direction {
[INFO] [stdout]    |      --------- variants in this enum
[INFO] [stdout] 35 |     Left,
[INFO] [stdout]    |     ^^^^
[INFO] [stdout] 36 |     Right,
[INFO] [stdout]    |     ^^^^^
[INFO] [stdout] 37 |     Up,
[INFO] [stdout] 38 |     Down
[INFO] [stdout]    |     ^^^^
[INFO] [stdout]    |
[INFO] [stdout]    = note: `Direction` has derived impls for the traits `Debug` and `Clone`, but these are intentionally ignored during dead code analysis
[INFO] [stdout] 
[INFO] [stdout] 
[INFO] [stdout] warning: methods `turn_right` and `move_position` are never used
[INFO] [stdout]   --> src/day6/mod.rs:42:8
[INFO] [stdout]    |
[INFO] [stdout] 41 | impl Direction {
[INFO] [stdout]    | -------------- methods in this implementation
[INFO] [stdout] 42 |     fn turn_right(&mut self) {
[INFO] [stdout]    |        ^^^^^^^^^^
[INFO] [stdout] ...
[INFO] [stdout] 51 |     fn move_position(&self, (x, y): (usize, usize)) -> (usize, usize) {
[INFO] [stdout]    |        ^^^^^^^^^^^^^
[INFO] [stdout] 
[INFO] [stdout] 
[INFO] [stdout] warning: fields `tiles`, `width`, and `height` are never read
[INFO] [stdout]   --> src/day6/mod.rs:63:5
[INFO] [stdout]    |
[INFO] [stdout] 62 | struct Board {
[INFO] [stdout]    |        ----- fields in this struct
[INFO] [stdout] 63 |     tiles: Vec<Vec<Tile>>,
[INFO] [stdout]    |     ^^^^^
[INFO] [stdout] 64 |     width: usize,
[INFO] [stdout]    |     ^^^^^
[INFO] [stdout] 65 |     height: usize
[INFO] [stdout]    |     ^^^^^^
[INFO] [stdout]    |
[INFO] [stdout]    = note: `Board` has derived impls for the traits `Debug` and `Clone`, but these are intentionally ignored during dead code analysis
[INFO] [stdout] 
[INFO] [stdout] 
[INFO] [stdout] warning: methods `predict_guard_movement`, `find_loops`, `move_guard`, `find_guard`, `is_outside`, and `is_occupied` are never used
[INFO] [stdout]    --> src/day6/mod.rs:88:8
[INFO] [stdout]     |
[INFO] [stdout] 87  | impl Board {
[INFO] [stdout]     | ---------- methods in this implementation
[INFO] [stdout] 88  |     fn predict_guard_movement(&mut self) -> HashSet<(usize, usize)> {
[INFO] [stdout]     |        ^^^^^^^^^^^^^^^^^^^^^^
[INFO] [stdout] ...
[INFO] [stdout] 104 |     fn find_loops(&mut self, seen_positions: &HashSet<(usize, usize)>, initial_position: (usize, usize)) -> u32 {
[INFO] [stdout]     |        ^^^^^^^^^^
[INFO] [stdout] ...
[INFO] [stdout] 133 |     fn move_guard(&mut self, (x, y): (usize, usize), direction: &mut Direction) -> Option<(usize, usize)> {
[INFO] [stdout]     |        ^^^^^^^^^^
[INFO] [stdout] ...
[INFO] [stdout] 145 |     fn find_guard(&self) -> (usize, usize) {
[INFO] [stdout]     |        ^^^^^^^^^^
[INFO] [stdout] ...
[INFO] [stdout] 158 |     fn is_outside(&self, (x, y): (usize, usize), direction: &Direction) -> bool {
[INFO] [stdout]     |        ^^^^^^^^^^
[INFO] [stdout] ...
[INFO] [stdout] 167 |     fn is_occupied(&self, (x, y): (usize, usize)) -> bool {
[INFO] [stdout]     |        ^^^^^^^^^^^
[INFO] [stdout] 
[INFO] [stdout] 
[INFO] [stdout] warning: function `part1` is never used
[INFO] [stdout]  --> src/day7/mod.rs:4:8
[INFO] [stdout]   |
[INFO] [stdout] 4 | pub fn part1() {
[INFO] [stdout]   |        ^^^^^
[INFO] [stdout] 
[INFO] [stdout] 
[INFO] [stdout] warning: function `part2` is never used
[INFO] [stdout]  --> src/day7/mod.rs:9:8
[INFO] [stdout]   |
[INFO] [stdout] 9 | pub fn part2() {
[INFO] [stdout]   |        ^^^^^
[INFO] [stdout] 
[INFO] [stdout] 
[INFO] [stdout] warning: method `evaluate` is never used
[INFO] [stdout]   --> src/day7/mod.rs:22:8
[INFO] [stdout]    |
[INFO] [stdout] 21 | impl Operation {
[INFO] [stdout]    | -------------- method in this implementation
[INFO] [stdout] 22 |     fn evaluate(&self, lhs: usize, rhs: usize) -> usize {
[INFO] [stdout]    |        ^^^^^^^^
[INFO] [stdout] 
[INFO] [stdout] 
[INFO] [stdout] warning: function `compute_calibrations` is never used
[INFO] [stdout]   --> src/day7/mod.rs:42:4
[INFO] [stdout]    |
[INFO] [stdout] 42 | fn compute_calibrations(input: &str, num_operators: usize) -> usize {
[INFO] [stdout]    |    ^^^^^^^^^^^^^^^^^^^^
[INFO] [stdout] 
[INFO] [stdout] 
[INFO] [stdout] warning: function `solve_equation` is never used
[INFO] [stdout]   --> src/day7/mod.rs:50:4
[INFO] [stdout]    |
[INFO] [stdout] 50 | fn solve_equation((expected_result, operands): (usize, Vec<usize>), num_operators: usize) -> usize {
[INFO] [stdout]    |    ^^^^^^^^^^^^^^
[INFO] [stdout] 
[INFO] [stdout] 
[INFO] [stdout] warning: function `part1` is never used
[INFO] [stdout]  --> src/day8/mod.rs:3:8
[INFO] [stdout]   |
[INFO] [stdout] 3 | pub fn part1() {
[INFO] [stdout]   |        ^^^^^
[INFO] [stdout] 
[INFO] [stdout] 
[INFO] [stdout] warning: function `part2` is never used
[INFO] [stdout]  --> src/day8/mod.rs:8:8
[INFO] [stdout]   |
[INFO] [stdout] 8 | pub fn part2() {
[INFO] [stdout]   |        ^^^^^
[INFO] [stdout] 
[INFO] [stdout] 
[INFO] [stdout] warning: enum `Distance` is never used
[INFO] [stdout]   --> src/day8/mod.rs:20:6
[INFO] [stdout]    |
[INFO] [stdout] 20 | enum Distance {
[INFO] [stdout]    |      ^^^^^^^^
[INFO] [stdout] 
[INFO] [stdout] 
[INFO] [stdout] warning: function `anti_node_count` is never used
[INFO] [stdout]   --> src/day8/mod.rs:25:4
[INFO] [stdout]    |
[INFO] [stdout] 25 | fn anti_node_count(input: &str, distance: Distance) -> u32 {
[INFO] [stdout]    |    ^^^^^^^^^^^^^^^
[INFO] [stdout] 
[INFO] [stdout] 
[INFO] [stdout] warning: function `anti_nodes_for_frequency` is never used
[INFO] [stdout]   --> src/day8/mod.rs:56:4
[INFO] [stdout]    |
[INFO] [stdout] 56 | fn anti_nodes_for_frequency(positions: Vec<Position>, width: usize, height: usize, distance: Distance) -> HashSet<Position> {
[INFO] [stdout]    |    ^^^^^^^^^^^^^^^^^^^^^^^^
[INFO] [stdout] 
[INFO] [stdout] 
[INFO] [stdout] warning: function `check_bounds` is never used
[INFO] [stdout]    --> src/day8/mod.rs:105:4
[INFO] [stdout]     |
[INFO] [stdout] 105 | fn check_bounds(pos: Position, width: usize, height: usize) -> bool {
[INFO] [stdout]     |    ^^^^^^^^^^^^
[INFO] [stdout] 
[INFO] [stdout] 
[INFO] [stdout] warning: function `part1` is never used
[INFO] [stdout]  --> src/day9/mod.rs:3:8
[INFO] [stdout]   |
[INFO] [stdout] 3 | pub fn part1() {
[INFO] [stdout]   |        ^^^^^
[INFO] [stdout] 
[INFO] [stdout] 
[INFO] [stdout] warning: function `part2` is never used
[INFO] [stdout]  --> src/day9/mod.rs:8:8
[INFO] [stdout]   |
[INFO] [stdout] 8 | pub fn part2() {
[INFO] [stdout]   |        ^^^^^
[INFO] [stdout] 
[INFO] [stdout] 
[INFO] [stdout] warning: struct `Cursor` is never constructed
[INFO] [stdout]   --> src/day9/mod.rs:13:8
[INFO] [stdout]    |
[INFO] [stdout] 13 | struct Cursor<'a> {
[INFO] [stdout]    |        ^^^^^^
[INFO] [stdout] 
[INFO] [stdout] 
[INFO] [stdout] warning: function `fragment_disk` is never used
[INFO] [stdout]   --> src/day9/mod.rs:21:4
[INFO] [stdout]    |
[INFO] [stdout] 21 | fn fragment_disk(input: &str) -> u64 {
[INFO] [stdout]    |    ^^^^^^^^^^^^^
[INFO] [stdout] 
[INFO] [stdout] 
[INFO] [stdout] warning: enum `State` is never used
[INFO] [stdout]   --> src/day9/mod.rs:49:6
[INFO] [stdout]    |
[INFO] [stdout] 49 | enum State {
[INFO] [stdout]    |      ^^^^^
[INFO] [stdout] 
[INFO] [stdout] 
[INFO] [stdout] warning: function `move_files` is never used
[INFO] [stdout]   --> src/day9/mod.rs:54:4
[INFO] [stdout]    |
[INFO] [stdout] 54 | fn move_files(input: &str) -> usize {
[INFO] [stdout]    |    ^^^^^^^^^^
[INFO] [stdout] 
[INFO] [stdout] 
[INFO] [stdout] warning: associated items `forward`, `backward`, `next`, `next_safe`, `index`, and `advance` are never used
[INFO] [stdout]    --> src/day9/mod.rs:125:8
[INFO] [stdout]     |
[INFO] [stdout] 124 | impl<'a> Cursor<'a> {
[INFO] [stdout]     | ------------------- associated items in this implementation
[INFO] [stdout] 125 |     fn forward(disk_map: &'a [u32]) -> Self {
[INFO] [stdout]     |        ^^^^^^^
[INFO] [stdout] ...
[INFO] [stdout] 131 |     fn backward(disk_map: &'a [u32]) -> Self {
[INFO] [stdout]     |        ^^^^^^^^
[INFO] [stdout] ...
[INFO] [stdout] 142 |     fn next(&mut self) -> Option<u32> {
[INFO] [stdout]     |        ^^^^
[INFO] [stdout] ...
[INFO] [stdout] 153 |     fn next_safe(&mut self) -> u32 {
[INFO] [stdout]     |        ^^^^^^^^^
[INFO] [stdout] ...
[INFO] [stdout] 160 |     fn index(&self) -> usize {
[INFO] [stdout]     |        ^^^^^
[INFO] [stdout] ...
[INFO] [stdout] 164 |     fn advance(&mut self) -> usize {
[INFO] [stdout]     |        ^^^^^^^
[INFO] [stdout] 
[INFO] [stdout] 
[INFO] [stdout] warning: function `part1` is never used
[INFO] [stdout]  --> src/day10/mod.rs:3:8
[INFO] [stdout]   |
[INFO] [stdout] 3 | pub fn part1() {
[INFO] [stdout]   |        ^^^^^
[INFO] [stdout] 
[INFO] [stdout] 
[INFO] [stdout] warning: function `part2` is never used
[INFO] [stdout]  --> src/day10/mod.rs:8:8
[INFO] [stdout]   |
[INFO] [stdout] 8 | pub fn part2() {
[INFO] [stdout]   |        ^^^^^
[INFO] [stdout] 
[INFO] [stdout] 
[INFO] [stdout] warning: struct `Map` is never constructed
[INFO] [stdout]   --> src/day10/mod.rs:13:8
[INFO] [stdout]    |
[INFO] [stdout] 13 | struct Map {
[INFO] [stdout]    |        ^^^
[INFO] [stdout] 
[INFO] [stdout] 
[INFO] [stdout] warning: function `trail_scores` is never used
[INFO] [stdout]   --> src/day10/mod.rs:19:4
[INFO] [stdout]    |
[INFO] [stdout] 19 | fn trail_scores(input: &str) -> (u32, u32) {
[INFO] [stdout]    |    ^^^^^^^^^^^^
[INFO] [stdout] 
[INFO] [stdout] 
[INFO] [stdout] warning: associated items `new`, `find_trail_scores`, `scores_for_trail_head`, and `progress_trail` are never used
[INFO] [stdout]   --> src/day10/mod.rs:32:8
[INFO] [stdout]    |
[INFO] [stdout] 31 | impl Map {
[INFO] [stdout]    | -------- associated items in this implementation
[INFO] [stdout] 32 |     fn new(topology: Vec<Vec<u8>>) -> Map {
[INFO] [stdout]    |        ^^^
[INFO] [stdout] ...
[INFO] [stdout] 38 |     fn find_trail_scores(&self) -> Vec<(u32, u32)> {
[INFO] [stdout]    |        ^^^^^^^^^^^^^^^^^
[INFO] [stdout] ...
[INFO] [stdout] 51 |     fn scores_for_trail_head(&self, trail_head: (usize, usize)) -> (u32, u32) {
[INFO] [stdout]    |        ^^^^^^^^^^^^^^^^^^^^^
[INFO] [stdout] ...
[INFO] [stdout] 56 |     fn progress_trail(&self, row: usize, col: usize, target_height: u8) -> (HashSet<(usize, usize)>, u32) {
[INFO] [stdout]    |        ^^^^^^^^^^^^^^
[INFO] [stdout] 
[INFO] [stdout] 
[INFO] [stdout] warning: function `part1` is never used
[INFO] [stdout]  --> src/day11/mod.rs:3:8
[INFO] [stdout]   |
[INFO] [stdout] 3 | pub fn part1() {
[INFO] [stdout]   |        ^^^^^
[INFO] [stdout] 
[INFO] [stdout] 
[INFO] [stdout] warning: function `part2` is never used
[INFO] [stdout]  --> src/day11/mod.rs:8:8
[INFO] [stdout]   |
[INFO] [stdout] 8 | pub fn part2() {
[INFO] [stdout]   |        ^^^^^
[INFO] [stdout] 
[INFO] [stdout] 
[INFO] [stdout] warning: function `stone_count` is never used
[INFO] [stdout]   --> src/day11/mod.rs:13:4
[INFO] [stdout]    |
[INFO] [stdout] 13 | fn stone_count(input: &str, num_blinks: u8) -> usize {
[INFO] [stdout]    |    ^^^^^^^^^^^
[INFO] [stdout] 
[INFO] [stdout] 
[INFO] [stdout] warning: function `simulate_blink` is never used
[INFO] [stdout]   --> src/day11/mod.rs:22:4
[INFO] [stdout]    |
[INFO] [stdout] 22 | fn simulate_blink(stones: Vec<usize>, limit: u8, memory: &mut HashMap<(u8, usize), usize>) -> usize {
[INFO] [stdout]    |    ^^^^^^^^^^^^^^
[INFO] [stdout] 
[INFO] [stdout] 
[INFO] [stdout] warning: function `simulate_one_stone` is never used
[INFO] [stdout]   --> src/day11/mod.rs:29:4
[INFO] [stdout]    |
[INFO] [stdout] 29 | fn simulate_one_stone(stone: usize, step: u8, limit: u8, memory: &mut HashMap<(u8, usize), usize>) -> usize {
[INFO] [stdout]    |    ^^^^^^^^^^^^^^^^^^
[INFO] [stdout] 
[INFO] [stdout] 
[INFO] [stdout] warning: function `split_number` is never used
[INFO] [stdout]   --> src/day11/mod.rs:56:4
[INFO] [stdout]    |
[INFO] [stdout] 56 | fn split_number(s: String, len: usize) -> (usize, usize) {
[INFO] [stdout]    |    ^^^^^^^^^^^^
[INFO] [stdout] 
[INFO] [stdout] 
[INFO] [stdout] warning: function `part1` is never used
[INFO] [stdout]  --> src/day12/mod.rs:4:8
[INFO] [stdout]   |
[INFO] [stdout] 4 | pub fn part1() {
[INFO] [stdout]   |        ^^^^^
[INFO] [stdout] 
[INFO] [stdout] 
[INFO] [stdout] warning: function `part2` is never used
[INFO] [stdout]  --> src/day12/mod.rs:9:8
[INFO] [stdout]   |
[INFO] [stdout] 9 | pub fn part2() {
[INFO] [stdout]   |        ^^^^^
[INFO] [stdout] 
[INFO] [stdout] 
[INFO] [stdout] warning: struct `Component` is never constructed
[INFO] [stdout]   --> src/day12/mod.rs:14:8
[INFO] [stdout]    |
[INFO] [stdout] 14 | struct Component {
[INFO] [stdout]    |        ^^^^^^^^^
[INFO] [stdout] 
[INFO] [stdout] 
[INFO] [stdout] warning: methods `area`, `perimeter`, `edge_positions`, and `edge_segments` are never used
[INFO] [stdout]   --> src/day12/mod.rs:34:8
[INFO] [stdout]    |
[INFO] [stdout] 33 | impl Component {
[INFO] [stdout]    | -------------- methods in this implementation
[INFO] [stdout] 34 |     fn area(&self) -> u32 {
[INFO] [stdout]    |        ^^^^
[INFO] [stdout] ...
[INFO] [stdout] 38 |     fn perimeter(&self) -> u32 {
[INFO] [stdout]    |        ^^^^^^^^^
[INFO] [stdout] ...
[INFO] [stdout] 47 |     fn edge_positions(&self) -> HashSet<Position> {
[INFO] [stdout]    |        ^^^^^^^^^^^^^^
[INFO] [stdout] ...
[INFO] [stdout] 57 |     fn edge_segments(&self) -> u32 {
[INFO] [stdout]    |        ^^^^^^^^^^^^^
[INFO] [stdout] 
[INFO] [stdout] 
[INFO] [stdout] warning: method `neighborhood` is never used
[INFO] [stdout]    --> src/day12/mod.rs:128:8
[INFO] [stdout]     |
[INFO] [stdout] 127 | impl Position {
[INFO] [stdout]     | ------------- method in this implementation
[INFO] [stdout] 128 |     fn neighborhood(&self) -> [Position;4] {
[INFO] [stdout]     |        ^^^^^^^^^^^^
[INFO] [stdout] 
[INFO] [stdout] 
[INFO] [stdout] warning: function `fence_price` is never used
[INFO] [stdout]    --> src/day12/mod.rs:140:4
[INFO] [stdout]     |
[INFO] [stdout] 140 | fn fence_price(input: &str) -> u32 {
[INFO] [stdout]     |    ^^^^^^^^^^^
[INFO] [stdout] 
[INFO] [stdout] 
[INFO] [stdout] warning: function `fence_price_discount` is never used
[INFO] [stdout]    --> src/day12/mod.rs:148:4
[INFO] [stdout]     |
[INFO] [stdout] 148 | fn fence_price_discount(input: &str) -> u32 {
[INFO] [stdout]     |    ^^^^^^^^^^^^^^^^^^^^
[INFO] [stdout] 
[INFO] [stdout] 
[INFO] [stdout] warning: function `components` is never used
[INFO] [stdout]    --> src/day12/mod.rs:156:4
[INFO] [stdout]     |
[INFO] [stdout] 156 | fn components(input: &str) -> Vec<Component> {
[INFO] [stdout]     |    ^^^^^^^^^^
[INFO] [stdout] 
[INFO] [stdout] 
[INFO] [stdout] warning: function `component` is never used
[INFO] [stdout]    --> src/day12/mod.rs:172:4
[INFO] [stdout]     |
[INFO] [stdout] 172 | fn component(name: char, (x, y): (usize, usize), board: &[Vec<char>], visited: &mut HashSet<(usize, usize)>) -> Component {
[INFO] [stdout]     |    ^^^^^^^^^
[INFO] [stdout] 
[INFO] [stdout] 
[INFO] [stdout] warning: function `part1` is never used
[INFO] [stdout]  --> src/day13/mod.rs:8:8
[INFO] [stdout]   |
[INFO] [stdout] 8 | pub fn part1() {
[INFO] [stdout]   |        ^^^^^
[INFO] [stdout] 
[INFO] [stdout] 
[INFO] [stderr]     Finished `dev` profile [unoptimized + debuginfo] target(s) in 2.84s
[INFO] running `Command { std: "docker" "inspect" "8ea26800e1ee5c642d3ad4c4b906e0ae76b94b30b58c062bf33484ddfe5be8dd", kill_on_drop: false }`
[INFO] running `Command { std: "docker" "rm" "-f" "8ea26800e1ee5c642d3ad4c4b906e0ae76b94b30b58c062bf33484ddfe5be8dd", kill_on_drop: false }`
[INFO] [stdout] 8ea26800e1ee5c642d3ad4c4b906e0ae76b94b30b58c062bf33484ddfe5be8dd
[INFO] running `Command { std: "docker" "create" "-v" "/var/lib/crater-agent-workspace/builds/worker-6-tc2/target:/opt/rustwide/target:rw,Z" "-v" "/var/lib/crater-agent-workspace/builds/worker-6-tc2/source:/opt/rustwide/workdir:ro,Z" "-v" "/var/lib/crater-agent-workspace/cargo-home:/opt/rustwide/cargo-home:ro,Z" "-v" "/var/lib/crater-agent-workspace/rustup-home:/opt/rustwide/rustup-home:ro,Z" "-e" "SOURCE_DIR=/opt/rustwide/workdir" "-e" "CARGO_TARGET_DIR=/opt/rustwide/target" "-e" "CARGO_INCREMENTAL=0" "-e" "RUST_BACKTRACE=full" "-e" "RUSTFLAGS=--cap-lints=forbid -Zrandomize-layout" "-e" "RUSTDOCFLAGS=--cap-lints=forbid" "-e" "CARGO_HOME=/opt/rustwide/cargo-home" "-e" "RUSTUP_HOME=/opt/rustwide/rustup-home" "-w" "/opt/rustwide/workdir" "-m" "1610612736" "--user" "0:0" "--network" "none" "ghcr.io/rust-lang/crates-build-env/linux@sha256:819108c5571ea2e421544af4d832f968d213c87fbe3707a016657f43d2f853bc" "/opt/rustwide/cargo-home/bin/cargo" "+nightly-2025-01-18" "test" "--frozen" "--no-run" "--message-format=json", kill_on_drop: false }`
[INFO] [stdout] dd0dfab3bc31f58656bd6bc461f0c0300b5421e7b41c602fb5c3c09d85058fcd
[INFO] running `Command { std: "docker" "start" "-a" "dd0dfab3bc31f58656bd6bc461f0c0300b5421e7b41c602fb5c3c09d85058fcd", kill_on_drop: false }`
[INFO] [stderr]    Compiling aoc2024 v0.1.0 (/opt/rustwide/workdir)
[INFO] [stdout] warning: unnecessary trailing semicolon
[INFO] [stdout]  --> src/day1/mod.rs:9:86
[INFO] [stdout]   |
[INFO] [stdout] 9 |     let input = std::str::from_utf8(include_bytes!("../../res/day1/part1")).unwrap();;
[INFO] [stdout]   |                                                                                      ^ help: remove this semicolon
[INFO] [stdout]   |
[INFO] [stdout]   = note: `#[warn(redundant_semicolons)]` on by default
[INFO] [stdout] 
[INFO] [stdout] 
[INFO] [stdout] warning: unnecessary trailing semicolon
[INFO] [stdout]  --> src/day2/mod.rs:4:86
[INFO] [stdout]   |
[INFO] [stdout] 4 |     let input = std::str::from_utf8(include_bytes!("../../res/day2/part1")).unwrap();;
[INFO] [stdout]   |                                                                                      ^ help: remove this semicolon
[INFO] [stdout] 
[INFO] [stdout] 
[INFO] [stdout] warning: unnecessary trailing semicolon
[INFO] [stdout]  --> src/day2/mod.rs:9:86
[INFO] [stdout]   |
[INFO] [stdout] 9 |     let input = std::str::from_utf8(include_bytes!("../../res/day2/part1")).unwrap();;
[INFO] [stdout]   |                                                                                      ^ help: remove this semicolon
[INFO] [stdout] 
[INFO] [stdout] 
[INFO] [stdout] warning: unused import: `std::error::Error`
[INFO] [stdout]  --> src/day13/mod.rs:1:5
[INFO] [stdout]   |
[INFO] [stdout] 1 | use std::error::Error;
[INFO] [stdout]   |     ^^^^^^^^^^^^^^^^^
[INFO] [stdout]   |
[INFO] [stdout]   = note: `#[warn(unused_imports)]` on by default
[INFO] [stdout] 
[INFO] [stdout] 
[INFO] [stdout] warning: unused import: `winnow::Parser`
[INFO] [stdout]  --> src/day4/mod.rs:1:5
[INFO] [stdout]   |
[INFO] [stdout] 1 | use winnow::Parser;
[INFO] [stdout]   |     ^^^^^^^^^^^^^^
[INFO] [stdout] 
[INFO] [stdout] 
[INFO] [stdout] warning: unused import: `winnow::Parser`
[INFO] [stdout]  --> src/day7/mod.rs:2:5
[INFO] [stdout]   |
[INFO] [stdout] 2 | use winnow::Parser;
[INFO] [stdout]   |     ^^^^^^^^^^^^^^
[INFO] [stdout] 
[INFO] [stdout] 
[INFO] [stdout] warning: unused variable: `col`
[INFO] [stdout]   --> src/day10/mod.rs:45:27
[INFO] [stdout]    |
[INFO] [stdout] 45 |                 .filter(|(col, height)| **height == 0)
[INFO] [stdout]    |                           ^^^ help: if this is intentional, prefix it with an underscore: `_col`
[INFO] [stdout]    |
[INFO] [stdout]    = note: `#[warn(unused_variables)]` on by default
[INFO] [stdout] 
[INFO] [stdout] 
[INFO] [stdout] warning: function `part1` is never used
[INFO] [stdout]  --> src/day1/mod.rs:3:8
[INFO] [stdout]   |
[INFO] [stdout] 3 | pub fn part1() {
[INFO] [stdout]   |        ^^^^^
[INFO] [stdout]   |
[INFO] [stdout]   = note: `#[warn(dead_code)]` on by default
[INFO] [stdout] 
[INFO] [stdout] 
[INFO] [stdout] warning: function `part2` is never used
[INFO] [stdout]  --> src/day1/mod.rs:8:8
[INFO] [stdout]   |
[INFO] [stdout] 8 | pub fn part2() {
[INFO] [stdout]   |        ^^^^^
[INFO] [stdout] 
[INFO] [stdout] 
[INFO] [stdout] warning: function `pair_distances` is never used
[INFO] [stdout]  --> src/day1/historian_hysteria.rs:3:8
[INFO] [stdout]   |
[INFO] [stdout] 3 | pub fn pair_distances(input: &str) -> u32 {
[INFO] [stdout]   |        ^^^^^^^^^^^^^^
[INFO] [stdout] 
[INFO] [stdout] 
[INFO] [stdout] warning: function `similarity_score` is never used
[INFO] [stdout]   --> src/day1/historian_hysteria.rs:21:8
[INFO] [stdout]    |
[INFO] [stdout] 21 | pub fn similarity_score(input: &str) -> u32 {
[INFO] [stdout]    |        ^^^^^^^^^^^^^^^^
[INFO] [stdout] 
[INFO] [stdout] 
[INFO] [stdout] warning: function `part1` is never used
[INFO] [stdout]  --> src/day2/mod.rs:3:8
[INFO] [stdout]   |
[INFO] [stdout] 3 | pub fn part1() {
[INFO] [stdout]   |        ^^^^^
[INFO] [stdout] 
[INFO] [stdout] 
[INFO] [stdout] warning: function `part2` is never used
[INFO] [stdout]  --> src/day2/mod.rs:8:8
[INFO] [stdout]   |
[INFO] [stdout] 8 | pub fn part2() {
[INFO] [stdout]   |        ^^^^^
[INFO] [stdout] 
[INFO] [stdout] 
[INFO] [stdout] warning: function `part1` is never used
[INFO] [stdout]  --> src/day3/mod.rs:3:8
[INFO] [stdout]   |
[INFO] [stdout] 3 | pub fn part1() {
[INFO] [stdout]   |        ^^^^^
[INFO] [stdout] 
[INFO] [stdout] 
[INFO] [stdout] warning: function `part1` is never used
[INFO] [stdout]  --> src/day4/mod.rs:3:8
[INFO] [stdout]   |
[INFO] [stdout] 3 | pub fn part1() {
[INFO] [stdout]   |        ^^^^^
[INFO] [stdout] 
[INFO] [stdout] 
[INFO] [stdout] warning: function `part2` is never used
[INFO] [stdout]  --> src/day4/mod.rs:8:8
[INFO] [stdout]   |
[INFO] [stdout] 8 | pub fn part2() {
[INFO] [stdout]   |        ^^^^^
[INFO] [stdout] 
[INFO] [stdout] 
[INFO] [stdout] warning: field `target` is never read
[INFO] [stdout]   --> src/day4/mod.rs:21:5
[INFO] [stdout]    |
[INFO] [stdout] 19 | struct XmasKernel {
[INFO] [stdout]    |        ---------- field in this struct
[INFO] [stdout] 20 |     size: usize,
[INFO] [stdout] 21 |     target: String
[INFO] [stdout]    |     ^^^^^^
[INFO] [stdout] 
[INFO] [stdout] 
[INFO] [stdout] warning: field `size` is never read
[INFO] [stdout]   --> src/day4/mod.rs:25:5
[INFO] [stdout]    |
[INFO] [stdout] 24 | struct XKernel {
[INFO] [stdout]    |        ------- field in this struct
[INFO] [stdout] 25 |     size: usize,
[INFO] [stdout]    |     ^^^^
[INFO] [stdout] 
[INFO] [stdout] 
[INFO] [stdout] warning: function `part1` is never used
[INFO] [stdout]  --> src/day5/mod.rs:4:8
[INFO] [stdout]   |
[INFO] [stdout] 4 | pub fn part1() {
[INFO] [stdout]   |        ^^^^^
[INFO] [stdout] 
[INFO] [stdout] 
[INFO] [stdout] warning: function `part2` is never used
[INFO] [stdout]  --> src/day5/mod.rs:9:8
[INFO] [stdout]   |
[INFO] [stdout] 9 | pub fn part2() {
[INFO] [stdout]   |        ^^^^^
[INFO] [stdout] 
[INFO] [stdout] 
[INFO] [stdout] warning: function `part1` is never used
[INFO] [stdout]  --> src/day6/mod.rs:4:8
[INFO] [stdout]   |
[INFO] [stdout] 4 | pub fn part1() {
[INFO] [stdout]   |        ^^^^^
[INFO] [stdout] 
[INFO] [stdout] 
[INFO] [stdout] warning: function `part2` is never used
[INFO] [stdout]  --> src/day6/mod.rs:9:8
[INFO] [stdout]   |
[INFO] [stdout] 9 | pub fn part2() {
[INFO] [stdout]   |        ^^^^^
[INFO] [stdout] 
[INFO] [stdout] 
[INFO] [stdout] warning: field `0` is never read
[INFO] [stdout]   --> src/day6/mod.rs:30:11
[INFO] [stdout]    |
[INFO] [stdout] 30 |     Guard(Direction)
[INFO] [stdout]    |     ----- ^^^^^^^^^
[INFO] [stdout]    |     |
[INFO] [stdout]    |     field in this variant
[INFO] [stdout]    |
[INFO] [stdout]    = note: `Tile` has derived impls for the traits `Debug` and `Clone`, but these are intentionally ignored during dead code analysis
[INFO] [stdout] help: consider changing the field to be of unit type to suppress this warning while preserving the field numbering, or remove the field
[INFO] [stdout]    |
[INFO] [stdout] 30 |     Guard(())
[INFO] [stdout]    |           ~~
[INFO] [stdout] 
[INFO] [stdout] 
[INFO] [stdout] warning: function `part1` is never used
[INFO] [stdout]  --> src/day7/mod.rs:4:8
[INFO] [stdout]   |
[INFO] [stdout] 4 | pub fn part1() {
[INFO] [stdout]   |        ^^^^^
[INFO] [stdout] 
[INFO] [stdout] 
[INFO] [stdout] warning: function `part2` is never used
[INFO] [stdout]  --> src/day7/mod.rs:9:8
[INFO] [stdout]   |
[INFO] [stdout] 9 | pub fn part2() {
[INFO] [stdout]   |        ^^^^^
[INFO] [stdout] 
[INFO] [stdout] 
[INFO] [stdout] warning: function `part1` is never used
[INFO] [stdout]  --> src/day8/mod.rs:3:8
[INFO] [stdout]   |
[INFO] [stdout] 3 | pub fn part1() {
[INFO] [stdout]   |        ^^^^^
[INFO] [stdout] 
[INFO] [stdout] 
[INFO] [stdout] warning: function `part2` is never used
[INFO] [stdout]  --> src/day8/mod.rs:8:8
[INFO] [stdout]   |
[INFO] [stdout] 8 | pub fn part2() {
[INFO] [stdout]   |        ^^^^^
[INFO] [stdout] 
[INFO] [stdout] 
[INFO] [stdout] warning: function `part1` is never used
[INFO] [stdout]  --> src/day9/mod.rs:3:8
[INFO] [stdout]   |
[INFO] [stdout] 3 | pub fn part1() {
[INFO] [stdout]   |        ^^^^^
[INFO] [stdout] 
[INFO] [stdout] 
[INFO] [stdout] warning: function `part2` is never used
[INFO] [stdout]  --> src/day9/mod.rs:8:8
[INFO] [stdout]   |
[INFO] [stdout] 8 | pub fn part2() {
[INFO] [stdout]   |        ^^^^^
[INFO] [stdout] 
[INFO] [stdout] 
[INFO] [stdout] warning: function `part1` is never used
[INFO] [stdout]  --> src/day10/mod.rs:3:8
[INFO] [stdout]   |
[INFO] [stdout] 3 | pub fn part1() {
[INFO] [stdout]   |        ^^^^^
[INFO] [stdout] 
[INFO] [stdout] 
[INFO] [stdout] warning: function `part2` is never used
[INFO] [stdout]  --> src/day10/mod.rs:8:8
[INFO] [stdout]   |
[INFO] [stdout] 8 | pub fn part2() {
[INFO] [stdout]   |        ^^^^^
[INFO] [stdout] 
[INFO] [stdout] 
[INFO] [stdout] warning: function `part1` is never used
[INFO] [stdout]  --> src/day11/mod.rs:3:8
[INFO] [stdout]   |
[INFO] [stdout] 3 | pub fn part1() {
[INFO] [stdout]   |        ^^^^^
[INFO] [stdout] 
[INFO] [stdout] 
[INFO] [stdout] warning: function `part2` is never used
[INFO] [stdout]  --> src/day11/mod.rs:8:8
[INFO] [stdout]   |
[INFO] [stdout] 8 | pub fn part2() {
[INFO] [stdout]   |        ^^^^^
[INFO] [stdout] 
[INFO] [stdout] 
[INFO] [stdout] warning: function `part1` is never used
[INFO] [stdout]  --> src/day12/mod.rs:4:8
[INFO] [stdout]   |
[INFO] [stdout] 4 | pub fn part1() {
[INFO] [stdout]   |        ^^^^^
[INFO] [stdout] 
[INFO] [stdout] 
[INFO] [stdout] warning: function `part2` is never used
[INFO] [stdout]  --> src/day12/mod.rs:9:8
[INFO] [stdout]   |
[INFO] [stdout] 9 | pub fn part2() {
[INFO] [stdout]   |        ^^^^^
[INFO] [stdout] 
[INFO] [stdout] 
[INFO] [stdout] warning: field `name` is never read
[INFO] [stdout]   --> src/day12/mod.rs:15:5
[INFO] [stdout]    |
[INFO] [stdout] 14 | struct Component {
[INFO] [stdout]    |        --------- field in this struct
[INFO] [stdout] 15 |     name: char,
[INFO] [stdout]    |     ^^^^
[INFO] [stdout] 
[INFO] [stdout] 
[INFO] [stdout] warning: method `edge_positions` is never used
[INFO] [stdout]   --> src/day12/mod.rs:47:8
[INFO] [stdout]    |
[INFO] [stdout] 33 | impl Component {
[INFO] [stdout]    | -------------- method in this implementation
[INFO] [stdout] ...
[INFO] [stdout] 47 |     fn edge_positions(&self) -> HashSet<Position> {
[INFO] [stdout]    |        ^^^^^^^^^^^^^^
[INFO] [stdout] 
[INFO] [stdout] 
[INFO] [stdout] warning: function `part1` is never used
[INFO] [stdout]  --> src/day13/mod.rs:8:8
[INFO] [stdout]   |
[INFO] [stdout] 8 | pub fn part1() {
[INFO] [stdout]   |        ^^^^^
[INFO] [stdout] 
[INFO] [stdout] 
[INFO] [stderr]     Finished `test` profile [unoptimized + debuginfo] target(s) in 1.17s
[INFO] running `Command { std: "docker" "inspect" "dd0dfab3bc31f58656bd6bc461f0c0300b5421e7b41c602fb5c3c09d85058fcd", kill_on_drop: false }`
[INFO] running `Command { std: "docker" "rm" "-f" "dd0dfab3bc31f58656bd6bc461f0c0300b5421e7b41c602fb5c3c09d85058fcd", kill_on_drop: false }`
[INFO] [stdout] dd0dfab3bc31f58656bd6bc461f0c0300b5421e7b41c602fb5c3c09d85058fcd
[INFO] running `Command { std: "docker" "create" "-v" "/var/lib/crater-agent-workspace/builds/worker-6-tc2/target:/opt/rustwide/target:rw,Z" "-v" "/var/lib/crater-agent-workspace/builds/worker-6-tc2/source:/opt/rustwide/workdir:ro,Z" "-v" "/var/lib/crater-agent-workspace/cargo-home:/opt/rustwide/cargo-home:ro,Z" "-v" "/var/lib/crater-agent-workspace/rustup-home:/opt/rustwide/rustup-home:ro,Z" "-e" "SOURCE_DIR=/opt/rustwide/workdir" "-e" "CARGO_TARGET_DIR=/opt/rustwide/target" "-e" "CARGO_INCREMENTAL=0" "-e" "RUST_BACKTRACE=full" "-e" "RUSTFLAGS=--cap-lints=forbid -Zrandomize-layout" "-e" "RUSTDOCFLAGS=--cap-lints=forbid" "-e" "CARGO_HOME=/opt/rustwide/cargo-home" "-e" "RUSTUP_HOME=/opt/rustwide/rustup-home" "-w" "/opt/rustwide/workdir" "-m" "1610612736" "--user" "0:0" "--network" "none" "ghcr.io/rust-lang/crates-build-env/linux@sha256:819108c5571ea2e421544af4d832f968d213c87fbe3707a016657f43d2f853bc" "/opt/rustwide/cargo-home/bin/cargo" "+nightly-2025-01-18" "test" "--frozen", kill_on_drop: false }`
[INFO] [stdout] dd2cdbd7e4b60db9d12ce74648944d0c5a5c84d96d176b3bb544b30e6ef26b23
[INFO] running `Command { std: "docker" "start" "-a" "dd2cdbd7e4b60db9d12ce74648944d0c5a5c84d96d176b3bb544b30e6ef26b23", kill_on_drop: false }`
[INFO] [stderr] warning: unnecessary trailing semicolon
[INFO] [stderr]  --> src/day1/mod.rs:9:86
[INFO] [stderr]   |
[INFO] [stderr] 9 |     let input = std::str::from_utf8(include_bytes!("../../res/day1/part1")).unwrap();;
[INFO] [stderr]   |                                                                                      ^ help: remove this semicolon
[INFO] [stderr]   |
[INFO] [stderr]   = note: `#[warn(redundant_semicolons)]` on by default
[INFO] [stderr] 
[INFO] [stderr] warning: unnecessary trailing semicolon
[INFO] [stderr]  --> src/day2/mod.rs:4:86
[INFO] [stderr]   |
[INFO] [stderr] 4 |     let input = std::str::from_utf8(include_bytes!("../../res/day2/part1")).unwrap();;
[INFO] [stderr]   |                                                                                      ^ help: remove this semicolon
[INFO] [stderr] 
[INFO] [stderr] warning: unnecessary trailing semicolon
[INFO] [stderr]  --> src/day2/mod.rs:9:86
[INFO] [stderr]   |
[INFO] [stderr] 9 |     let input = std::str::from_utf8(include_bytes!("../../res/day2/part1")).unwrap();;
[INFO] [stderr]   |                                                                                      ^ help: remove this semicolon
[INFO] [stderr] 
[INFO] [stderr] warning: unused import: `std::error::Error`
[INFO] [stderr]  --> src/day13/mod.rs:1:5
[INFO] [stderr]   |
[INFO] [stderr] 1 | use std::error::Error;
[INFO] [stderr]   |     ^^^^^^^^^^^^^^^^^
[INFO] [stderr]   |
[INFO] [stderr]   = note: `#[warn(unused_imports)]` on by default
[INFO] [stderr] 
[INFO] [stderr] warning: unused import: `winnow::Parser`
[INFO] [stderr]  --> src/day4/mod.rs:1:5
[INFO] [stderr]   |
[INFO] [stderr] 1 | use winnow::Parser;
[INFO] [stderr]   |     ^^^^^^^^^^^^^^
[INFO] [stderr] 
[INFO] [stderr] warning: unused import: `winnow::Parser`
[INFO] [stderr]  --> src/day7/mod.rs:2:5
[INFO] [stderr]   |
[INFO] [stderr] 2 | use winnow::Parser;
[INFO] [stderr]   |     ^^^^^^^^^^^^^^
[INFO] [stderr] 
[INFO] [stderr] warning: unused variable: `col`
[INFO] [stderr]   --> src/day10/mod.rs:45:27
[INFO] [stderr]    |
[INFO] [stderr] 45 |                 .filter(|(col, height)| **height == 0)
[INFO] [stderr]    |                           ^^^ help: if this is intentional, prefix it with an underscore: `_col`
[INFO] [stderr]    |
[INFO] [stderr]    = note: `#[warn(unused_variables)]` on by default
[INFO] [stderr] 
[INFO] [stderr] warning: function `part1` is never used
[INFO] [stderr]  --> src/day1/mod.rs:3:8
[INFO] [stderr]   |
[INFO] [stderr] 3 | pub fn part1() {
[INFO] [stderr]   |        ^^^^^
[INFO] [stderr]   |
[INFO] [stderr]   = note: `#[warn(dead_code)]` on by default
[INFO] [stderr] 
[INFO] [stderr] warning: function `part2` is never used
[INFO] [stderr]  --> src/day1/mod.rs:8:8
[INFO] [stderr]   |
[INFO] [stderr] 8 | pub fn part2() {
[INFO] [stderr]   |        ^^^^^
[INFO] [stderr] 
[INFO] [stderr] warning: function `pair_distances` is never used
[INFO] [stderr]  --> src/day1/historian_hysteria.rs:3:8
[INFO] [stderr]   |
[INFO] [stderr] 3 | pub fn pair_distances(input: &str) -> u32 {
[INFO] [stderr]   |        ^^^^^^^^^^^^^^
[INFO] [stderr] 
[INFO] [stderr] warning: function `similarity_score` is never used
[INFO] [stderr]   --> src/day1/historian_hysteria.rs:21:8
[INFO] [stderr]    |
[INFO] [stderr] 21 | pub fn similarity_score(input: &str) -> u32 {
[INFO] [stderr]    |        ^^^^^^^^^^^^^^^^
[INFO] [stderr] 
[INFO] [stderr] warning: function `part1` is never used
[INFO] [stderr]  --> src/day2/mod.rs:3:8
[INFO] [stderr]   |
[INFO] [stderr] 3 | pub fn part1() {
[INFO] [stderr]   |        ^^^^^
[INFO] [stderr] 
[INFO] [stderr] warning: function `part2` is never used
[INFO] [stderr]  --> src/day2/mod.rs:8:8
[INFO] [stderr]   |
[INFO] [stderr] 8 | pub fn part2() {
[INFO] [stderr]   |        ^^^^^
[INFO] [stderr] 
[INFO] [stderr] warning: function `part1` is never used
[INFO] [stderr]  --> src/day3/mod.rs:3:8
[INFO] [stderr]   |
[INFO] [stderr] 3 | pub fn part1() {
[INFO] [stderr]   |        ^^^^^
[INFO] [stderr] 
[INFO] [stderr] warning: function `part1` is never used
[INFO] [stderr]  --> src/day4/mod.rs:3:8
[INFO] [stderr]   |
[INFO] [stderr] 3 | pub fn part1() {
[INFO] [stderr]   |        ^^^^^
[INFO] [stderr] 
[INFO] [stderr] warning: function `part2` is never used
[INFO] [stderr]  --> src/day4/mod.rs:8:8
[INFO] [stderr]   |
[INFO] [stderr] 8 | pub fn part2() {
[INFO] [stderr]   |        ^^^^^
[INFO] [stderr] 
[INFO] [stderr] warning: field `target` is never read
[INFO] [stderr]   --> src/day4/mod.rs:21:5
[INFO] [stderr]    |
[INFO] [stderr] 19 | struct XmasKernel {
[INFO] [stderr]    |        ---------- field in this struct
[INFO] [stderr] 20 |     size: usize,
[INFO] [stderr] 21 |     target: String
[INFO] [stderr]    |     ^^^^^^
[INFO] [stderr] 
[INFO] [stderr] warning: field `size` is never read
[INFO] [stderr]   --> src/day4/mod.rs:25:5
[INFO] [stderr]    |
[INFO] [stderr] 24 | struct XKernel {
[INFO] [stderr]    |        ------- field in this struct
[INFO] [stderr] 25 |     size: usize,
[INFO] [stderr]    |     ^^^^
[INFO] [stderr] 
[INFO] [stderr] warning: function `part1` is never used
[INFO] [stderr]  --> src/day5/mod.rs:4:8
[INFO] [stderr]   |
[INFO] [stderr] 4 | pub fn part1() {
[INFO] [stderr]   |        ^^^^^
[INFO] [stderr] 
[INFO] [stderr] warning: function `part2` is never used
[INFO] [stderr]  --> src/day5/mod.rs:9:8
[INFO] [stderr]   |
[INFO] [stderr] 9 | pub fn part2() {
[INFO] [stderr]   |        ^^^^^
[INFO] [stderr] 
[INFO] [stderr] warning: function `part1` is never used
[INFO] [stderr]  --> src/day6/mod.rs:4:8
[INFO] [stderr]   |
[INFO] [stderr] 4 | pub fn part1() {
[INFO] [stderr]   |        ^^^^^
[INFO] [stderr] 
[INFO] [stderr] warning: function `part2` is never used
[INFO] [stderr]  --> src/day6/mod.rs:9:8
[INFO] [stderr]   |
[INFO] [stderr] 9 | pub fn part2() {
[INFO] [stderr]   |        ^^^^^
[INFO] [stderr] 
[INFO] [stderr] warning: field `0` is never read
[INFO] [stderr]   --> src/day6/mod.rs:30:11
[INFO] [stderr]    |
[INFO] [stderr] 30 |     Guard(Direction)
[INFO] [stderr]    |     ----- ^^^^^^^^^
[INFO] [stderr]    |     |
[INFO] [stderr]    |     field in this variant
[INFO] [stderr]    |
[INFO] [stderr]    = note: `Tile` has derived impls for the traits `Debug` and `Clone`, but these are intentionally ignored during dead code analysis
[INFO] [stderr] help: consider changing the field to be of unit type to suppress this warning while preserving the field numbering, or remove the field
[INFO] [stderr]    |
[INFO] [stderr] 30 |     Guard(())
[INFO] [stderr]    |           ~~
[INFO] [stderr] 
[INFO] [stderr] warning: function `part1` is never used
[INFO] [stderr]  --> src/day7/mod.rs:4:8
[INFO] [stderr]   |
[INFO] [stderr] 4 | pub fn part1() {
[INFO] [stderr]   |        ^^^^^
[INFO] [stderr] 
[INFO] [stderr] warning: function `part2` is never used
[INFO] [stderr]  --> src/day7/mod.rs:9:8
[INFO] [stderr]   |
[INFO] [stderr] 9 | pub fn part2() {
[INFO] [stderr]   |        ^^^^^
[INFO] [stderr] 
[INFO] [stderr] warning: function `part1` is never used
[INFO] [stderr]  --> src/day8/mod.rs:3:8
[INFO] [stderr]   |
[INFO] [stderr] 3 | pub fn part1() {
[INFO] [stderr]   |        ^^^^^
[INFO] [stderr] 
[INFO] [stderr] warning: function `part2` is never used
[INFO] [stderr]  --> src/day8/mod.rs:8:8
[INFO] [stderr]   |
[INFO] [stderr] 8 | pub fn part2() {
[INFO] [stderr]   |        ^^^^^
[INFO] [stderr] 
[INFO] [stderr] warning: function `part1` is never used
[INFO] [stderr]  --> src/day9/mod.rs:3:8
[INFO] [stderr]   |
[INFO] [stderr] 3 | pub fn part1() {
[INFO] [stderr]   |        ^^^^^
[INFO] [stderr] 
[INFO] [stderr] warning: function `part2` is never used
[INFO] [stderr]  --> src/day9/mod.rs:8:8
[INFO] [stderr]   |
[INFO] [stderr] 8 | pub fn part2() {
[INFO] [stderr]   |        ^^^^^
[INFO] [stderr] 
[INFO] [stderr] warning: function `part1` is never used
[INFO] [stderr]  --> src/day10/mod.rs:3:8
[INFO] [stderr]   |
[INFO] [stderr] 3 | pub fn part1() {
[INFO] [stderr]   |        ^^^^^
[INFO] [stderr] 
[INFO] [stderr] warning: function `part2` is never used
[INFO] [stderr]  --> src/day10/mod.rs:8:8
[INFO] [stderr]   |
[INFO] [stderr] 8 | pub fn part2() {
[INFO] [stderr]   |        ^^^^^
[INFO] [stderr] 
[INFO] [stderr] warning: function `part1` is never used
[INFO] [stderr]  --> src/day11/mod.rs:3:8
[INFO] [stderr]   |
[INFO] [stderr] 3 | pub fn part1() {
[INFO] [stderr]   |        ^^^^^
[INFO] [stderr] 
[INFO] [stderr] warning: function `part2` is never used
[INFO] [stderr]  --> src/day11/mod.rs:8:8
[INFO] [stderr]   |
[INFO] [stderr] 8 | pub fn part2() {
[INFO] [stderr]   |        ^^^^^
[INFO] [stderr] 
[INFO] [stderr] warning: function `part1` is never used
[INFO] [stderr]  --> src/day12/mod.rs:4:8
[INFO] [stderr]   |
[INFO] [stderr] 4 | pub fn part1() {
[INFO] [stderr]   |        ^^^^^
[INFO] [stderr] 
[INFO] [stderr] warning: function `part2` is never used
[INFO] [stderr]  --> src/day12/mod.rs:9:8
[INFO] [stderr]   |
[INFO] [stderr] 9 | pub fn part2() {
[INFO] [stderr]   |        ^^^^^
[INFO] [stderr] 
[INFO] [stderr] warning: field `name` is never read
[INFO] [stderr]   --> src/day12/mod.rs:15:5
[INFO] [stderr]    |
[INFO] [stderr] 14 | struct Component {
[INFO] [stderr]    |        --------- field in this struct
[INFO] [stderr] 15 |     name: char,
[INFO] [stderr]    |     ^^^^
[INFO] [stderr] 
[INFO] [stderr] warning: method `edge_positions` is never used
[INFO] [stderr]   --> src/day12/mod.rs:47:8
[INFO] [stderr]    |
[INFO] [stderr] 33 | impl Component {
[INFO] [stderr]    | -------------- method in this implementation
[INFO] [stderr] ...
[INFO] [stderr] 47 |     fn edge_positions(&self) -> HashSet<Position> {
[INFO] [stderr]    |        ^^^^^^^^^^^^^^
[INFO] [stderr] 
[INFO] [stderr] warning: function `part1` is never used
[INFO] [stderr]  --> src/day13/mod.rs:8:8
[INFO] [stderr]   |
[INFO] [stderr] 8 | pub fn part1() {
[INFO] [stderr]   |        ^^^^^
[INFO] [stderr] 
[INFO] [stderr] warning: `aoc2024` (bin "aoc2024" test) generated 38 warnings (run `cargo fix --bin "aoc2024" --tests` to apply 1 suggestion)
[INFO] [stderr]     Finished `test` profile [unoptimized + debuginfo] target(s) in 0.02s
[INFO] [stderr]      Running unittests src/main.rs (/opt/rustwide/target/debug/deps/aoc2024-f892cb2cfd8dd526)
[INFO] [stdout] 
[INFO] [stdout] running 22 tests
[INFO] [stdout] test day10::tests::part2 ... ok
[INFO] [stdout] test day11::tests::part1 ... ok
[INFO] [stdout] test day13::tests::part1 ... ok
[INFO] [stdout] test day4::tests::part1 ... ok
[INFO] [stdout] test day2::red_nodes_reports::tests::test_report ... ok
[INFO] [stdout] test day5::tests::part1 ... ok
[INFO] [stdout] test day6::tests::part1 ... ok
[INFO] [stdout] test day5::tests::part2 ... ok
[INFO] [stdout] test day7::tests::concat ... ok
[INFO] [stdout] test day7::tests::part1 ... ok
[INFO] [stdout] test day7::tests::part2 ... ok
[INFO] [stdout] test day3::mull_it_over::tests::test ... ok
[INFO] [stdout] test day8::tests::part1 ... ok
[INFO] [stdout] test day8::tests::part2 ... ok
[INFO] [stdout] test day9::tests::part1 ... ok
[INFO] [stdout] test day9::tests::part2 ... ok
[INFO] [stdout] test day4::tests::part2 ... ok
[INFO] [stdout] test day10::tests::part1 ... ok
[INFO] [stdout] test day6::tests::part2 ... ok
[INFO] [stdout] test day12::tests::part1 ... FAILED
[INFO] [stdout] test day12::tests::part2 ... FAILED
[INFO] [stdout] test day13::tests::part2 ... FAILED
[INFO] [stdout] 
[INFO] [stdout] failures:
[INFO] [stdout] 
[INFO] [stdout] ---- day12::tests::part1 stdout ----
[INFO] [stdout] 
[INFO] [stdout] thread 'day12::tests::part1' panicked at src/day12/mod.rs:227:9:
[INFO] [stdout] assertion `left == right` failed
[INFO] [stdout]   left: 772
[INFO] [stdout]  right: 140
[INFO] [stdout] stack backtrace:
[INFO] [stdout]    0:     0x62708767900a - std::backtrace_rs::backtrace::libunwind::trace::hb059275cfc8d6126
[INFO] [stdout]                                at /rustc/6067b36314ab5eb2eb47cecc464545ba58e1ad24/library/std/src/../../backtrace/src/backtrace/libunwind.rs:116:5
[INFO] [stdout]    1:     0x62708767900a - std::backtrace_rs::backtrace::trace_unsynchronized::h2da071e4327ce3ee
[INFO] [stdout]                                at /rustc/6067b36314ab5eb2eb47cecc464545ba58e1ad24/library/std/src/../../backtrace/src/backtrace/mod.rs:66:5
[INFO] [stdout]    2:     0x62708767900a - std::sys::backtrace::_print_fmt::h842a1474e6f8d23f
[INFO] [stdout]                                at /rustc/6067b36314ab5eb2eb47cecc464545ba58e1ad24/library/std/src/sys/backtrace.rs:66:9
[INFO] [stdout]    3:     0x62708767900a - <std::sys::backtrace::BacktraceLock::print::DisplayBacktrace as core::fmt::Display>::fmt::h71a62eb3b9696b12
[INFO] [stdout]                                at /rustc/6067b36314ab5eb2eb47cecc464545ba58e1ad24/library/std/src/sys/backtrace.rs:39:26
[INFO] [stdout]    4:     0x6270876a0743 - core::fmt::rt::Argument::fmt::hdb6b616786b41dc1
[INFO] [stdout]                                at /rustc/6067b36314ab5eb2eb47cecc464545ba58e1ad24/library/core/src/fmt/rt.rs:177:76
[INFO] [stdout]    5:     0x6270876a0743 - core::fmt::write::h2cc1698af7e2d686
[INFO] [stdout]                                at /rustc/6067b36314ab5eb2eb47cecc464545ba58e1ad24/library/core/src/fmt/mod.rs:1440:21
[INFO] [stdout]    6:     0x627087675b63 - std::io::Write::write_fmt::hab1b4cd059a79022
[INFO] [stdout]                                at /rustc/6067b36314ab5eb2eb47cecc464545ba58e1ad24/library/std/src/io/mod.rs:1887:15
[INFO] [stdout]    7:     0x627087678e52 - std::sys::backtrace::BacktraceLock::print::h147fe35b4ea13b08
[INFO] [stdout]                                at /rustc/6067b36314ab5eb2eb47cecc464545ba58e1ad24/library/std/src/sys/backtrace.rs:42:9
[INFO] [stdout]    8:     0x62708767a42f - std::panicking::default_hook::{{closure}}::hbd44223dbdc0d208
[INFO] [stdout]                                at /rustc/6067b36314ab5eb2eb47cecc464545ba58e1ad24/library/std/src/panicking.rs:298:22
[INFO] [stdout]    9:     0x62708767a248 - std::panicking::default_hook::h20f81eb0576efcec
[INFO] [stdout]                                at /rustc/6067b36314ab5eb2eb47cecc464545ba58e1ad24/library/std/src/panicking.rs:322:9
[INFO] [stdout]   10:     0x62708763f723 - <alloc::boxed::Box<F,A> as core::ops::function::Fn<Args>>::call::hdb53814c496a4d34
[INFO] [stdout]                                at /rustc/6067b36314ab5eb2eb47cecc464545ba58e1ad24/library/alloc/src/boxed.rs:2027:9
[INFO] [stdout]   11:     0x62708763f723 - test::test_main::{{closure}}::hc0a4963c59427c24
[INFO] [stdout]                                at /rustc/6067b36314ab5eb2eb47cecc464545ba58e1ad24/library/test/src/lib.rs:134:21
[INFO] [stdout]   12:     0x62708767af23 - <alloc::boxed::Box<F,A> as core::ops::function::Fn<Args>>::call::h591b2225413a77e9
[INFO] [stdout]                                at /rustc/6067b36314ab5eb2eb47cecc464545ba58e1ad24/library/alloc/src/boxed.rs:2027:9
[INFO] [stdout]   13:     0x62708767af23 - std::panicking::rust_panic_with_hook::h625eea43051b2edc
[INFO] [stdout]                                at /rustc/6067b36314ab5eb2eb47cecc464545ba58e1ad24/library/std/src/panicking.rs:839:13
[INFO] [stdout]   14:     0x62708767abda - std::panicking::begin_panic_handler::{{closure}}::h4f9159cfbc3f6bd3
[INFO] [stdout]                                at /rustc/6067b36314ab5eb2eb47cecc464545ba58e1ad24/library/std/src/panicking.rs:704:13
[INFO] [stdout]   15:     0x627087679509 - std::sys::backtrace::__rust_end_short_backtrace::h0390abce48353151
[INFO] [stdout]                                at /rustc/6067b36314ab5eb2eb47cecc464545ba58e1ad24/library/std/src/sys/backtrace.rs:168:18
[INFO] [stdout]   16:     0x62708767a86d - rust_begin_unwind
[INFO] [stdout]                                at /rustc/6067b36314ab5eb2eb47cecc464545ba58e1ad24/library/std/src/panicking.rs:695:5
[INFO] [stdout]   17:     0x62708769f1c0 - core::panicking::panic_fmt::h9e7c637e9e5f29c9
[INFO] [stdout]                                at /rustc/6067b36314ab5eb2eb47cecc464545ba58e1ad24/library/core/src/panicking.rs:75:14
[INFO] [stdout]   18:     0x62708769f512 - core::panicking::assert_failed_inner::h538bec7c1374cd9c
[INFO] [stdout]   19:     0x6270875f0192 - core::panicking::assert_failed::h301452a796b7faa3
[INFO] [stdout]                                at /rustc/6067b36314ab5eb2eb47cecc464545ba58e1ad24/library/core/src/panicking.rs:364:5
[INFO] [stdout]   20:     0x6270875f14fa - aoc2024::day12::tests::part1::hfbf02f628278ea31
[INFO] [stdout]                                at /opt/rustwide/workdir/src/day12/mod.rs:227:9
[INFO] [stdout]   21:     0x6270875f1467 - aoc2024::day12::tests::part1::{{closure}}::h38f63274bf540734
[INFO] [stdout]                                at /opt/rustwide/workdir/src/day12/mod.rs:221:15
[INFO] [stdout]   22:     0x6270875f3126 - core::ops::function::FnOnce::call_once::hf1867e3cc26b6224
[INFO] [stdout]                                at /rustc/6067b36314ab5eb2eb47cecc464545ba58e1ad24/library/core/src/ops/function.rs:250:5
[INFO] [stdout]   23:     0x627087644e7b - core::ops::function::FnOnce::call_once::he27718dfdd183f43
[INFO] [stdout]                                at /rustc/6067b36314ab5eb2eb47cecc464545ba58e1ad24/library/core/src/ops/function.rs:250:5
[INFO] [stdout]   24:     0x627087644e7b - test::__rust_begin_short_backtrace::h4e84902998457a5d
[INFO] [stdout]                                at /rustc/6067b36314ab5eb2eb47cecc464545ba58e1ad24/library/test/src/lib.rs:632:18
[INFO] [stdout]   25:     0x627087643db3 - test::run_test_in_process::{{closure}}::h7176fd18fc1feca0
[INFO] [stdout]                                at /rustc/6067b36314ab5eb2eb47cecc464545ba58e1ad24/library/test/src/lib.rs:655:60
[INFO] [stdout]   26:     0x627087643db3 - <core::panic::unwind_safe::AssertUnwindSafe<F> as core::ops::function::FnOnce<()>>::call_once::hf79cff2a624d8cf7
[INFO] [stdout]                                at /rustc/6067b36314ab5eb2eb47cecc464545ba58e1ad24/library/core/src/panic/unwind_safe.rs:272:9
[INFO] [stdout]   27:     0x627087643db3 - std::panicking::try::do_call::h3da0561d9ab99c25
[INFO] [stdout]                                at /rustc/6067b36314ab5eb2eb47cecc464545ba58e1ad24/library/std/src/panicking.rs:587:40
[INFO] [stdout]   28:     0x627087643db3 - std::panicking::try::h41c9fa508bc61df6
[INFO] [stdout]                                at /rustc/6067b36314ab5eb2eb47cecc464545ba58e1ad24/library/std/src/panicking.rs:550:19
[INFO] [stdout]   29:     0x627087643db3 - std::panic::catch_unwind::h6b3ff07bb5afad93
[INFO] [stdout]                                at /rustc/6067b36314ab5eb2eb47cecc464545ba58e1ad24/library/std/src/panic.rs:358:14
[INFO] [stdout]   30:     0x627087643db3 - test::run_test_in_process::hc7253dd11b39b9f4
[INFO] [stdout]                                at /rustc/6067b36314ab5eb2eb47cecc464545ba58e1ad24/library/test/src/lib.rs:655:27
[INFO] [stdout]   31:     0x627087643db3 - test::run_test::{{closure}}::hfb2007f8649c30bb
[INFO] [stdout]                                at /rustc/6067b36314ab5eb2eb47cecc464545ba58e1ad24/library/test/src/lib.rs:576:43
[INFO] [stdout]   32:     0x627087606e95 - test::run_test::{{closure}}::h56a17aa7a282a9f4
[INFO] [stdout]                                at /rustc/6067b36314ab5eb2eb47cecc464545ba58e1ad24/library/test/src/lib.rs:606:41
[INFO] [stdout]   33:     0x627087606e95 - std::sys::backtrace::__rust_begin_short_backtrace::hd2d2d2fb8e8c6aac
[INFO] [stdout]                                at /rustc/6067b36314ab5eb2eb47cecc464545ba58e1ad24/library/std/src/sys/backtrace.rs:152:18
[INFO] [stdout]   34:     0x62708760a77a - std::thread::Builder::spawn_unchecked_::{{closure}}::{{closure}}::h4faa3f9db6133423
[INFO] [stdout]                                at /rustc/6067b36314ab5eb2eb47cecc464545ba58e1ad24/library/std/src/thread/mod.rs:559:17
[INFO] [stdout]   35:     0x62708760a77a - <core::panic::unwind_safe::AssertUnwindSafe<F> as core::ops::function::FnOnce<()>>::call_once::hf2e855a36a4ea846
[INFO] [stdout]                                at /rustc/6067b36314ab5eb2eb47cecc464545ba58e1ad24/library/core/src/panic/unwind_safe.rs:272:9
[INFO] [stdout]   36:     0x62708760a77a - std::panicking::try::do_call::h2f73af3616c35465
[INFO] [stdout]                                at /rustc/6067b36314ab5eb2eb47cecc464545ba58e1ad24/library/std/src/panicking.rs:587:40
[INFO] [stdout]   37:     0x62708760a77a - std::panicking::try::hd1660ce9efadef5a
[INFO] [stdout]                                at /rustc/6067b36314ab5eb2eb47cecc464545ba58e1ad24/library/std/src/panicking.rs:550:19
[INFO] [stdout]   38:     0x62708760a77a - std::panic::catch_unwind::h5ee8d7823b8ca744
[INFO] [stdout]                                at /rustc/6067b36314ab5eb2eb47cecc464545ba58e1ad24/library/std/src/panic.rs:358:14
[INFO] [stdout]   39:     0x62708760a77a - std::thread::Builder::spawn_unchecked_::{{closure}}::h53c3a1894dce8407
[INFO] [stdout]                                at /rustc/6067b36314ab5eb2eb47cecc464545ba58e1ad24/library/std/src/thread/mod.rs:557:30
[INFO] [stdout]   40:     0x62708760a77a - core::ops::function::FnOnce::call_once{{vtable.shim}}::h048ce291ad4f62bf
[INFO] [stdout]                                at /rustc/6067b36314ab5eb2eb47cecc464545ba58e1ad24/library/core/src/ops/function.rs:250:5
[INFO] [stdout]   41:     0x62708767ee5b - <alloc::boxed::Box<F,A> as core::ops::function::FnOnce<Args>>::call_once::ha52bedf99a3b4981
[INFO] [stdout]                                at /rustc/6067b36314ab5eb2eb47cecc464545ba58e1ad24/library/alloc/src/boxed.rs:2013:9
[INFO] [stdout]   42:     0x62708767ee5b - <alloc::boxed::Box<F,A> as core::ops::function::FnOnce<Args>>::call_once::h567748934d80ccf8
[INFO] [stdout]                                at /rustc/6067b36314ab5eb2eb47cecc464545ba58e1ad24/library/alloc/src/boxed.rs:2013:9
[INFO] [stdout]   43:     0x62708767ee5b - std::sys::pal::unix::thread::Thread::new::thread_start::h2d970728ae887adc
[INFO] [stdout]                                at /rustc/6067b36314ab5eb2eb47cecc464545ba58e1ad24/library/std/src/sys/pal/unix/thread.rs:106:17
[INFO] [stdout]   44:     0x75286e706ac3 - <unknown>
[INFO] [stdout]   45:     0x75286e797a04 - clone
[INFO] [stdout]   46:                0x0 - <unknown>
[INFO] [stdout] 
[INFO] [stdout] ---- day12::tests::part2 stdout ----
[INFO] [stdout] 
[INFO] [stdout] thread 'day12::tests::part2' panicked at src/day12/mod.rs:243:9:
[INFO] [stdout] assertion `left == right` failed
[INFO] [stdout]   left: 80
[INFO] [stdout]  right: 1206
[INFO] [stdout] stack backtrace:
[INFO] [stdout]    0:     0x62708767900a - std::backtrace_rs::backtrace::libunwind::trace::hb059275cfc8d6126
[INFO] [stdout]                                at /rustc/6067b36314ab5eb2eb47cecc464545ba58e1ad24/library/std/src/../../backtrace/src/backtrace/libunwind.rs:116:5
[INFO] [stdout]    1:     0x62708767900a - std::backtrace_rs::backtrace::trace_unsynchronized::h2da071e4327ce3ee
[INFO] [stdout]                                at /rustc/6067b36314ab5eb2eb47cecc464545ba58e1ad24/library/std/src/../../backtrace/src/backtrace/mod.rs:66:5
[INFO] [stdout]    2:     0x62708767900a - std::sys::backtrace::_print_fmt::h842a1474e6f8d23f
[INFO] [stdout]                                at /rustc/6067b36314ab5eb2eb47cecc464545ba58e1ad24/library/std/src/sys/backtrace.rs:66:9
[INFO] [stdout]    3:     0x62708767900a - <std::sys::backtrace::BacktraceLock::print::DisplayBacktrace as core::fmt::Display>::fmt::h71a62eb3b9696b12
[INFO] [stdout]                                at /rustc/6067b36314ab5eb2eb47cecc464545ba58e1ad24/library/std/src/sys/backtrace.rs:39:26
[INFO] [stdout]    4:     0x6270876a0743 - core::fmt::rt::Argument::fmt::hdb6b616786b41dc1
[INFO] [stdout]                                at /rustc/6067b36314ab5eb2eb47cecc464545ba58e1ad24/library/core/src/fmt/rt.rs:177:76
[INFO] [stdout]    5:     0x6270876a0743 - core::fmt::write::h2cc1698af7e2d686
[INFO] [stdout]                                at /rustc/6067b36314ab5eb2eb47cecc464545ba58e1ad24/library/core/src/fmt/mod.rs:1440:21
[INFO] [stdout]    6:     0x627087675b63 - std::io::Write::write_fmt::hab1b4cd059a79022
[INFO] [stdout]                                at /rustc/6067b36314ab5eb2eb47cecc464545ba58e1ad24/library/std/src/io/mod.rs:1887:15
[INFO] [stdout]    7:     0x627087678e52 - std::sys::backtrace::BacktraceLock::print::h147fe35b4ea13b08
[INFO] [stdout]                                at /rustc/6067b36314ab5eb2eb47cecc464545ba58e1ad24/library/std/src/sys/backtrace.rs:42:9
[INFO] [stdout]    8:     0x62708767a42f - std::panicking::default_hook::{{closure}}::hbd44223dbdc0d208
[INFO] [stdout]                                at /rustc/6067b36314ab5eb2eb47cecc464545ba58e1ad24/library/std/src/panicking.rs:298:22
[INFO] [stdout]    9:     0x62708767a248 - std::panicking::default_hook::h20f81eb0576efcec
[INFO] [stdout]                                at /rustc/6067b36314ab5eb2eb47cecc464545ba58e1ad24/library/std/src/panicking.rs:322:9
[INFO] [stdout]   10:     0x62708763f723 - <alloc::boxed::Box<F,A> as core::ops::function::Fn<Args>>::call::hdb53814c496a4d34
[INFO] [stdout]                                at /rustc/6067b36314ab5eb2eb47cecc464545ba58e1ad24/library/alloc/src/boxed.rs:2027:9
[INFO] [stdout]   11:     0x62708763f723 - test::test_main::{{closure}}::hc0a4963c59427c24
[INFO] [stdout]                                at /rustc/6067b36314ab5eb2eb47cecc464545ba58e1ad24/library/test/src/lib.rs:134:21
[INFO] [stdout]   12:     0x62708767af23 - <alloc::boxed::Box<F,A> as core::ops::function::Fn<Args>>::call::h591b2225413a77e9
[INFO] [stdout]                                at /rustc/6067b36314ab5eb2eb47cecc464545ba58e1ad24/library/alloc/src/boxed.rs:2027:9
[INFO] [stdout]   13:     0x62708767af23 - std::panicking::rust_panic_with_hook::h625eea43051b2edc
[INFO] [stdout]                                at /rustc/6067b36314ab5eb2eb47cecc464545ba58e1ad24/library/std/src/panicking.rs:839:13
[INFO] [stdout]   14:     0x62708767abda - std::panicking::begin_panic_handler::{{closure}}::h4f9159cfbc3f6bd3
[INFO] [stdout]                                at /rustc/6067b36314ab5eb2eb47cecc464545ba58e1ad24/library/std/src/panicking.rs:704:13
[INFO] [stdout]   15:     0x627087679509 - std::sys::backtrace::__rust_end_short_backtrace::h0390abce48353151
[INFO] [stdout]                                at /rustc/6067b36314ab5eb2eb47cecc464545ba58e1ad24/library/std/src/sys/backtrace.rs:168:18
[INFO] [stdout]   16:     0x62708767a86d - rust_begin_unwind
[INFO] [stdout]                                at /rustc/6067b36314ab5eb2eb47cecc464545ba58e1ad24/library/std/src/panicking.rs:695:5
[INFO] [stdout]   17:     0x62708769f1c0 - core::panicking::panic_fmt::h9e7c637e9e5f29c9
[INFO] [stdout]                                at /rustc/6067b36314ab5eb2eb47cecc464545ba58e1ad24/library/core/src/panicking.rs:75:14
[INFO] [stdout]   18:     0x62708769f512 - core::panicking::assert_failed_inner::h538bec7c1374cd9c
[INFO] [stdout]   19:     0x6270875f0192 - core::panicking::assert_failed::h301452a796b7faa3
[INFO] [stdout]                                at /rustc/6067b36314ab5eb2eb47cecc464545ba58e1ad24/library/core/src/panicking.rs:364:5
[INFO] [stdout]   20:     0x6270875f15aa - aoc2024::day12::tests::part2::h9f268b16fde1bb8c
[INFO] [stdout]                                at /opt/rustwide/workdir/src/day12/mod.rs:243:9
[INFO] [stdout]   21:     0x6270875f1517 - aoc2024::day12::tests::part2::{{closure}}::hddffd86362e7f397
[INFO] [stdout]                                at /opt/rustwide/workdir/src/day12/mod.rs:231:15
[INFO] [stdout]   22:     0x6270875f29e6 - core::ops::function::FnOnce::call_once::h5dcecc60a692454e
[INFO] [stdout]                                at /rustc/6067b36314ab5eb2eb47cecc464545ba58e1ad24/library/core/src/ops/function.rs:250:5
[INFO] [stdout]   23:     0x627087644e7b - core::ops::function::FnOnce::call_once::he27718dfdd183f43
[INFO] [stdout]                                at /rustc/6067b36314ab5eb2eb47cecc464545ba58e1ad24/library/core/src/ops/function.rs:250:5
[INFO] [stdout]   24:     0x627087644e7b - test::__rust_begin_short_backtrace::h4e84902998457a5d
[INFO] [stdout]                                at /rustc/6067b36314ab5eb2eb47cecc464545ba58e1ad24/library/test/src/lib.rs:632:18
[INFO] [stdout]   25:     0x627087643db3 - test::run_test_in_process::{{closure}}::h7176fd18fc1feca0
[INFO] [stdout]                                at /rustc/6067b36314ab5eb2eb47cecc464545ba58e1ad24/library/test/src/lib.rs:655:60
[INFO] [stdout]   26:     0x627087643db3 - <core::panic::unwind_safe::AssertUnwindSafe<F> as core::ops::function::FnOnce<()>>::call_once::hf79cff2a624d8cf7
[INFO] [stdout]                                at /rustc/6067b36314ab5eb2eb47cecc464545ba58e1ad24/library/core/src/panic/unwind_safe.rs:272:9
[INFO] [stdout]   27:     0x627087643db3 - std::panicking::try::do_call::h3da0561d9ab99c25
[INFO] [stdout]                                at /rustc/6067b36314ab5eb2eb47cecc464545ba58e1ad24/library/std/src/panicking.rs:587:40
[INFO] [stdout]   28:     0x627087643db3 - std::panicking::try::h41c9fa508bc61df6
[INFO] [stdout]                                at /rustc/6067b36314ab5eb2eb47cecc464545ba58e1ad24/library/std/src/panicking.rs:550:19
[INFO] [stdout]   29:     0x627087643db3 - std::panic::catch_unwind::h6b3ff07bb5afad93
[INFO] [stdout]                                at /rustc/6067b36314ab5eb2eb47cecc464545ba58e1ad24/library/std/src/panic.rs:358:14
[INFO] [stdout]   30:     0x627087643db3 - test::run_test_in_process::hc7253dd11b39b9f4
[INFO] [stdout]                                at /rustc/6067b36314ab5eb2eb47cecc464545ba58e1ad24/library/test/src/lib.rs:655:27
[INFO] [stdout]   31:     0x627087643db3 - test::run_test::{{closure}}::hfb2007f8649c30bb
[INFO] [stdout]                                at /rustc/6067b36314ab5eb2eb47cecc464545ba58e1ad24/library/test/src/lib.rs:576:43
[INFO] [stdout]   32:     0x627087606e95 - test::run_test::{{closure}}::h56a17aa7a282a9f4
[INFO] [stdout]                                at /rustc/6067b36314ab5eb2eb47cecc464545ba58e1ad24/library/test/src/lib.rs:606:41
[INFO] [stdout]   33:     0x627087606e95 - std::sys::backtrace::__rust_begin_short_backtrace::hd2d2d2fb8e8c6aac
[INFO] [stdout]                                at /rustc/6067b36314ab5eb2eb47cecc464545ba58e1ad24/library/std/src/sys/backtrace.rs:152:18
[INFO] [stdout]   34:     0x62708760a77a - std::thread::Builder::spawn_unchecked_::{{closure}}::{{closure}}::h4faa3f9db6133423
[INFO] [stdout]                                at /rustc/6067b36314ab5eb2eb47cecc464545ba58e1ad24/library/std/src/thread/mod.rs:559:17
[INFO] [stdout]   35:     0x62708760a77a - <core::panic::unwind_safe::AssertUnwindSafe<F> as core::ops::function::FnOnce<()>>::call_once::hf2e855a36a4ea846
[INFO] [stdout]                                at /rustc/6067b36314ab5eb2eb47cecc464545ba58e1ad24/library/core/src/panic/unwind_safe.rs:272:9
[INFO] [stdout]   36:     0x62708760a77a - std::panicking::try::do_call::h2f73af3616c35465
[INFO] [stdout]                                at /rustc/6067b36314ab5eb2eb47cecc464545ba58e1ad24/library/std/src/panicking.rs:587:40
[INFO] [stdout]   37:     0x62708760a77a - std::panicking::try::hd1660ce9efadef5a
[INFO] [stdout]                                at /rustc/6067b36314ab5eb2eb47cecc464545ba58e1ad24/library/std/src/panicking.rs:550:19
[INFO] [stdout]   38:     0x62708760a77a - std::panic::catch_unwind::h5ee8d7823b8ca744
[INFO] [stdout]                                at /rustc/6067b36314ab5eb2eb47cecc464545ba58e1ad24/library/std/src/panic.rs:358:14
[INFO] [stdout]   39:     0x62708760a77a - std::thread::Builder::spawn_unchecked_::{{closure}}::h53c3a1894dce8407
[INFO] [stdout]                                at /rustc/6067b36314ab5eb2eb47cecc464545ba58e1ad24/library/std/src/thread/mod.rs:557:30
[INFO] [stdout]   40:     0x62708760a77a - core::ops::function::FnOnce::call_once{{vtable.shim}}::h048ce291ad4f62bf
[INFO] [stdout]                                at /rustc/6067b36314ab5eb2eb47cecc464545ba58e1ad24/library/core/src/ops/function.rs:250:5
[INFO] [stdout]   41:     0x62708767ee5b - <alloc::boxed::Box<F,A> as core::ops::function::FnOnce<Args>>::call_once::ha52bedf99a3b4981
[INFO] [stdout]                                at /rustc/6067b36314ab5eb2eb47cecc464545ba58e1ad24/library/alloc/src/boxed.rs:2013:9
[INFO] [stdout]   42:     0x62708767ee5b - <alloc::boxed::Box<F,A> as core::ops::function::FnOnce<Args>>::call_once::h567748934d80ccf8
[INFO] [stdout]                                at /rustc/6067b36314ab5eb2eb47cecc464545ba58e1ad24/library/alloc/src/boxed.rs:2013:9
[INFO] [stdout]   43:     0x62708767ee5b - std::sys::pal::unix::thread::Thread::new::thread_start::h2d970728ae887adc
[INFO] [stdout]                                at /rustc/6067b36314ab5eb2eb47cecc464545ba58e1ad24/library/std/src/sys/pal/unix/thread.rs:106:17
[INFO] [stdout]   44:     0x75286e706ac3 - <unknown>
[INFO] [stdout]   45:     0x75286e797a04 - clone
[INFO] [stdout]   46:                0x0 - <unknown>
[INFO] [stdout] 
[INFO] [stdout] ---- day13::tests::part2 stdout ----
[INFO] [stdout] 
[INFO] [stdout] thread 'day13::tests::part2' panicked at src/day13/mod.rs:185:9:
[INFO] [stdout] assertion `left == right` failed
[INFO] [stdout]   left: 480
[INFO] [stdout]  right: 875318608908
[INFO] [stdout] stack backtrace:
[INFO] [stdout]    0:     0x62708767900a - std::backtrace_rs::backtrace::libunwind::trace::hb059275cfc8d6126
[INFO] [stdout]                                at /rustc/6067b36314ab5eb2eb47cecc464545ba58e1ad24/library/std/src/../../backtrace/src/backtrace/libunwind.rs:116:5
[INFO] [stdout]    1:     0x62708767900a - std::backtrace_rs::backtrace::trace_unsynchronized::h2da071e4327ce3ee
[INFO] [stdout]                                at /rustc/6067b36314ab5eb2eb47cecc464545ba58e1ad24/library/std/src/../../backtrace/src/backtrace/mod.rs:66:5
[INFO] [stdout]    2:     0x62708767900a - std::sys::backtrace::_print_fmt::h842a1474e6f8d23f
[INFO] [stdout]                                at /rustc/6067b36314ab5eb2eb47cecc464545ba58e1ad24/library/std/src/sys/backtrace.rs:66:9
[INFO] [stdout]    3:     0x62708767900a - <std::sys::backtrace::BacktraceLock::print::DisplayBacktrace as core::fmt::Display>::fmt::h71a62eb3b9696b12
[INFO] [stdout]                                at /rustc/6067b36314ab5eb2eb47cecc464545ba58e1ad24/library/std/src/sys/backtrace.rs:39:26
[INFO] [stdout]    4:     0x6270876a0743 - core::fmt::rt::Argument::fmt::hdb6b616786b41dc1
[INFO] [stdout]                                at /rustc/6067b36314ab5eb2eb47cecc464545ba58e1ad24/library/core/src/fmt/rt.rs:177:76
[INFO] [stdout]    5:     0x6270876a0743 - core::fmt::write::h2cc1698af7e2d686
[INFO] [stdout]                                at /rustc/6067b36314ab5eb2eb47cecc464545ba58e1ad24/library/core/src/fmt/mod.rs:1440:21
[INFO] [stdout]    6:     0x627087675b63 - std::io::Write::write_fmt::hab1b4cd059a79022
[INFO] [stdout]                                at /rustc/6067b36314ab5eb2eb47cecc464545ba58e1ad24/library/std/src/io/mod.rs:1887:15
[INFO] [stdout]    7:     0x627087678e52 - std::sys::backtrace::BacktraceLock::print::h147fe35b4ea13b08
[INFO] [stdout]                                at /rustc/6067b36314ab5eb2eb47cecc464545ba58e1ad24/library/std/src/sys/backtrace.rs:42:9
[INFO] [stdout]    8:     0x62708767a42f - std::panicking::default_hook::{{closure}}::hbd44223dbdc0d208
[INFO] [stdout]                                at /rustc/6067b36314ab5eb2eb47cecc464545ba58e1ad24/library/std/src/panicking.rs:298:22
[INFO] [stdout]    9:     0x62708767a248 - std::panicking::default_hook::h20f81eb0576efcec
[INFO] [stdout]                                at /rustc/6067b36314ab5eb2eb47cecc464545ba58e1ad24/library/std/src/panicking.rs:322:9
[INFO] [stdout]   10:     0x62708763f723 - <alloc::boxed::Box<F,A> as core::ops::function::Fn<Args>>::call::hdb53814c496a4d34
[INFO] [stdout]                                at /rustc/6067b36314ab5eb2eb47cecc464545ba58e1ad24/library/alloc/src/boxed.rs:2027:9
[INFO] [stdout]   11:     0x62708763f723 - test::test_main::{{closure}}::hc0a4963c59427c24
[INFO] [stdout]                                at /rustc/6067b36314ab5eb2eb47cecc464545ba58e1ad24/library/test/src/lib.rs:134:21
[INFO] [stdout]   12:     0x62708767af23 - <alloc::boxed::Box<F,A> as core::ops::function::Fn<Args>>::call::h591b2225413a77e9
[INFO] [stdout]                                at /rustc/6067b36314ab5eb2eb47cecc464545ba58e1ad24/library/alloc/src/boxed.rs:2027:9
[INFO] [stdout]   13:     0x62708767af23 - std::panicking::rust_panic_with_hook::h625eea43051b2edc
[INFO] [stdout]                                at /rustc/6067b36314ab5eb2eb47cecc464545ba58e1ad24/library/std/src/panicking.rs:839:13
[INFO] [stdout]   14:     0x62708767abda - std::panicking::begin_panic_handler::{{closure}}::h4f9159cfbc3f6bd3
[INFO] [stdout]                                at /rustc/6067b36314ab5eb2eb47cecc464545ba58e1ad24/library/std/src/panicking.rs:704:13
[INFO] [stdout]   15:     0x627087679509 - std::sys::backtrace::__rust_end_short_backtrace::h0390abce48353151
[INFO] [stdout]                                at /rustc/6067b36314ab5eb2eb47cecc464545ba58e1ad24/library/std/src/sys/backtrace.rs:168:18
[INFO] [stdout]   16:     0x62708767a86d - rust_begin_unwind
[INFO] [stdout]                                at /rustc/6067b36314ab5eb2eb47cecc464545ba58e1ad24/library/std/src/panicking.rs:695:5
[INFO] [stdout]   17:     0x62708769f1c0 - core::panicking::panic_fmt::h9e7c637e9e5f29c9
[INFO] [stdout]                                at /rustc/6067b36314ab5eb2eb47cecc464545ba58e1ad24/library/core/src/panicking.rs:75:14
[INFO] [stdout]   18:     0x62708769f512 - core::panicking::assert_failed_inner::h538bec7c1374cd9c
[INFO] [stdout]   19:     0x6270875f01d0 - core::panicking::assert_failed::hebd4aeeacd94b3d0
[INFO] [stdout]                                at /rustc/6067b36314ab5eb2eb47cecc464545ba58e1ad24/library/core/src/panicking.rs:364:5
[INFO] [stdout]   20:     0x6270875e4951 - aoc2024::day13::tests::part2::h1b65c61aefd44beb
[INFO] [stdout]                                at /opt/rustwide/workdir/src/day13/mod.rs:185:9
[INFO] [stdout]   21:     0x6270875e48b7 - aoc2024::day13::tests::part2::{{closure}}::h2dc0922b005fab27
[INFO] [stdout]                                at /opt/rustwide/workdir/src/day13/mod.rs:169:15
[INFO] [stdout]   22:     0x6270875f25a6 - core::ops::function::FnOnce::call_once::h084f433a0fef7751
[INFO] [stdout]                                at /rustc/6067b36314ab5eb2eb47cecc464545ba58e1ad24/library/core/src/ops/function.rs:250:5
[INFO] [stdout]   23:     0x627087644e7b - core::ops::function::FnOnce::call_once::he27718dfdd183f43
[INFO] [stdout]                                at /rustc/6067b36314ab5eb2eb47cecc464545ba58e1ad24/library/core/src/ops/function.rs:250:5
[INFO] [stdout]   24:     0x627087644e7b - test::__rust_begin_short_backtrace::h4e84902998457a5d
[INFO] [stdout]                                at /rustc/6067b36314ab5eb2eb47cecc464545ba58e1ad24/library/test/src/lib.rs:632:18
[INFO] [stdout]   25:     0x627087643db3 - test::run_test_in_process::{{closure}}::h7176fd18fc1feca0
[INFO] [stdout]                                at /rustc/6067b36314ab5eb2eb47cecc464545ba58e1ad24/library/test/src/lib.rs:655:60
[INFO] [stdout]   26:     0x627087643db3 - <core::panic::unwind_safe::AssertUnwindSafe<F> as core::ops::function::FnOnce<()>>::call_once::hf79cff2a624d8cf7
[INFO] [stdout]                                at /rustc/6067b36314ab5eb2eb47cecc464545ba58e1ad24/library/core/src/panic/unwind_safe.rs:272:9
[INFO] [stdout]   27:     0x627087643db3 - std::panicking::try::do_call::h3da0561d9ab99c25
[INFO] [stdout]                                at /rustc/6067b36314ab5eb2eb47cecc464545ba58e1ad24/library/std/src/panicking.rs:587:40
[INFO] [stdout]   28:     0x627087643db3 - std::panicking::try::h41c9fa508bc61df6
[INFO] [stdout]                                at /rustc/6067b36314ab5eb2eb47cecc464545ba58e1ad24/library/std/src/panicking.rs:550:19
[INFO] [stdout]   29:     0x627087643db3 - std::panic::catch_unwind::h6b3ff07bb5afad93
[INFO] [stdout]                                at /rustc/6067b36314ab5eb2eb47cecc464545ba58e1ad24/library/std/src/panic.rs:358:14
[INFO] [stdout]   30:     0x627087643db3 - test::run_test_in_process::hc7253dd11b39b9f4
[INFO] [stdout]                                at /rustc/6067b36314ab5eb2eb47cecc464545ba58e1ad24/library/test/src/lib.rs:655:27
[INFO] [stdout]   31:     0x627087643db3 - test::run_test::{{closure}}::hfb2007f8649c30bb
[INFO] [stdout]                                at /rustc/6067b36314ab5eb2eb47cecc464545ba58e1ad24/library/test/src/lib.rs:576:43
[INFO] [stdout]   32:     0x627087606e95 - test::run_test::{{closure}}::h56a17aa7a282a9f4
[INFO] [stdout]                                at /rustc/6067b36314ab5eb2eb47cecc464545ba58e1ad24/library/test/src/lib.rs:606:41
[INFO] [stdout]   33:     0x627087606e95 - std::sys::backtrace::__rust_begin_short_backtrace::hd2d2d2fb8e8c6aac
[INFO] [stdout]                                at /rustc/6067b36314ab5eb2eb47cecc464545ba58e1ad24/library/std/src/sys/backtrace.rs:152:18
[INFO] [stdout]   34:     0x62708760a77a - std::thread::Builder::spawn_unchecked_::{{closure}}::{{closure}}::h4faa3f9db6133423
[INFO] [stdout]                                at /rustc/6067b36314ab5eb2eb47cecc464545ba58e1ad24/library/std/src/thread/mod.rs:559:17
[INFO] [stdout]   35:     0x62708760a77a - <core::panic::unwind_safe::AssertUnwindSafe<F> as core::ops::function::FnOnce<()>>::call_once::hf2e855a36a4ea846
[INFO] [stdout]                                at /rustc/6067b36314ab5eb2eb47cecc464545ba58e1ad24/library/core/src/panic/unwind_safe.rs:272:9
[INFO] [stdout]   36:     0x62708760a77a - std::panicking::try::do_call::h2f73af3616c35465
[INFO] [stdout]                                at /rustc/6067b36314ab5eb2eb47cecc464545ba58e1ad24/library/std/src/panicking.rs:587:40
[INFO] [stdout]   37:     0x62708760a77a - std::panicking::try::hd1660ce9efadef5a
[INFO] [stdout]                                at /rustc/6067b36314ab5eb2eb47cecc464545ba58e1ad24/library/std/src/panicking.rs:550:19
[INFO] [stdout]   38:     0x62708760a77a - std::panic::catch_unwind::h5ee8d7823b8ca744
[INFO] [stdout]                                at /rustc/6067b36314ab5eb2eb47cecc464545ba58e1ad24/library/std/src/panic.rs:358:14
[INFO] [stdout]   39:     0x62708760a77a - std::thread::Builder::spawn_unchecked_::{{closure}}::h53c3a1894dce8407
[INFO] [stdout]                                at /rustc/6067b36314ab5eb2eb47cecc464545ba58e1ad24/library/std/src/thread/mod.rs:557:30
[INFO] [stdout]   40:     0x62708760a77a - core::ops::function::FnOnce::call_once{{vtable.shim}}::h048ce291ad4f62bf
[INFO] [stdout]                                at /rustc/6067b36314ab5eb2eb47cecc464545ba58e1ad24/library/core/src/ops/function.rs:250:5
[INFO] [stdout]   41:     0x62708767ee5b - <alloc::boxed::Box<F,A> as core::ops::function::FnOnce<Args>>::call_once::ha52bedf99a3b4981
[INFO] [stdout]                                at /rustc/6067b36314ab5eb2eb47cecc464545ba58e1ad24/library/alloc/src/boxed.rs:2013:9
[INFO] [stdout]   42:     0x62708767ee5b - <alloc::boxed::Box<F,A> as core::ops::function::FnOnce<Args>>::call_once::h567748934d80ccf8
[INFO] [stdout]                                at /rustc/6067b36314ab5eb2eb47cecc464545ba58e1ad24/library/alloc/src/boxed.rs:2013:9
[INFO] [stdout]   43:     0x62708767ee5b - std::sys::pal::unix::thread::Thread::new::thread_start::h2d970728ae887adc
[INFO] [stdout]                                at /rustc/6067b36314ab5eb2eb47cecc464545ba58e1ad24/library/std/src/sys/pal/unix/thread.rs:106:17
[INFO] [stdout]   44:     0x75286e706ac3 - <unknown>
[INFO] [stdout]   45:     0x75286e797a04 - clone
[INFO] [stdout]   46:                0x0 - <unknown>
[INFO] [stdout] 
[INFO] [stdout] 
[INFO] [stdout] failures:
[INFO] [stdout]     day12::tests::part1
[INFO] [stdout]     day12::tests::part2
[INFO] [stdout]     day13::tests::part2
[INFO] [stdout] 
[INFO] [stdout] test result: FAILED. 19 passed; 3 failed; 0 ignored; 0 measured; 0 filtered out; finished in 0.03s
[INFO] [stdout] 
[INFO] [stderr] error: test failed, to rerun pass `--bin aoc2024`
[INFO] running `Command { std: "docker" "inspect" "dd2cdbd7e4b60db9d12ce74648944d0c5a5c84d96d176b3bb544b30e6ef26b23", kill_on_drop: false }`
[INFO] running `Command { std: "docker" "rm" "-f" "dd2cdbd7e4b60db9d12ce74648944d0c5a5c84d96d176b3bb544b30e6ef26b23", kill_on_drop: false }`
[INFO] [stdout] dd2cdbd7e4b60db9d12ce74648944d0c5a5c84d96d176b3bb544b30e6ef26b23
