[INFO] cloning repository https://github.com/snjax/near-sdk-pure-rs
[INFO] running `Command { std: "git" "-c" "credential.helper=" "-c" "credential.helper=/workspace/cargo-home/bin/git-credential-null" "clone" "--bare" "https://github.com/snjax/near-sdk-pure-rs" "/workspace/cache/git-repos/https%3A%2F%2Fgithub.com%2Fsnjax%2Fnear-sdk-pure-rs", kill_on_drop: false }`
[INFO] [stderr] Cloning into bare repository '/workspace/cache/git-repos/https%3A%2F%2Fgithub.com%2Fsnjax%2Fnear-sdk-pure-rs'...
[INFO] running `Command { std: "git" "rev-parse" "HEAD", kill_on_drop: false }`
[INFO] [stdout] 2feab47b29290ee3f53ab6efe7d9b76167d6da5a
[INFO] testing snjax/near-sdk-pure-rs against nightly-2025-01-18 for randomize-layout-2
[INFO] running `Command { std: "git" "clone" "/workspace/cache/git-repos/https%3A%2F%2Fgithub.com%2Fsnjax%2Fnear-sdk-pure-rs" "/workspace/builds/worker-0-tc1/source", kill_on_drop: false }`
[INFO] [stderr] Cloning into '/workspace/builds/worker-0-tc1/source'...
[INFO] [stderr] done.
[INFO] validating manifest of git repo https://github.com/snjax/near-sdk-pure-rs on toolchain nightly-2025-01-18
[INFO] running `Command { std: CARGO_HOME="/workspace/cargo-home" RUSTUP_HOME="/workspace/rustup-home" "/workspace/cargo-home/bin/cargo" "+nightly-2025-01-18" "metadata" "--manifest-path" "Cargo.toml" "--no-deps", kill_on_drop: false }`
[INFO] started tweaking git repo https://github.com/snjax/near-sdk-pure-rs
[INFO] finished tweaking git repo https://github.com/snjax/near-sdk-pure-rs
[INFO] tweaked toml for git repo https://github.com/snjax/near-sdk-pure-rs written to /workspace/builds/worker-0-tc1/source/Cargo.toml
[INFO] crate git repo https://github.com/snjax/near-sdk-pure-rs already has a lockfile, it will not be regenerated
[INFO] running `Command { std: CARGO_HOME="/workspace/cargo-home" RUSTUP_HOME="/workspace/rustup-home" "/workspace/cargo-home/bin/cargo" "+nightly-2025-01-18" "fetch" "--manifest-path" "Cargo.toml", kill_on_drop: false }`
[INFO] [stderr]     Updating crates.io index
[INFO] [stderr]     Blocking waiting for file lock on package cache
[INFO] [stderr]  Downloading crates ...
[INFO] [stderr]   Downloaded trybuild v1.0.42
[INFO] [stderr]   Downloaded quickcheck v0.9.2
[INFO] running `Command { std: "docker" "create" "-v" "/var/lib/crater-agent-workspace/builds/worker-0-tc1/target:/opt/rustwide/target:rw,Z" "-v" "/var/lib/crater-agent-workspace/builds/worker-0-tc1/source:/opt/rustwide/workdir:ro,Z" "-v" "/var/lib/crater-agent-workspace/cargo-home:/opt/rustwide/cargo-home:ro,Z" "-v" "/var/lib/crater-agent-workspace/rustup-home:/opt/rustwide/rustup-home:ro,Z" "-e" "SOURCE_DIR=/opt/rustwide/workdir" "-e" "CARGO_TARGET_DIR=/opt/rustwide/target" "-e" "CARGO_HOME=/opt/rustwide/cargo-home" "-e" "RUSTUP_HOME=/opt/rustwide/rustup-home" "-w" "/opt/rustwide/workdir" "-m" "1610612736" "--user" "0:0" "--network" "none" "ghcr.io/rust-lang/crates-build-env/linux@sha256:819108c5571ea2e421544af4d832f968d213c87fbe3707a016657f43d2f853bc" "/opt/rustwide/cargo-home/bin/cargo" "+nightly-2025-01-18" "metadata" "--no-deps" "--format-version=1", kill_on_drop: false }`
[INFO] [stdout] 82ed7b5f1db627699bb7e92f08eee5bb091133b73e4a9a9afdd7610fe8fc4fcc
[INFO] running `Command { std: "docker" "start" "-a" "82ed7b5f1db627699bb7e92f08eee5bb091133b73e4a9a9afdd7610fe8fc4fcc", kill_on_drop: false }`
[INFO] running `Command { std: "docker" "inspect" "82ed7b5f1db627699bb7e92f08eee5bb091133b73e4a9a9afdd7610fe8fc4fcc", kill_on_drop: false }`
[INFO] running `Command { std: "docker" "rm" "-f" "82ed7b5f1db627699bb7e92f08eee5bb091133b73e4a9a9afdd7610fe8fc4fcc", kill_on_drop: false }`
[INFO] [stdout] 82ed7b5f1db627699bb7e92f08eee5bb091133b73e4a9a9afdd7610fe8fc4fcc
[INFO] running `Command { std: "docker" "create" "-v" "/var/lib/crater-agent-workspace/builds/worker-0-tc1/target:/opt/rustwide/target:rw,Z" "-v" "/var/lib/crater-agent-workspace/builds/worker-0-tc1/source:/opt/rustwide/workdir:ro,Z" "-v" "/var/lib/crater-agent-workspace/cargo-home:/opt/rustwide/cargo-home:ro,Z" "-v" "/var/lib/crater-agent-workspace/rustup-home:/opt/rustwide/rustup-home:ro,Z" "-e" "SOURCE_DIR=/opt/rustwide/workdir" "-e" "CARGO_TARGET_DIR=/opt/rustwide/target" "-e" "CARGO_INCREMENTAL=0" "-e" "RUST_BACKTRACE=full" "-e" "RUSTFLAGS=--cap-lints=forbid" "-e" "RUSTDOCFLAGS=--cap-lints=forbid" "-e" "CARGO_HOME=/opt/rustwide/cargo-home" "-e" "RUSTUP_HOME=/opt/rustwide/rustup-home" "-w" "/opt/rustwide/workdir" "-m" "1610612736" "--user" "0:0" "--network" "none" "ghcr.io/rust-lang/crates-build-env/linux@sha256:819108c5571ea2e421544af4d832f968d213c87fbe3707a016657f43d2f853bc" "/opt/rustwide/cargo-home/bin/cargo" "+nightly-2025-01-18" "build" "--frozen" "--message-format=json", kill_on_drop: false }`
[INFO] [stdout] 56fc4c8d6607abb47ca80b1f1759b8f39c21e012fa3bfeeefbbbbd9cc6da9500
[INFO] running `Command { std: "docker" "start" "-a" "56fc4c8d6607abb47ca80b1f1759b8f39c21e012fa3bfeeefbbbbd9cc6da9500", kill_on_drop: false }`
[INFO] [stderr]    Compiling proc-macro2 v1.0.27
[INFO] [stderr]    Compiling unicode-xid v0.2.2
[INFO] [stderr]    Compiling syn v1.0.72
[INFO] [stderr]    Compiling serde_derive v1.0.126
[INFO] [stderr]    Compiling serde v1.0.126
[INFO] [stderr]    Compiling libc v0.2.94
[INFO] [stderr]    Compiling ryu v1.0.5
[INFO] [stderr]    Compiling wee_alloc v0.4.5
[INFO] [stderr]    Compiling serde_json v1.0.64
[INFO] [stderr]    Compiling ahash v0.4.7
[INFO] [stderr]    Compiling Inflector v0.11.4
[INFO] [stderr]    Compiling spin v0.5.2
[INFO] [stderr]    Compiling cfg-if v0.1.10
[INFO] [stderr]    Compiling itoa v0.4.7
[INFO] [stderr]    Compiling memory_units v0.4.0
[INFO] [stderr]    Compiling base64 v0.11.0
[INFO] [stderr]    Compiling bs58 v0.3.1
[INFO] [stderr]    Compiling lazy_static v1.4.0
[INFO] [stderr]    Compiling hashbrown v0.9.1
[INFO] [stderr]    Compiling quote v1.0.9
[INFO] [stderr]    Compiling borsh-schema-derive-internal v0.8.2
[INFO] [stderr]    Compiling borsh-derive-internal v0.8.2
[INFO] [stderr]    Compiling near-sdk-pure-core v2.0.0 (/opt/rustwide/workdir/near-sdk-pure-core)
[INFO] [stdout] warning: unused import: `attr_sig_info::*`
[INFO] [stdout]  --> near-sdk-pure-core/src/code_generator/mod.rs:2:9
[INFO] [stdout]   |
[INFO] [stdout] 2 | pub use attr_sig_info::*;
[INFO] [stdout]   |         ^^^^^^^^^^^^^^^^
[INFO] [stdout]   |
[INFO] [stdout]   = note: `#[warn(unused_imports)]` on by default
[INFO] [stdout] 
[INFO] [stdout] 
[INFO] [stdout] warning: unused import: `impl_item_method_info::*`
[INFO] [stdout]  --> near-sdk-pure-core/src/code_generator/mod.rs:5:9
[INFO] [stdout]   |
[INFO] [stdout] 5 | pub use impl_item_method_info::*;
[INFO] [stdout]   |         ^^^^^^^^^^^^^^^^^^^^^^^^
[INFO] [stdout] 
[INFO] [stdout] 
[INFO] [stdout] warning: unused import: `item_trait_info::*`
[INFO] [stdout]  --> near-sdk-pure-core/src/code_generator/mod.rs:8:9
[INFO] [stdout]   |
[INFO] [stdout] 8 | pub use item_trait_info::*;
[INFO] [stdout]   |         ^^^^^^^^^^^^^^^^^^
[INFO] [stdout] 
[INFO] [stdout] 
[INFO] [stdout] warning: unused import: `trait_item_method_info::*`
[INFO] [stdout]   --> near-sdk-pure-core/src/code_generator/mod.rs:11:9
[INFO] [stdout]    |
[INFO] [stdout] 11 | pub use trait_item_method_info::*;
[INFO] [stdout]    |         ^^^^^^^^^^^^^^^^^^^^^^^^^
[INFO] [stdout] 
[INFO] [stdout] 
[INFO] [stdout] warning: unused import: `item_impl_info::*`
[INFO] [stdout]   --> near-sdk-pure-core/src/code_generator/mod.rs:14:9
[INFO] [stdout]    |
[INFO] [stdout] 14 | pub use item_impl_info::*;
[INFO] [stdout]    |         ^^^^^^^^^^^^^^^^^
[INFO] [stdout] 
[INFO] [stdout] 
[INFO] [stdout] warning: unexpected `cfg` condition value: `wasm`
[INFO] [stdout]  --> near-sdk-pure-core/src/code_generator/item_struct_info.rs:3:11
[INFO] [stdout]   |
[INFO] [stdout] 3 | #[cfg(not(target_arch = "wasm"))]
[INFO] [stdout]   |           ^^^^^^^^^^^^^^^^^^^^
[INFO] [stdout]   |
[INFO] [stdout]   = note: expected values for `target_arch` are: `aarch64`, `arm`, `arm64ec`, `avr`, `bpf`, `csky`, `hexagon`, `loongarch64`, `m68k`, `mips`, `mips32r6`, `mips64`, `mips64r6`, `msp430`, `nvptx64`, `powerpc`, `powerpc64`, `riscv32`, `riscv64`, `s390x`, `sparc`, `sparc64`, `wasm32`, `wasm64`, `x86`, `x86_64`, and `xtensa`
[INFO] [stdout]   = note: see <https://doc.rust-lang.org/nightly/rustc/check-cfg/cargo-specifics.html> for more information about checking conditional configuration
[INFO] [stdout]   = note: `#[warn(unexpected_cfgs)]` on by default
[INFO] [stdout] 
[INFO] [stdout] 
[INFO] [stdout] warning: unexpected `cfg` condition value: `wasm`
[INFO] [stdout]   --> near-sdk-pure-core/src/code_generator/item_struct_info.rs:16:7
[INFO] [stdout]    |
[INFO] [stdout] 16 | #[cfg(target_arch = "wasm")]
[INFO] [stdout]    |       ^^^^^^^^^^^^^^^^^^^^
[INFO] [stdout]    |
[INFO] [stdout]    = note: expected values for `target_arch` are: `aarch64`, `arm`, `arm64ec`, `avr`, `bpf`, `csky`, `hexagon`, `loongarch64`, `m68k`, `mips`, `mips32r6`, `mips64`, `mips64r6`, `msp430`, `nvptx64`, `powerpc`, `powerpc64`, `riscv32`, `riscv64`, `s390x`, `sparc`, `sparc64`, `wasm32`, `wasm64`, `x86`, `x86_64`, and `xtensa`
[INFO] [stdout]    = note: see <https://doc.rust-lang.org/nightly/rustc/check-cfg/cargo-specifics.html> for more information about checking conditional configuration
[INFO] [stdout] 
[INFO] [stdout] 
[INFO] [stderr]    Compiling near-sdk-pure-macros v2.0.0 (/opt/rustwide/workdir/near-sdk-pure-macros)
[INFO] [stderr]    Compiling toml v0.5.8
[INFO] [stderr]    Compiling proc-macro-crate v0.1.5
[INFO] [stderr]    Compiling borsh-derive v0.8.2
[INFO] [stderr]    Compiling borsh v0.8.2
[INFO] [stderr]    Compiling near-sdk-pure v2.0.0 (/opt/rustwide/workdir/near-sdk-pure)
[INFO] [stdout] warning: panic message is not a string literal
[INFO] [stdout]    --> near-sdk-pure/src/environment/env.rs:594:21
[INFO] [stdout]     |
[INFO] [stdout] 594 |         _ => panic!(RETURN_CODE_ERR),
[INFO] [stdout]     |                     ^^^^^^^^^^^^^^^
[INFO] [stdout]     |
[INFO] [stdout]     = note: this usage of `panic!()` is deprecated; it will be a hard error in Rust 2021
[INFO] [stdout]     = note: for more information, see <https://doc.rust-lang.org/nightly/edition-guide/rust-2021/panic-macro-consistency.html>
[INFO] [stdout]     = note: `#[warn(non_fmt_panics)]` on by default
[INFO] [stdout] help: add a "{}" format string to `Display` the message
[INFO] [stdout]     |
[INFO] [stdout] 594 |         _ => panic!("{}", RETURN_CODE_ERR),
[INFO] [stdout]     |                     +++++
[INFO] [stdout] 
[INFO] [stdout] 
[INFO] [stdout] warning: panic message is not a string literal
[INFO] [stdout]    --> near-sdk-pure/src/environment/env.rs:697:21
[INFO] [stdout]     |
[INFO] [stdout] 697 |         _ => panic!(RETURN_CODE_ERR),
[INFO] [stdout]     |                     ^^^^^^^^^^^^^^^
[INFO] [stdout]     |
[INFO] [stdout]     = note: this usage of `panic!()` is deprecated; it will be a hard error in Rust 2021
[INFO] [stdout]     = note: for more information, see <https://doc.rust-lang.org/nightly/edition-guide/rust-2021/panic-macro-consistency.html>
[INFO] [stdout] help: add a "{}" format string to `Display` the message
[INFO] [stdout]     |
[INFO] [stdout] 697 |         _ => panic!("{}", RETURN_CODE_ERR),
[INFO] [stdout]     |                     +++++
[INFO] [stdout] 
[INFO] [stdout] 
[INFO] [stdout] warning: panic message is not a string literal
[INFO] [stdout]    --> near-sdk-pure/src/environment/env.rs:713:21
[INFO] [stdout]     |
[INFO] [stdout] 713 |         _ => panic!(RETURN_CODE_ERR),
[INFO] [stdout]     |                     ^^^^^^^^^^^^^^^
[INFO] [stdout]     |
[INFO] [stdout]     = note: this usage of `panic!()` is deprecated; it will be a hard error in Rust 2021
[INFO] [stdout]     = note: for more information, see <https://doc.rust-lang.org/nightly/edition-guide/rust-2021/panic-macro-consistency.html>
[INFO] [stdout] help: add a "{}" format string to `Display` the message
[INFO] [stdout]     |
[INFO] [stdout] 713 |         _ => panic!("{}", RETURN_CODE_ERR),
[INFO] [stdout]     |                     +++++
[INFO] [stdout] 
[INFO] [stdout] 
[INFO] [stdout] warning: panic message is not a string literal
[INFO] [stdout]    --> near-sdk-pure/src/environment/env.rs:730:21
[INFO] [stdout]     |
[INFO] [stdout] 730 |         _ => panic!(RETURN_CODE_ERR),
[INFO] [stdout]     |                     ^^^^^^^^^^^^^^^
[INFO] [stdout]     |
[INFO] [stdout]     = note: this usage of `panic!()` is deprecated; it will be a hard error in Rust 2021
[INFO] [stdout]     = note: for more information, see <https://doc.rust-lang.org/nightly/edition-guide/rust-2021/panic-macro-consistency.html>
[INFO] [stdout] help: add a "{}" format string to `Display` the message
[INFO] [stdout]     |
[INFO] [stdout] 730 |         _ => panic!("{}", RETURN_CODE_ERR),
[INFO] [stdout]     |                     +++++
[INFO] [stdout] 
[INFO] [stdout] 
[INFO] [stdout] warning: panic message is not a string literal
[INFO] [stdout]    --> near-sdk-pure/src/environment/env.rs:749:21
[INFO] [stdout]     |
[INFO] [stdout] 749 |         _ => panic!(RETURN_CODE_ERR),
[INFO] [stdout]     |                     ^^^^^^^^^^^^^^^
[INFO] [stdout]     |
[INFO] [stdout]     = note: this usage of `panic!()` is deprecated; it will be a hard error in Rust 2021
[INFO] [stdout]     = note: for more information, see <https://doc.rust-lang.org/nightly/edition-guide/rust-2021/panic-macro-consistency.html>
[INFO] [stdout] help: add a "{}" format string to `Display` the message
[INFO] [stdout]     |
[INFO] [stdout] 749 |         _ => panic!("{}", RETURN_CODE_ERR),
[INFO] [stdout]     |                     +++++
[INFO] [stdout] 
[INFO] [stdout] 
[INFO] [stderr]     Finished `dev` profile [unoptimized + debuginfo] target(s) in 21.78s
[INFO] running `Command { std: "docker" "inspect" "56fc4c8d6607abb47ca80b1f1759b8f39c21e012fa3bfeeefbbbbd9cc6da9500", kill_on_drop: false }`
[INFO] running `Command { std: "docker" "rm" "-f" "56fc4c8d6607abb47ca80b1f1759b8f39c21e012fa3bfeeefbbbbd9cc6da9500", kill_on_drop: false }`
[INFO] [stdout] 56fc4c8d6607abb47ca80b1f1759b8f39c21e012fa3bfeeefbbbbd9cc6da9500
[INFO] running `Command { std: "docker" "create" "-v" "/var/lib/crater-agent-workspace/builds/worker-0-tc1/target:/opt/rustwide/target:rw,Z" "-v" "/var/lib/crater-agent-workspace/builds/worker-0-tc1/source:/opt/rustwide/workdir:ro,Z" "-v" "/var/lib/crater-agent-workspace/cargo-home:/opt/rustwide/cargo-home:ro,Z" "-v" "/var/lib/crater-agent-workspace/rustup-home:/opt/rustwide/rustup-home:ro,Z" "-e" "SOURCE_DIR=/opt/rustwide/workdir" "-e" "CARGO_TARGET_DIR=/opt/rustwide/target" "-e" "CARGO_INCREMENTAL=0" "-e" "RUST_BACKTRACE=full" "-e" "RUSTFLAGS=--cap-lints=forbid" "-e" "RUSTDOCFLAGS=--cap-lints=forbid" "-e" "CARGO_HOME=/opt/rustwide/cargo-home" "-e" "RUSTUP_HOME=/opt/rustwide/rustup-home" "-w" "/opt/rustwide/workdir" "-m" "1610612736" "--user" "0:0" "--network" "none" "ghcr.io/rust-lang/crates-build-env/linux@sha256:819108c5571ea2e421544af4d832f968d213c87fbe3707a016657f43d2f853bc" "/opt/rustwide/cargo-home/bin/cargo" "+nightly-2025-01-18" "test" "--frozen" "--no-run" "--message-format=json", kill_on_drop: false }`
[INFO] [stdout] 62394268ab0309dfb7e386d3d12927aac8662952da2a54aaec1312ff4e2794f8
[INFO] running `Command { std: "docker" "start" "-a" "62394268ab0309dfb7e386d3d12927aac8662952da2a54aaec1312ff4e2794f8", kill_on_drop: false }`
[INFO] [stderr]    Compiling getrandom v0.1.16
[INFO] [stderr]    Compiling memchr v2.4.0
[INFO] [stderr]    Compiling log v0.4.14
[INFO] [stderr]    Compiling ppv-lite86 v0.2.10
[INFO] [stderr]    Compiling regex-syntax v0.6.25
[INFO] [stderr]    Compiling rustversion v1.0.5
[INFO] [stderr]    Compiling trybuild v1.0.42
[INFO] [stderr]    Compiling termcolor v1.1.2
[INFO] [stderr]    Compiling glob v0.3.0
[INFO] [stdout] warning: unused import: `attr_sig_info::*`
[INFO] [stdout]  --> near-sdk-pure-core/src/code_generator/mod.rs:2:9
[INFO] [stdout]   |
[INFO] [stdout] 2 | pub use attr_sig_info::*;
[INFO] [stdout]   |         ^^^^^^^^^^^^^^^^
[INFO] [stdout]   |
[INFO] [stdout]   = note: `#[warn(unused_imports)]` on by default
[INFO] [stdout] 
[INFO] [stdout] 
[INFO] [stdout] warning: unused import: `impl_item_method_info::*`
[INFO] [stdout]  --> near-sdk-pure-core/src/code_generator/mod.rs:5:9
[INFO] [stdout]   |
[INFO] [stdout] 5 | pub use impl_item_method_info::*;
[INFO] [stdout]   |         ^^^^^^^^^^^^^^^^^^^^^^^^
[INFO] [stdout] 
[INFO] [stdout] 
[INFO] [stdout] warning: unused import: `item_trait_info::*`
[INFO] [stdout]  --> near-sdk-pure-core/src/code_generator/mod.rs:8:9
[INFO] [stdout]   |
[INFO] [stdout] 8 | pub use item_trait_info::*;
[INFO] [stdout]   |         ^^^^^^^^^^^^^^^^^^
[INFO] [stdout] 
[INFO] [stdout] 
[INFO] [stdout] warning: unused import: `trait_item_method_info::*`
[INFO] [stdout]   --> near-sdk-pure-core/src/code_generator/mod.rs:11:9
[INFO] [stdout]    |
[INFO] [stdout] 11 | pub use trait_item_method_info::*;
[INFO] [stdout]    |         ^^^^^^^^^^^^^^^^^^^^^^^^^
[INFO] [stdout] 
[INFO] [stdout] 
[INFO] [stdout] warning: unused import: `item_impl_info::*`
[INFO] [stdout]   --> near-sdk-pure-core/src/code_generator/mod.rs:14:9
[INFO] [stdout]    |
[INFO] [stdout] 14 | pub use item_impl_info::*;
[INFO] [stdout]    |         ^^^^^^^^^^^^^^^^^
[INFO] [stdout] 
[INFO] [stdout] 
[INFO] [stdout] warning: unexpected `cfg` condition value: `wasm`
[INFO] [stdout]  --> near-sdk-pure-core/src/code_generator/item_struct_info.rs:3:11
[INFO] [stdout]   |
[INFO] [stdout] 3 | #[cfg(not(target_arch = "wasm"))]
[INFO] [stdout]   |           ^^^^^^^^^^^^^^^^^^^^
[INFO] [stdout]   |
[INFO] [stdout]   = note: expected values for `target_arch` are: `aarch64`, `arm`, `arm64ec`, `avr`, `bpf`, `csky`, `hexagon`, `loongarch64`, `m68k`, `mips`, `mips32r6`, `mips64`, `mips64r6`, `msp430`, `nvptx64`, `powerpc`, `powerpc64`, `riscv32`, `riscv64`, `s390x`, `sparc`, `sparc64`, `wasm32`, `wasm64`, `x86`, `x86_64`, and `xtensa`
[INFO] [stdout]   = note: see <https://doc.rust-lang.org/nightly/rustc/check-cfg/cargo-specifics.html> for more information about checking conditional configuration
[INFO] [stdout]   = note: `#[warn(unexpected_cfgs)]` on by default
[INFO] [stdout] 
[INFO] [stdout] 
[INFO] [stdout] warning: unexpected `cfg` condition value: `wasm`
[INFO] [stdout]   --> near-sdk-pure-core/src/code_generator/item_struct_info.rs:16:7
[INFO] [stdout]    |
[INFO] [stdout] 16 | #[cfg(target_arch = "wasm")]
[INFO] [stdout]    |       ^^^^^^^^^^^^^^^^^^^^
[INFO] [stdout]    |
[INFO] [stdout]    = note: expected values for `target_arch` are: `aarch64`, `arm`, `arm64ec`, `avr`, `bpf`, `csky`, `hexagon`, `loongarch64`, `m68k`, `mips`, `mips32r6`, `mips64`, `mips64r6`, `msp430`, `nvptx64`, `powerpc`, `powerpc64`, `riscv32`, `riscv64`, `s390x`, `sparc`, `sparc64`, `wasm32`, `wasm64`, `x86`, `x86_64`, and `xtensa`
[INFO] [stdout]    = note: see <https://doc.rust-lang.org/nightly/rustc/check-cfg/cargo-specifics.html> for more information about checking conditional configuration
[INFO] [stdout] 
[INFO] [stdout] 
[INFO] [stderr]    Compiling near-sdk-pure-core v2.0.0 (/opt/rustwide/workdir/near-sdk-pure-core)
[INFO] [stderr]    Compiling near-sdk-pure-macros v2.0.0 (/opt/rustwide/workdir/near-sdk-pure-macros)
[INFO] [stderr]    Compiling toml v0.5.8
[INFO] [stdout] warning: unused import: `attr_sig_info::*`
[INFO] [stdout]  --> near-sdk-pure-core/src/code_generator/mod.rs:2:9
[INFO] [stdout]   |
[INFO] [stdout] 2 | pub use attr_sig_info::*;
[INFO] [stdout]   |         ^^^^^^^^^^^^^^^^
[INFO] [stdout]   |
[INFO] [stdout]   = note: `#[warn(unused_imports)]` on by default
[INFO] [stdout] 
[INFO] [stdout] 
[INFO] [stdout] warning: unused import: `impl_item_method_info::*`
[INFO] [stdout]  --> near-sdk-pure-core/src/code_generator/mod.rs:5:9
[INFO] [stdout]   |
[INFO] [stdout] 5 | pub use impl_item_method_info::*;
[INFO] [stdout]   |         ^^^^^^^^^^^^^^^^^^^^^^^^
[INFO] [stdout] 
[INFO] [stdout] 
[INFO] [stdout] warning: unused import: `item_trait_info::*`
[INFO] [stdout]  --> near-sdk-pure-core/src/code_generator/mod.rs:8:9
[INFO] [stdout]   |
[INFO] [stdout] 8 | pub use item_trait_info::*;
[INFO] [stdout]   |         ^^^^^^^^^^^^^^^^^^
[INFO] [stdout] 
[INFO] [stdout] 
[INFO] [stdout] warning: unused import: `trait_item_method_info::*`
[INFO] [stdout]   --> near-sdk-pure-core/src/code_generator/mod.rs:11:9
[INFO] [stdout]    |
[INFO] [stdout] 11 | pub use trait_item_method_info::*;
[INFO] [stdout]    |         ^^^^^^^^^^^^^^^^^^^^^^^^^
[INFO] [stdout] 
[INFO] [stdout] 
[INFO] [stdout] warning: unused import: `item_impl_info::*`
[INFO] [stdout]   --> near-sdk-pure-core/src/code_generator/mod.rs:14:9
[INFO] [stdout]    |
[INFO] [stdout] 14 | pub use item_impl_info::*;
[INFO] [stdout]    |         ^^^^^^^^^^^^^^^^^
[INFO] [stdout] 
[INFO] [stdout] 
[INFO] [stdout] warning: unexpected `cfg` condition value: `wasm`
[INFO] [stdout]  --> near-sdk-pure-core/src/code_generator/item_struct_info.rs:3:11
[INFO] [stdout]   |
[INFO] [stdout] 3 | #[cfg(not(target_arch = "wasm"))]
[INFO] [stdout]   |           ^^^^^^^^^^^^^^^^^^^^
[INFO] [stdout]   |
[INFO] [stdout]   = note: expected values for `target_arch` are: `aarch64`, `arm`, `arm64ec`, `avr`, `bpf`, `csky`, `hexagon`, `loongarch64`, `m68k`, `mips`, `mips32r6`, `mips64`, `mips64r6`, `msp430`, `nvptx64`, `powerpc`, `powerpc64`, `riscv32`, `riscv64`, `s390x`, `sparc`, `sparc64`, `wasm32`, `wasm64`, `x86`, `x86_64`, and `xtensa`
[INFO] [stdout]   = note: see <https://doc.rust-lang.org/nightly/rustc/check-cfg/cargo-specifics.html> for more information about checking conditional configuration
[INFO] [stdout]   = note: `#[warn(unexpected_cfgs)]` on by default
[INFO] [stdout] 
[INFO] [stdout] 
[INFO] [stdout] warning: unexpected `cfg` condition value: `wasm`
[INFO] [stdout]   --> near-sdk-pure-core/src/code_generator/item_struct_info.rs:16:7
[INFO] [stdout]    |
[INFO] [stdout] 16 | #[cfg(target_arch = "wasm")]
[INFO] [stdout]    |       ^^^^^^^^^^^^^^^^^^^^
[INFO] [stdout]    |
[INFO] [stdout]    = note: expected values for `target_arch` are: `aarch64`, `arm`, `arm64ec`, `avr`, `bpf`, `csky`, `hexagon`, `loongarch64`, `m68k`, `mips`, `mips32r6`, `mips64`, `mips64r6`, `msp430`, `nvptx64`, `powerpc`, `powerpc64`, `riscv32`, `riscv64`, `s390x`, `sparc`, `sparc64`, `wasm32`, `wasm64`, `x86`, `x86_64`, and `xtensa`
[INFO] [stdout]    = note: see <https://doc.rust-lang.org/nightly/rustc/check-cfg/cargo-specifics.html> for more information about checking conditional configuration
[INFO] [stdout] 
[INFO] [stdout] 
[INFO] [stderr]    Compiling rand_core v0.5.1
[INFO] [stderr]    Compiling rand_xorshift v0.2.0
[INFO] [stderr]    Compiling rand_chacha v0.2.2
[INFO] [stderr]    Compiling aho-corasick v0.7.18
[INFO] [stderr]    Compiling rand v0.7.3
[INFO] [stderr]    Compiling proc-macro-crate v0.1.5
[INFO] [stderr]    Compiling borsh-derive v0.8.2
[INFO] [stderr]    Compiling borsh v0.8.2
[INFO] [stderr]    Compiling regex v1.5.4
[INFO] [stderr]    Compiling near-sdk-pure v2.0.0 (/opt/rustwide/workdir/near-sdk-pure)
[INFO] [stdout] warning: panic message is not a string literal
[INFO] [stdout]    --> near-sdk-pure/src/environment/env.rs:594:21
[INFO] [stdout]     |
[INFO] [stdout] 594 |         _ => panic!(RETURN_CODE_ERR),
[INFO] [stdout]     |                     ^^^^^^^^^^^^^^^
[INFO] [stdout]     |
[INFO] [stdout]     = note: this usage of `panic!()` is deprecated; it will be a hard error in Rust 2021
[INFO] [stdout]     = note: for more information, see <https://doc.rust-lang.org/nightly/edition-guide/rust-2021/panic-macro-consistency.html>
[INFO] [stdout]     = note: `#[warn(non_fmt_panics)]` on by default
[INFO] [stdout] help: add a "{}" format string to `Display` the message
[INFO] [stdout]     |
[INFO] [stdout] 594 |         _ => panic!("{}", RETURN_CODE_ERR),
[INFO] [stdout]     |                     +++++
[INFO] [stdout] 
[INFO] [stdout] 
[INFO] [stdout] warning: panic message is not a string literal
[INFO] [stdout]    --> near-sdk-pure/src/environment/env.rs:697:21
[INFO] [stdout]     |
[INFO] [stdout] 697 |         _ => panic!(RETURN_CODE_ERR),
[INFO] [stdout]     |                     ^^^^^^^^^^^^^^^
[INFO] [stdout]     |
[INFO] [stdout]     = note: this usage of `panic!()` is deprecated; it will be a hard error in Rust 2021
[INFO] [stdout]     = note: for more information, see <https://doc.rust-lang.org/nightly/edition-guide/rust-2021/panic-macro-consistency.html>
[INFO] [stdout] help: add a "{}" format string to `Display` the message
[INFO] [stdout]     |
[INFO] [stdout] 697 |         _ => panic!("{}", RETURN_CODE_ERR),
[INFO] [stdout]     |                     +++++
[INFO] [stdout] 
[INFO] [stdout] 
[INFO] [stdout] warning: panic message is not a string literal
[INFO] [stdout]    --> near-sdk-pure/src/environment/env.rs:713:21
[INFO] [stdout]     |
[INFO] [stdout] 713 |         _ => panic!(RETURN_CODE_ERR),
[INFO] [stdout]     |                     ^^^^^^^^^^^^^^^
[INFO] [stdout]     |
[INFO] [stdout]     = note: this usage of `panic!()` is deprecated; it will be a hard error in Rust 2021
[INFO] [stdout]     = note: for more information, see <https://doc.rust-lang.org/nightly/edition-guide/rust-2021/panic-macro-consistency.html>
[INFO] [stdout] help: add a "{}" format string to `Display` the message
[INFO] [stdout]     |
[INFO] [stdout] 713 |         _ => panic!("{}", RETURN_CODE_ERR),
[INFO] [stdout]     |                     +++++
[INFO] [stdout] 
[INFO] [stdout] 
[INFO] [stdout] warning: panic message is not a string literal
[INFO] [stdout]    --> near-sdk-pure/src/environment/env.rs:730:21
[INFO] [stdout]     |
[INFO] [stdout] 730 |         _ => panic!(RETURN_CODE_ERR),
[INFO] [stdout]     |                     ^^^^^^^^^^^^^^^
[INFO] [stdout]     |
[INFO] [stdout]     = note: this usage of `panic!()` is deprecated; it will be a hard error in Rust 2021
[INFO] [stdout]     = note: for more information, see <https://doc.rust-lang.org/nightly/edition-guide/rust-2021/panic-macro-consistency.html>
[INFO] [stdout] help: add a "{}" format string to `Display` the message
[INFO] [stdout]     |
[INFO] [stdout] 730 |         _ => panic!("{}", RETURN_CODE_ERR),
[INFO] [stdout]     |                     +++++
[INFO] [stdout] 
[INFO] [stdout] 
[INFO] [stdout] warning: panic message is not a string literal
[INFO] [stdout]    --> near-sdk-pure/src/environment/env.rs:749:21
[INFO] [stdout]     |
[INFO] [stdout] 749 |         _ => panic!(RETURN_CODE_ERR),
[INFO] [stdout]     |                     ^^^^^^^^^^^^^^^
[INFO] [stdout]     |
[INFO] [stdout]     = note: this usage of `panic!()` is deprecated; it will be a hard error in Rust 2021
[INFO] [stdout]     = note: for more information, see <https://doc.rust-lang.org/nightly/edition-guide/rust-2021/panic-macro-consistency.html>
[INFO] [stdout] help: add a "{}" format string to `Display` the message
[INFO] [stdout]     |
[INFO] [stdout] 749 |         _ => panic!("{}", RETURN_CODE_ERR),
[INFO] [stdout]     |                     +++++
[INFO] [stdout] 
[INFO] [stdout] 
[INFO] [stderr]    Compiling env_logger v0.7.1
[INFO] [stderr]    Compiling quickcheck v0.9.2
[INFO] [stdout] warning: panic message is not a string literal
[INFO] [stdout]    --> near-sdk-pure/src/environment/env.rs:594:21
[INFO] [stdout]     |
[INFO] [stdout] 594 |         _ => panic!(RETURN_CODE_ERR),
[INFO] [stdout]     |                     ^^^^^^^^^^^^^^^
[INFO] [stdout]     |
[INFO] [stdout]     = note: this usage of `panic!()` is deprecated; it will be a hard error in Rust 2021
[INFO] [stdout]     = note: for more information, see <https://doc.rust-lang.org/nightly/edition-guide/rust-2021/panic-macro-consistency.html>
[INFO] [stdout]     = note: `#[warn(non_fmt_panics)]` on by default
[INFO] [stdout] help: add a "{}" format string to `Display` the message
[INFO] [stdout]     |
[INFO] [stdout] 594 |         _ => panic!("{}", RETURN_CODE_ERR),
[INFO] [stdout]     |                     +++++
[INFO] [stdout] 
[INFO] [stdout] 
[INFO] [stdout] warning: panic message is not a string literal
[INFO] [stdout]    --> near-sdk-pure/src/environment/env.rs:697:21
[INFO] [stdout]     |
[INFO] [stdout] 697 |         _ => panic!(RETURN_CODE_ERR),
[INFO] [stdout]     |                     ^^^^^^^^^^^^^^^
[INFO] [stdout]     |
[INFO] [stdout]     = note: this usage of `panic!()` is deprecated; it will be a hard error in Rust 2021
[INFO] [stdout]     = note: for more information, see <https://doc.rust-lang.org/nightly/edition-guide/rust-2021/panic-macro-consistency.html>
[INFO] [stdout] help: add a "{}" format string to `Display` the message
[INFO] [stdout]     |
[INFO] [stdout] 697 |         _ => panic!("{}", RETURN_CODE_ERR),
[INFO] [stdout]     |                     +++++
[INFO] [stdout] 
[INFO] [stdout] 
[INFO] [stdout] warning: panic message is not a string literal
[INFO] [stdout]    --> near-sdk-pure/src/environment/env.rs:713:21
[INFO] [stdout]     |
[INFO] [stdout] 713 |         _ => panic!(RETURN_CODE_ERR),
[INFO] [stdout]     |                     ^^^^^^^^^^^^^^^
[INFO] [stdout]     |
[INFO] [stdout]     = note: this usage of `panic!()` is deprecated; it will be a hard error in Rust 2021
[INFO] [stdout]     = note: for more information, see <https://doc.rust-lang.org/nightly/edition-guide/rust-2021/panic-macro-consistency.html>
[INFO] [stdout] help: add a "{}" format string to `Display` the message
[INFO] [stdout]     |
[INFO] [stdout] 713 |         _ => panic!("{}", RETURN_CODE_ERR),
[INFO] [stdout]     |                     +++++
[INFO] [stdout] 
[INFO] [stdout] 
[INFO] [stdout] warning: panic message is not a string literal
[INFO] [stdout]    --> near-sdk-pure/src/environment/env.rs:730:21
[INFO] [stdout]     |
[INFO] [stdout] 730 |         _ => panic!(RETURN_CODE_ERR),
[INFO] [stdout]     |                     ^^^^^^^^^^^^^^^
[INFO] [stdout]     |
[INFO] [stdout]     = note: this usage of `panic!()` is deprecated; it will be a hard error in Rust 2021
[INFO] [stdout]     = note: for more information, see <https://doc.rust-lang.org/nightly/edition-guide/rust-2021/panic-macro-consistency.html>
[INFO] [stdout] help: add a "{}" format string to `Display` the message
[INFO] [stdout]     |
[INFO] [stdout] 730 |         _ => panic!("{}", RETURN_CODE_ERR),
[INFO] [stdout]     |                     +++++
[INFO] [stdout] 
[INFO] [stdout] 
[INFO] [stdout] warning: panic message is not a string literal
[INFO] [stdout]    --> near-sdk-pure/src/environment/env.rs:749:21
[INFO] [stdout]     |
[INFO] [stdout] 749 |         _ => panic!(RETURN_CODE_ERR),
[INFO] [stdout]     |                     ^^^^^^^^^^^^^^^
[INFO] [stdout]     |
[INFO] [stdout]     = note: this usage of `panic!()` is deprecated; it will be a hard error in Rust 2021
[INFO] [stdout]     = note: for more information, see <https://doc.rust-lang.org/nightly/edition-guide/rust-2021/panic-macro-consistency.html>
[INFO] [stdout] help: add a "{}" format string to `Display` the message
[INFO] [stdout]     |
[INFO] [stdout] 749 |         _ => panic!("{}", RETURN_CODE_ERR),
[INFO] [stdout]     |                     +++++
[INFO] [stdout] 
[INFO] [stdout] 
[INFO] [stderr]     Finished `test` profile [unoptimized + debuginfo] target(s) in 10.78s
[INFO] running `Command { std: "docker" "inspect" "62394268ab0309dfb7e386d3d12927aac8662952da2a54aaec1312ff4e2794f8", kill_on_drop: false }`
[INFO] running `Command { std: "docker" "rm" "-f" "62394268ab0309dfb7e386d3d12927aac8662952da2a54aaec1312ff4e2794f8", kill_on_drop: false }`
[INFO] [stdout] 62394268ab0309dfb7e386d3d12927aac8662952da2a54aaec1312ff4e2794f8
[INFO] running `Command { std: "docker" "create" "-v" "/var/lib/crater-agent-workspace/builds/worker-0-tc1/target:/opt/rustwide/target:rw,Z" "-v" "/var/lib/crater-agent-workspace/builds/worker-0-tc1/source:/opt/rustwide/workdir:ro,Z" "-v" "/var/lib/crater-agent-workspace/cargo-home:/opt/rustwide/cargo-home:ro,Z" "-v" "/var/lib/crater-agent-workspace/rustup-home:/opt/rustwide/rustup-home:ro,Z" "-e" "SOURCE_DIR=/opt/rustwide/workdir" "-e" "CARGO_TARGET_DIR=/opt/rustwide/target" "-e" "CARGO_INCREMENTAL=0" "-e" "RUST_BACKTRACE=full" "-e" "RUSTFLAGS=--cap-lints=forbid" "-e" "RUSTDOCFLAGS=--cap-lints=forbid" "-e" "CARGO_HOME=/opt/rustwide/cargo-home" "-e" "RUSTUP_HOME=/opt/rustwide/rustup-home" "-w" "/opt/rustwide/workdir" "-m" "1610612736" "--user" "0:0" "--network" "none" "ghcr.io/rust-lang/crates-build-env/linux@sha256:819108c5571ea2e421544af4d832f968d213c87fbe3707a016657f43d2f853bc" "/opt/rustwide/cargo-home/bin/cargo" "+nightly-2025-01-18" "test" "--frozen", kill_on_drop: false }`
[INFO] [stdout] a4af066c2ecf37d9a78afc6ea840c03db83eed4f1c9125790c2221f732289243
[INFO] running `Command { std: "docker" "start" "-a" "a4af066c2ecf37d9a78afc6ea840c03db83eed4f1c9125790c2221f732289243", kill_on_drop: false }`
[INFO] [stderr] warning: unused import: `attr_sig_info::*`
[INFO] [stderr]  --> near-sdk-pure-core/src/code_generator/mod.rs:2:9
[INFO] [stderr]   |
[INFO] [stderr] 2 | pub use attr_sig_info::*;
[INFO] [stderr]   |         ^^^^^^^^^^^^^^^^
[INFO] [stderr]   |
[INFO] [stderr]   = note: `#[warn(unused_imports)]` on by default
[INFO] [stderr] 
[INFO] [stderr] warning: unused import: `impl_item_method_info::*`
[INFO] [stderr]  --> near-sdk-pure-core/src/code_generator/mod.rs:5:9
[INFO] [stderr]   |
[INFO] [stderr] 5 | pub use impl_item_method_info::*;
[INFO] [stderr]   |         ^^^^^^^^^^^^^^^^^^^^^^^^
[INFO] [stderr] 
[INFO] [stderr] warning: unused import: `item_trait_info::*`
[INFO] [stderr]  --> near-sdk-pure-core/src/code_generator/mod.rs:8:9
[INFO] [stderr]   |
[INFO] [stderr] 8 | pub use item_trait_info::*;
[INFO] [stderr]   |         ^^^^^^^^^^^^^^^^^^
[INFO] [stderr] 
[INFO] [stderr] warning: unused import: `trait_item_method_info::*`
[INFO] [stderr]   --> near-sdk-pure-core/src/code_generator/mod.rs:11:9
[INFO] [stderr]    |
[INFO] [stderr] 11 | pub use trait_item_method_info::*;
[INFO] [stderr]    |         ^^^^^^^^^^^^^^^^^^^^^^^^^
[INFO] [stderr] 
[INFO] [stderr] warning: unused import: `item_impl_info::*`
[INFO] [stderr]   --> near-sdk-pure-core/src/code_generator/mod.rs:14:9
[INFO] [stderr]    |
[INFO] [stderr] 14 | pub use item_impl_info::*;
[INFO] [stderr]    |         ^^^^^^^^^^^^^^^^^
[INFO] [stderr] 
[INFO] [stderr] warning: unexpected `cfg` condition value: `wasm`
[INFO] [stderr]  --> near-sdk-pure-core/src/code_generator/item_struct_info.rs:3:11
[INFO] [stderr]   |
[INFO] [stderr] 3 | #[cfg(not(target_arch = "wasm"))]
[INFO] [stderr]   |           ^^^^^^^^^^^^^^^^^^^^
[INFO] [stderr]   |
[INFO] [stderr]   = note: expected values for `target_arch` are: `aarch64`, `arm`, `arm64ec`, `avr`, `bpf`, `csky`, `hexagon`, `loongarch64`, `m68k`, `mips`, `mips32r6`, `mips64`, `mips64r6`, `msp430`, `nvptx64`, `powerpc`, `powerpc64`, `riscv32`, `riscv64`, `s390x`, `sparc`, `sparc64`, `wasm32`, `wasm64`, `x86`, `x86_64`, and `xtensa`
[INFO] [stderr]   = note: see <https://doc.rust-lang.org/nightly/rustc/check-cfg/cargo-specifics.html> for more information about checking conditional configuration
[INFO] [stderr]   = note: `#[warn(unexpected_cfgs)]` on by default
[INFO] [stderr] 
[INFO] [stderr] warning: unexpected `cfg` condition value: `wasm`
[INFO] [stderr]   --> near-sdk-pure-core/src/code_generator/item_struct_info.rs:16:7
[INFO] [stderr]    |
[INFO] [stderr] 16 | #[cfg(target_arch = "wasm")]
[INFO] [stderr]    |       ^^^^^^^^^^^^^^^^^^^^
[INFO] [stderr]    |
[INFO] [stderr]    = note: expected values for `target_arch` are: `aarch64`, `arm`, `arm64ec`, `avr`, `bpf`, `csky`, `hexagon`, `loongarch64`, `m68k`, `mips`, `mips32r6`, `mips64`, `mips64r6`, `msp430`, `nvptx64`, `powerpc`, `powerpc64`, `riscv32`, `riscv64`, `s390x`, `sparc`, `sparc64`, `wasm32`, `wasm64`, `x86`, `x86_64`, and `xtensa`
[INFO] [stderr]    = note: see <https://doc.rust-lang.org/nightly/rustc/check-cfg/cargo-specifics.html> for more information about checking conditional configuration
[INFO] [stderr] 
[INFO] [stderr] warning: `near-sdk-pure-core` (lib) generated 7 warnings (run `cargo fix --lib -p near-sdk-pure-core` to apply 5 suggestions)
[INFO] [stderr] warning: `near-sdk-pure-core` (lib test) generated 7 warnings (7 duplicates)
[INFO] [stderr] warning: panic message is not a string literal
[INFO] [stderr]    --> near-sdk-pure/src/environment/env.rs:594:21
[INFO] [stderr]     |
[INFO] [stderr] 594 |         _ => panic!(RETURN_CODE_ERR),
[INFO] [stderr]     |                     ^^^^^^^^^^^^^^^
[INFO] [stderr]     |
[INFO] [stderr]     = note: this usage of `panic!()` is deprecated; it will be a hard error in Rust 2021
[INFO] [stderr]     = note: for more information, see <https://doc.rust-lang.org/nightly/edition-guide/rust-2021/panic-macro-consistency.html>
[INFO] [stderr]     = note: `#[warn(non_fmt_panics)]` on by default
[INFO] [stderr] help: add a "{}" format string to `Display` the message
[INFO] [stderr]     |
[INFO] [stderr] 594 |         _ => panic!("{}", RETURN_CODE_ERR),
[INFO] [stderr]     |                     +++++
[INFO] [stderr] 
[INFO] [stderr] warning: panic message is not a string literal
[INFO] [stderr]    --> near-sdk-pure/src/environment/env.rs:697:21
[INFO] [stderr]     |
[INFO] [stderr] 697 |         _ => panic!(RETURN_CODE_ERR),
[INFO] [stderr]     |                     ^^^^^^^^^^^^^^^
[INFO] [stderr]     |
[INFO] [stderr]     = note: this usage of `panic!()` is deprecated; it will be a hard error in Rust 2021
[INFO] [stderr]     = note: for more information, see <https://doc.rust-lang.org/nightly/edition-guide/rust-2021/panic-macro-consistency.html>
[INFO] [stderr] help: add a "{}" format string to `Display` the message
[INFO] [stderr]     |
[INFO] [stderr] 697 |         _ => panic!("{}", RETURN_CODE_ERR),
[INFO] [stderr]     |                     +++++
[INFO] [stderr] 
[INFO] [stderr] warning: panic message is not a string literal
[INFO] [stderr]    --> near-sdk-pure/src/environment/env.rs:713:21
[INFO] [stderr]     |
[INFO] [stderr] 713 |         _ => panic!(RETURN_CODE_ERR),
[INFO] [stderr]     |                     ^^^^^^^^^^^^^^^
[INFO] [stderr]     |
[INFO] [stderr]     = note: this usage of `panic!()` is deprecated; it will be a hard error in Rust 2021
[INFO] [stderr]     = note: for more information, see <https://doc.rust-lang.org/nightly/edition-guide/rust-2021/panic-macro-consistency.html>
[INFO] [stderr] help: add a "{}" format string to `Display` the message
[INFO] [stderr]     |
[INFO] [stderr] 713 |         _ => panic!("{}", RETURN_CODE_ERR),
[INFO] [stderr]     |                     +++++
[INFO] [stderr] 
[INFO] [stderr] warning: panic message is not a string literal
[INFO] [stderr]    --> near-sdk-pure/src/environment/env.rs:730:21
[INFO] [stderr]     |
[INFO] [stderr] 730 |         _ => panic!(RETURN_CODE_ERR),
[INFO] [stderr]     |                     ^^^^^^^^^^^^^^^
[INFO] [stderr]     |
[INFO] [stderr]     = note: this usage of `panic!()` is deprecated; it will be a hard error in Rust 2021
[INFO] [stderr]     = note: for more information, see <https://doc.rust-lang.org/nightly/edition-guide/rust-2021/panic-macro-consistency.html>
[INFO] [stderr] help: add a "{}" format string to `Display` the message
[INFO] [stderr]     |
[INFO] [stderr] 730 |         _ => panic!("{}", RETURN_CODE_ERR),
[INFO] [stderr]     |                     +++++
[INFO] [stderr] 
[INFO] [stderr] warning: panic message is not a string literal
[INFO] [stderr]    --> near-sdk-pure/src/environment/env.rs:749:21
[INFO] [stderr]     |
[INFO] [stderr] 749 |         _ => panic!(RETURN_CODE_ERR),
[INFO] [stderr]     |                     ^^^^^^^^^^^^^^^
[INFO] [stderr]     |
[INFO] [stderr]     = note: this usage of `panic!()` is deprecated; it will be a hard error in Rust 2021
[INFO] [stderr]     = note: for more information, see <https://doc.rust-lang.org/nightly/edition-guide/rust-2021/panic-macro-consistency.html>
[INFO] [stderr] help: add a "{}" format string to `Display` the message
[INFO] [stderr]     |
[INFO] [stderr] 749 |         _ => panic!("{}", RETURN_CODE_ERR),
[INFO] [stderr]     |                     +++++
[INFO] [stderr] 
[INFO] [stderr] warning: `near-sdk-pure` (lib) generated 5 warnings (run `cargo fix --lib -p near-sdk-pure` to apply 5 suggestions)
[INFO] [stderr] warning: `near-sdk-pure` (lib test) generated 5 warnings (5 duplicates)
[INFO] [stderr]     Finished `test` profile [unoptimized + debuginfo] target(s) in 0.03s
[INFO] [stderr]      Running unittests src/lib.rs (/opt/rustwide/target/debug/deps/near_sdk_pure-0f409d194904024c)
[INFO] [stdout] 
[INFO] [stdout] running 17 tests
[INFO] [stdout] test environment::env::tests::test_is_valid_account_id_binary ... ok
[INFO] [stdout] test json_types::account::tests::test_deser ... ok
[INFO] [stdout] test json_types::account::tests::test_from_str ... ok
[INFO] [stdout] test environment::env::tests::test_is_valid_account_id_strings ... ok
[INFO] [stdout] test json_types::account::tests::test_ser ... ok
[INFO] [stdout] test json_types::integers::tests::test_i64 ... ok
[INFO] [stdout] test json_types::integers::tests::test_i128 ... ok
[INFO] [stdout] test json_types::integers::tests::test_u128 ... ok
[INFO] [stdout] test json_types::integers::tests::test_u64 ... ok
[INFO] [stdout] test json_types::public_key::tests::test_public_key_deser ... ok
[INFO] [stdout] test json_types::public_key::tests::test_public_key_from_str ... ok
[INFO] [stdout] test json_types::public_key::tests::test_public_key_ser ... ok
[INFO] [stdout] test json_types::public_key::tests::test_public_key_to_string ... ok
[INFO] [stdout] test json_types::vector::tests::test_empty ... ok
[INFO] [stdout] test json_types::vector::tests::test_basic ... ok
[INFO] [stdout] test json_types::vector::tests::test_manual ... ok
[INFO] [stdout] test json_types::vector::tests::test_long ... ok
[INFO] [stdout] 
[INFO] [stdout] test result: ok. 17 passed; 0 failed; 0 ignored; 0 measured; 0 filtered out; finished in 0.00s
[INFO] [stdout] 
[INFO] [stderr]      Running compilation_tests/all.rs (/opt/rustwide/target/debug/deps/compilation_tests-2aa5ea97edd3b31f)
[INFO] [stdout] 
[INFO] [stdout] running 0 tests
[INFO] [stdout] 
[INFO] [stdout] test result: ok. 0 passed; 0 failed; 0 ignored; 0 measured; 0 filtered out; finished in 0.00s
[INFO] [stdout] 
[INFO] [stderr]      Running unittests src/lib.rs (/opt/rustwide/target/debug/deps/near_sdk_pure_core-3f8ebce0e8e81bea)
[INFO] [stdout] 
[INFO] [stdout] running 21 tests
[INFO] [stdout] test code_generator::item_impl_info::tests::arg_no_return_no_mut ... ok
[INFO] [stdout] test code_generator::item_impl_info::tests::arg_mut_ref ... ok
[INFO] [stdout] test code_generator::item_impl_info::tests::arg_ref ... ok
[INFO] [stdout] test code_generator::item_impl_info::tests::args_no_return_mut ... ok
[INFO] [stdout] test code_generator::item_impl_info::tests::args_return_ref ... ok
[INFO] [stdout] test code_generator::item_impl_info::tests::args_return_mut ... ok
[INFO] [stdout] test code_generator::item_impl_info::tests::args_return_mut_borsh ... ok
[INFO] [stdout] test code_generator::item_impl_info::tests::no_args_no_return_no_mut ... ok
[INFO] [stdout] test code_generator::item_impl_info::tests::no_args_no_return_mut_payable ... ok
[INFO] [stdout] test code_generator::item_impl_info::tests::private_method ... ok
[INFO] [stdout] test code_generator::item_impl_info::tests::callback_args_mixed_serialization ... ok
[INFO] [stdout] test code_generator::item_impl_info::tests::no_args_no_return_mut ... ok
[INFO] [stdout] test code_generator::item_impl_info::tests::marshall_one_arg ... ok
[INFO] [stdout] test code_generator::item_impl_info::tests::simple_init_payable ... ok
[INFO] [stdout] test code_generator::item_impl_info::tests::trait_implt ... ok
[INFO] [stdout] test code_generator::item_impl_info::tests::callback_args_only ... ok
[INFO] [stdout] test code_generator::item_impl_info::tests::simple_init ... ok
[INFO] [stdout] test code_generator::item_impl_info::tests::callback_args_vec ... ok
[INFO] [stdout] test code_generator::item_impl_info::tests::callback_args ... ok
[INFO] [stdout] test metadata::metadata_visitor::tests::several_methods ... ok
[INFO] [stdout] test code_generator::item_trait_info::tests::standard ... FAILED
[INFO] [stdout] 
[INFO] [stdout] failures:
[INFO] [stdout] 
[INFO] [stdout] ---- code_generator::item_trait_info::tests::standard stdout ----
[INFO] [stdout] 
[INFO] [stdout] thread 'code_generator::item_trait_info::tests::standard' panicked at near-sdk-pure-core/src/code_generator/item_trait_info.rs:90:9:
[INFO] [stdout] assertion `left == right` failed
[INFO] [stdout]   left: "pub mod external_cross_contract { use super :: * ; use near_sdk_pure :: { Gas , Balance , AccountId , Promise } ; use alloc :: string :: { String , ToString } ; pub fn merge_sort < T : ToString > (arr : Vec < u8 > , __account_id : & T , __balance : near_sdk_pure :: Balance , __gas : near_sdk_pure :: Gas) -> near_sdk_pure :: Promise { # [derive (near_sdk_pure :: serde :: Serialize)] # [serde (crate = \"near_sdk_pure::serde\")] struct Input { arr : Vec < u8 > , } let args = Input { arr , } ; let args = near_sdk_pure :: serde_json :: to_vec (& args) . expect (\"Failed to serialize the cross contract args using JSON.\") ; near_sdk_pure :: Promise :: new (__account_id . to_string ()) . function_call (b\"merge_sort\" . to_vec () , args , __balance , __gas ,) } pub fn merge < T : ToString > (__account_id : & T , __balance : near_sdk_pure :: Balance , __gas : near_sdk_pure :: Gas) -> near_sdk_pure :: Promise { let args = vec ! [] ; near_sdk_pure :: Promise :: new (__account_id . to_string ()) . function_call (b\"merge\" . to_vec () , args , __balance , __gas ,) } }"
[INFO] [stdout]  right: "pub mod external_cross_contract { use super :: * ; use near_sdk_pure :: { Gas , Balance , AccountId , Promise } ; use std :: string :: ToString ; pub fn merge_sort < T : ToString > (arr : Vec < u8 > , __account_id : & T , __balance : near_sdk_pure :: Balance , __gas : near_sdk_pure :: Gas) -> near_sdk_pure :: Promise { # [derive (near_sdk_pure :: serde :: Serialize)] # [serde (crate = \"near_sdk_pure::serde\")] struct Input { arr : Vec < u8 > , } let args = Input { arr , } ; let args = near_sdk_pure :: serde_json :: to_vec (& args) . expect (\"Failed to serialize the cross contract args using JSON.\") ; near_sdk_pure :: Promise :: new (__account_id . to_string ()) . function_call (b\"merge_sort\" . to_vec () , args , __balance , __gas ,) } pub fn merge < T : ToString > (__account_id : & T , __balance : near_sdk_pure :: Balance , __gas : near_sdk_pure :: Gas) -> near_sdk_pure :: Promise { let args = vec ! [] ; near_sdk_pure :: Promise :: new (__account_id . to_string ()) . function_call (b\"merge\" . to_vec () , args , __balance , __gas ,) } }"
[INFO] [stdout] stack backtrace:
[INFO] [stdout]    0:     0x5a55267ba41a - std::backtrace_rs::backtrace::libunwind::trace::hb059275cfc8d6126
[INFO] [stdout]                                at /rustc/6067b36314ab5eb2eb47cecc464545ba58e1ad24/library/std/src/../../backtrace/src/backtrace/libunwind.rs:116:5
[INFO] [stdout]    1:     0x5a55267ba41a - std::backtrace_rs::backtrace::trace_unsynchronized::h2da071e4327ce3ee
[INFO] [stdout]                                at /rustc/6067b36314ab5eb2eb47cecc464545ba58e1ad24/library/std/src/../../backtrace/src/backtrace/mod.rs:66:5
[INFO] [stdout]    2:     0x5a55267ba41a - std::sys::backtrace::_print_fmt::h842a1474e6f8d23f
[INFO] [stdout]                                at /rustc/6067b36314ab5eb2eb47cecc464545ba58e1ad24/library/std/src/sys/backtrace.rs:66:9
[INFO] [stdout]    3:     0x5a55267ba41a - <std::sys::backtrace::BacktraceLock::print::DisplayBacktrace as core::fmt::Display>::fmt::h71a62eb3b9696b12
[INFO] [stdout]                                at /rustc/6067b36314ab5eb2eb47cecc464545ba58e1ad24/library/std/src/sys/backtrace.rs:39:26
[INFO] [stdout]    4:     0x5a55267e36b3 - core::fmt::rt::Argument::fmt::hdb6b616786b41dc1
[INFO] [stdout]                                at /rustc/6067b36314ab5eb2eb47cecc464545ba58e1ad24/library/core/src/fmt/rt.rs:177:76
[INFO] [stdout]    5:     0x5a55267e36b3 - core::fmt::write::h2cc1698af7e2d686
[INFO] [stdout]                                at /rustc/6067b36314ab5eb2eb47cecc464545ba58e1ad24/library/core/src/fmt/mod.rs:1440:21
[INFO] [stdout]    6:     0x5a55267b6f63 - std::io::Write::write_fmt::hab1b4cd059a79022
[INFO] [stdout]                                at /rustc/6067b36314ab5eb2eb47cecc464545ba58e1ad24/library/std/src/io/mod.rs:1887:15
[INFO] [stdout]    7:     0x5a55267ba262 - std::sys::backtrace::BacktraceLock::print::h147fe35b4ea13b08
[INFO] [stdout]                                at /rustc/6067b36314ab5eb2eb47cecc464545ba58e1ad24/library/std/src/sys/backtrace.rs:42:9
[INFO] [stdout]    8:     0x5a55267bb83f - std::panicking::default_hook::{{closure}}::hbd44223dbdc0d208
[INFO] [stdout]                                at /rustc/6067b36314ab5eb2eb47cecc464545ba58e1ad24/library/std/src/panicking.rs:298:22
[INFO] [stdout]    9:     0x5a55267bb658 - std::panicking::default_hook::h20f81eb0576efcec
[INFO] [stdout]                                at /rustc/6067b36314ab5eb2eb47cecc464545ba58e1ad24/library/std/src/panicking.rs:322:9
[INFO] [stdout]   10:     0x5a552663f9f3 - <alloc::boxed::Box<F,A> as core::ops::function::Fn<Args>>::call::hdb53814c496a4d34
[INFO] [stdout]                                at /rustc/6067b36314ab5eb2eb47cecc464545ba58e1ad24/library/alloc/src/boxed.rs:2027:9
[INFO] [stdout]   11:     0x5a552663f9f3 - test::test_main::{{closure}}::hc0a4963c59427c24
[INFO] [stdout]                                at /rustc/6067b36314ab5eb2eb47cecc464545ba58e1ad24/library/test/src/lib.rs:134:21
[INFO] [stdout]   12:     0x5a55267bc333 - <alloc::boxed::Box<F,A> as core::ops::function::Fn<Args>>::call::h591b2225413a77e9
[INFO] [stdout]                                at /rustc/6067b36314ab5eb2eb47cecc464545ba58e1ad24/library/alloc/src/boxed.rs:2027:9
[INFO] [stdout]   13:     0x5a55267bc333 - std::panicking::rust_panic_with_hook::h625eea43051b2edc
[INFO] [stdout]                                at /rustc/6067b36314ab5eb2eb47cecc464545ba58e1ad24/library/std/src/panicking.rs:839:13
[INFO] [stdout]   14:     0x5a55267bbfea - std::panicking::begin_panic_handler::{{closure}}::h4f9159cfbc3f6bd3
[INFO] [stdout]                                at /rustc/6067b36314ab5eb2eb47cecc464545ba58e1ad24/library/std/src/panicking.rs:704:13
[INFO] [stdout]   15:     0x5a55267ba919 - std::sys::backtrace::__rust_end_short_backtrace::h0390abce48353151
[INFO] [stdout]                                at /rustc/6067b36314ab5eb2eb47cecc464545ba58e1ad24/library/std/src/sys/backtrace.rs:168:18
[INFO] [stdout]   16:     0x5a55267bbc7d - rust_begin_unwind
[INFO] [stdout]                                at /rustc/6067b36314ab5eb2eb47cecc464545ba58e1ad24/library/std/src/panicking.rs:695:5
[INFO] [stdout]   17:     0x5a55267e19d0 - core::panicking::panic_fmt::h9e7c637e9e5f29c9
[INFO] [stdout]                                at /rustc/6067b36314ab5eb2eb47cecc464545ba58e1ad24/library/core/src/panicking.rs:75:14
[INFO] [stdout]   18:     0x5a55267e1dc2 - core::panicking::assert_failed_inner::h538bec7c1374cd9c
[INFO] [stdout]   19:     0x5a55265eb8b1 - core::panicking::assert_failed::h5bf4dc151b233c1d
[INFO] [stdout]                                at /rustc/6067b36314ab5eb2eb47cecc464545ba58e1ad24/library/core/src/panicking.rs:364:5
[INFO] [stdout]   20:     0x5a55265f2e73 - near_sdk_pure_core::code_generator::item_trait_info::tests::standard::h99d76a9666f3abc1
[INFO] [stdout]                                at /opt/rustwide/workdir/near-sdk-pure-core/src/code_generator/item_trait_info.rs:90:9
[INFO] [stdout]   21:     0x5a55265f02b7 - near_sdk_pure_core::code_generator::item_trait_info::tests::standard::{{closure}}::h61e186cb1a40c58c
[INFO] [stdout]                                at /opt/rustwide/workdir/near-sdk-pure-core/src/code_generator/item_trait_info.rs:33:18
[INFO] [stdout]   22:     0x5a55265f4156 - core::ops::function::FnOnce::call_once::h0f76184e70316171
[INFO] [stdout]                                at /rustc/6067b36314ab5eb2eb47cecc464545ba58e1ad24/library/core/src/ops/function.rs:250:5
[INFO] [stdout]   23:     0x5a552664514b - core::ops::function::FnOnce::call_once::he27718dfdd183f43
[INFO] [stdout]                                at /rustc/6067b36314ab5eb2eb47cecc464545ba58e1ad24/library/core/src/ops/function.rs:250:5
[INFO] [stdout]   24:     0x5a552664514b - test::__rust_begin_short_backtrace::h4e84902998457a5d
[INFO] [stdout]                                at /rustc/6067b36314ab5eb2eb47cecc464545ba58e1ad24/library/test/src/lib.rs:632:18
[INFO] [stdout]   25:     0x5a5526644083 - test::run_test_in_process::{{closure}}::h7176fd18fc1feca0
[INFO] [stdout]                                at /rustc/6067b36314ab5eb2eb47cecc464545ba58e1ad24/library/test/src/lib.rs:655:60
[INFO] [stdout]   26:     0x5a5526644083 - <core::panic::unwind_safe::AssertUnwindSafe<F> as core::ops::function::FnOnce<()>>::call_once::hf79cff2a624d8cf7
[INFO] [stdout]                                at /rustc/6067b36314ab5eb2eb47cecc464545ba58e1ad24/library/core/src/panic/unwind_safe.rs:272:9
[INFO] [stdout]   27:     0x5a5526644083 - std::panicking::try::do_call::h3da0561d9ab99c25
[INFO] [stdout]                                at /rustc/6067b36314ab5eb2eb47cecc464545ba58e1ad24/library/std/src/panicking.rs:587:40
[INFO] [stdout]   28:     0x5a5526644083 - std::panicking::try::h41c9fa508bc61df6
[INFO] [stdout]                                at /rustc/6067b36314ab5eb2eb47cecc464545ba58e1ad24/library/std/src/panicking.rs:550:19
[INFO] [stdout]   29:     0x5a5526644083 - std::panic::catch_unwind::h6b3ff07bb5afad93
[INFO] [stdout]                                at /rustc/6067b36314ab5eb2eb47cecc464545ba58e1ad24/library/std/src/panic.rs:358:14
[INFO] [stdout]   30:     0x5a5526644083 - test::run_test_in_process::hc7253dd11b39b9f4
[INFO] [stdout]                                at /rustc/6067b36314ab5eb2eb47cecc464545ba58e1ad24/library/test/src/lib.rs:655:27
[INFO] [stdout]   31:     0x5a5526644083 - test::run_test::{{closure}}::hfb2007f8649c30bb
[INFO] [stdout]                                at /rustc/6067b36314ab5eb2eb47cecc464545ba58e1ad24/library/test/src/lib.rs:576:43
[INFO] [stdout]   32:     0x5a5526607165 - test::run_test::{{closure}}::h56a17aa7a282a9f4
[INFO] [stdout]                                at /rustc/6067b36314ab5eb2eb47cecc464545ba58e1ad24/library/test/src/lib.rs:606:41
[INFO] [stdout]   33:     0x5a5526607165 - std::sys::backtrace::__rust_begin_short_backtrace::hd2d2d2fb8e8c6aac
[INFO] [stdout]                                at /rustc/6067b36314ab5eb2eb47cecc464545ba58e1ad24/library/std/src/sys/backtrace.rs:152:18
[INFO] [stdout]   34:     0x5a552660aa4a - std::thread::Builder::spawn_unchecked_::{{closure}}::{{closure}}::h4faa3f9db6133423
[INFO] [stdout]                                at /rustc/6067b36314ab5eb2eb47cecc464545ba58e1ad24/library/std/src/thread/mod.rs:559:17
[INFO] [stdout]   35:     0x5a552660aa4a - <core::panic::unwind_safe::AssertUnwindSafe<F> as core::ops::function::FnOnce<()>>::call_once::hf2e855a36a4ea846
[INFO] [stdout]                                at /rustc/6067b36314ab5eb2eb47cecc464545ba58e1ad24/library/core/src/panic/unwind_safe.rs:272:9
[INFO] [stdout]   36:     0x5a552660aa4a - std::panicking::try::do_call::h2f73af3616c35465
[INFO] [stdout]                                at /rustc/6067b36314ab5eb2eb47cecc464545ba58e1ad24/library/std/src/panicking.rs:587:40
[INFO] [stdout]   37:     0x5a552660aa4a - std::panicking::try::hd1660ce9efadef5a
[INFO] [stdout]                                at /rustc/6067b36314ab5eb2eb47cecc464545ba58e1ad24/library/std/src/panicking.rs:550:19
[INFO] [stdout]   38:     0x5a552660aa4a - std::panic::catch_unwind::h5ee8d7823b8ca744
[INFO] [stdout]                                at /rustc/6067b36314ab5eb2eb47cecc464545ba58e1ad24/library/std/src/panic.rs:358:14
[INFO] [stdout]   39:     0x5a552660aa4a - std::thread::Builder::spawn_unchecked_::{{closure}}::h53c3a1894dce8407
[INFO] [stdout]                                at /rustc/6067b36314ab5eb2eb47cecc464545ba58e1ad24/library/std/src/thread/mod.rs:557:30
[INFO] [stdout]   40:     0x5a552660aa4a - core::ops::function::FnOnce::call_once{{vtable.shim}}::h048ce291ad4f62bf
[INFO] [stdout]                                at /rustc/6067b36314ab5eb2eb47cecc464545ba58e1ad24/library/core/src/ops/function.rs:250:5
[INFO] [stdout]   41:     0x5a55267c036b - <alloc::boxed::Box<F,A> as core::ops::function::FnOnce<Args>>::call_once::ha52bedf99a3b4981
[INFO] [stdout]                                at /rustc/6067b36314ab5eb2eb47cecc464545ba58e1ad24/library/alloc/src/boxed.rs:2013:9
[INFO] [stdout]   42:     0x5a55267c036b - <alloc::boxed::Box<F,A> as core::ops::function::FnOnce<Args>>::call_once::h567748934d80ccf8
[INFO] [stdout]                                at /rustc/6067b36314ab5eb2eb47cecc464545ba58e1ad24/library/alloc/src/boxed.rs:2013:9
[INFO] [stdout]   43:     0x5a55267c036b - std::sys::pal::unix::thread::Thread::new::thread_start::h2d970728ae887adc
[INFO] [stdout]                                at /rustc/6067b36314ab5eb2eb47cecc464545ba58e1ad24/library/std/src/sys/pal/unix/thread.rs:106:17
[INFO] [stdout]   44:     0x771712c45ac3 - <unknown>
[INFO] [stdout]   45:     0x771712cd6a04 - clone
[INFO] [stdout]   46:                0x0 - <unknown>
[INFO] [stdout] 
[INFO] [stdout] 
[INFO] [stdout] failures:
[INFO] [stdout]     code_generator::item_trait_info::tests::standard
[INFO] [stdout] 
[INFO] [stdout] test result: FAILED. 20 passed; 1 failed; 0 ignored; 0 measured; 0 filtered out; finished in 0.02s
[INFO] [stdout] 
[INFO] [stderr] error: test failed, to rerun pass `-p near-sdk-pure-core --lib`
[INFO] running `Command { std: "docker" "inspect" "a4af066c2ecf37d9a78afc6ea840c03db83eed4f1c9125790c2221f732289243", kill_on_drop: false }`
[INFO] running `Command { std: "docker" "rm" "-f" "a4af066c2ecf37d9a78afc6ea840c03db83eed4f1c9125790c2221f732289243", kill_on_drop: false }`
[INFO] [stdout] a4af066c2ecf37d9a78afc6ea840c03db83eed4f1c9125790c2221f732289243
