[INFO] cloning repository https://github.com/smessmer/leptos_twelements
[INFO] running `Command { std: "git" "-c" "credential.helper=" "-c" "credential.helper=/workspace/cargo-home/bin/git-credential-null" "clone" "--bare" "https://github.com/smessmer/leptos_twelements" "/workspace/cache/git-repos/https%3A%2F%2Fgithub.com%2Fsmessmer%2Fleptos_twelements", kill_on_drop: false }`
[INFO] [stderr] Cloning into bare repository '/workspace/cache/git-repos/https%3A%2F%2Fgithub.com%2Fsmessmer%2Fleptos_twelements'...
[INFO] running `Command { std: "git" "rev-parse" "HEAD", kill_on_drop: false }`
[INFO] [stdout] 5e18aea34efe1911e50eb5d98572d37c12b7888e
[INFO] testing smessmer/leptos_twelements against nightly-2025-01-18 for randomize-layout-2
[INFO] running `Command { std: "git" "clone" "/workspace/cache/git-repos/https%3A%2F%2Fgithub.com%2Fsmessmer%2Fleptos_twelements" "/workspace/builds/worker-1-tc1/source", kill_on_drop: false }`
[INFO] [stderr] Cloning into '/workspace/builds/worker-1-tc1/source'...
[INFO] [stderr] done.
[INFO] validating manifest of git repo https://github.com/smessmer/leptos_twelements on toolchain nightly-2025-01-18
[INFO] running `Command { std: CARGO_HOME="/workspace/cargo-home" RUSTUP_HOME="/workspace/rustup-home" "/workspace/cargo-home/bin/cargo" "+nightly-2025-01-18" "metadata" "--manifest-path" "Cargo.toml" "--no-deps", kill_on_drop: false }`
[INFO] removed /workspace/builds/worker-1-tc1/source/rust-toolchain.toml
[INFO] started tweaking git repo https://github.com/smessmer/leptos_twelements
[INFO] finished tweaking git repo https://github.com/smessmer/leptos_twelements
[INFO] tweaked toml for git repo https://github.com/smessmer/leptos_twelements written to /workspace/builds/worker-1-tc1/source/Cargo.toml
[INFO] crate git repo https://github.com/smessmer/leptos_twelements already has a lockfile, it will not be regenerated
[INFO] running `Command { std: CARGO_HOME="/workspace/cargo-home" RUSTUP_HOME="/workspace/rustup-home" "/workspace/cargo-home/bin/cargo" "+nightly-2025-01-18" "fetch" "--manifest-path" "Cargo.toml", kill_on_drop: false }`
[INFO] [stderr]     Updating crates.io index
[INFO] [stderr]  Downloading crates ...
[INFO] [stderr]   Downloaded typed-builder v0.16.0
[INFO] [stderr]   Downloaded serde-wasm-bindgen v0.6.0
[INFO] [stderr]   Downloaded server_fn_macro_default v0.5.0
[INFO] [stderr]   Downloaded server_fn v0.5.0
[INFO] [stderr]   Downloaded leptos v0.5.0
[INFO] [stderr]   Downloaded manyhow-macros v0.8.1
[INFO] [stderr]   Downloaded quote-use-macros v0.7.2
[INFO] [stderr]   Downloaded syn_derive v0.1.6
[INFO] [stderr]   Downloaded manyhow v0.8.1
[INFO] [stderr]   Downloaded leptos_dom v0.5.0
[INFO] [stderr]   Downloaded prettyplease v0.2.14
[INFO] [stderr]   Downloaded leptos_macro v0.5.0
[INFO] [stderr]   Downloaded leptos_reactive v0.5.0
[INFO] [stderr]   Downloaded leptos_hot_reload v0.5.0
[INFO] [stderr]   Downloaded leptos_server v0.5.0
[INFO] [stderr]   Downloaded derive-where v1.2.5
[INFO] [stderr]   Downloaded attribute-derive v0.8.1
[INFO] [stderr]   Downloaded self_cell v1.0.1
[INFO] [stderr]   Downloaded typed-builder-macro v0.16.0
[INFO] [stderr]   Downloaded leptos_meta v0.5.0
[INFO] [stderr]   Downloaded quote-use v0.7.2
[INFO] [stderr]   Downloaded attribute-derive-macro v0.8.1
[INFO] [stderr]   Downloaded server_fn_macro v0.5.0
[INFO] [stderr]   Downloaded leptos_config v0.5.0
[INFO] [stderr]   Downloaded inventory v0.3.12
[INFO] running `Command { std: "docker" "create" "-v" "/var/lib/crater-agent-workspace/builds/worker-1-tc1/target:/opt/rustwide/target:rw,Z" "-v" "/var/lib/crater-agent-workspace/builds/worker-1-tc1/source:/opt/rustwide/workdir:ro,Z" "-v" "/var/lib/crater-agent-workspace/cargo-home:/opt/rustwide/cargo-home:ro,Z" "-v" "/var/lib/crater-agent-workspace/rustup-home:/opt/rustwide/rustup-home:ro,Z" "-e" "SOURCE_DIR=/opt/rustwide/workdir" "-e" "CARGO_TARGET_DIR=/opt/rustwide/target" "-e" "CARGO_HOME=/opt/rustwide/cargo-home" "-e" "RUSTUP_HOME=/opt/rustwide/rustup-home" "-w" "/opt/rustwide/workdir" "-m" "1610612736" "--user" "0:0" "--network" "none" "ghcr.io/rust-lang/crates-build-env/linux@sha256:819108c5571ea2e421544af4d832f968d213c87fbe3707a016657f43d2f853bc" "/opt/rustwide/cargo-home/bin/cargo" "+nightly-2025-01-18" "metadata" "--no-deps" "--format-version=1", kill_on_drop: false }`
[INFO] [stdout] da8a542df1e52be97caf9c6b05edd08432bf2d9bb476930788bd9214019ce71d
[INFO] running `Command { std: "docker" "start" "-a" "da8a542df1e52be97caf9c6b05edd08432bf2d9bb476930788bd9214019ce71d", kill_on_drop: false }`
[INFO] running `Command { std: "docker" "inspect" "da8a542df1e52be97caf9c6b05edd08432bf2d9bb476930788bd9214019ce71d", kill_on_drop: false }`
[INFO] running `Command { std: "docker" "rm" "-f" "da8a542df1e52be97caf9c6b05edd08432bf2d9bb476930788bd9214019ce71d", kill_on_drop: false }`
[INFO] [stdout] da8a542df1e52be97caf9c6b05edd08432bf2d9bb476930788bd9214019ce71d
[INFO] running `Command { std: "docker" "create" "-v" "/var/lib/crater-agent-workspace/builds/worker-1-tc1/target:/opt/rustwide/target:rw,Z" "-v" "/var/lib/crater-agent-workspace/builds/worker-1-tc1/source:/opt/rustwide/workdir:ro,Z" "-v" "/var/lib/crater-agent-workspace/cargo-home:/opt/rustwide/cargo-home:ro,Z" "-v" "/var/lib/crater-agent-workspace/rustup-home:/opt/rustwide/rustup-home:ro,Z" "-e" "SOURCE_DIR=/opt/rustwide/workdir" "-e" "CARGO_TARGET_DIR=/opt/rustwide/target" "-e" "CARGO_INCREMENTAL=0" "-e" "RUST_BACKTRACE=full" "-e" "RUSTFLAGS=--cap-lints=forbid" "-e" "RUSTDOCFLAGS=--cap-lints=forbid" "-e" "CARGO_HOME=/opt/rustwide/cargo-home" "-e" "RUSTUP_HOME=/opt/rustwide/rustup-home" "-w" "/opt/rustwide/workdir" "-m" "1610612736" "--user" "0:0" "--network" "none" "ghcr.io/rust-lang/crates-build-env/linux@sha256:819108c5571ea2e421544af4d832f968d213c87fbe3707a016657f43d2f853bc" "/opt/rustwide/cargo-home/bin/cargo" "+nightly-2025-01-18" "build" "--frozen" "--message-format=json", kill_on_drop: false }`
[INFO] [stdout] 099bb70b76b28c9549c8f20076311fd47c609b5bb8d35279b4fcaf741fdf390f
[INFO] running `Command { std: "docker" "start" "-a" "099bb70b76b28c9549c8f20076311fd47c609b5bb8d35279b4fcaf741fdf390f", kill_on_drop: false }`
[INFO] [stderr]    Compiling unicode-ident v1.0.11
[INFO] [stderr]    Compiling proc-macro2 v1.0.66
[INFO] [stderr]    Compiling libc v0.2.147
[INFO] [stderr]    Compiling serde v1.0.188
[INFO] [stderr]    Compiling memchr v2.6.3
[INFO] [stderr]    Compiling pin-project-lite v0.2.13
[INFO] [stderr]    Compiling wasm-bindgen-shared v0.2.87
[INFO] [stderr]    Compiling syn v1.0.109
[INFO] [stderr]    Compiling bumpalo v3.13.0
[INFO] [stderr]    Compiling thiserror v1.0.48
[INFO] [stderr]    Compiling wasm-bindgen v0.2.87
[INFO] [stderr]    Compiling smallvec v1.11.0
[INFO] [stderr]    Compiling unicode-xid v0.2.4
[INFO] [stderr]    Compiling proc-macro2-diagnostics v0.10.1
[INFO] [stderr]    Compiling xxhash-rust v0.8.6
[INFO] [stderr]    Compiling hashbrown v0.14.0
[INFO] [stderr]    Compiling serde_json v1.0.105
[INFO] [stderr]    Compiling parking_lot_core v0.9.8
[INFO] [stderr]    Compiling http-body v0.4.5
[INFO] [stderr]    Compiling lock_api v0.4.10
[INFO] [stderr]    Compiling slotmap v1.0.6
[INFO] [stderr]    Compiling yansi v1.0.0-rc.1
[INFO] [stderr]    Compiling ciborium-io v0.2.1
[INFO] [stderr]    Compiling half v1.8.2
[INFO] [stderr]    Compiling camino v1.1.6
[INFO] [stderr]    Compiling scopeguard v1.2.0
[INFO] [stderr]    Compiling anyhow v1.0.75
[INFO] [stderr]    Compiling either v1.9.0
[INFO] [stderr]    Compiling url v2.4.1
[INFO] [stderr]    Compiling utf8-width v0.1.6
[INFO] [stderr]    Compiling interpolator v0.5.0
[INFO] [stderr]    Compiling same-file v1.0.6
[INFO] [stderr]    Compiling prettyplease v0.2.14
[INFO] [stderr]    Compiling collection_literals v1.0.1
[INFO] [stderr]    Compiling ciborium-ll v0.2.1
[INFO] [stderr]    Compiling html-escape v0.2.13
[INFO] [stderr]    Compiling minimal-lexical v0.2.1
[INFO] [stderr]    Compiling quote v1.0.33
[INFO] [stderr]    Compiling walkdir v2.3.3
[INFO] [stderr]    Compiling paste v1.0.14
[INFO] [stderr]    Compiling self_cell v1.0.1
[INFO] [stderr]    Compiling rustc-hash v1.1.0
[INFO] [stderr]    Compiling regex-syntax v0.7.5
[INFO] [stderr]    Compiling unicode-segmentation v1.10.1
[INFO] [stderr]    Compiling itertools v0.11.0
[INFO] [stderr]    Compiling pathdiff v0.2.1
[INFO] [stderr]    Compiling syn v2.0.31
[INFO] [stderr]    Compiling indexmap v2.0.0
[INFO] [stderr]    Compiling itertools v0.10.5
[INFO] [stderr]    Compiling pad-adapter v0.1.1
[INFO] [stderr]    Compiling aho-corasick v1.0.5
[INFO] [stderr]    Compiling nom v7.1.3
[INFO] [stderr]    Compiling drain_filter_polyfill v0.1.3
[INFO] [stderr]    Compiling inventory v0.3.12
[INFO] [stderr]    Compiling convert_case v0.6.0
[INFO] [stderr]    Compiling socket2 v0.5.3
[INFO] [stderr]    Compiling mio v0.8.8
[INFO] [stderr]    Compiling socket2 v0.4.9
[INFO] [stderr]    Compiling getrandom v0.2.10
[INFO] [stderr]    Compiling proc-macro-utils v0.8.0
[INFO] [stderr]    Compiling parking_lot v0.12.1
[INFO] [stderr]    Compiling uuid v1.4.1
[INFO] [stderr]    Compiling proc-macro-error-attr v1.0.4
[INFO] [stderr]    Compiling tokio v1.32.0
[INFO] [stderr]    Compiling proc-macro-error v1.0.4
[INFO] [stderr]    Compiling const_format_proc_macros v0.2.31
[INFO] [stderr]    Compiling manyhow-macros v0.8.1
[INFO] [stderr]    Compiling const_format v0.2.31
[INFO] [stderr]    Compiling regex-automata v0.3.8
[INFO] [stderr]    Compiling wasm-bindgen-backend v0.2.87
[INFO] [stderr]    Compiling manyhow v0.8.1
[INFO] [stderr]    Compiling regex v1.9.5
[INFO] [stderr]    Compiling serde_derive v1.0.188
[INFO] [stderr]    Compiling futures-macro v0.3.28
[INFO] [stderr]    Compiling thiserror-impl v1.0.48
[INFO] [stderr]    Compiling tracing-attributes v0.1.26
[INFO] [stderr]    Compiling derive-where v1.2.5
[INFO] [stderr]    Compiling pin-project-internal v1.1.3
[INFO] [stderr]    Compiling syn_derive v0.1.6
[INFO] [stderr]    Compiling async-trait v0.1.73
[INFO] [stderr]    Compiling typed-builder-macro v0.16.0
[INFO] [stderr]    Compiling async-recursion v1.0.5
[INFO] [stderr]    Compiling wasm-bindgen-macro-support v0.2.87
[INFO] [stderr]    Compiling futures-util v0.3.28
[INFO] [stderr]    Compiling quote-use-macros v0.7.2
[INFO] [stderr]    Compiling pin-project v1.1.3
[INFO] [stderr]    Compiling typed-builder v0.16.0
[INFO] [stderr]    Compiling wasm-bindgen-macro v0.2.87
[INFO] [stderr]    Compiling tracing v0.1.37
[INFO] [stderr]    Compiling rstml v0.11.2
[INFO] [stderr]    Compiling tokio-util v0.7.8
[INFO] [stderr]    Compiling quote-use v0.7.2
[INFO] [stderr]    Compiling attribute-derive-macro v0.8.1
[INFO] [stderr]    Compiling js-sys v0.3.64
[INFO] [stderr]    Compiling attribute-derive v0.8.1
[INFO] [stderr]    Compiling h2 v0.3.21
[INFO] [stderr]    Compiling futures-executor v0.3.28
[INFO] [stderr]    Compiling futures v0.3.28
[INFO] [stderr]    Compiling web-sys v0.3.64
[INFO] [stderr]    Compiling wasm-bindgen-futures v0.4.37
[INFO] [stderr]    Compiling serde_urlencoded v0.7.1
[INFO] [stderr]    Compiling serde-wasm-bindgen v0.5.0
[INFO] [stderr]    Compiling serde_qs v0.12.0
[INFO] [stderr]    Compiling ciborium v0.2.1
[INFO] [stderr]    Compiling toml v0.5.11
[INFO] [stderr]    Compiling serde-wasm-bindgen v0.6.0
[INFO] [stderr]    Compiling server_fn_macro v0.5.0
[INFO] [stderr]    Compiling leptos_hot_reload v0.5.0
[INFO] [stderr]    Compiling server_fn_macro_default v0.5.0
[INFO] [stderr]    Compiling leptos_macro v0.5.0
[INFO] [stderr]    Compiling hyper v0.14.27
[INFO] [stderr]    Compiling leptos_reactive v0.5.0
[INFO] [stderr]    Compiling config v0.13.3
[INFO] [stderr]    Compiling leptos_config v0.5.0
[INFO] [stderr]    Compiling reqwest v0.11.20
[INFO] [stderr]    Compiling server_fn v0.5.0
[INFO] [stderr]    Compiling leptos_server v0.5.0
[INFO] [stderr]    Compiling leptos_dom v0.5.0
[INFO] [stderr]    Compiling leptos v0.5.0
[INFO] [stderr]    Compiling leptos_meta v0.5.0
[INFO] [stderr]    Compiling leptos_twelements v0.0.7 (/opt/rustwide/workdir)
[INFO] [stderr]     Finished `dev` profile [unoptimized + debuginfo] target(s) in 57.41s
[INFO] [stderr] warning: the following packages contain code that will be rejected by a future version of Rust: wasm-bindgen v0.2.87
[INFO] [stderr] note: to see what the problems were, use the option `--future-incompat-report`, or run `cargo report future-incompatibilities --id 1`
[INFO] running `Command { std: "docker" "inspect" "099bb70b76b28c9549c8f20076311fd47c609b5bb8d35279b4fcaf741fdf390f", kill_on_drop: false }`
[INFO] running `Command { std: "docker" "rm" "-f" "099bb70b76b28c9549c8f20076311fd47c609b5bb8d35279b4fcaf741fdf390f", kill_on_drop: false }`
[INFO] [stdout] 099bb70b76b28c9549c8f20076311fd47c609b5bb8d35279b4fcaf741fdf390f
[INFO] running `Command { std: "docker" "create" "-v" "/var/lib/crater-agent-workspace/builds/worker-1-tc1/target:/opt/rustwide/target:rw,Z" "-v" "/var/lib/crater-agent-workspace/builds/worker-1-tc1/source:/opt/rustwide/workdir:ro,Z" "-v" "/var/lib/crater-agent-workspace/cargo-home:/opt/rustwide/cargo-home:ro,Z" "-v" "/var/lib/crater-agent-workspace/rustup-home:/opt/rustwide/rustup-home:ro,Z" "-e" "SOURCE_DIR=/opt/rustwide/workdir" "-e" "CARGO_TARGET_DIR=/opt/rustwide/target" "-e" "CARGO_INCREMENTAL=0" "-e" "RUST_BACKTRACE=full" "-e" "RUSTFLAGS=--cap-lints=forbid" "-e" "RUSTDOCFLAGS=--cap-lints=forbid" "-e" "CARGO_HOME=/opt/rustwide/cargo-home" "-e" "RUSTUP_HOME=/opt/rustwide/rustup-home" "-w" "/opt/rustwide/workdir" "-m" "1610612736" "--user" "0:0" "--network" "none" "ghcr.io/rust-lang/crates-build-env/linux@sha256:819108c5571ea2e421544af4d832f968d213c87fbe3707a016657f43d2f853bc" "/opt/rustwide/cargo-home/bin/cargo" "+nightly-2025-01-18" "test" "--frozen" "--no-run" "--message-format=json", kill_on_drop: false }`
[INFO] [stdout] 6d153bfcd1b5d43721f28b6c5e0b47718d66a7cf2efc68516842573604b7479a
[INFO] running `Command { std: "docker" "start" "-a" "6d153bfcd1b5d43721f28b6c5e0b47718d66a7cf2efc68516842573604b7479a", kill_on_drop: false }`
[INFO] [stderr]    Compiling leptos_twelements v0.0.7 (/opt/rustwide/workdir)
[INFO] [stderr]     Finished `test` profile [unoptimized + debuginfo] target(s) in 2.25s
[INFO] [stderr] warning: the following packages contain code that will be rejected by a future version of Rust: wasm-bindgen v0.2.87
[INFO] [stderr] note: to see what the problems were, use the option `--future-incompat-report`, or run `cargo report future-incompatibilities --id 1`
[INFO] running `Command { std: "docker" "inspect" "6d153bfcd1b5d43721f28b6c5e0b47718d66a7cf2efc68516842573604b7479a", kill_on_drop: false }`
[INFO] running `Command { std: "docker" "rm" "-f" "6d153bfcd1b5d43721f28b6c5e0b47718d66a7cf2efc68516842573604b7479a", kill_on_drop: false }`
[INFO] [stdout] 6d153bfcd1b5d43721f28b6c5e0b47718d66a7cf2efc68516842573604b7479a
[INFO] running `Command { std: "docker" "create" "-v" "/var/lib/crater-agent-workspace/builds/worker-1-tc1/target:/opt/rustwide/target:rw,Z" "-v" "/var/lib/crater-agent-workspace/builds/worker-1-tc1/source:/opt/rustwide/workdir:ro,Z" "-v" "/var/lib/crater-agent-workspace/cargo-home:/opt/rustwide/cargo-home:ro,Z" "-v" "/var/lib/crater-agent-workspace/rustup-home:/opt/rustwide/rustup-home:ro,Z" "-e" "SOURCE_DIR=/opt/rustwide/workdir" "-e" "CARGO_TARGET_DIR=/opt/rustwide/target" "-e" "CARGO_INCREMENTAL=0" "-e" "RUST_BACKTRACE=full" "-e" "RUSTFLAGS=--cap-lints=forbid" "-e" "RUSTDOCFLAGS=--cap-lints=forbid" "-e" "CARGO_HOME=/opt/rustwide/cargo-home" "-e" "RUSTUP_HOME=/opt/rustwide/rustup-home" "-w" "/opt/rustwide/workdir" "-m" "1610612736" "--user" "0:0" "--network" "none" "ghcr.io/rust-lang/crates-build-env/linux@sha256:819108c5571ea2e421544af4d832f968d213c87fbe3707a016657f43d2f853bc" "/opt/rustwide/cargo-home/bin/cargo" "+nightly-2025-01-18" "test" "--frozen", kill_on_drop: false }`
[INFO] [stdout] 925d0b27e7153ae47aa574a98d715c509973910d89951d3560a40658c2c915ef
[INFO] running `Command { std: "docker" "start" "-a" "925d0b27e7153ae47aa574a98d715c509973910d89951d3560a40658c2c915ef", kill_on_drop: false }`
[INFO] [stderr]     Finished `test` profile [unoptimized + debuginfo] target(s) in 0.21s
[INFO] [stderr] warning: the following packages contain code that will be rejected by a future version of Rust: wasm-bindgen v0.2.87
[INFO] [stderr] note: to see what the problems were, use the option `--future-incompat-report`, or run `cargo report future-incompatibilities --id 1`
[INFO] [stderr]      Running unittests src/lib.rs (/opt/rustwide/target/debug/deps/leptos_twelements-00f7e28b2d671dde)
[INFO] [stdout] 
[INFO] [stdout] running 0 tests
[INFO] [stdout] 
[INFO] [stdout] test result: ok. 0 passed; 0 failed; 0 ignored; 0 measured; 0 filtered out; finished in 0.00s
[INFO] [stdout] 
[INFO] [stderr]    Doc-tests leptos_twelements
[INFO] [stdout] 
[INFO] [stdout] running 3 tests
[INFO] [stdout] test src/utils.rs - utils::HtmlElementAttributeExt::attr_valueless (line 11) ... FAILED
[INFO] [stdout] test src/utils.rs - utils::HtmlElementAttributeExt::attr_valueless (line 19) ... FAILED
[INFO] [stdout] test src/methods/ripple.rs - methods::ripple::Ripple::apply (line 48) ... FAILED
[INFO] [stdout] 
[INFO] [stdout] failures:
[INFO] [stdout] 
[INFO] [stdout] ---- src/utils.rs - utils::HtmlElementAttributeExt::attr_valueless (line 11) stdout ----
[INFO] [stdout] error[E0425]: cannot find function `button` in this scope
[INFO] [stdout]  --> src/utils.rs:13:1
[INFO] [stdout]   |
[INFO] [stdout] 4 | button()
[INFO] [stdout]   | ^^^^^^ not found in this scope
[INFO] [stdout]   |
[INFO] [stdout] help: consider importing this function
[INFO] [stdout]   |
[INFO] [stdout] 2 + use leptos::html::button;
[INFO] [stdout]   |
[INFO] [stdout] 
[INFO] [stdout] error[E0425]: cannot find value `is_diabled` in this scope
[INFO] [stdout]  --> src/utils.rs:14:32
[INFO] [stdout]   |
[INFO] [stdout] 5 |    .attr_valueless("disabled", is_diabled)
[INFO] [stdout]   |                                ^^^^^^^^^^ help: a local variable with a similar name exists: `is_disabled`
[INFO] [stdout] 
[INFO] [stdout] error: aborting due to 2 previous errors
[INFO] [stdout] 
[INFO] [stdout] For more information about this error, try `rustc --explain E0425`.
[INFO] [stdout] Couldn't compile the test.
[INFO] [stdout] ---- src/utils.rs - utils::HtmlElementAttributeExt::attr_valueless (line 19) stdout ----
[INFO] [stdout] error[E0425]: cannot find function `create_signal` in this scope
[INFO] [stdout]  --> src/utils.rs:20:19
[INFO] [stdout]   |
[INFO] [stdout] 3 | let is_disabled = create_signal(cx, false);
[INFO] [stdout]   |                   ^^^^^^^^^^^^^ not found in this scope
[INFO] [stdout]   |
[INFO] [stdout] help: consider importing this function
[INFO] [stdout]   |
[INFO] [stdout] 2 + use leptos::create_signal;
[INFO] [stdout]   |
[INFO] [stdout] 
[INFO] [stdout] error[E0425]: cannot find value `cx` in this scope
[INFO] [stdout]  --> src/utils.rs:20:33
[INFO] [stdout]   |
[INFO] [stdout] 3 | let is_disabled = create_signal(cx, false);
[INFO] [stdout]   |                                 ^^ not found in this scope
[INFO] [stdout] 
[INFO] [stdout] error[E0425]: cannot find function `button` in this scope
[INFO] [stdout]  --> src/utils.rs:21:1
[INFO] [stdout]   |
[INFO] [stdout] 4 | button()
[INFO] [stdout]   | ^^^^^^ not found in this scope
[INFO] [stdout]   |
[INFO] [stdout] help: consider importing this function
[INFO] [stdout]   |
[INFO] [stdout] 2 + use leptos::html::button;
[INFO] [stdout]   |
[INFO] [stdout] 
[INFO] [stdout] error: aborting due to 3 previous errors
[INFO] [stdout] 
[INFO] [stdout] For more information about this error, try `rustc --explain E0425`.
[INFO] [stdout] Couldn't compile the test.
[INFO] [stdout] ---- src/methods/ripple.rs - methods::ripple::Ripple::apply (line 48) stdout ----
[INFO] [stdout] error: expected identifier, found keyword `ref`
[INFO] [stdout]   --> src/methods/ripple.rs:58:15
[INFO] [stdout]    |
[INFO] [stdout] 13 |       <Button ref=button_ref>{"Click me"}</Button>
[INFO] [stdout]    |               ^^^ expected identifier, found keyword
[INFO] [stdout]    |
[INFO] [stdout] help: escape `ref` to use it as an identifier
[INFO] [stdout]    |
[INFO] [stdout] 13 |       <Button r#ref=button_ref>{"Click me"}</Button>
[INFO] [stdout]    |               ++
[INFO] [stdout] 
[INFO] [stdout] error[E0423]: expected value, found struct `Button`
[INFO] [stdout]     --> src/methods/ripple.rs:58:8
[INFO] [stdout]      |
[INFO] [stdout] 8    |   #[component]
[INFO] [stdout]      |   ------------ similarly named function `MyButton` defined here
[INFO] [stdout] ...
[INFO] [stdout] 13   |         <Button ref=button_ref>{"Click me"}</Button>
[INFO] [stdout]      |          ^^^^^^
[INFO] [stdout]      |
[INFO] [stdout]     ::: /opt/rustwide/cargo-home/registry/src/index.crates.io-1949cf8c6b5b557f/leptos_dom-0.5.0/src/html.rs:1401:1
[INFO] [stdout]      |
[INFO] [stdout] 1401 | / generate_html_tags![
[INFO] [stdout] ...    |
[INFO] [stdout] 1690 | |   template HtmlTemplateElement,
[INFO] [stdout] 1691 | | ];
[INFO] [stdout]      | |_- `Button` defined here
[INFO] [stdout]      |
[INFO] [stdout] help: a function with a similar name exists
[INFO] [stdout]      |
[INFO] [stdout] 13   |       <MyButton ref=button_ref>{"Click me"}</Button>
[INFO] [stdout]      |        ~~~~~~~~
[INFO] [stdout] help: consider importing this function instead
[INFO] [stdout]      |
[INFO] [stdout] 2    + use leptos_twelements::components::Button;
[INFO] [stdout]      |
[INFO] [stdout] 
[INFO] [stdout] error[E0624]: associated function `apply` is private
[INFO] [stdout]   --> src/methods/ripple.rs:56:29
[INFO] [stdout]    |
[INFO] [stdout] 11 |      let button_ref = Ripple::apply(Some(ripple));
[INFO] [stdout]    |                               ^^^^^ private associated function
[INFO] [stdout]    |
[INFO] [stdout]   ::: /opt/rustwide/workdir/src/methods/ripple.rs:61:5
[INFO] [stdout]    |
[INFO] [stdout] 61 | /     pub(crate) fn apply<T: ElementDescriptor + Clone + 'static>(
[INFO] [stdout] 62 | |         element_ref: NodeRef<T>,
[INFO] [stdout] 63 | |         ripple: impl Into<MaybeSignal<Option<Ripple>>>,
[INFO] [stdout] 64 | |     ) {
[INFO] [stdout]    | |_____- private associated function defined here
[INFO] [stdout] 
[INFO] [stdout] error[E0061]: this function takes 2 arguments but 1 argument was supplied
[INFO] [stdout]   --> src/methods/ripple.rs:56:21
[INFO] [stdout]    |
[INFO] [stdout] 11 |    let button_ref = Ripple::apply(Some(ripple));
[INFO] [stdout]    |                     ^^^^^^^^^^^^^ ------------ argument #1 of type `NodeRef<_>` is missing
[INFO] [stdout]    |
[INFO] [stdout] note: associated function defined here
[INFO] [stdout]   --> /opt/rustwide/workdir/src/methods/ripple.rs:61:19
[INFO] [stdout]    |
[INFO] [stdout] 61 |     pub(crate) fn apply<T: ElementDescriptor + Clone + 'static>(
[INFO] [stdout]    |                   ^^^^^
[INFO] [stdout] help: provide the argument
[INFO] [stdout]    |
[INFO] [stdout] 11 |    let button_ref = Ripple::apply(/* element_ref */, Some(ripple));
[INFO] [stdout]    |                                  ~~~~~~~~~~~~~~~~~~~~~~~~~~~~~~~~~
[INFO] [stdout] 
[INFO] [stdout] error: aborting due to 4 previous errors
[INFO] [stdout] 
[INFO] [stdout] Some errors have detailed explanations: E0061, E0423, E0624.
[INFO] [stdout] For more information about an error, try `rustc --explain E0061`.
[INFO] [stdout] Couldn't compile the test.
[INFO] [stdout] 
[INFO] [stdout] failures:
[INFO] [stdout]     src/methods/ripple.rs - methods::ripple::Ripple::apply (line 48)
[INFO] [stdout]     src/utils.rs - utils::HtmlElementAttributeExt::attr_valueless (line 11)
[INFO] [stdout]     src/utils.rs - utils::HtmlElementAttributeExt::attr_valueless (line 19)
[INFO] [stdout] 
[INFO] [stdout] test result: FAILED. 0 passed; 3 failed; 0 ignored; 0 measured; 0 filtered out; finished in 0.24s
[INFO] [stdout] 
[INFO] [stderr] error: doctest failed, to rerun pass `--doc`
[INFO] running `Command { std: "docker" "inspect" "925d0b27e7153ae47aa574a98d715c509973910d89951d3560a40658c2c915ef", kill_on_drop: false }`
[INFO] running `Command { std: "docker" "rm" "-f" "925d0b27e7153ae47aa574a98d715c509973910d89951d3560a40658c2c915ef", kill_on_drop: false }`
[INFO] [stdout] 925d0b27e7153ae47aa574a98d715c509973910d89951d3560a40658c2c915ef
