[INFO] cloning repository https://github.com/sluongng/pbls
[INFO] running `Command { std: "git" "-c" "credential.helper=" "-c" "credential.helper=/workspace/cargo-home/bin/git-credential-null" "clone" "--bare" "https://github.com/sluongng/pbls" "/workspace/cache/git-repos/https%3A%2F%2Fgithub.com%2Fsluongng%2Fpbls", kill_on_drop: false }`
[INFO] [stderr] Cloning into bare repository '/workspace/cache/git-repos/https%3A%2F%2Fgithub.com%2Fsluongng%2Fpbls'...
[INFO] running `Command { std: "git" "rev-parse" "HEAD", kill_on_drop: false }`
[INFO] [stdout] c80e3b3b81d5723a98ad3d885cc8a26cfc2baf23
[INFO] testing sluongng/pbls against nightly-2025-01-18 for randomize-layout-2
[INFO] running `Command { std: "git" "clone" "/workspace/cache/git-repos/https%3A%2F%2Fgithub.com%2Fsluongng%2Fpbls" "/workspace/builds/worker-7-tc1/source", kill_on_drop: false }`
[INFO] [stderr] Cloning into '/workspace/builds/worker-7-tc1/source'...
[INFO] [stderr] done.
[INFO] validating manifest of git repo https://github.com/sluongng/pbls on toolchain nightly-2025-01-18
[INFO] running `Command { std: CARGO_HOME="/workspace/cargo-home" RUSTUP_HOME="/workspace/rustup-home" "/workspace/cargo-home/bin/cargo" "+nightly-2025-01-18" "metadata" "--manifest-path" "Cargo.toml" "--no-deps", kill_on_drop: false }`
[INFO] started tweaking git repo https://github.com/sluongng/pbls
[INFO] finished tweaking git repo https://github.com/sluongng/pbls
[INFO] tweaked toml for git repo https://github.com/sluongng/pbls written to /workspace/builds/worker-7-tc1/source/Cargo.toml
[INFO] crate git repo https://github.com/sluongng/pbls already has a lockfile, it will not be regenerated
[INFO] running `Command { std: CARGO_HOME="/workspace/cargo-home" RUSTUP_HOME="/workspace/rustup-home" "/workspace/cargo-home/bin/cargo" "+nightly-2025-01-18" "fetch" "--manifest-path" "Cargo.toml", kill_on_drop: false }`
[INFO] [stderr]     Updating git repository `https://github.com/sluongng/tree-sitter-protobuf`
[INFO] [stderr]     Blocking waiting for file lock on package cache
[INFO] [stderr]  Downloading crates ...
[INFO] [stderr]   Downloaded tree-sitter-language v0.1.0
[INFO] [stderr]   Downloaded tree-sitter v0.23.0
[INFO] [stderr]   Downloaded lsp-server v0.7.4
[INFO] [stderr]   Downloaded cc v1.1.23
[INFO] running `Command { std: "docker" "create" "-v" "/var/lib/crater-agent-workspace/builds/worker-7-tc1/target:/opt/rustwide/target:rw,Z" "-v" "/var/lib/crater-agent-workspace/builds/worker-7-tc1/source:/opt/rustwide/workdir:ro,Z" "-v" "/var/lib/crater-agent-workspace/cargo-home:/opt/rustwide/cargo-home:ro,Z" "-v" "/var/lib/crater-agent-workspace/rustup-home:/opt/rustwide/rustup-home:ro,Z" "-e" "SOURCE_DIR=/opt/rustwide/workdir" "-e" "CARGO_TARGET_DIR=/opt/rustwide/target" "-e" "CARGO_HOME=/opt/rustwide/cargo-home" "-e" "RUSTUP_HOME=/opt/rustwide/rustup-home" "-w" "/opt/rustwide/workdir" "-m" "1610612736" "--user" "0:0" "--network" "none" "ghcr.io/rust-lang/crates-build-env/linux@sha256:819108c5571ea2e421544af4d832f968d213c87fbe3707a016657f43d2f853bc" "/opt/rustwide/cargo-home/bin/cargo" "+nightly-2025-01-18" "metadata" "--no-deps" "--format-version=1", kill_on_drop: false }`
[INFO] [stdout] 1b658d184edd597d982f0fda01cf0a84af53d08ee4c30b9be369580b9b469850
[INFO] running `Command { std: "docker" "start" "-a" "1b658d184edd597d982f0fda01cf0a84af53d08ee4c30b9be369580b9b469850", kill_on_drop: false }`
[INFO] running `Command { std: "docker" "inspect" "1b658d184edd597d982f0fda01cf0a84af53d08ee4c30b9be369580b9b469850", kill_on_drop: false }`
[INFO] running `Command { std: "docker" "rm" "-f" "1b658d184edd597d982f0fda01cf0a84af53d08ee4c30b9be369580b9b469850", kill_on_drop: false }`
[INFO] [stdout] 1b658d184edd597d982f0fda01cf0a84af53d08ee4c30b9be369580b9b469850
[INFO] running `Command { std: "docker" "create" "-v" "/var/lib/crater-agent-workspace/builds/worker-7-tc1/target:/opt/rustwide/target:rw,Z" "-v" "/var/lib/crater-agent-workspace/builds/worker-7-tc1/source:/opt/rustwide/workdir:ro,Z" "-v" "/var/lib/crater-agent-workspace/cargo-home:/opt/rustwide/cargo-home:ro,Z" "-v" "/var/lib/crater-agent-workspace/rustup-home:/opt/rustwide/rustup-home:ro,Z" "-e" "SOURCE_DIR=/opt/rustwide/workdir" "-e" "CARGO_TARGET_DIR=/opt/rustwide/target" "-e" "CARGO_INCREMENTAL=0" "-e" "RUST_BACKTRACE=full" "-e" "RUSTFLAGS=--cap-lints=forbid" "-e" "RUSTDOCFLAGS=--cap-lints=forbid" "-e" "CARGO_HOME=/opt/rustwide/cargo-home" "-e" "RUSTUP_HOME=/opt/rustwide/rustup-home" "-w" "/opt/rustwide/workdir" "-m" "1610612736" "--user" "0:0" "--network" "none" "ghcr.io/rust-lang/crates-build-env/linux@sha256:819108c5571ea2e421544af4d832f968d213c87fbe3707a016657f43d2f853bc" "/opt/rustwide/cargo-home/bin/cargo" "+nightly-2025-01-18" "build" "--frozen" "--message-format=json", kill_on_drop: false }`
[INFO] [stdout] 83631b060deea89acfaa496d722d8bf493e714074aaa8fbbf6e34606f4a79b0f
[INFO] running `Command { std: "docker" "start" "-a" "83631b060deea89acfaa496d722d8bf493e714074aaa8fbbf6e34606f4a79b0f", kill_on_drop: false }`
[INFO] [stderr]    Compiling proc-macro2 v1.0.69
[INFO] [stderr]    Compiling unicode-ident v1.0.12
[INFO] [stderr]    Compiling serde v1.0.189
[INFO] [stderr]    Compiling shlex v1.3.0
[INFO] [stderr]    Compiling crossbeam-utils v0.8.16
[INFO] [stderr]    Compiling memchr v2.6.4
[INFO] [stderr]    Compiling serde_json v1.0.107
[INFO] [stderr]    Compiling itoa v1.0.9
[INFO] [stderr]    Compiling cc v1.1.23
[INFO] [stderr]    Compiling hashbrown v0.14.2
[INFO] [stderr]    Compiling equivalent v1.0.1
[INFO] [stderr]    Compiling ryu v1.0.15
[INFO] [stderr]    Compiling log v0.4.22
[INFO] [stderr]    Compiling cfg-if v1.0.0
[INFO] [stderr]    Compiling regex-syntax v0.8.5
[INFO] [stderr]    Compiling tree-sitter-language v0.1.0
[INFO] [stderr]    Compiling bitflags v1.3.2
[INFO] [stderr]    Compiling winnow v0.5.19
[INFO] [stderr]    Compiling fluent-uri v0.1.4
[INFO] [stderr]    Compiling quote v1.0.33
[INFO] [stderr]    Compiling aho-corasick v1.1.2
[INFO] [stderr]    Compiling indexmap v2.1.0
[INFO] [stderr]    Compiling crossbeam-channel v0.5.8
[INFO] [stderr]    Compiling syn v2.0.38
[INFO] [stderr]    Compiling env_filter v0.1.2
[INFO] [stderr]    Compiling tree-sitter-protobuf v0.0.1 (https://github.com/sluongng/tree-sitter-protobuf?rev=f90291422082f7e745710123cb4a70c1874dafb7#f9029142)
[INFO] [stderr]    Compiling tree-sitter v0.23.0
[INFO] [stderr]    Compiling same-file v1.0.6
[INFO] [stderr]    Compiling env_logger v0.11.5
[INFO] [stderr]    Compiling walkdir v2.4.0
[INFO] [stderr]    Compiling regex-automata v0.4.8
[INFO] [stderr]    Compiling serde_derive v1.0.189
[INFO] [stderr]    Compiling serde_repr v0.1.16
[INFO] [stderr]    Compiling regex v1.11.0
[INFO] [stderr]    Compiling serde_spanned v0.6.4
[INFO] [stderr]    Compiling toml_datetime v0.6.5
[INFO] [stderr]    Compiling toml_edit v0.20.7
[INFO] [stderr]    Compiling lsp-server v0.7.4
[INFO] [stderr]    Compiling lsp-types v0.97.0
[INFO] [stderr]    Compiling toml v0.8.6
[INFO] [stderr]    Compiling pbls v1.0.3 (/opt/rustwide/workdir)
[INFO] [stdout] warning: use of deprecated field `lsp_types::InitializeParams::root_uri`: Use `workspace_folders` instead when possible
[INFO] [stdout]    --> src/lib.rs:254:16
[INFO] [stdout]     |
[INFO] [stdout] 254 |       let root = params
[INFO] [stdout]     |  ________________^
[INFO] [stdout] 255 | |         .root_uri
[INFO] [stdout]     | |_________________^
[INFO] [stdout]     |
[INFO] [stdout]     = note: `#[warn(deprecated)]` on by default
[INFO] [stdout] 
[INFO] [stdout] 
[INFO] [stderr]     Finished `dev` profile [unoptimized + debuginfo] target(s) in 1m 00s
[INFO] running `Command { std: "docker" "inspect" "83631b060deea89acfaa496d722d8bf493e714074aaa8fbbf6e34606f4a79b0f", kill_on_drop: false }`
[INFO] running `Command { std: "docker" "rm" "-f" "83631b060deea89acfaa496d722d8bf493e714074aaa8fbbf6e34606f4a79b0f", kill_on_drop: false }`
[INFO] [stdout] 83631b060deea89acfaa496d722d8bf493e714074aaa8fbbf6e34606f4a79b0f
[INFO] running `Command { std: "docker" "create" "-v" "/var/lib/crater-agent-workspace/builds/worker-7-tc1/target:/opt/rustwide/target:rw,Z" "-v" "/var/lib/crater-agent-workspace/builds/worker-7-tc1/source:/opt/rustwide/workdir:ro,Z" "-v" "/var/lib/crater-agent-workspace/cargo-home:/opt/rustwide/cargo-home:ro,Z" "-v" "/var/lib/crater-agent-workspace/rustup-home:/opt/rustwide/rustup-home:ro,Z" "-e" "SOURCE_DIR=/opt/rustwide/workdir" "-e" "CARGO_TARGET_DIR=/opt/rustwide/target" "-e" "CARGO_INCREMENTAL=0" "-e" "RUST_BACKTRACE=full" "-e" "RUSTFLAGS=--cap-lints=forbid" "-e" "RUSTDOCFLAGS=--cap-lints=forbid" "-e" "CARGO_HOME=/opt/rustwide/cargo-home" "-e" "RUSTUP_HOME=/opt/rustwide/rustup-home" "-w" "/opt/rustwide/workdir" "-m" "1610612736" "--user" "0:0" "--network" "none" "ghcr.io/rust-lang/crates-build-env/linux@sha256:819108c5571ea2e421544af4d832f968d213c87fbe3707a016657f43d2f853bc" "/opt/rustwide/cargo-home/bin/cargo" "+nightly-2025-01-18" "test" "--frozen" "--no-run" "--message-format=json", kill_on_drop: false }`
[INFO] [stdout] 436742af197cd18ff42ca16f23a0d7ff295360acdc3e650624f6830cf7acdf16
[INFO] running `Command { std: "docker" "start" "-a" "436742af197cd18ff42ca16f23a0d7ff295360acdc3e650624f6830cf7acdf16", kill_on_drop: false }`
[INFO] [stderr]    Compiling rustix v0.38.21
[INFO] [stderr]    Compiling linux-raw-sys v0.4.10
[INFO] [stderr]    Compiling bitflags v2.4.1
[INFO] [stderr]    Compiling yansi v0.5.1
[INFO] [stderr]    Compiling diff v0.1.13
[INFO] [stderr]    Compiling fastrand v2.0.1
[INFO] [stdout] warning: use of deprecated field `lsp_types::InitializeParams::root_uri`: Use `workspace_folders` instead when possible
[INFO] [stdout]    --> src/lib.rs:254:16
[INFO] [stdout]     |
[INFO] [stdout] 254 |       let root = params
[INFO] [stdout]     |  ________________^
[INFO] [stdout] 255 | |         .root_uri
[INFO] [stdout]     | |_________________^
[INFO] [stdout]     |
[INFO] [stdout]     = note: `#[warn(deprecated)]` on by default
[INFO] [stdout] 
[INFO] [stdout] 
[INFO] [stderr]    Compiling pretty_assertions v1.4.0
[INFO] [stderr]    Compiling tempfile v3.8.1
[INFO] [stderr]    Compiling pbls v1.0.3 (/opt/rustwide/workdir)
[INFO] [stdout] warning: use of deprecated field `lsp_types::InitializeParams::root_uri`: Use `workspace_folders` instead when possible
[INFO] [stdout]    --> tests/integration_test.rs:284:13
[INFO] [stdout]     |
[INFO] [stdout] 284 | /             root_uri: Some(
[INFO] [stdout] 285 | |                 Uri::from_str(
[INFO] [stdout] 286 | |                     format!(
[INFO] [stdout] 287 | |                         "file://{}",
[INFO] [stdout] ...   |
[INFO] [stdout] 292 | |                 .unwrap(),
[INFO] [stdout] 293 | |             ),
[INFO] [stdout]     | |_____________^
[INFO] [stdout]     |
[INFO] [stdout]     = note: `#[warn(deprecated)]` on by default
[INFO] [stdout] 
[INFO] [stdout] 
[INFO] [stdout] warning: use of deprecated field `lsp_types::InitializeParams::root_uri`: Use `workspace_folders` instead when possible
[INFO] [stdout]    --> src/lib.rs:254:16
[INFO] [stdout]     |
[INFO] [stdout] 254 |       let root = params
[INFO] [stdout]     |  ________________^
[INFO] [stdout] 255 | |         .root_uri
[INFO] [stdout]     | |_________________^
[INFO] [stdout]     |
[INFO] [stdout]     = note: `#[warn(deprecated)]` on by default
[INFO] [stdout] 
[INFO] [stdout] 
[INFO] [stderr]     Finished `test` profile [unoptimized + debuginfo] target(s) in 12.71s
[INFO] running `Command { std: "docker" "inspect" "436742af197cd18ff42ca16f23a0d7ff295360acdc3e650624f6830cf7acdf16", kill_on_drop: false }`
[INFO] running `Command { std: "docker" "rm" "-f" "436742af197cd18ff42ca16f23a0d7ff295360acdc3e650624f6830cf7acdf16", kill_on_drop: false }`
[INFO] [stdout] 436742af197cd18ff42ca16f23a0d7ff295360acdc3e650624f6830cf7acdf16
[INFO] running `Command { std: "docker" "create" "-v" "/var/lib/crater-agent-workspace/builds/worker-7-tc1/target:/opt/rustwide/target:rw,Z" "-v" "/var/lib/crater-agent-workspace/builds/worker-7-tc1/source:/opt/rustwide/workdir:ro,Z" "-v" "/var/lib/crater-agent-workspace/cargo-home:/opt/rustwide/cargo-home:ro,Z" "-v" "/var/lib/crater-agent-workspace/rustup-home:/opt/rustwide/rustup-home:ro,Z" "-e" "SOURCE_DIR=/opt/rustwide/workdir" "-e" "CARGO_TARGET_DIR=/opt/rustwide/target" "-e" "CARGO_INCREMENTAL=0" "-e" "RUST_BACKTRACE=full" "-e" "RUSTFLAGS=--cap-lints=forbid" "-e" "RUSTDOCFLAGS=--cap-lints=forbid" "-e" "CARGO_HOME=/opt/rustwide/cargo-home" "-e" "RUSTUP_HOME=/opt/rustwide/rustup-home" "-w" "/opt/rustwide/workdir" "-m" "1610612736" "--user" "0:0" "--network" "none" "ghcr.io/rust-lang/crates-build-env/linux@sha256:819108c5571ea2e421544af4d832f968d213c87fbe3707a016657f43d2f853bc" "/opt/rustwide/cargo-home/bin/cargo" "+nightly-2025-01-18" "test" "--frozen", kill_on_drop: false }`
[INFO] [stdout] e6395621f3a912d79f37a0ea6c57b917061ff4907dcb9f758df455bf0ce7b3ec
[INFO] running `Command { std: "docker" "start" "-a" "e6395621f3a912d79f37a0ea6c57b917061ff4907dcb9f758df455bf0ce7b3ec", kill_on_drop: false }`
[INFO] [stderr] warning: use of deprecated field `lsp_types::InitializeParams::root_uri`: Use `workspace_folders` instead when possible
[INFO] [stderr]    --> src/lib.rs:254:16
[INFO] [stderr]     |
[INFO] [stderr] 254 |       let root = params
[INFO] [stderr]     |  ________________^
[INFO] [stderr] 255 | |         .root_uri
[INFO] [stderr]     | |_________________^
[INFO] [stderr]     |
[INFO] [stderr]     = note: `#[warn(deprecated)]` on by default
[INFO] [stderr] 
[INFO] [stderr] warning: `pbls` (lib) generated 1 warning
[INFO] [stderr] warning: use of deprecated field `lsp_types::InitializeParams::root_uri`: Use `workspace_folders` instead when possible
[INFO] [stderr]    --> tests/integration_test.rs:284:13
[INFO] [stderr]     |
[INFO] [stderr] 284 | /             root_uri: Some(
[INFO] [stderr] 285 | |                 Uri::from_str(
[INFO] [stderr] 286 | |                     format!(
[INFO] [stderr] 287 | |                         "file://{}",
[INFO] [stderr] ...   |
[INFO] [stderr] 292 | |                 .unwrap(),
[INFO] [stderr] 293 | |             ),
[INFO] [stderr]     | |_____________^
[INFO] [stderr]     |
[INFO] [stderr]     = note: `#[warn(deprecated)]` on by default
[INFO] [stderr] 
[INFO] [stderr] warning: `pbls` (test "integration_test") generated 1 warning
[INFO] [stderr] warning: `pbls` (lib test) generated 1 warning (1 duplicate)
[INFO] [stderr]     Finished `test` profile [unoptimized + debuginfo] target(s) in 0.09s
[INFO] [stderr]      Running unittests src/lib.rs (/opt/rustwide/target/debug/deps/pbls-1abf79440da6582b)
[INFO] [stdout] 
[INFO] [stdout] running 24 tests
[INFO] [stdout] test file::tests::test_completion_context_import ... ok
[INFO] [stdout] test file::tests::test_completion_context_keyword ... ok
[INFO] [stdout] test file::tests::test_completion_context_option ... ok
[INFO] [stdout] test file::tests::test_completion_context_syntax ... ok
[INFO] [stdout] test file::tests::test_edit ... ok
[INFO] [stdout] test file::tests::test_edit_unicode ... ok
[INFO] [stdout] test file::tests::test_completion_context ... ok
[INFO] [stdout] test file::tests::test_type_at ... ok
[INFO] [stdout] test file::tests::test_imports ... ok
[INFO] [stdout] test file::tests::test_references ... ok
[INFO] [stdout] test file::tests::test_relative_symbols ... ok
[INFO] [stdout] test file::tests::test_symbols ... ok
[INFO] [stdout] test file::tests::test_package ... ok
[INFO] [stdout] test file::tests::test_completion_context_message ... ok
[INFO] [stdout] test file::tests::test_relative_name ... ok
[INFO] [stdout] test workspace::tests::test_complete_import ... ok
[INFO] [stdout] test protoc::tests::test_warnings ... ok
[INFO] [stdout] test workspace::tests::test_complete_options ... ok
[INFO] [stdout] test workspace::tests::test_complete_nested_import ... ok
[INFO] [stdout] test workspace::tests::test_complete_syntax ... ok
[INFO] [stdout] test workspace::tests::test_goto_import ... ok
[INFO] [stdout] test workspace::tests::test_open_loop ... ok
[INFO] [stdout] test workspace::tests::test_goto_type ... ok
[INFO] [stdout] test protoc::tests::test_errors ... FAILED
[INFO] [stdout] 
[INFO] [stdout] failures:
[INFO] [stdout] 
[INFO] [stdout] ---- protoc::tests::test_errors stdout ----
[INFO] [stdout] 
[INFO] [stdout] thread 'protoc::tests::test_errors' panicked at src/protoc.rs:136:9:
[INFO] [stdout] assertion failed: `(left == right)`
[INFO] [stdout] 
[INFO] [stdout] [1mDiff[0m [31m< left[0m / [32mright >[0m :
[INFO] [stdout]  [
[INFO] [stdout]      Diagnostic {
[INFO] [stdout]          range: Range {
[INFO] [stdout]              start: Position {
[INFO] [stdout]                  line: 2,
[INFO] [stdout]                  character: 0,
[INFO] [stdout]              },
[INFO] [stdout]              end: Position {
[INFO] [stdout]                  line: 2,
[INFO] [stdout]                  character: 10,
[INFO] [stdout]              },
[INFO] [stdout]          },
[INFO] [stdout]          severity: Some(
[INFO] [stdout]              Error,
[INFO] [stdout]          ),
[INFO] [stdout]          code: None,
[INFO] [stdout]          code_description: None,
[INFO] [stdout]          source: Some(
[INFO] [stdout]              "pbls",
[INFO] [stdout]          ),
[INFO] [stdout]          message: "\"int\" is not defined",
[INFO] [stdout]          related_information: None,
[INFO] [stdout]          tags: None,
[INFO] [stdout]          data: None,
[INFO] [stdout]      },
[INFO] [stdout] [32m>    Diagnostic {[0m
[INFO] [stdout] [32m>        range: Range {[0m
[INFO] [stdout] [32m>            start: Position {[0m
[INFO] [stdout] [32m>                line: 3,[0m
[INFO] [stdout] [32m>                character: 0,[0m
[INFO] [stdout] [32m>            },[0m
[INFO] [stdout] [32m>            end: Position {[0m
[INFO] [stdout] [32m>                line: 3,[0m
[INFO] [stdout] [32m>                character: 13,[0m
[INFO] [stdout] [32m>            },[0m
[INFO] [stdout] [32m>        },[0m
[INFO] [stdout] [32m>        severity: Some([0m
[INFO] [stdout] [32m>            Error,[0m
[INFO] [stdout] [32m>        ),[0m
[INFO] [stdout] [32m>        code: None,[0m
[INFO] [stdout] [32m>        code_description: None,[0m
[INFO] [stdout] [32m>        source: Some([0m
[INFO] [stdout] [32m>            "pbls",[0m
[INFO] [stdout] [32m>        ),[0m
[INFO] [stdout] [32m>        message: "Field number 1 has already been used in \"Foo\" by field \"i\"",[0m
[INFO] [stdout] [32m>        related_information: None,[0m
[INFO] [stdout] [32m>        tags: None,[0m
[INFO] [stdout] [32m>        data: None,[0m
[INFO] [stdout] [32m>    },[0m
[INFO] [stdout]  ]
[INFO] [stdout] 
[INFO] [stdout] 
[INFO] [stdout] stack backtrace:
[INFO] [stdout]    0:     0x62764dcd49aa - std::backtrace_rs::backtrace::libunwind::trace::hb059275cfc8d6126
[INFO] [stdout]                                at /rustc/6067b36314ab5eb2eb47cecc464545ba58e1ad24/library/std/src/../../backtrace/src/backtrace/libunwind.rs:116:5
[INFO] [stdout]    1:     0x62764dcd49aa - std::backtrace_rs::backtrace::trace_unsynchronized::h2da071e4327ce3ee
[INFO] [stdout]                                at /rustc/6067b36314ab5eb2eb47cecc464545ba58e1ad24/library/std/src/../../backtrace/src/backtrace/mod.rs:66:5
[INFO] [stdout]    2:     0x62764dcd49aa - std::sys::backtrace::_print_fmt::h842a1474e6f8d23f
[INFO] [stdout]                                at /rustc/6067b36314ab5eb2eb47cecc464545ba58e1ad24/library/std/src/sys/backtrace.rs:66:9
[INFO] [stdout]    3:     0x62764dcd49aa - <std::sys::backtrace::BacktraceLock::print::DisplayBacktrace as core::fmt::Display>::fmt::h71a62eb3b9696b12
[INFO] [stdout]                                at /rustc/6067b36314ab5eb2eb47cecc464545ba58e1ad24/library/std/src/sys/backtrace.rs:39:26
[INFO] [stdout]    4:     0x62764dcff753 - core::fmt::rt::Argument::fmt::hdb6b616786b41dc1
[INFO] [stdout]                                at /rustc/6067b36314ab5eb2eb47cecc464545ba58e1ad24/library/core/src/fmt/rt.rs:177:76
[INFO] [stdout]    5:     0x62764dcff753 - core::fmt::write::h2cc1698af7e2d686
[INFO] [stdout]                                at /rustc/6067b36314ab5eb2eb47cecc464545ba58e1ad24/library/core/src/fmt/mod.rs:1440:21
[INFO] [stdout]    6:     0x62764dcd0c93 - std::io::Write::write_fmt::hab1b4cd059a79022
[INFO] [stdout]                                at /rustc/6067b36314ab5eb2eb47cecc464545ba58e1ad24/library/std/src/io/mod.rs:1887:15
[INFO] [stdout]    7:     0x62764dcd47f2 - std::sys::backtrace::BacktraceLock::print::h147fe35b4ea13b08
[INFO] [stdout]                                at /rustc/6067b36314ab5eb2eb47cecc464545ba58e1ad24/library/std/src/sys/backtrace.rs:42:9
[INFO] [stdout]    8:     0x62764dcd5e4f - std::panicking::default_hook::{{closure}}::hbd44223dbdc0d208
[INFO] [stdout]                                at /rustc/6067b36314ab5eb2eb47cecc464545ba58e1ad24/library/std/src/panicking.rs:298:22
[INFO] [stdout]    9:     0x62764dcd5c68 - std::panicking::default_hook::h20f81eb0576efcec
[INFO] [stdout]                                at /rustc/6067b36314ab5eb2eb47cecc464545ba58e1ad24/library/std/src/panicking.rs:322:9
[INFO] [stdout]   10:     0x62764d9c07b3 - <alloc::boxed::Box<F,A> as core::ops::function::Fn<Args>>::call::hdb53814c496a4d34
[INFO] [stdout]                                at /rustc/6067b36314ab5eb2eb47cecc464545ba58e1ad24/library/alloc/src/boxed.rs:2027:9
[INFO] [stdout]   11:     0x62764d9c07b3 - test::test_main::{{closure}}::hc0a4963c59427c24
[INFO] [stdout]                                at /rustc/6067b36314ab5eb2eb47cecc464545ba58e1ad24/library/test/src/lib.rs:134:21
[INFO] [stdout]   12:     0x62764dcd6943 - <alloc::boxed::Box<F,A> as core::ops::function::Fn<Args>>::call::h591b2225413a77e9
[INFO] [stdout]                                at /rustc/6067b36314ab5eb2eb47cecc464545ba58e1ad24/library/alloc/src/boxed.rs:2027:9
[INFO] [stdout]   13:     0x62764dcd6943 - std::panicking::rust_panic_with_hook::h625eea43051b2edc
[INFO] [stdout]                                at /rustc/6067b36314ab5eb2eb47cecc464545ba58e1ad24/library/std/src/panicking.rs:839:13
[INFO] [stdout]   14:     0x62764dcd65fa - std::panicking::begin_panic_handler::{{closure}}::h4f9159cfbc3f6bd3
[INFO] [stdout]                                at /rustc/6067b36314ab5eb2eb47cecc464545ba58e1ad24/library/std/src/panicking.rs:704:13
[INFO] [stdout]   15:     0x62764dcd4ea9 - std::sys::backtrace::__rust_end_short_backtrace::h0390abce48353151
[INFO] [stdout]                                at /rustc/6067b36314ab5eb2eb47cecc464545ba58e1ad24/library/std/src/sys/backtrace.rs:168:18
[INFO] [stdout]   16:     0x62764dcd628d - rust_begin_unwind
[INFO] [stdout]                                at /rustc/6067b36314ab5eb2eb47cecc464545ba58e1ad24/library/std/src/panicking.rs:695:5
[INFO] [stdout]   17:     0x62764dcfdbc0 - core::panicking::panic_fmt::h9e7c637e9e5f29c9
[INFO] [stdout]                                at /rustc/6067b36314ab5eb2eb47cecc464545ba58e1ad24/library/core/src/panicking.rs:75:14
[INFO] [stdout]   18:     0x62764d92b3dc - pbls::protoc::tests::test_errors::h90409fab072e4397
[INFO] [stdout]                                at /opt/rustwide/workdir/src/protoc.rs:136:9
[INFO] [stdout]   19:     0x62764d92a767 - pbls::protoc::tests::test_errors::{{closure}}::hc7192e585c0d15e2
[INFO] [stdout]                                at /opt/rustwide/workdir/src/protoc.rs:118:21
[INFO] [stdout]   20:     0x62764d9070b6 - core::ops::function::FnOnce::call_once::h7471933b50a81c8a
[INFO] [stdout]                                at /rustc/6067b36314ab5eb2eb47cecc464545ba58e1ad24/library/core/src/ops/function.rs:250:5
[INFO] [stdout]   21:     0x62764d9c5f0b - core::ops::function::FnOnce::call_once::he27718dfdd183f43
[INFO] [stdout]                                at /rustc/6067b36314ab5eb2eb47cecc464545ba58e1ad24/library/core/src/ops/function.rs:250:5
[INFO] [stdout]   22:     0x62764d9c5f0b - test::__rust_begin_short_backtrace::h4e84902998457a5d
[INFO] [stdout]                                at /rustc/6067b36314ab5eb2eb47cecc464545ba58e1ad24/library/test/src/lib.rs:632:18
[INFO] [stdout]   23:     0x62764d9c4e43 - test::run_test_in_process::{{closure}}::h7176fd18fc1feca0
[INFO] [stdout]                                at /rustc/6067b36314ab5eb2eb47cecc464545ba58e1ad24/library/test/src/lib.rs:655:60
[INFO] [stdout]   24:     0x62764d9c4e43 - <core::panic::unwind_safe::AssertUnwindSafe<F> as core::ops::function::FnOnce<()>>::call_once::hf79cff2a624d8cf7
[INFO] [stdout]                                at /rustc/6067b36314ab5eb2eb47cecc464545ba58e1ad24/library/core/src/panic/unwind_safe.rs:272:9
[INFO] [stdout]   25:     0x62764d9c4e43 - std::panicking::try::do_call::h3da0561d9ab99c25
[INFO] [stdout]                                at /rustc/6067b36314ab5eb2eb47cecc464545ba58e1ad24/library/std/src/panicking.rs:587:40
[INFO] [stdout]   26:     0x62764d9c4e43 - std::panicking::try::h41c9fa508bc61df6
[INFO] [stdout]                                at /rustc/6067b36314ab5eb2eb47cecc464545ba58e1ad24/library/std/src/panicking.rs:550:19
[INFO] [stdout]   27:     0x62764d9c4e43 - std::panic::catch_unwind::h6b3ff07bb5afad93
[INFO] [stdout]                                at /rustc/6067b36314ab5eb2eb47cecc464545ba58e1ad24/library/std/src/panic.rs:358:14
[INFO] [stdout]   28:     0x62764d9c4e43 - test::run_test_in_process::hc7253dd11b39b9f4
[INFO] [stdout]                                at /rustc/6067b36314ab5eb2eb47cecc464545ba58e1ad24/library/test/src/lib.rs:655:27
[INFO] [stdout]   29:     0x62764d9c4e43 - test::run_test::{{closure}}::hfb2007f8649c30bb
[INFO] [stdout]                                at /rustc/6067b36314ab5eb2eb47cecc464545ba58e1ad24/library/test/src/lib.rs:576:43
[INFO] [stdout]   30:     0x62764d987f25 - test::run_test::{{closure}}::h56a17aa7a282a9f4
[INFO] [stdout]                                at /rustc/6067b36314ab5eb2eb47cecc464545ba58e1ad24/library/test/src/lib.rs:606:41
[INFO] [stdout]   31:     0x62764d987f25 - std::sys::backtrace::__rust_begin_short_backtrace::hd2d2d2fb8e8c6aac
[INFO] [stdout]                                at /rustc/6067b36314ab5eb2eb47cecc464545ba58e1ad24/library/std/src/sys/backtrace.rs:152:18
[INFO] [stdout]   32:     0x62764d98b80a - std::thread::Builder::spawn_unchecked_::{{closure}}::{{closure}}::h4faa3f9db6133423
[INFO] [stdout]                                at /rustc/6067b36314ab5eb2eb47cecc464545ba58e1ad24/library/std/src/thread/mod.rs:559:17
[INFO] [stdout]   33:     0x62764d98b80a - <core::panic::unwind_safe::AssertUnwindSafe<F> as core::ops::function::FnOnce<()>>::call_once::hf2e855a36a4ea846
[INFO] [stdout]                                at /rustc/6067b36314ab5eb2eb47cecc464545ba58e1ad24/library/core/src/panic/unwind_safe.rs:272:9
[INFO] [stdout]   34:     0x62764d98b80a - std::panicking::try::do_call::h2f73af3616c35465
[INFO] [stdout]                                at /rustc/6067b36314ab5eb2eb47cecc464545ba58e1ad24/library/std/src/panicking.rs:587:40
[INFO] [stdout]   35:     0x62764d98b80a - std::panicking::try::hd1660ce9efadef5a
[INFO] [stdout]                                at /rustc/6067b36314ab5eb2eb47cecc464545ba58e1ad24/library/std/src/panicking.rs:550:19
[INFO] [stdout]   36:     0x62764d98b80a - std::panic::catch_unwind::h5ee8d7823b8ca744
[INFO] [stdout]                                at /rustc/6067b36314ab5eb2eb47cecc464545ba58e1ad24/library/std/src/panic.rs:358:14
[INFO] [stdout]   37:     0x62764d98b80a - std::thread::Builder::spawn_unchecked_::{{closure}}::h53c3a1894dce8407
[INFO] [stdout]                                at /rustc/6067b36314ab5eb2eb47cecc464545ba58e1ad24/library/std/src/thread/mod.rs:557:30
[INFO] [stdout]   38:     0x62764d98b80a - core::ops::function::FnOnce::call_once{{vtable.shim}}::h048ce291ad4f62bf
[INFO] [stdout]                                at /rustc/6067b36314ab5eb2eb47cecc464545ba58e1ad24/library/core/src/ops/function.rs:250:5
[INFO] [stdout]   39:     0x62764dcdc07b - <alloc::boxed::Box<F,A> as core::ops::function::FnOnce<Args>>::call_once::ha52bedf99a3b4981
[INFO] [stdout]                                at /rustc/6067b36314ab5eb2eb47cecc464545ba58e1ad24/library/alloc/src/boxed.rs:2013:9
[INFO] [stdout]   40:     0x62764dcdc07b - <alloc::boxed::Box<F,A> as core::ops::function::FnOnce<Args>>::call_once::h567748934d80ccf8
[INFO] [stdout]                                at /rustc/6067b36314ab5eb2eb47cecc464545ba58e1ad24/library/alloc/src/boxed.rs:2013:9
[INFO] [stdout]   41:     0x62764dcdc07b - std::sys::pal::unix::thread::Thread::new::thread_start::h2d970728ae887adc
[INFO] [stdout]                                at /rustc/6067b36314ab5eb2eb47cecc464545ba58e1ad24/library/std/src/sys/pal/unix/thread.rs:106:17
[INFO] [stdout]   42:     0x728fc042aac3 - <unknown>
[INFO] [stdout]   43:     0x728fc04bba04 - clone
[INFO] [stdout]   44:                0x0 - <unknown>
[INFO] [stdout] 
[INFO] [stdout] 
[INFO] [stdout] failures:
[INFO] [stdout]     protoc::tests::test_errors
[INFO] [stdout] 
[INFO] [stdout] test result: FAILED. 23 passed; 1 failed; 0 ignored; 0 measured; 0 filtered out; finished in 0.16s
[INFO] [stdout] 
[INFO] [stderr] error: test failed, to rerun pass `--lib`
[INFO] running `Command { std: "docker" "inspect" "e6395621f3a912d79f37a0ea6c57b917061ff4907dcb9f758df455bf0ce7b3ec", kill_on_drop: false }`
[INFO] running `Command { std: "docker" "rm" "-f" "e6395621f3a912d79f37a0ea6c57b917061ff4907dcb9f758df455bf0ce7b3ec", kill_on_drop: false }`
[INFO] [stdout] e6395621f3a912d79f37a0ea6c57b917061ff4907dcb9f758df455bf0ce7b3ec
