[INFO] cloning repository https://github.com/slowtarget/aoc2024
[INFO] running `Command { std: "git" "-c" "credential.helper=" "-c" "credential.helper=/workspace/cargo-home/bin/git-credential-null" "clone" "--bare" "https://github.com/slowtarget/aoc2024" "/workspace/cache/git-repos/https%3A%2F%2Fgithub.com%2Fslowtarget%2Faoc2024", kill_on_drop: false }`
[INFO] [stderr] Cloning into bare repository '/workspace/cache/git-repos/https%3A%2F%2Fgithub.com%2Fslowtarget%2Faoc2024'...
[INFO] running `Command { std: "git" "rev-parse" "HEAD", kill_on_drop: false }`
[INFO] [stdout] 885a7267c109037cb8631501fcad21ef6161e492
[INFO] testing slowtarget/aoc2024 against nightly-2025-01-18 for randomize-layout-2
[INFO] running `Command { std: "git" "clone" "/workspace/cache/git-repos/https%3A%2F%2Fgithub.com%2Fslowtarget%2Faoc2024" "/workspace/builds/worker-2-tc1/source", kill_on_drop: false }`
[INFO] [stderr] Cloning into '/workspace/builds/worker-2-tc1/source'...
[INFO] [stderr] done.
[INFO] validating manifest of git repo https://github.com/slowtarget/aoc2024 on toolchain nightly-2025-01-18
[INFO] running `Command { std: CARGO_HOME="/workspace/cargo-home" RUSTUP_HOME="/workspace/rustup-home" "/workspace/cargo-home/bin/cargo" "+nightly-2025-01-18" "metadata" "--manifest-path" "Cargo.toml" "--no-deps", kill_on_drop: false }`
[INFO] started tweaking git repo https://github.com/slowtarget/aoc2024
[INFO] finished tweaking git repo https://github.com/slowtarget/aoc2024
[INFO] tweaked toml for git repo https://github.com/slowtarget/aoc2024 written to /workspace/builds/worker-2-tc1/source/Cargo.toml
[INFO] crate git repo https://github.com/slowtarget/aoc2024 already has a lockfile, it will not be regenerated
[INFO] running `Command { std: CARGO_HOME="/workspace/cargo-home" RUSTUP_HOME="/workspace/rustup-home" "/workspace/cargo-home/bin/cargo" "+nightly-2025-01-18" "fetch" "--manifest-path" "Cargo.toml", kill_on_drop: false }`
[INFO] [stderr]  Downloading crates ...
[INFO] [stderr]   Downloaded syn v2.0.91
[INFO] running `Command { std: "docker" "create" "-v" "/var/lib/crater-agent-workspace/builds/worker-2-tc1/target:/opt/rustwide/target:rw,Z" "-v" "/var/lib/crater-agent-workspace/builds/worker-2-tc1/source:/opt/rustwide/workdir:ro,Z" "-v" "/var/lib/crater-agent-workspace/cargo-home:/opt/rustwide/cargo-home:ro,Z" "-v" "/var/lib/crater-agent-workspace/rustup-home:/opt/rustwide/rustup-home:ro,Z" "-e" "SOURCE_DIR=/opt/rustwide/workdir" "-e" "CARGO_TARGET_DIR=/opt/rustwide/target" "-e" "CARGO_HOME=/opt/rustwide/cargo-home" "-e" "RUSTUP_HOME=/opt/rustwide/rustup-home" "-w" "/opt/rustwide/workdir" "-m" "1610612736" "--user" "0:0" "--network" "none" "ghcr.io/rust-lang/crates-build-env/linux@sha256:819108c5571ea2e421544af4d832f968d213c87fbe3707a016657f43d2f853bc" "/opt/rustwide/cargo-home/bin/cargo" "+nightly-2025-01-18" "metadata" "--no-deps" "--format-version=1", kill_on_drop: false }`
[INFO] [stdout] 53002e7b9c7d1f6128728d95904396f69816a0b75c04c0deabdcf75efcd1e621
[INFO] running `Command { std: "docker" "start" "-a" "53002e7b9c7d1f6128728d95904396f69816a0b75c04c0deabdcf75efcd1e621", kill_on_drop: false }`
[INFO] running `Command { std: "docker" "inspect" "53002e7b9c7d1f6128728d95904396f69816a0b75c04c0deabdcf75efcd1e621", kill_on_drop: false }`
[INFO] running `Command { std: "docker" "rm" "-f" "53002e7b9c7d1f6128728d95904396f69816a0b75c04c0deabdcf75efcd1e621", kill_on_drop: false }`
[INFO] [stdout] 53002e7b9c7d1f6128728d95904396f69816a0b75c04c0deabdcf75efcd1e621
[INFO] running `Command { std: "docker" "create" "-v" "/var/lib/crater-agent-workspace/builds/worker-2-tc1/target:/opt/rustwide/target:rw,Z" "-v" "/var/lib/crater-agent-workspace/builds/worker-2-tc1/source:/opt/rustwide/workdir:ro,Z" "-v" "/var/lib/crater-agent-workspace/cargo-home:/opt/rustwide/cargo-home:ro,Z" "-v" "/var/lib/crater-agent-workspace/rustup-home:/opt/rustwide/rustup-home:ro,Z" "-e" "SOURCE_DIR=/opt/rustwide/workdir" "-e" "CARGO_TARGET_DIR=/opt/rustwide/target" "-e" "CARGO_INCREMENTAL=0" "-e" "RUST_BACKTRACE=full" "-e" "RUSTFLAGS=--cap-lints=forbid" "-e" "RUSTDOCFLAGS=--cap-lints=forbid" "-e" "CARGO_HOME=/opt/rustwide/cargo-home" "-e" "RUSTUP_HOME=/opt/rustwide/rustup-home" "-w" "/opt/rustwide/workdir" "-m" "1610612736" "--user" "0:0" "--network" "none" "ghcr.io/rust-lang/crates-build-env/linux@sha256:819108c5571ea2e421544af4d832f968d213c87fbe3707a016657f43d2f853bc" "/opt/rustwide/cargo-home/bin/cargo" "+nightly-2025-01-18" "build" "--frozen" "--message-format=json", kill_on_drop: false }`
[INFO] [stdout] d40da218d35bc56c149176bf87923c2321b5e8c88b29802405c6a4048c4b13e7
[INFO] running `Command { std: "docker" "start" "-a" "d40da218d35bc56c149176bf87923c2321b5e8c88b29802405c6a4048c4b13e7", kill_on_drop: false }`
[INFO] [stderr]    Compiling autocfg v1.4.0
[INFO] [stderr]    Compiling libc v0.2.169
[INFO] [stderr]    Compiling version_check v0.9.5
[INFO] [stderr]    Compiling once_cell v1.20.2
[INFO] [stderr]    Compiling memchr v2.7.4
[INFO] [stderr]    Compiling zerocopy v0.7.35
[INFO] [stderr]    Compiling minimal-lexical v0.2.1
[INFO] [stderr]    Compiling lazy_static v1.5.0
[INFO] [stderr]    Compiling timing_util v0.1.0 (/opt/rustwide/workdir/timing_util)
[INFO] [stderr]    Compiling ahash v0.8.11
[INFO] [stderr]    Compiling num-traits v0.2.19
[INFO] [stderr]    Compiling nom v7.1.3
[INFO] [stderr]    Compiling getrandom v0.2.15
[INFO] [stderr]    Compiling num-integer v0.1.46
[INFO] [stderr]    Compiling num-complex v0.4.6
[INFO] [stderr]    Compiling num-bigint v0.4.6
[INFO] [stderr]    Compiling num-iter v0.1.45
[INFO] [stderr]    Compiling num-rational v0.4.2
[INFO] [stderr]    Compiling num v0.4.3
[INFO] [stderr]    Compiling aoc2024 v0.1.0 (/opt/rustwide/workdir)
[INFO] [stdout] warning: unnecessary parentheses around `if` condition
[INFO] [stdout]    --> src/puzzles/day24.rs:272:12
[INFO] [stdout]     |
[INFO] [stdout] 272 |         if (result != expected) {
[INFO] [stdout]     |            ^                  ^
[INFO] [stdout]     |
[INFO] [stdout]     = note: `#[warn(unused_parens)]` on by default
[INFO] [stdout] help: remove these parentheses
[INFO] [stdout]     |
[INFO] [stdout] 272 -         if (result != expected) {
[INFO] [stdout] 272 +         if result != expected {
[INFO] [stdout]     |
[INFO] [stdout] 
[INFO] [stdout] 
[INFO] [stdout] warning: unnecessary parentheses around `if` condition
[INFO] [stdout]    --> src/puzzles/day24.rs:290:12
[INFO] [stdout]     |
[INFO] [stdout] 290 |         if (result != expected) {
[INFO] [stdout]     |            ^                  ^
[INFO] [stdout]     |
[INFO] [stdout] help: remove these parentheses
[INFO] [stdout]     |
[INFO] [stdout] 290 -         if (result != expected) {
[INFO] [stdout] 290 +         if result != expected {
[INFO] [stdout]     |
[INFO] [stdout] 
[INFO] [stdout] 
[INFO] [stdout] warning: unused variable: `digit`
[INFO] [stdout]    --> src/puzzles/day17.rs:342:13
[INFO] [stdout]     |
[INFO] [stdout] 342 |     for (i,&digit) in digits.iter().enumerate().rev() {
[INFO] [stdout]     |             ^^^^^ help: if this is intentional, prefix it with an underscore: `_digit`
[INFO] [stdout]     |
[INFO] [stdout]     = note: `#[warn(unused_variables)]` on by default
[INFO] [stdout] 
[INFO] [stdout] 
[INFO] [stdout] warning: value assigned to `b` is never read
[INFO] [stdout]    --> src/puzzles/day17.rs:378:30
[INFO] [stdout]     |
[INFO] [stdout] 378 |     let Register {mut a, mut b, mut c} = r;
[INFO] [stdout]     |                              ^
[INFO] [stdout]     |
[INFO] [stdout]     = help: maybe it is overwritten before being read?
[INFO] [stdout]     = note: `#[warn(unused_assignments)]` on by default
[INFO] [stdout] 
[INFO] [stdout] 
[INFO] [stdout] warning: value assigned to `c` is never read
[INFO] [stdout]    --> src/puzzles/day17.rs:378:37
[INFO] [stdout]     |
[INFO] [stdout] 378 |     let Register {mut a, mut b, mut c} = r;
[INFO] [stdout]     |                                     ^
[INFO] [stdout]     |
[INFO] [stdout]     = help: maybe it is overwritten before being read?
[INFO] [stdout] 
[INFO] [stdout] 
[INFO] [stdout] warning: unused variable: `start`
[INFO] [stdout]    --> src/puzzles/day17.rs:390:9
[INFO] [stdout]     |
[INFO] [stdout] 390 |     let start = Instant::now();
[INFO] [stdout]     |         ^^^^^ help: if this is intentional, prefix it with an underscore: `_start`
[INFO] [stdout] 
[INFO] [stdout] 
[INFO] [stdout] warning: unused variable: `j`
[INFO] [stdout]    --> src/puzzles/day24.rs:325:45
[INFO] [stdout]     |
[INFO] [stdout] 325 |     input_wires.iter().enumerate().filter(|(j, w)| w.name == name.as_str()).for_each(|(j, wire)| {
[INFO] [stdout]     |                                             ^ help: if this is intentional, prefix it with an underscore: `_j`
[INFO] [stdout] 
[INFO] [stdout] 
[INFO] [stdout] warning: unused variable: `available`
[INFO] [stdout]   --> src/puzzles/day19.rs:46:11
[INFO] [stdout]    |
[INFO] [stdout] 46 | fn part_2(available: &[String], desired: &[String]) -> String {
[INFO] [stdout]    |           ^^^^^^^^^ help: if this is intentional, prefix it with an underscore: `_available`
[INFO] [stdout] 
[INFO] [stdout] 
[INFO] [stdout] warning: unused variable: `desired`
[INFO] [stdout]   --> src/puzzles/day19.rs:46:33
[INFO] [stdout]    |
[INFO] [stdout] 46 | fn part_2(available: &[String], desired: &[String]) -> String {
[INFO] [stdout]    |                                 ^^^^^^^ help: if this is intentional, prefix it with an underscore: `_desired`
[INFO] [stdout] 
[INFO] [stdout] 
[INFO] [stdout] warning: method `print` is never used
[INFO] [stdout]    --> src/puzzles/day18.rs:126:8
[INFO] [stdout]     |
[INFO] [stdout] 48  | impl Grid {
[INFO] [stdout]     | --------- method in this implementation
[INFO] [stdout] ...
[INFO] [stdout] 126 |     fn print(&self) {
[INFO] [stdout]     |        ^^^^^
[INFO] [stdout]     |
[INFO] [stdout]     = note: `#[warn(dead_code)]` on by default
[INFO] [stdout] 
[INFO] [stdout] 
[INFO] [stdout] warning: function `part_1_deprecated` is never used
[INFO] [stdout]    --> src/puzzles/day20.rs:127:4
[INFO] [stdout]     |
[INFO] [stdout] 127 | fn part_1_deprecated(maze: &[Vec<Option<Path>>], required_saving: i32) -> i32 {
[INFO] [stdout]     |    ^^^^^^^^^^^^^^^^^
[INFO] [stdout] 
[INFO] [stdout] 
[INFO] [stdout] warning: method `delta` is never used
[INFO] [stdout]   --> src/puzzles/day15.rs:63:8
[INFO] [stdout]    |
[INFO] [stdout] 62 | impl Direction {
[INFO] [stdout]    | -------------- method in this implementation
[INFO] [stdout] 63 |     fn delta(&self) -> (i32, i32) {
[INFO] [stdout]    |        ^^^^^
[INFO] [stdout] 
[INFO] [stdout] 
[INFO] [stdout] warning: function `format_friendly_duration` is never used
[INFO] [stdout]    --> src/puzzles/day17.rs:246:4
[INFO] [stdout]     |
[INFO] [stdout] 246 | fn format_friendly_duration(dur: Duration) -> String {
[INFO] [stdout]     |    ^^^^^^^^^^^^^^^^^^^^^^^^
[INFO] [stdout] 
[INFO] [stdout] 
[INFO] [stdout] warning: function `run_program` is never used
[INFO] [stdout]    --> src/puzzles/day17.rs:265:4
[INFO] [stdout]     |
[INFO] [stdout] 265 | fn run_program(program: &[u8], r: &mut Register) -> Vec<u8> {
[INFO] [stdout]     |    ^^^^^^^^^^^
[INFO] [stdout] 
[INFO] [stdout] 
[INFO] [stdout] warning: function `run_my_program` is never used
[INFO] [stdout]    --> src/puzzles/day17.rs:376:4
[INFO] [stdout]     |
[INFO] [stdout] 376 | fn run_my_program(program: &[u8], r: &mut Register) -> Vec<u8> {
[INFO] [stdout]     |    ^^^^^^^^^^^^^^
[INFO] [stdout] 
[INFO] [stdout] 
[INFO] [stdout] warning: struct `Circuit` is never constructed
[INFO] [stdout]   --> src/puzzles/day24.rs:37:8
[INFO] [stdout]    |
[INFO] [stdout] 37 | struct Circuit {
[INFO] [stdout]    |        ^^^^^^^
[INFO] [stdout] 
[INFO] [stdout] 
[INFO] [stderr]     Finished `dev` profile [unoptimized + debuginfo] target(s) in 10.28s
[INFO] running `Command { std: "docker" "inspect" "d40da218d35bc56c149176bf87923c2321b5e8c88b29802405c6a4048c4b13e7", kill_on_drop: false }`
[INFO] running `Command { std: "docker" "rm" "-f" "d40da218d35bc56c149176bf87923c2321b5e8c88b29802405c6a4048c4b13e7", kill_on_drop: false }`
[INFO] [stdout] d40da218d35bc56c149176bf87923c2321b5e8c88b29802405c6a4048c4b13e7
[INFO] running `Command { std: "docker" "create" "-v" "/var/lib/crater-agent-workspace/builds/worker-2-tc1/target:/opt/rustwide/target:rw,Z" "-v" "/var/lib/crater-agent-workspace/builds/worker-2-tc1/source:/opt/rustwide/workdir:ro,Z" "-v" "/var/lib/crater-agent-workspace/cargo-home:/opt/rustwide/cargo-home:ro,Z" "-v" "/var/lib/crater-agent-workspace/rustup-home:/opt/rustwide/rustup-home:ro,Z" "-e" "SOURCE_DIR=/opt/rustwide/workdir" "-e" "CARGO_TARGET_DIR=/opt/rustwide/target" "-e" "CARGO_INCREMENTAL=0" "-e" "RUST_BACKTRACE=full" "-e" "RUSTFLAGS=--cap-lints=forbid" "-e" "RUSTDOCFLAGS=--cap-lints=forbid" "-e" "CARGO_HOME=/opt/rustwide/cargo-home" "-e" "RUSTUP_HOME=/opt/rustwide/rustup-home" "-w" "/opt/rustwide/workdir" "-m" "1610612736" "--user" "0:0" "--network" "none" "ghcr.io/rust-lang/crates-build-env/linux@sha256:819108c5571ea2e421544af4d832f968d213c87fbe3707a016657f43d2f853bc" "/opt/rustwide/cargo-home/bin/cargo" "+nightly-2025-01-18" "test" "--frozen" "--no-run" "--message-format=json", kill_on_drop: false }`
[INFO] [stdout] 16d2de8dbb938bb208bd3572c747896871af670bf68a66ba8a9fa517387197b7
[INFO] running `Command { std: "docker" "start" "-a" "16d2de8dbb938bb208bd3572c747896871af670bf68a66ba8a9fa517387197b7", kill_on_drop: false }`
[INFO] [stderr]    Compiling aoc2024 v0.1.0 (/opt/rustwide/workdir)
[INFO] [stdout] warning: unnecessary parentheses around `if` condition
[INFO] [stdout]    --> src/puzzles/day24.rs:272:12
[INFO] [stdout]     |
[INFO] [stdout] 272 |         if (result != expected) {
[INFO] [stdout]     |            ^                  ^
[INFO] [stdout]     |
[INFO] [stdout]     = note: `#[warn(unused_parens)]` on by default
[INFO] [stdout] help: remove these parentheses
[INFO] [stdout]     |
[INFO] [stdout] 272 -         if (result != expected) {
[INFO] [stdout] 272 +         if result != expected {
[INFO] [stdout]     |
[INFO] [stdout] 
[INFO] [stdout] 
[INFO] [stdout] warning: unnecessary parentheses around `if` condition
[INFO] [stdout]    --> src/puzzles/day24.rs:290:12
[INFO] [stdout]     |
[INFO] [stdout] 290 |         if (result != expected) {
[INFO] [stdout]     |            ^                  ^
[INFO] [stdout]     |
[INFO] [stdout] help: remove these parentheses
[INFO] [stdout]     |
[INFO] [stdout] 290 -         if (result != expected) {
[INFO] [stdout] 290 +         if result != expected {
[INFO] [stdout]     |
[INFO] [stdout] 
[INFO] [stdout] 
[INFO] [stdout] warning: unused variable: `digit`
[INFO] [stdout]    --> src/puzzles/day17.rs:342:13
[INFO] [stdout]     |
[INFO] [stdout] 342 |     for (i,&digit) in digits.iter().enumerate().rev() {
[INFO] [stdout]     |             ^^^^^ help: if this is intentional, prefix it with an underscore: `_digit`
[INFO] [stdout]     |
[INFO] [stdout]     = note: `#[warn(unused_variables)]` on by default
[INFO] [stdout] 
[INFO] [stdout] 
[INFO] [stdout] warning: value assigned to `b` is never read
[INFO] [stdout]    --> src/puzzles/day17.rs:378:30
[INFO] [stdout]     |
[INFO] [stdout] 378 |     let Register {mut a, mut b, mut c} = r;
[INFO] [stdout]     |                              ^
[INFO] [stdout]     |
[INFO] [stdout]     = help: maybe it is overwritten before being read?
[INFO] [stdout]     = note: `#[warn(unused_assignments)]` on by default
[INFO] [stdout] 
[INFO] [stdout] 
[INFO] [stdout] warning: value assigned to `c` is never read
[INFO] [stdout]    --> src/puzzles/day17.rs:378:37
[INFO] [stdout]     |
[INFO] [stdout] 378 |     let Register {mut a, mut b, mut c} = r;
[INFO] [stdout]     |                                     ^
[INFO] [stdout]     |
[INFO] [stdout]     = help: maybe it is overwritten before being read?
[INFO] [stdout] 
[INFO] [stdout] 
[INFO] [stdout] warning: unused variable: `start`
[INFO] [stdout]    --> src/puzzles/day17.rs:390:9
[INFO] [stdout]     |
[INFO] [stdout] 390 |     let start = Instant::now();
[INFO] [stdout]     |         ^^^^^ help: if this is intentional, prefix it with an underscore: `_start`
[INFO] [stdout] 
[INFO] [stdout] 
[INFO] [stdout] warning: unused variable: `j`
[INFO] [stdout]    --> src/puzzles/day24.rs:325:45
[INFO] [stdout]     |
[INFO] [stdout] 325 |     input_wires.iter().enumerate().filter(|(j, w)| w.name == name.as_str()).for_each(|(j, wire)| {
[INFO] [stdout]     |                                             ^ help: if this is intentional, prefix it with an underscore: `_j`
[INFO] [stdout] 
[INFO] [stdout] 
[INFO] [stdout] warning: unused variable: `available`
[INFO] [stdout]   --> src/puzzles/day19.rs:46:11
[INFO] [stdout]    |
[INFO] [stdout] 46 | fn part_2(available: &[String], desired: &[String]) -> String {
[INFO] [stdout]    |           ^^^^^^^^^ help: if this is intentional, prefix it with an underscore: `_available`
[INFO] [stdout] 
[INFO] [stdout] 
[INFO] [stdout] warning: unused variable: `desired`
[INFO] [stdout]   --> src/puzzles/day19.rs:46:33
[INFO] [stdout]    |
[INFO] [stdout] 46 | fn part_2(available: &[String], desired: &[String]) -> String {
[INFO] [stdout]    |                                 ^^^^^^^ help: if this is intentional, prefix it with an underscore: `_desired`
[INFO] [stdout] 
[INFO] [stdout] 
[INFO] [stdout] warning: function `part_1_deprecated` is never used
[INFO] [stdout]    --> src/puzzles/day20.rs:127:4
[INFO] [stdout]     |
[INFO] [stdout] 127 | fn part_1_deprecated(maze: &[Vec<Option<Path>>], required_saving: i32) -> i32 {
[INFO] [stdout]     |    ^^^^^^^^^^^^^^^^^
[INFO] [stdout]     |
[INFO] [stdout]     = note: `#[warn(dead_code)]` on by default
[INFO] [stdout] 
[INFO] [stdout] 
[INFO] [stdout] warning: method `delta` is never used
[INFO] [stdout]   --> src/puzzles/day15.rs:63:8
[INFO] [stdout]    |
[INFO] [stdout] 62 | impl Direction {
[INFO] [stdout]    | -------------- method in this implementation
[INFO] [stdout] 63 |     fn delta(&self) -> (i32, i32) {
[INFO] [stdout]    |        ^^^^^
[INFO] [stdout] 
[INFO] [stdout] 
[INFO] [stdout] warning: function `get_input` is never used
[INFO] [stdout]    --> src/puzzles/day15.rs:266:8
[INFO] [stdout]     |
[INFO] [stdout] 266 |     fn get_input() -> String {
[INFO] [stdout]     |        ^^^^^^^^^
[INFO] [stdout] 
[INFO] [stdout] 
[INFO] [stdout] warning: function `format_friendly_duration` is never used
[INFO] [stdout]    --> src/puzzles/day17.rs:246:4
[INFO] [stdout]     |
[INFO] [stdout] 246 | fn format_friendly_duration(dur: Duration) -> String {
[INFO] [stdout]     |    ^^^^^^^^^^^^^^^^^^^^^^^^
[INFO] [stdout] 
[INFO] [stdout] 
[INFO] [stdout] warning: function `run_program` is never used
[INFO] [stdout]    --> src/puzzles/day17.rs:265:4
[INFO] [stdout]     |
[INFO] [stdout] 265 | fn run_program(program: &[u8], r: &mut Register) -> Vec<u8> {
[INFO] [stdout]     |    ^^^^^^^^^^^
[INFO] [stdout] 
[INFO] [stdout] 
[INFO] [stdout] warning: function `run_my_program` is never used
[INFO] [stdout]    --> src/puzzles/day17.rs:376:4
[INFO] [stdout]     |
[INFO] [stdout] 376 | fn run_my_program(program: &[u8], r: &mut Register) -> Vec<u8> {
[INFO] [stdout]     |    ^^^^^^^^^^^^^^
[INFO] [stdout] 
[INFO] [stdout] 
[INFO] [stdout] warning: function `testing_part_1_using_part_2_2_provided_test` is never used
[INFO] [stdout]    --> src/puzzles/day17.rs:699:8
[INFO] [stdout]     |
[INFO] [stdout] 699 |     fn testing_part_1_using_part_2_2_provided_test() {
[INFO] [stdout]     |        ^^^^^^^^^^^^^^^^^^^^^^^^^^^^^^^^^^^^^^^^^^^
[INFO] [stdout] 
[INFO] [stdout] 
[INFO] [stdout] warning: struct `Circuit` is never constructed
[INFO] [stdout]   --> src/puzzles/day24.rs:37:8
[INFO] [stdout]    |
[INFO] [stdout] 37 | struct Circuit {
[INFO] [stdout]    |        ^^^^^^^
[INFO] [stdout] 
[INFO] [stdout] 
[INFO] [stderr]     Finished `test` profile [unoptimized + debuginfo] target(s) in 3.67s
[INFO] running `Command { std: "docker" "inspect" "16d2de8dbb938bb208bd3572c747896871af670bf68a66ba8a9fa517387197b7", kill_on_drop: false }`
[INFO] running `Command { std: "docker" "rm" "-f" "16d2de8dbb938bb208bd3572c747896871af670bf68a66ba8a9fa517387197b7", kill_on_drop: false }`
[INFO] [stdout] 16d2de8dbb938bb208bd3572c747896871af670bf68a66ba8a9fa517387197b7
[INFO] running `Command { std: "docker" "create" "-v" "/var/lib/crater-agent-workspace/builds/worker-2-tc1/target:/opt/rustwide/target:rw,Z" "-v" "/var/lib/crater-agent-workspace/builds/worker-2-tc1/source:/opt/rustwide/workdir:ro,Z" "-v" "/var/lib/crater-agent-workspace/cargo-home:/opt/rustwide/cargo-home:ro,Z" "-v" "/var/lib/crater-agent-workspace/rustup-home:/opt/rustwide/rustup-home:ro,Z" "-e" "SOURCE_DIR=/opt/rustwide/workdir" "-e" "CARGO_TARGET_DIR=/opt/rustwide/target" "-e" "CARGO_INCREMENTAL=0" "-e" "RUST_BACKTRACE=full" "-e" "RUSTFLAGS=--cap-lints=forbid" "-e" "RUSTDOCFLAGS=--cap-lints=forbid" "-e" "CARGO_HOME=/opt/rustwide/cargo-home" "-e" "RUSTUP_HOME=/opt/rustwide/rustup-home" "-w" "/opt/rustwide/workdir" "-m" "1610612736" "--user" "0:0" "--network" "none" "ghcr.io/rust-lang/crates-build-env/linux@sha256:819108c5571ea2e421544af4d832f968d213c87fbe3707a016657f43d2f853bc" "/opt/rustwide/cargo-home/bin/cargo" "+nightly-2025-01-18" "test" "--frozen", kill_on_drop: false }`
[INFO] [stdout] d26f1eaff98678ea89576553a44cab59ac3b37132d525cbc8fe008200bdbd06d
[INFO] running `Command { std: "docker" "start" "-a" "d26f1eaff98678ea89576553a44cab59ac3b37132d525cbc8fe008200bdbd06d", kill_on_drop: false }`
[INFO] [stderr] warning: unnecessary parentheses around `if` condition
[INFO] [stderr]    --> src/puzzles/day24.rs:272:12
[INFO] [stderr]     |
[INFO] [stderr] 272 |         if (result != expected) {
[INFO] [stderr]     |            ^                  ^
[INFO] [stderr]     |
[INFO] [stderr]     = note: `#[warn(unused_parens)]` on by default
[INFO] [stderr] help: remove these parentheses
[INFO] [stderr]     |
[INFO] [stderr] 272 -         if (result != expected) {
[INFO] [stderr] 272 +         if result != expected {
[INFO] [stderr]     |
[INFO] [stderr] 
[INFO] [stderr] warning: unnecessary parentheses around `if` condition
[INFO] [stderr]    --> src/puzzles/day24.rs:290:12
[INFO] [stderr]     |
[INFO] [stderr] 290 |         if (result != expected) {
[INFO] [stderr]     |            ^                  ^
[INFO] [stderr]     |
[INFO] [stderr] help: remove these parentheses
[INFO] [stderr]     |
[INFO] [stderr] 290 -         if (result != expected) {
[INFO] [stderr] 290 +         if result != expected {
[INFO] [stderr]     |
[INFO] [stderr] 
[INFO] [stderr] warning: unused variable: `digit`
[INFO] [stderr]    --> src/puzzles/day17.rs:342:13
[INFO] [stderr]     |
[INFO] [stderr] 342 |     for (i,&digit) in digits.iter().enumerate().rev() {
[INFO] [stderr]     |             ^^^^^ help: if this is intentional, prefix it with an underscore: `_digit`
[INFO] [stderr]     |
[INFO] [stderr]     = note: `#[warn(unused_variables)]` on by default
[INFO] [stderr] 
[INFO] [stderr] warning: value assigned to `b` is never read
[INFO] [stderr]    --> src/puzzles/day17.rs:378:30
[INFO] [stderr]     |
[INFO] [stderr] 378 |     let Register {mut a, mut b, mut c} = r;
[INFO] [stderr]     |                              ^
[INFO] [stderr]     |
[INFO] [stderr]     = help: maybe it is overwritten before being read?
[INFO] [stderr]     = note: `#[warn(unused_assignments)]` on by default
[INFO] [stderr] 
[INFO] [stderr] warning: value assigned to `c` is never read
[INFO] [stderr]    --> src/puzzles/day17.rs:378:37
[INFO] [stderr]     |
[INFO] [stderr] 378 |     let Register {mut a, mut b, mut c} = r;
[INFO] [stderr]     |                                     ^
[INFO] [stderr]     |
[INFO] [stderr]     = help: maybe it is overwritten before being read?
[INFO] [stderr] 
[INFO] [stderr] warning: unused variable: `start`
[INFO] [stderr]    --> src/puzzles/day17.rs:390:9
[INFO] [stderr]     |
[INFO] [stderr] 390 |     let start = Instant::now();
[INFO] [stderr]     |         ^^^^^ help: if this is intentional, prefix it with an underscore: `_start`
[INFO] [stderr] 
[INFO] [stderr] warning: unused variable: `j`
[INFO] [stderr]    --> src/puzzles/day24.rs:325:45
[INFO] [stderr]     |
[INFO] [stderr] 325 |     input_wires.iter().enumerate().filter(|(j, w)| w.name == name.as_str()).for_each(|(j, wire)| {
[INFO] [stderr]     |                                             ^ help: if this is intentional, prefix it with an underscore: `_j`
[INFO] [stderr] 
[INFO] [stderr] warning: unused variable: `available`
[INFO] [stderr]   --> src/puzzles/day19.rs:46:11
[INFO] [stderr]    |
[INFO] [stderr] 46 | fn part_2(available: &[String], desired: &[String]) -> String {
[INFO] [stderr]    |           ^^^^^^^^^ help: if this is intentional, prefix it with an underscore: `_available`
[INFO] [stderr] 
[INFO] [stderr] warning: unused variable: `desired`
[INFO] [stderr]   --> src/puzzles/day19.rs:46:33
[INFO] [stderr]    |
[INFO] [stderr] 46 | fn part_2(available: &[String], desired: &[String]) -> String {
[INFO] [stderr]    |                                 ^^^^^^^ help: if this is intentional, prefix it with an underscore: `_desired`
[INFO] [stderr] 
[INFO] [stderr] warning: function `part_1_deprecated` is never used
[INFO] [stderr]    --> src/puzzles/day20.rs:127:4
[INFO] [stderr]     |
[INFO] [stderr] 127 | fn part_1_deprecated(maze: &[Vec<Option<Path>>], required_saving: i32) -> i32 {
[INFO] [stderr]     |    ^^^^^^^^^^^^^^^^^
[INFO] [stderr]     |
[INFO] [stderr]     = note: `#[warn(dead_code)]` on by default
[INFO] [stderr] 
[INFO] [stderr] warning: method `delta` is never used
[INFO] [stderr]   --> src/puzzles/day15.rs:63:8
[INFO] [stderr]    |
[INFO] [stderr] 62 | impl Direction {
[INFO] [stderr]    | -------------- method in this implementation
[INFO] [stderr] 63 |     fn delta(&self) -> (i32, i32) {
[INFO] [stderr]    |        ^^^^^
[INFO] [stderr] 
[INFO] [stderr] warning: function `get_input` is never used
[INFO] [stderr]    --> src/puzzles/day15.rs:266:8
[INFO] [stderr]     |
[INFO] [stderr] 266 |     fn get_input() -> String {
[INFO] [stderr]     |        ^^^^^^^^^
[INFO] [stderr] 
[INFO] [stderr] warning: function `format_friendly_duration` is never used
[INFO] [stderr]    --> src/puzzles/day17.rs:246:4
[INFO] [stderr]     |
[INFO] [stderr] 246 | fn format_friendly_duration(dur: Duration) -> String {
[INFO] [stderr]     |    ^^^^^^^^^^^^^^^^^^^^^^^^
[INFO] [stderr] 
[INFO] [stderr] warning: function `run_program` is never used
[INFO] [stderr]    --> src/puzzles/day17.rs:265:4
[INFO] [stderr]     |
[INFO] [stderr] 265 | fn run_program(program: &[u8], r: &mut Register) -> Vec<u8> {
[INFO] [stderr]     |    ^^^^^^^^^^^
[INFO] [stderr] 
[INFO] [stderr] warning: function `run_my_program` is never used
[INFO] [stderr]    --> src/puzzles/day17.rs:376:4
[INFO] [stderr]     |
[INFO] [stderr] 376 | fn run_my_program(program: &[u8], r: &mut Register) -> Vec<u8> {
[INFO] [stderr]     |    ^^^^^^^^^^^^^^
[INFO] [stderr] 
[INFO] [stderr] warning: function `testing_part_1_using_part_2_2_provided_test` is never used
[INFO] [stderr]    --> src/puzzles/day17.rs:699:8
[INFO] [stderr]     |
[INFO] [stderr] 699 |     fn testing_part_1_using_part_2_2_provided_test() {
[INFO] [stderr]     |        ^^^^^^^^^^^^^^^^^^^^^^^^^^^^^^^^^^^^^^^^^^^
[INFO] [stderr] 
[INFO] [stderr] warning: struct `Circuit` is never constructed
[INFO] [stderr]   --> src/puzzles/day24.rs:37:8
[INFO] [stderr]    |
[INFO] [stderr] 37 | struct Circuit {
[INFO] [stderr]    |        ^^^^^^^
[INFO] [stderr] 
[INFO] [stderr] warning: `aoc2024` (bin "aoc2024" test) generated 17 warnings (run `cargo fix --bin "aoc2024" --tests` to apply 2 suggestions)
[INFO] [stderr]     Finished `test` profile [unoptimized + debuginfo] target(s) in 0.04s
[INFO] [stderr]      Running unittests src/main.rs (/opt/rustwide/target/debug/deps/aoc2024-b2cd493b038de68b)
[INFO] [stdout] 
[INFO] [stdout] running 215 tests
[INFO] [stdout] test puzzles::day10::tests::tests_part2::test_example_part2 ... ok
[INFO] [stdout] test puzzles::day12::tests::calculate_sides::test_aa ... ok
[INFO] [stdout] test puzzles::day11::tests::test_transform_stone_counts ... ok
[INFO] [stdout] test puzzles::day11::tests::test_simulate_blinks ... ok
[INFO] [stdout] test puzzles::day10::tests::tests_part1::test_example_input ... ok
[INFO] [stdout] test puzzles::day12::tests::calculate_sides::test_calculate_sides_single_cell ... ok
[INFO] [stdout] test puzzles::day12::tests::calculate_sides::test_calculate_sides_three_edges_one_side ... ok
[INFO] [stdout] test puzzles::day12::tests::calculate_sides::test_calculate_sides_single_edge ... ok
[INFO] [stdout] test puzzles::day12::tests::calculate_sides::test_calculate_sides_two_adjacent_cells ... ok
[INFO] [stdout] test puzzles::day12::tests::integration::test_example_pair ... ok
[INFO] [stdout] test puzzles::day12::tests::integration::test_example_abcde ... ok
[INFO] [stdout] test puzzles::day12::tests::calculate_sides::test_calculate_sides_two_edges_one_side ... ok
[INFO] [stdout] test puzzles::day12::tests::calculate_sides::test_calculate_sides_two_edges_two_sides ... ok
[INFO] [stdout] test puzzles::day12::tests::integration::test_example_xo ... ok
[INFO] [stdout] test puzzles::day12::tests::calculate_sides::test_calculate_sides_two_edges_two_sides_not_continuous ... ok
[INFO] [stdout] test puzzles::day12::tests::integration::test_l_shape ... ok
[INFO] [stdout] test puzzles::day12::tests::integration::test_square_ab ... ok
[INFO] [stdout] test puzzles::day10::tests::tests_part2::test_large_example_part2 ... ok
[INFO] [stdout] test puzzles::day12::tests::integration::test_large_example ... ok
[INFO] [stdout] test puzzles::day12::tests::calculate_sides::test_calculate_sides_three_edges ... ok
[INFO] [stdout] test puzzles::day12::tests::integration::test_square_with_hole ... ok
[INFO] [stdout] test puzzles::day13::tests::part_1_test::test_first_machine ... ok
[INFO] [stdout] test puzzles::day12::tests::parse_input::test_aa ... ok
[INFO] [stdout] test puzzles::day12::tests::test_flood_fill::test_flood_fill_aa ... ok
[INFO] [stdout] test puzzles::day12::tests::test_flood_fill::test_flood_fill_single_cell ... ok
[INFO] [stdout] test puzzles::day13::tests::part_2_test::solve_machine_test::test_solve_machine_large_target ... ok
[INFO] [stdout] test puzzles::day13::tests::part_2_test::solve_machine_test::test_solve_machine_fourth ... ok
[INFO] [stdout] test puzzles::day13::tests::part_1_test::test_third_machine ... ok
[INFO] [stdout] test puzzles::day12::tests::integration::test_example_1a ... ok
[INFO] [stdout] test puzzles::day13::tests::part_1_test::test_part_provided ... ok
[INFO] [stdout] test puzzles::day12::tests::calculate_sides::test_calculate_sides_l_shape ... ok
[INFO] [stdout] test puzzles::day13::tests::part_2_test::solve_machine_test::test_solve_machine_no_solution ... ok
[INFO] [stdout] test puzzles::day13::tests::part_2_test::solve_machine_test::test_solve_machine_second ... ok
[INFO] [stdout] test puzzles::day13::tests::test_parse ... ok
[INFO] [stdout] test puzzles::day14::tests::parse_tests::parse_point_tests::parse_point_2_test ... ok
[INFO] [stdout] test puzzles::day14::tests::parse_tests::parse_point_tests::parse_point_test ... ok
[INFO] [stdout] test puzzles::day14::tests::parse_tests::parse_robot_tests::parse_robot_test ... ok
[INFO] [stdout] test puzzles::day14::tests::parse_tests::parse_test::parse_simple_test ... ok
[INFO] [stdout] test puzzles::day14::tests::parse_tests::parse_value_tests::parse_value_error_test ... ok
[INFO] [stdout] test puzzles::day14::tests::parse_tests::parse_value_tests::parse_value_with_trailing_bob_test ... ok
[INFO] [stdout] test puzzles::day14::tests::parse_tests::parse_value_tests::parse_value_signed_test ... ok
[INFO] [stdout] test puzzles::day14::tests::part_1_tests::get_quadrant_tests::get_quadrant_none_1_test ... ok
[INFO] [stdout] test puzzles::day14::tests::part_1_tests::get_quadrant_tests::get_quadrant_some_1_test ... ok
[INFO] [stdout] test puzzles::day14::tests::parse_tests::parse_value_tests::parse_value_test ... ok
[INFO] [stdout] test puzzles::day14::tests::parse_tests::parse_robot_tests::parse_robot_2_test ... ok
[INFO] [stdout] test puzzles::day14::tests::part_1_tests::get_quadrant_tests::get_quadrant_none_2_test ... ok
[INFO] [stdout] test puzzles::day12::tests::test_flood_fill::test_flood_fill_block_of_2x2 ... ok
[INFO] [stdout] test puzzles::day12::tests::integration::test_square_e ... ok
[INFO] [stdout] test puzzles::day14::tests::part_1_tests::robot_move_tests::provided_1 ... ok
[INFO] [stdout] test puzzles::day13::tests::part_2_test::test_part2 ... ok
[INFO] [stdout] test puzzles::day14::tests::part_1_tests::robot_move_tests::provided_2 ... ok
[INFO] [stdout] test puzzles::day14::tests::part_1_tests::robot_move_tests::provided_4 ... ok
[INFO] [stdout] test puzzles::day14::tests::part_1_tests::robot_move_tests::provided_3 ... ok
[INFO] [stdout] test puzzles::day15::tests::parse_tests::parse_input_test ... ok
[INFO] [stdout] test puzzles::day14::tests::part_1_tests::get_quadrant_tests::get_quadrant_some_2_test ... ok
[INFO] [stdout] test puzzles::day14::tests::part_1_tests::get_quadrant_tests::get_quadrant_some_3_test ... ok
[INFO] [stdout] test puzzles::day14::tests::part_1_tests::get_quadrant_tests::get_quadrant_some_4_test ... ok
[INFO] [stdout] test puzzles::day14::tests::part_1_tests::get_safety_factor_tests::get_safety_factor_test ... ok
[INFO] [stdout] test puzzles::day13::tests::part_2_test::solve_machine_test::test_solve_machine_simple ... ok
[INFO] [stdout] test puzzles::day14::tests::part_1_tests::get_quadrant_tests::get_quadrant_none_3_test ... ok
[INFO] [stdout] test puzzles::day16::tests::integration::simple ... ok
[INFO] [stdout] test puzzles::day16::tests::parse_input_tests::parse_input_multiple_rows_test ... ok
[INFO] [stdout] test puzzles::day16::tests::parse_input_tests::parse_input_simple_test ... ok
[INFO] [stdout] test puzzles::day16::tests::part_1_tests::part_1_simple_east_test ... ok
[INFO] [stdout] test puzzles::day14::tests::part_1_tests::robot_move_tests::provided_5 ... ok
[INFO] [stdout] test puzzles::day16::tests::path_tests::path_start_test ... ok
[INFO] [stdout] test puzzles::day16::tests::point_tests::point_clone_test ... ok
[INFO] [stdout] test puzzles::day16::tests::point_tests::point_default_test ... ok
[INFO] [stdout] test puzzles::day16::tests::part_1_tests::part_1_simple_test ... ok
[INFO] [stdout] test puzzles::day16::tests::point_tests::point_new_test ... ok
[INFO] [stdout] test puzzles::day17::tests::bdv_literal_test ... ok
[INFO] [stdout] test puzzles::day17::tests::adv_combo_test ... ok
[INFO] [stdout] test puzzles::day16::tests::point_tests::point_spread_test ... ok
[INFO] [stdout] test puzzles::day17::tests::adv_literal_test ... ok
[INFO] [stdout] test puzzles::day16::tests::path_tests::path_new_test ... ok
[INFO] [stdout] test puzzles::day16::tests::path_tests::path_end_test ... ok
[INFO] [stdout] test puzzles::day17::tests::bxc_test ... ok
[INFO] [stdout] test puzzles::day17::tests::computer_3_test ... ok
[INFO] [stdout] test puzzles::day16::tests::map_input_tests::map_input_simple_test ... ok
[INFO] [stdout] test puzzles::day17::tests::cdv_literal_test ... ok
[INFO] [stdout] test puzzles::day17::tests::bst_test ... ok
[INFO] [stdout] test puzzles::day17::tests::jnz_0_test ... ok
[INFO] [stdout] test puzzles::day17::tests::bdv_combo_test ... ok
[INFO] [stdout] test puzzles::day17::tests::bxl_test ... ok
[INFO] [stdout] test puzzles::day17::tests::computer_4_test ... ok
[INFO] [stdout] test puzzles::day16::tests::integration::provided_another ... ok
[INFO] [stdout] test puzzles::day17::tests::out_combo_test ... ok
[INFO] [stdout] test puzzles::day17::tests::cdv_combo_test ... ok
[INFO] [stdout] test puzzles::day17::tests::bxc_2_test ... ok
[INFO] [stdout] test puzzles::day17::tests::computer_test ... ok
[INFO] [stdout] test puzzles::day17::tests::computer_2_test ... ok
[INFO] [stdout] test puzzles::day17::tests::out_literal_test ... ok
[INFO] [stdout] test puzzles::day16::tests::point_tests::point_deconstruct_test ... ok
[INFO] [stdout] test puzzles::day16::tests::map_input_tests::map_input_multiple_rows_test ... ok
[INFO] [stdout] test puzzles::day17::tests::jnz_test ... ok
[INFO] [stdout] test puzzles::day16::tests::integration::provided ... ok
[INFO] [stdout] test puzzles::day17::tests::part_2_provided_test ... ok
[INFO] [stdout] test puzzles::day17::tests::provided_test ... ok
[INFO] [stdout] test puzzles::day17::tests::testing_part_1_using_part_2_provided_test ... ok
[INFO] [stdout] test puzzles::day19::tests::is_possible_tests::exact_match ... ok
[INFO] [stdout] test puzzles::day19::tests::is_possible_tests::impossible ... ok
[INFO] [stdout] test puzzles::day18::tests::integration::test_provided ... ok
[INFO] [stdout] test puzzles::day19::tests::is_possible_tests::possible_test ... ok
[INFO] [stdout] test puzzles::day19::tests::is_possible_tests::possible_simple_test ... ok
[INFO] [stdout] test puzzles::day19::tests::parse_test ... ok
[INFO] [stdout] test puzzles::day19::tests::part_1_tests::part_1_test ... ok
[INFO] [stdout] test puzzles::day20::tests::part_1_tests::provided_10_10_test ... ok
[INFO] [stdout] test puzzles::day20::tests::part_1_tests::provided_1_64_test ... ok
[INFO] [stdout] test puzzles::day20::tests::part_1_tests::provided_16_6_test ... ok
[INFO] [stdout] test puzzles::day20::tests::part_1_tests::provided_shortest_path_test ... ok
[INFO] [stdout] test puzzles::day20::tests::part_1_tests::provided_2_40_test ... ok
[INFO] [stdout] test puzzles::day20::tests::part_1_tests::provided_lots_2_test ... ok
[INFO] [stdout] test puzzles::day20::tests::part_1_tests::provided_lots_4_test ... ok
[INFO] [stdout] test puzzles::day18::tests::integration::test_provided_2 ... ok
[INFO] [stdout] test puzzles::day22::tests::parse_tests::mix_test ... ok
[INFO] [stdout] test puzzles::day22::tests::parse_tests::next_test ... ok
[INFO] [stdout] test puzzles::day20::tests::part_1_tests::provided_5_20_test ... ok
[INFO] [stdout] test puzzles::day21::tests::test_parse ... ok
[INFO] [stdout] test puzzles::day22::tests::parse_tests::parse_input_test ... ok
[INFO] [stdout] test puzzles::day20::tests::part_2_tests::provided_76_6_1_test ... ok
[INFO] [stdout] test puzzles::day21::tests::test_three_digits_string ... ok
[INFO] [stdout] test puzzles::day22::tests::parse_tests::prune_test ... ok
[INFO] [stdout] test puzzles::day22::tests::parse_tests::rounding_test ... ok
[INFO] [stdout] test puzzles::day23::tests::combi_tests::test_combi_pick_0_from_3 ... ok
[INFO] [stdout] test puzzles::day23::tests::combi_tests::test_combi_pick_2_from_3 ... ok
[INFO] [stdout] test puzzles::day23::tests::combi_tests::test_combi_pick_2_from_4 ... ok
[INFO] [stdout] test puzzles::day23::tests::combi_tests::test_combi_pick_3_from_3 ... ok
[INFO] [stdout] test puzzles::day23::tests::combi_tests::test_combi_pick_more_than_available ... ok
[INFO] [stdout] test puzzles::day23::tests::provided_part_1_test ... ok
[INFO] [stdout] test puzzles::day24::tests::test_part_1_larger_provided ... ok
[INFO] [stdout] test puzzles::day19::tests::is_possible_tests::awkward ... ok
[INFO] [stdout] test puzzles::day24::tests::test_part_1_provided ... ok
[INFO] [stdout] test puzzles::day4::tests_xmas::part_one::test_xmas_e ... ok
[INFO] [stdout] test puzzles::day4::tests_xmas::part_one::test_xmas_n ... ok
[INFO] [stdout] test puzzles::day24::tests::prep_test ... ok
[INFO] [stdout] test puzzles::day20::tests::part_2_tests::provided_76_20_3_test ... ok
[INFO] [stdout] test puzzles::day23::tests::provided_part_2_test ... ok
[INFO] [stdout] test puzzles::day21::tests::test_test_map ... ok
[INFO] [stdout] test puzzles::day23::tests::combi_tests::test_combi_pick_3_from_4 ... ok
[INFO] [stdout] test puzzles::day4::tests_xmas::part_one::test_xmas_ne ... ok
[INFO] [stdout] test puzzles::day4::tests_xmas::part_one::test_xmas_s ... ok
[INFO] [stdout] test puzzles::day4::tests_xmas::part_one::test_xmas_se ... ok
[INFO] [stdout] test puzzles::day4::tests_xmas::part_one::test_xmas_sw ... ok
[INFO] [stdout] test puzzles::day4::tests_xmas::part_two::test_x_mas_none ... ok
[INFO] [stdout] test puzzles::day5::tests::test_is_valid_update ... ok
[INFO] [stdout] test puzzles::day5::tests::test_middle_page ... ok
[INFO] [stdout] test puzzles::day4::tests_xmas::test_provided ... ok
[INFO] [stdout] test puzzles::day6::tests::part2_test ... ok
[INFO] [stdout] test puzzles::day4::tests_xmas::part_one::test_xmas_none ... ok
[INFO] [stdout] test puzzles::day7::tests::parse::parse_test ... ok
[INFO] [stdout] test puzzles::day7::tests::part_1::provided ... ok
[INFO] [stdout] test puzzles::day4::tests_xmas::part_one::test_xmas_w ... ok
[INFO] [stdout] test puzzles::day7::tests::part_1::simpler ... ok
[INFO] [stdout] test puzzles::day7::tests::part_2::pipe_plus ... ok
[INFO] [stdout] test puzzles::day7::tests::part_2::test_concat_with_leading_zero ... ok
[INFO] [stdout] test puzzles::day7::tests::part_2::test_concatenation_and_arithmetic_complex ... ok
[INFO] [stdout] test puzzles::day7::tests::part_2::test_concatenation_only ... ok
[INFO] [stdout] test puzzles::day6::tests::part1_test ... ok
[INFO] [stdout] test puzzles::day7::tests::part_2::test_concatenation_plus_addition ... ok
[INFO] [stdout] test puzzles::day7::tests::part_2::provided ... ok
[INFO] [stdout] test puzzles::day7::tests::part_2::simpler ... ok
[INFO] [stdout] test puzzles::day7::tests::part_2::test_multiple_concats ... ok
[INFO] [stdout] test puzzles::day8::tests::part1::simple ... ok
[INFO] [stdout] test puzzles::day8::tests::part1::simpler ... ok
[INFO] [stdout] test puzzles::day8::tests::part1::test_part1 ... ok
[INFO] [stdout] test puzzles::day8::tests::part2::provided ... ok
[INFO] [stdout] test puzzles::day8::tests::part2::simple ... ok
[INFO] [stdout] test puzzles::day9::tests::calculate_checksum::more ... ok
[INFO] [stdout] test puzzles::day9::tests::calculate_checksum::simple ... ok
[INFO] [stdout] test puzzles::day20::tests::part_2_tests::provided_70_20_41_test ... ok
[INFO] [stdout] test puzzles::day7::tests::part_2::test_concatenation_plus_multiplication ... ok
[INFO] [stdout] test puzzles::day8::tests::part1::collision ... ok
[INFO] [stdout] test puzzles::day4::tests_xmas::part_one::test_xmas_nw ... ok
[INFO] [stdout] test puzzles::day8::tests::part1::border ... ok
[INFO] [stdout] test puzzles::day4::tests_xmas::part_two::test_x_mas_both ... ok
[INFO] [stdout] test puzzles::day4::tests_xmas::part_two::test_x_mas_cardinal ... ok
[INFO] [stdout] test puzzles::day4::tests_xmas::part_two::test_x_mas_diagonal ... ok
[INFO] [stdout] test puzzles::day9::tests::calculate_checksum_from_partition::empty_partition ... ok
[INFO] [stdout] test puzzles::day9::tests::calculate_checksum_from_partition::multi_partition ... ok
[INFO] [stdout] test puzzles::day20::tests::part_2_tests::provided_66_20_test ... ok
[INFO] [stdout] test puzzles::day9::tests::calculate_checksum_from_partition::no_files_in_partition ... ok
[INFO] [stdout] test puzzles::day20::tests::part_2_tests::provided_74_20_7_test ... ok
[INFO] [stdout] test puzzles::day20::tests::part_2_tests::provided_68_20_test ... ok
[INFO] [stdout] test puzzles::day7::tests::part_2::verify_successful_sequences ... ok
[INFO] [stdout] test puzzles::day9::tests::calculate_checksum_from_partition::simple_1 ... ok
[INFO] [stdout] test puzzles::day9::tests::calculate_checksum_from_partition::simple_5 ... ok
[INFO] [stdout] test puzzles::day9::tests::chunk::test_chunk_standard_case ... ok
[INFO] [stdout] test puzzles::day9::tests::chunk::test_chunk_large_input ... ok
[INFO] [stdout] test puzzles::day9::tests::chunk::test_chunk_empty_input ... ok
[INFO] [stdout] test puzzles::day9::tests::calculate_checksum::test_calculate_checksum ... ok
[INFO] [stdout] test puzzles::day22::tests::parse_tests::part_2_test ... ok
[INFO] [stdout] test puzzles::day9::tests::compact_partitions::test_compact_basic_case ... ok
[INFO] [stdout] test puzzles::day9::tests::chunk::simple ... ok
[INFO] [stdout] test puzzles::day9::tests::compact_example::test_compact_example_steps ... ok
[INFO] [stdout] test puzzles::day9::tests::chunk::test_chunk_odd_input ... ok
[INFO] [stdout] test puzzles::day9::tests::compact_partitions::test_compact_already_compact ... ok
[INFO] [stdout] test puzzles::day9::tests::compact_partitions::test_compact_empty_partitions ... ok
[INFO] [stdout] test puzzles::day9::tests::compact_partitions::test_compact_edge_case_small_large_space ... ok
[INFO] [stdout] test puzzles::day9::tests::compact_partitions::test_compact_no_free_space ... ok
[INFO] [stdout] test puzzles::day9::tests::integration::simple2 ... ok
[INFO] [stdout] test puzzles::day9::tests::create_disk::test_create_disk ... ok
[INFO] [stdout] test puzzles::day9::tests::integration::simpler ... ok
[INFO] [stdout] test puzzles::day9::tests::integration::provided ... ok
[INFO] [stdout] test puzzles::day9::tests::compact_partitions::weird ... ok
[INFO] [stdout] test puzzles::day9::tests::create_disk::simple ... ok
[INFO] [stdout] test puzzles::day9::tests::integration::simple ... ok
[INFO] [stdout] test puzzles::day9::tests::integration::simpler1 ... ok
[INFO] [stdout] test puzzles::day9::tests::integration::simpler2 ... ok
[INFO] [stdout] test puzzles::day9::tests::integration::simpler_move ... ok
[INFO] [stdout] test puzzles::day9::tests::populate_disk::test_populate_disk ... ok
[INFO] [stdout] test puzzles::day9::tests::integration::simpler_move2 ... ok
[INFO] [stdout] test puzzles::day9::tests::populate_disk::simple ... ok
[INFO] [stdout] test puzzles::day9::tests::test_parse_digits ... ok
[INFO] [stdout] test puzzles::day20::tests::part_2_tests::provided_72_20_29_test ... ok
[INFO] [stdout] test puzzles::day19::tests::awkward_input_parse_test ... FAILED
[INFO] [stdout] 
[INFO] [stdout] failures:
[INFO] [stdout] 
[INFO] [stdout] ---- puzzles::day19::tests::awkward_input_parse_test stdout ----
[INFO] [stdout] 
[INFO] [stdout] thread 'puzzles::day19::tests::awkward_input_parse_test' panicked at src/puzzles/day19.rs:104:9:
[INFO] [stdout] assertion `left == right` failed
[INFO] [stdout]   left: 8
[INFO] [stdout]  right: 15
[INFO] [stdout] stack backtrace:
[INFO] [stdout]    0:     0x5879079dc3ea - std::backtrace_rs::backtrace::libunwind::trace::hb059275cfc8d6126
[INFO] [stdout]                                at /rustc/6067b36314ab5eb2eb47cecc464545ba58e1ad24/library/std/src/../../backtrace/src/backtrace/libunwind.rs:116:5
[INFO] [stdout]    1:     0x5879079dc3ea - std::backtrace_rs::backtrace::trace_unsynchronized::h2da071e4327ce3ee
[INFO] [stdout]                                at /rustc/6067b36314ab5eb2eb47cecc464545ba58e1ad24/library/std/src/../../backtrace/src/backtrace/mod.rs:66:5
[INFO] [stdout]    2:     0x5879079dc3ea - std::sys::backtrace::_print_fmt::h842a1474e6f8d23f
[INFO] [stdout]                                at /rustc/6067b36314ab5eb2eb47cecc464545ba58e1ad24/library/std/src/sys/backtrace.rs:66:9
[INFO] [stdout]    3:     0x5879079dc3ea - <std::sys::backtrace::BacktraceLock::print::DisplayBacktrace as core::fmt::Display>::fmt::h71a62eb3b9696b12
[INFO] [stdout]                                at /rustc/6067b36314ab5eb2eb47cecc464545ba58e1ad24/library/std/src/sys/backtrace.rs:39:26
[INFO] [stdout]    4:     0x587907a04473 - core::fmt::rt::Argument::fmt::hdb6b616786b41dc1
[INFO] [stdout]                                at /rustc/6067b36314ab5eb2eb47cecc464545ba58e1ad24/library/core/src/fmt/rt.rs:177:76
[INFO] [stdout]    5:     0x587907a04473 - core::fmt::write::h2cc1698af7e2d686
[INFO] [stdout]                                at /rustc/6067b36314ab5eb2eb47cecc464545ba58e1ad24/library/core/src/fmt/mod.rs:1440:21
[INFO] [stdout]    6:     0x5879079d8f43 - std::io::Write::write_fmt::hab1b4cd059a79022
[INFO] [stdout]                                at /rustc/6067b36314ab5eb2eb47cecc464545ba58e1ad24/library/std/src/io/mod.rs:1887:15
[INFO] [stdout]    7:     0x5879079dc232 - std::sys::backtrace::BacktraceLock::print::h147fe35b4ea13b08
[INFO] [stdout]                                at /rustc/6067b36314ab5eb2eb47cecc464545ba58e1ad24/library/std/src/sys/backtrace.rs:42:9
[INFO] [stdout]    8:     0x5879079dd80f - std::panicking::default_hook::{{closure}}::hbd44223dbdc0d208
[INFO] [stdout]                                at /rustc/6067b36314ab5eb2eb47cecc464545ba58e1ad24/library/std/src/panicking.rs:298:22
[INFO] [stdout]    9:     0x5879079dd628 - std::panicking::default_hook::h20f81eb0576efcec
[INFO] [stdout]                                at /rustc/6067b36314ab5eb2eb47cecc464545ba58e1ad24/library/std/src/panicking.rs:322:9
[INFO] [stdout]   10:     0x58790799d443 - <alloc::boxed::Box<F,A> as core::ops::function::Fn<Args>>::call::hdb53814c496a4d34
[INFO] [stdout]                                at /rustc/6067b36314ab5eb2eb47cecc464545ba58e1ad24/library/alloc/src/boxed.rs:2027:9
[INFO] [stdout]   11:     0x58790799d443 - test::test_main::{{closure}}::hc0a4963c59427c24
[INFO] [stdout]                                at /rustc/6067b36314ab5eb2eb47cecc464545ba58e1ad24/library/test/src/lib.rs:134:21
[INFO] [stdout]   12:     0x5879079de303 - <alloc::boxed::Box<F,A> as core::ops::function::Fn<Args>>::call::h591b2225413a77e9
[INFO] [stdout]                                at /rustc/6067b36314ab5eb2eb47cecc464545ba58e1ad24/library/alloc/src/boxed.rs:2027:9
[INFO] [stdout]   13:     0x5879079de303 - std::panicking::rust_panic_with_hook::h625eea43051b2edc
[INFO] [stdout]                                at /rustc/6067b36314ab5eb2eb47cecc464545ba58e1ad24/library/std/src/panicking.rs:839:13
[INFO] [stdout]   14:     0x5879079ddfba - std::panicking::begin_panic_handler::{{closure}}::h4f9159cfbc3f6bd3
[INFO] [stdout]                                at /rustc/6067b36314ab5eb2eb47cecc464545ba58e1ad24/library/std/src/panicking.rs:704:13
[INFO] [stdout]   15:     0x5879079dc8e9 - std::sys::backtrace::__rust_end_short_backtrace::h0390abce48353151
[INFO] [stdout]                                at /rustc/6067b36314ab5eb2eb47cecc464545ba58e1ad24/library/std/src/sys/backtrace.rs:168:18
[INFO] [stdout]   16:     0x5879079ddc4d - rust_begin_unwind
[INFO] [stdout]                                at /rustc/6067b36314ab5eb2eb47cecc464545ba58e1ad24/library/std/src/panicking.rs:695:5
[INFO] [stdout]   17:     0x587907a02600 - core::panicking::panic_fmt::h9e7c637e9e5f29c9
[INFO] [stdout]                                at /rustc/6067b36314ab5eb2eb47cecc464545ba58e1ad24/library/core/src/panicking.rs:75:14
[INFO] [stdout]   18:     0x587907a029f2 - core::panicking::assert_failed_inner::h538bec7c1374cd9c
[INFO] [stdout]   19:     0x587907a028a9 - core::panicking::assert_failed::h7fe8c93d80615b71
[INFO] [stdout]                                at /rustc/6067b36314ab5eb2eb47cecc464545ba58e1ad24/library/core/src/panicking.rs:364:5
[INFO] [stdout]   20:     0x5879079630c1 - aoc2024::puzzles::day19::tests::awkward_input_parse_test::he6382658bdc0b133
[INFO] [stdout]                                at /opt/rustwide/workdir/src/puzzles/day19.rs:104:9
[INFO] [stdout]   21:     0x587907962f07 - aoc2024::puzzles::day19::tests::awkward_input_parse_test::{{closure}}::h35ff990d964d04ea
[INFO] [stdout]                                at /opt/rustwide/workdir/src/puzzles/day19.rs:101:34
[INFO] [stdout]   22:     0x587907949966 - core::ops::function::FnOnce::call_once::h48f2fc8b26c752e8
[INFO] [stdout]                                at /rustc/6067b36314ab5eb2eb47cecc464545ba58e1ad24/library/core/src/ops/function.rs:250:5
[INFO] [stdout]   23:     0x5879079a2b9b - core::ops::function::FnOnce::call_once::he27718dfdd183f43
[INFO] [stdout]                                at /rustc/6067b36314ab5eb2eb47cecc464545ba58e1ad24/library/core/src/ops/function.rs:250:5
[INFO] [stdout]   24:     0x5879079a2b9b - test::__rust_begin_short_backtrace::h4e84902998457a5d
[INFO] [stdout]                                at /rustc/6067b36314ab5eb2eb47cecc464545ba58e1ad24/library/test/src/lib.rs:632:18
[INFO] [stdout]   25:     0x5879079a1ad3 - test::run_test_in_process::{{closure}}::h7176fd18fc1feca0
[INFO] [stdout]                                at /rustc/6067b36314ab5eb2eb47cecc464545ba58e1ad24/library/test/src/lib.rs:655:60
[INFO] [stdout]   26:     0x5879079a1ad3 - <core::panic::unwind_safe::AssertUnwindSafe<F> as core::ops::function::FnOnce<()>>::call_once::hf79cff2a624d8cf7
[INFO] [stdout]                                at /rustc/6067b36314ab5eb2eb47cecc464545ba58e1ad24/library/core/src/panic/unwind_safe.rs:272:9
[INFO] [stdout]   27:     0x5879079a1ad3 - std::panicking::try::do_call::h3da0561d9ab99c25
[INFO] [stdout]                                at /rustc/6067b36314ab5eb2eb47cecc464545ba58e1ad24/library/std/src/panicking.rs:587:40
[INFO] [stdout]   28:     0x5879079a1ad3 - std::panicking::try::h41c9fa508bc61df6
[INFO] [stdout]                                at /rustc/6067b36314ab5eb2eb47cecc464545ba58e1ad24/library/std/src/panicking.rs:550:19
[INFO] [stdout]   29:     0x5879079a1ad3 - std::panic::catch_unwind::h6b3ff07bb5afad93
[INFO] [stdout]                                at /rustc/6067b36314ab5eb2eb47cecc464545ba58e1ad24/library/std/src/panic.rs:358:14
[INFO] [stdout]   30:     0x5879079a1ad3 - test::run_test_in_process::hc7253dd11b39b9f4
[INFO] [stdout]                                at /rustc/6067b36314ab5eb2eb47cecc464545ba58e1ad24/library/test/src/lib.rs:655:27
[INFO] [stdout]   31:     0x5879079a1ad3 - test::run_test::{{closure}}::hfb2007f8649c30bb
[INFO] [stdout]                                at /rustc/6067b36314ab5eb2eb47cecc464545ba58e1ad24/library/test/src/lib.rs:576:43
[INFO] [stdout]   32:     0x587907964bb5 - test::run_test::{{closure}}::h56a17aa7a282a9f4
[INFO] [stdout]                                at /rustc/6067b36314ab5eb2eb47cecc464545ba58e1ad24/library/test/src/lib.rs:606:41
[INFO] [stdout]   33:     0x587907964bb5 - std::sys::backtrace::__rust_begin_short_backtrace::hd2d2d2fb8e8c6aac
[INFO] [stdout]                                at /rustc/6067b36314ab5eb2eb47cecc464545ba58e1ad24/library/std/src/sys/backtrace.rs:152:18
[INFO] [stdout]   34:     0x58790796849a - std::thread::Builder::spawn_unchecked_::{{closure}}::{{closure}}::h4faa3f9db6133423
[INFO] [stdout]                                at /rustc/6067b36314ab5eb2eb47cecc464545ba58e1ad24/library/std/src/thread/mod.rs:559:17
[INFO] [stdout]   35:     0x58790796849a - <core::panic::unwind_safe::AssertUnwindSafe<F> as core::ops::function::FnOnce<()>>::call_once::hf2e855a36a4ea846
[INFO] [stdout]                                at /rustc/6067b36314ab5eb2eb47cecc464545ba58e1ad24/library/core/src/panic/unwind_safe.rs:272:9
[INFO] [stdout]   36:     0x58790796849a - std::panicking::try::do_call::h2f73af3616c35465
[INFO] [stdout]                                at /rustc/6067b36314ab5eb2eb47cecc464545ba58e1ad24/library/std/src/panicking.rs:587:40
[INFO] [stdout]   37:     0x58790796849a - std::panicking::try::hd1660ce9efadef5a
[INFO] [stdout]                                at /rustc/6067b36314ab5eb2eb47cecc464545ba58e1ad24/library/std/src/panicking.rs:550:19
[INFO] [stdout]   38:     0x58790796849a - std::panic::catch_unwind::h5ee8d7823b8ca744
[INFO] [stdout]                                at /rustc/6067b36314ab5eb2eb47cecc464545ba58e1ad24/library/std/src/panic.rs:358:14
[INFO] [stdout]   39:     0x58790796849a - std::thread::Builder::spawn_unchecked_::{{closure}}::h53c3a1894dce8407
[INFO] [stdout]                                at /rustc/6067b36314ab5eb2eb47cecc464545ba58e1ad24/library/std/src/thread/mod.rs:557:30
[INFO] [stdout]   40:     0x58790796849a - core::ops::function::FnOnce::call_once{{vtable.shim}}::h048ce291ad4f62bf
[INFO] [stdout]                                at /rustc/6067b36314ab5eb2eb47cecc464545ba58e1ad24/library/core/src/ops/function.rs:250:5
[INFO] [stdout]   41:     0x5879079e223b - <alloc::boxed::Box<F,A> as core::ops::function::FnOnce<Args>>::call_once::ha52bedf99a3b4981
[INFO] [stdout]                                at /rustc/6067b36314ab5eb2eb47cecc464545ba58e1ad24/library/alloc/src/boxed.rs:2013:9
[INFO] [stdout]   42:     0x5879079e223b - <alloc::boxed::Box<F,A> as core::ops::function::FnOnce<Args>>::call_once::h567748934d80ccf8
[INFO] [stdout]                                at /rustc/6067b36314ab5eb2eb47cecc464545ba58e1ad24/library/alloc/src/boxed.rs:2013:9
[INFO] [stdout]   43:     0x5879079e223b - std::sys::pal::unix::thread::Thread::new::thread_start::h2d970728ae887adc
[INFO] [stdout]                                at /rustc/6067b36314ab5eb2eb47cecc464545ba58e1ad24/library/std/src/sys/pal/unix/thread.rs:106:17
[INFO] [stdout]   44:     0x77ee43db4ac3 - <unknown>
[INFO] [stdout]   45:     0x77ee43e45a04 - clone
[INFO] [stdout]   46:                0x0 - <unknown>
[INFO] [stdout] 
[INFO] [stdout] 
[INFO] [stdout] failures:
[INFO] [stdout]     puzzles::day19::tests::awkward_input_parse_test
[INFO] [stdout] 
[INFO] [stdout] test result: FAILED. 214 passed; 1 failed; 0 ignored; 0 measured; 0 filtered out; finished in 0.11s
[INFO] [stdout] 
[INFO] [stderr] error: test failed, to rerun pass `--bin aoc2024`
[INFO] running `Command { std: "docker" "inspect" "d26f1eaff98678ea89576553a44cab59ac3b37132d525cbc8fe008200bdbd06d", kill_on_drop: false }`
[INFO] running `Command { std: "docker" "rm" "-f" "d26f1eaff98678ea89576553a44cab59ac3b37132d525cbc8fe008200bdbd06d", kill_on_drop: false }`
[INFO] [stdout] d26f1eaff98678ea89576553a44cab59ac3b37132d525cbc8fe008200bdbd06d
