[INFO] cloning repository https://github.com/skabillium/rust-too-many-lists
[INFO] running `Command { std: "git" "-c" "credential.helper=" "-c" "credential.helper=/workspace/cargo-home/bin/git-credential-null" "clone" "--bare" "https://github.com/skabillium/rust-too-many-lists" "/workspace/cache/git-repos/https%3A%2F%2Fgithub.com%2Fskabillium%2Frust-too-many-lists", kill_on_drop: false }`
[INFO] [stderr] Cloning into bare repository '/workspace/cache/git-repos/https%3A%2F%2Fgithub.com%2Fskabillium%2Frust-too-many-lists'...
[INFO] running `Command { std: "git" "rev-parse" "HEAD", kill_on_drop: false }`
[INFO] [stdout] f9fab2883bfc2b59d62e78db612e230033590dcd
[INFO] testing skabillium/rust-too-many-lists against nightly-2025-01-18 for randomize-layout-2
[INFO] running `Command { std: "git" "clone" "/workspace/cache/git-repos/https%3A%2F%2Fgithub.com%2Fskabillium%2Frust-too-many-lists" "/workspace/builds/worker-4-tc1/source", kill_on_drop: false }`
[INFO] [stderr] Cloning into '/workspace/builds/worker-4-tc1/source'...
[INFO] [stderr] done.
[INFO] validating manifest of git repo https://github.com/skabillium/rust-too-many-lists on toolchain nightly-2025-01-18
[INFO] running `Command { std: CARGO_HOME="/workspace/cargo-home" RUSTUP_HOME="/workspace/rustup-home" "/workspace/cargo-home/bin/cargo" "+nightly-2025-01-18" "metadata" "--manifest-path" "Cargo.toml" "--no-deps", kill_on_drop: false }`
[INFO] started tweaking git repo https://github.com/skabillium/rust-too-many-lists
[INFO] finished tweaking git repo https://github.com/skabillium/rust-too-many-lists
[INFO] tweaked toml for git repo https://github.com/skabillium/rust-too-many-lists written to /workspace/builds/worker-4-tc1/source/Cargo.toml
[INFO] crate git repo https://github.com/skabillium/rust-too-many-lists already has a lockfile, it will not be regenerated
[INFO] running `Command { std: CARGO_HOME="/workspace/cargo-home" RUSTUP_HOME="/workspace/rustup-home" "/workspace/cargo-home/bin/cargo" "+nightly-2025-01-18" "fetch" "--manifest-path" "Cargo.toml", kill_on_drop: false }`
[INFO] running `Command { std: "docker" "create" "-v" "/var/lib/crater-agent-workspace/builds/worker-4-tc1/target:/opt/rustwide/target:rw,Z" "-v" "/var/lib/crater-agent-workspace/builds/worker-4-tc1/source:/opt/rustwide/workdir:ro,Z" "-v" "/var/lib/crater-agent-workspace/cargo-home:/opt/rustwide/cargo-home:ro,Z" "-v" "/var/lib/crater-agent-workspace/rustup-home:/opt/rustwide/rustup-home:ro,Z" "-e" "SOURCE_DIR=/opt/rustwide/workdir" "-e" "CARGO_TARGET_DIR=/opt/rustwide/target" "-e" "CARGO_HOME=/opt/rustwide/cargo-home" "-e" "RUSTUP_HOME=/opt/rustwide/rustup-home" "-w" "/opt/rustwide/workdir" "-m" "1610612736" "--user" "0:0" "--network" "none" "ghcr.io/rust-lang/crates-build-env/linux@sha256:819108c5571ea2e421544af4d832f968d213c87fbe3707a016657f43d2f853bc" "/opt/rustwide/cargo-home/bin/cargo" "+nightly-2025-01-18" "metadata" "--no-deps" "--format-version=1", kill_on_drop: false }`
[INFO] [stdout] e28937508afce62aa552652c6224419e090f6c61802d32fda72a89a4fd37facb
[INFO] running `Command { std: "docker" "start" "-a" "e28937508afce62aa552652c6224419e090f6c61802d32fda72a89a4fd37facb", kill_on_drop: false }`
[INFO] running `Command { std: "docker" "inspect" "e28937508afce62aa552652c6224419e090f6c61802d32fda72a89a4fd37facb", kill_on_drop: false }`
[INFO] running `Command { std: "docker" "rm" "-f" "e28937508afce62aa552652c6224419e090f6c61802d32fda72a89a4fd37facb", kill_on_drop: false }`
[INFO] [stdout] e28937508afce62aa552652c6224419e090f6c61802d32fda72a89a4fd37facb
[INFO] running `Command { std: "docker" "create" "-v" "/var/lib/crater-agent-workspace/builds/worker-4-tc1/target:/opt/rustwide/target:rw,Z" "-v" "/var/lib/crater-agent-workspace/builds/worker-4-tc1/source:/opt/rustwide/workdir:ro,Z" "-v" "/var/lib/crater-agent-workspace/cargo-home:/opt/rustwide/cargo-home:ro,Z" "-v" "/var/lib/crater-agent-workspace/rustup-home:/opt/rustwide/rustup-home:ro,Z" "-e" "SOURCE_DIR=/opt/rustwide/workdir" "-e" "CARGO_TARGET_DIR=/opt/rustwide/target" "-e" "CARGO_INCREMENTAL=0" "-e" "RUST_BACKTRACE=full" "-e" "RUSTFLAGS=--cap-lints=forbid" "-e" "RUSTDOCFLAGS=--cap-lints=forbid" "-e" "CARGO_HOME=/opt/rustwide/cargo-home" "-e" "RUSTUP_HOME=/opt/rustwide/rustup-home" "-w" "/opt/rustwide/workdir" "-m" "1610612736" "--user" "0:0" "--network" "none" "ghcr.io/rust-lang/crates-build-env/linux@sha256:819108c5571ea2e421544af4d832f968d213c87fbe3707a016657f43d2f853bc" "/opt/rustwide/cargo-home/bin/cargo" "+nightly-2025-01-18" "build" "--frozen" "--message-format=json", kill_on_drop: false }`
[INFO] [stdout] e9c56ea8bb33f791c3ab458a11a1f2c972cb11be8682e8647027c03a5ec1051c
[INFO] running `Command { std: "docker" "start" "-a" "e9c56ea8bb33f791c3ab458a11a1f2c972cb11be8682e8647027c03a5ec1051c", kill_on_drop: false }`
[INFO] [stderr]    Compiling lists v0.1.0 (/opt/rustwide/workdir)
[INFO] [stderr]     Finished `dev` profile [unoptimized + debuginfo] target(s) in 0.38s
[INFO] running `Command { std: "docker" "inspect" "e9c56ea8bb33f791c3ab458a11a1f2c972cb11be8682e8647027c03a5ec1051c", kill_on_drop: false }`
[INFO] running `Command { std: "docker" "rm" "-f" "e9c56ea8bb33f791c3ab458a11a1f2c972cb11be8682e8647027c03a5ec1051c", kill_on_drop: false }`
[INFO] [stdout] e9c56ea8bb33f791c3ab458a11a1f2c972cb11be8682e8647027c03a5ec1051c
[INFO] running `Command { std: "docker" "create" "-v" "/var/lib/crater-agent-workspace/builds/worker-4-tc1/target:/opt/rustwide/target:rw,Z" "-v" "/var/lib/crater-agent-workspace/builds/worker-4-tc1/source:/opt/rustwide/workdir:ro,Z" "-v" "/var/lib/crater-agent-workspace/cargo-home:/opt/rustwide/cargo-home:ro,Z" "-v" "/var/lib/crater-agent-workspace/rustup-home:/opt/rustwide/rustup-home:ro,Z" "-e" "SOURCE_DIR=/opt/rustwide/workdir" "-e" "CARGO_TARGET_DIR=/opt/rustwide/target" "-e" "CARGO_INCREMENTAL=0" "-e" "RUST_BACKTRACE=full" "-e" "RUSTFLAGS=--cap-lints=forbid" "-e" "RUSTDOCFLAGS=--cap-lints=forbid" "-e" "CARGO_HOME=/opt/rustwide/cargo-home" "-e" "RUSTUP_HOME=/opt/rustwide/rustup-home" "-w" "/opt/rustwide/workdir" "-m" "1610612736" "--user" "0:0" "--network" "none" "ghcr.io/rust-lang/crates-build-env/linux@sha256:819108c5571ea2e421544af4d832f968d213c87fbe3707a016657f43d2f853bc" "/opt/rustwide/cargo-home/bin/cargo" "+nightly-2025-01-18" "test" "--frozen" "--no-run" "--message-format=json", kill_on_drop: false }`
[INFO] [stdout] aed59bbc4d4ed798c094b96d647b0cb4a4c4c810821866fe00b53d368eff281b
[INFO] running `Command { std: "docker" "start" "-a" "aed59bbc4d4ed798c094b96d647b0cb4a4c4c810821866fe00b53d368eff281b", kill_on_drop: false }`
[INFO] [stderr]    Compiling lists v0.1.0 (/opt/rustwide/workdir)
[INFO] [stderr]     Finished `test` profile [unoptimized + debuginfo] target(s) in 1.02s
[INFO] running `Command { std: "docker" "inspect" "aed59bbc4d4ed798c094b96d647b0cb4a4c4c810821866fe00b53d368eff281b", kill_on_drop: false }`
[INFO] running `Command { std: "docker" "rm" "-f" "aed59bbc4d4ed798c094b96d647b0cb4a4c4c810821866fe00b53d368eff281b", kill_on_drop: false }`
[INFO] [stdout] aed59bbc4d4ed798c094b96d647b0cb4a4c4c810821866fe00b53d368eff281b
[INFO] running `Command { std: "docker" "create" "-v" "/var/lib/crater-agent-workspace/builds/worker-4-tc1/target:/opt/rustwide/target:rw,Z" "-v" "/var/lib/crater-agent-workspace/builds/worker-4-tc1/source:/opt/rustwide/workdir:ro,Z" "-v" "/var/lib/crater-agent-workspace/cargo-home:/opt/rustwide/cargo-home:ro,Z" "-v" "/var/lib/crater-agent-workspace/rustup-home:/opt/rustwide/rustup-home:ro,Z" "-e" "SOURCE_DIR=/opt/rustwide/workdir" "-e" "CARGO_TARGET_DIR=/opt/rustwide/target" "-e" "CARGO_INCREMENTAL=0" "-e" "RUST_BACKTRACE=full" "-e" "RUSTFLAGS=--cap-lints=forbid" "-e" "RUSTDOCFLAGS=--cap-lints=forbid" "-e" "CARGO_HOME=/opt/rustwide/cargo-home" "-e" "RUSTUP_HOME=/opt/rustwide/rustup-home" "-w" "/opt/rustwide/workdir" "-m" "1610612736" "--user" "0:0" "--network" "none" "ghcr.io/rust-lang/crates-build-env/linux@sha256:819108c5571ea2e421544af4d832f968d213c87fbe3707a016657f43d2f853bc" "/opt/rustwide/cargo-home/bin/cargo" "+nightly-2025-01-18" "test" "--frozen", kill_on_drop: false }`
[INFO] [stdout] 1e2c4afd7f3e2ed51982f66a86bb10710ebb33922c14fc06275ff5ddd5a23dba
[INFO] running `Command { std: "docker" "start" "-a" "1e2c4afd7f3e2ed51982f66a86bb10710ebb33922c14fc06275ff5ddd5a23dba", kill_on_drop: false }`
[INFO] [stderr]     Finished `test` profile [unoptimized + debuginfo] target(s) in 0.02s
[INFO] [stderr]      Running unittests src/lib.rs (/opt/rustwide/target/debug/deps/lists-f1cb0463e2b6368f)
[INFO] [stdout] 
[INFO] [stdout] running 30 tests
[INFO] [stdout] test bad_stack::tests::basics ... ok
[INFO] [stdout] test ok_stack::test::iter_mut ... ok
[INFO] [stdout] test ok_unsafe_queue::test::basics ... ok
[INFO] [stdout] test bad_safe_deque::test::basics ... ok
[INFO] [stdout] test bad_safe_deque::test::peek ... ok
[INFO] [stdout] test ok_stack::test::iter ... ok
[INFO] [stdout] test bad_safe_deque::test::into_iter ... ok
[INFO] [stdout] test ok_stack::test::into_iter ... ok
[INFO] [stdout] test ok_stack::test::peek ... ok
[INFO] [stdout] test ok_stack::test::basics ... ok
[INFO] [stdout] test ok_unsafe_queue::test::into_iter ... ok
[INFO] [stdout] test ok_unsafe_queue::test::iter ... ok
[INFO] [stdout] test persistent_stack::test::basics ... ok
[INFO] [stdout] test persistent_stack::test::iter ... ok
[INFO] [stdout] test production_unsafe_deque::test::test_basic_front ... ok
[INFO] [stdout] test production_unsafe_deque::test::test_cursor_move_peek ... ok
[INFO] [stdout] test production_unsafe_deque::test::test_cursor_mut_insert ... ok
[INFO] [stdout] test production_unsafe_deque::test::test_eq ... ok
[INFO] [stdout] test production_unsafe_deque::test::test_basic ... ok
[INFO] [stdout] test production_unsafe_deque::test::test_debug ... ok
[INFO] [stdout] test production_unsafe_deque::test::test_hashmap ... ok
[INFO] [stdout] test production_unsafe_deque::test::test_iterator ... ok
[INFO] [stdout] test production_unsafe_deque::test::test_iterator_double_end ... ok
[INFO] [stdout] test production_unsafe_deque::test::test_iterator_mut_double_end ... ok
[INFO] [stdout] test production_unsafe_deque::test::test_mut_iter ... ok
[INFO] [stdout] test production_unsafe_deque::test::test_ord ... ok
[INFO] [stdout] test ok_unsafe_queue::test::miri_food ... ok
[INFO] [stdout] test production_unsafe_deque::test::test_rev_iter ... ok
[INFO] [stdout] test ok_unsafe_queue::test::iter_mut ... ok
[INFO] [stdout] test production_unsafe_deque::test::test_ord_nan ... ok
[INFO] [stdout] 
[INFO] [stdout] test result: ok. 30 passed; 0 failed; 0 ignored; 0 measured; 0 filtered out; finished in 0.02s
[INFO] [stdout] 
[INFO] [stderr]    Doc-tests lists
[INFO] [stdout] 
[INFO] [stdout] running 1 test
[INFO] [stdout] test src/production_unsafe_deque.rs - production_unsafe_deque::assert_properties::iter_mut_invariant (line 789) - compile fail ... FAILED
[INFO] [stdout] 
[INFO] [stdout] failures:
[INFO] [stdout] 
[INFO] [stdout] ---- src/production_unsafe_deque.rs - production_unsafe_deque::assert_properties::iter_mut_invariant (line 789) stdout ----
[INFO] [stdout] error[E0432]: unresolved import `linked_list`
[INFO] [stdout]  --> src/production_unsafe_deque.rs:790:5
[INFO] [stdout]   |
[INFO] [stdout] 3 | use linked_list::IterMut;
[INFO] [stdout]   |     ^^^^^^^^^^^ use of undeclared crate or module `linked_list`
[INFO] [stdout] 
[INFO] [stdout] error: aborting due to 1 previous error
[INFO] [stdout] 
[INFO] [stdout] For more information about this error, try `rustc --explain E0432`.
[INFO] [stdout] Some expected error codes were not found: ["E0308"]
[INFO] [stdout] 
[INFO] [stdout] failures:
[INFO] [stdout]     src/production_unsafe_deque.rs - production_unsafe_deque::assert_properties::iter_mut_invariant (line 789)
[INFO] [stdout] 
[INFO] [stdout] test result: FAILED. 0 passed; 1 failed; 0 ignored; 0 measured; 0 filtered out; finished in 0.08s
[INFO] [stdout] 
[INFO] [stderr] error: doctest failed, to rerun pass `--doc`
[INFO] running `Command { std: "docker" "inspect" "1e2c4afd7f3e2ed51982f66a86bb10710ebb33922c14fc06275ff5ddd5a23dba", kill_on_drop: false }`
[INFO] running `Command { std: "docker" "rm" "-f" "1e2c4afd7f3e2ed51982f66a86bb10710ebb33922c14fc06275ff5ddd5a23dba", kill_on_drop: false }`
[INFO] [stdout] 1e2c4afd7f3e2ed51982f66a86bb10710ebb33922c14fc06275ff5ddd5a23dba
