[INFO] cloning repository https://github.com/siqpush/coordinate-cluster
[INFO] running `Command { std: "git" "-c" "credential.helper=" "-c" "credential.helper=/workspace/cargo-home/bin/git-credential-null" "clone" "--bare" "https://github.com/siqpush/coordinate-cluster" "/workspace/cache/git-repos/https%3A%2F%2Fgithub.com%2Fsiqpush%2Fcoordinate-cluster", kill_on_drop: false }`
[INFO] [stderr] Cloning into bare repository '/workspace/cache/git-repos/https%3A%2F%2Fgithub.com%2Fsiqpush%2Fcoordinate-cluster'...
[INFO] running `Command { std: "git" "rev-parse" "HEAD", kill_on_drop: false }`
[INFO] [stdout] 9c9f04eb143f2e7781757f0340c5ff9b77114876
[INFO] testing siqpush/coordinate-cluster against nightly-2025-01-18 for randomize-layout-2
[INFO] running `Command { std: "git" "clone" "/workspace/cache/git-repos/https%3A%2F%2Fgithub.com%2Fsiqpush%2Fcoordinate-cluster" "/workspace/builds/worker-1-tc1/source", kill_on_drop: false }`
[INFO] [stderr] Cloning into '/workspace/builds/worker-1-tc1/source'...
[INFO] [stderr] done.
[INFO] validating manifest of git repo https://github.com/siqpush/coordinate-cluster on toolchain nightly-2025-01-18
[INFO] running `Command { std: CARGO_HOME="/workspace/cargo-home" RUSTUP_HOME="/workspace/rustup-home" "/workspace/cargo-home/bin/cargo" "+nightly-2025-01-18" "metadata" "--manifest-path" "Cargo.toml" "--no-deps", kill_on_drop: false }`
[INFO] started tweaking git repo https://github.com/siqpush/coordinate-cluster
[INFO] finished tweaking git repo https://github.com/siqpush/coordinate-cluster
[INFO] tweaked toml for git repo https://github.com/siqpush/coordinate-cluster written to /workspace/builds/worker-1-tc1/source/Cargo.toml
[INFO] crate git repo https://github.com/siqpush/coordinate-cluster already has a lockfile, it will not be regenerated
[INFO] running `Command { std: CARGO_HOME="/workspace/cargo-home" RUSTUP_HOME="/workspace/rustup-home" "/workspace/cargo-home/bin/cargo" "+nightly-2025-01-18" "fetch" "--manifest-path" "Cargo.toml", kill_on_drop: false }`
[INFO] running `Command { std: "docker" "create" "-v" "/var/lib/crater-agent-workspace/builds/worker-1-tc1/target:/opt/rustwide/target:rw,Z" "-v" "/var/lib/crater-agent-workspace/builds/worker-1-tc1/source:/opt/rustwide/workdir:ro,Z" "-v" "/var/lib/crater-agent-workspace/cargo-home:/opt/rustwide/cargo-home:ro,Z" "-v" "/var/lib/crater-agent-workspace/rustup-home:/opt/rustwide/rustup-home:ro,Z" "-e" "SOURCE_DIR=/opt/rustwide/workdir" "-e" "CARGO_TARGET_DIR=/opt/rustwide/target" "-e" "CARGO_HOME=/opt/rustwide/cargo-home" "-e" "RUSTUP_HOME=/opt/rustwide/rustup-home" "-w" "/opt/rustwide/workdir" "-m" "1610612736" "--user" "0:0" "--network" "none" "ghcr.io/rust-lang/crates-build-env/linux@sha256:819108c5571ea2e421544af4d832f968d213c87fbe3707a016657f43d2f853bc" "/opt/rustwide/cargo-home/bin/cargo" "+nightly-2025-01-18" "metadata" "--no-deps" "--format-version=1", kill_on_drop: false }`
[INFO] [stdout] 21386ce06045a4f045fd605f9f5b848f1537a682e49a5402f1fd5047d00f3126
[INFO] running `Command { std: "docker" "start" "-a" "21386ce06045a4f045fd605f9f5b848f1537a682e49a5402f1fd5047d00f3126", kill_on_drop: false }`
[INFO] running `Command { std: "docker" "inspect" "21386ce06045a4f045fd605f9f5b848f1537a682e49a5402f1fd5047d00f3126", kill_on_drop: false }`
[INFO] running `Command { std: "docker" "rm" "-f" "21386ce06045a4f045fd605f9f5b848f1537a682e49a5402f1fd5047d00f3126", kill_on_drop: false }`
[INFO] [stdout] 21386ce06045a4f045fd605f9f5b848f1537a682e49a5402f1fd5047d00f3126
[INFO] running `Command { std: "docker" "create" "-v" "/var/lib/crater-agent-workspace/builds/worker-1-tc1/target:/opt/rustwide/target:rw,Z" "-v" "/var/lib/crater-agent-workspace/builds/worker-1-tc1/source:/opt/rustwide/workdir:ro,Z" "-v" "/var/lib/crater-agent-workspace/cargo-home:/opt/rustwide/cargo-home:ro,Z" "-v" "/var/lib/crater-agent-workspace/rustup-home:/opt/rustwide/rustup-home:ro,Z" "-e" "SOURCE_DIR=/opt/rustwide/workdir" "-e" "CARGO_TARGET_DIR=/opt/rustwide/target" "-e" "CARGO_INCREMENTAL=0" "-e" "RUST_BACKTRACE=full" "-e" "RUSTFLAGS=--cap-lints=forbid" "-e" "RUSTDOCFLAGS=--cap-lints=forbid" "-e" "CARGO_HOME=/opt/rustwide/cargo-home" "-e" "RUSTUP_HOME=/opt/rustwide/rustup-home" "-w" "/opt/rustwide/workdir" "-m" "1610612736" "--user" "0:0" "--network" "none" "ghcr.io/rust-lang/crates-build-env/linux@sha256:819108c5571ea2e421544af4d832f968d213c87fbe3707a016657f43d2f853bc" "/opt/rustwide/cargo-home/bin/cargo" "+nightly-2025-01-18" "build" "--frozen" "--message-format=json", kill_on_drop: false }`
[INFO] [stdout] 69e238e945d3ecab8d8289637dfbd81886d47bedd91a2bddc78c111afdb80ea5
[INFO] running `Command { std: "docker" "start" "-a" "69e238e945d3ecab8d8289637dfbd81886d47bedd91a2bddc78c111afdb80ea5", kill_on_drop: false }`
[INFO] [stderr]    Compiling proc-macro2 v1.0.86
[INFO] [stderr]    Compiling unicode-ident v1.0.12
[INFO] [stderr]    Compiling autocfg v1.3.0
[INFO] [stderr]    Compiling serde v1.0.209
[INFO] [stderr]    Compiling rust_decimal v1.36.0
[INFO] [stderr]    Compiling arrayvec v0.7.6
[INFO] [stderr]    Compiling memchr v2.7.4
[INFO] [stderr]    Compiling iana-time-zone v0.1.60
[INFO] [stderr]    Compiling itoa v1.0.11
[INFO] [stderr]    Compiling ryu v1.0.18
[INFO] [stderr]    Compiling fastrand v2.1.1
[INFO] [stderr]    Compiling once_cell v1.19.0
[INFO] [stderr]    Compiling lazy_static v1.5.0
[INFO] [stderr]    Compiling num-traits v0.2.19
[INFO] [stderr]    Compiling csv-core v0.1.11
[INFO] [stderr]    Compiling quote v1.0.37
[INFO] [stderr]    Compiling syn v2.0.76
[INFO] [stderr]    Compiling rust_decimal_macros v1.36.0
[INFO] [stderr]    Compiling serde_derive v1.0.209
[INFO] [stderr]    Compiling csv v1.3.0
[INFO] [stderr]    Compiling chrono v0.4.38
[INFO] [stderr]    Compiling coordinate-cluster v0.1.0 (/opt/rustwide/workdir)
[INFO] [stderr]     Finished `dev` profile [unoptimized + debuginfo] target(s) in 12.13s
[INFO] running `Command { std: "docker" "inspect" "69e238e945d3ecab8d8289637dfbd81886d47bedd91a2bddc78c111afdb80ea5", kill_on_drop: false }`
[INFO] running `Command { std: "docker" "rm" "-f" "69e238e945d3ecab8d8289637dfbd81886d47bedd91a2bddc78c111afdb80ea5", kill_on_drop: false }`
[INFO] [stdout] 69e238e945d3ecab8d8289637dfbd81886d47bedd91a2bddc78c111afdb80ea5
[INFO] running `Command { std: "docker" "create" "-v" "/var/lib/crater-agent-workspace/builds/worker-1-tc1/target:/opt/rustwide/target:rw,Z" "-v" "/var/lib/crater-agent-workspace/builds/worker-1-tc1/source:/opt/rustwide/workdir:ro,Z" "-v" "/var/lib/crater-agent-workspace/cargo-home:/opt/rustwide/cargo-home:ro,Z" "-v" "/var/lib/crater-agent-workspace/rustup-home:/opt/rustwide/rustup-home:ro,Z" "-e" "SOURCE_DIR=/opt/rustwide/workdir" "-e" "CARGO_TARGET_DIR=/opt/rustwide/target" "-e" "CARGO_INCREMENTAL=0" "-e" "RUST_BACKTRACE=full" "-e" "RUSTFLAGS=--cap-lints=forbid" "-e" "RUSTDOCFLAGS=--cap-lints=forbid" "-e" "CARGO_HOME=/opt/rustwide/cargo-home" "-e" "RUSTUP_HOME=/opt/rustwide/rustup-home" "-w" "/opt/rustwide/workdir" "-m" "1610612736" "--user" "0:0" "--network" "none" "ghcr.io/rust-lang/crates-build-env/linux@sha256:819108c5571ea2e421544af4d832f968d213c87fbe3707a016657f43d2f853bc" "/opt/rustwide/cargo-home/bin/cargo" "+nightly-2025-01-18" "test" "--frozen" "--no-run" "--message-format=json", kill_on_drop: false }`
[INFO] [stdout] 035b1c410b6729266e7449ec6ed7fa8cc8cc116a3056bef5fc45a9dc957720b8
[INFO] running `Command { std: "docker" "start" "-a" "035b1c410b6729266e7449ec6ed7fa8cc8cc116a3056bef5fc45a9dc957720b8", kill_on_drop: false }`
[INFO] [stderr]    Compiling serde v1.0.209
[INFO] [stderr]    Compiling num-traits v0.2.19
[INFO] [stderr]    Compiling memchr v2.7.4
[INFO] [stderr]    Compiling itoa v1.0.11
[INFO] [stderr]    Compiling ryu v1.0.18
[INFO] [stderr]    Compiling arrayvec v0.7.6
[INFO] [stderr]    Compiling iana-time-zone v0.1.60
[INFO] [stderr]    Compiling fastrand v2.1.1
[INFO] [stderr]    Compiling lazy_static v1.5.0
[INFO] [stderr]    Compiling once_cell v1.19.0
[INFO] [stderr]    Compiling rust_decimal v1.36.0
[INFO] [stderr]    Compiling csv-core v0.1.11
[INFO] [stderr]    Compiling rust_decimal_macros v1.36.0
[INFO] [stderr]    Compiling csv v1.3.0
[INFO] [stderr]    Compiling chrono v0.4.38
[INFO] [stderr]    Compiling coordinate-cluster v0.1.0 (/opt/rustwide/workdir)
[INFO] [stderr]     Finished `test` profile [optimized + debuginfo] target(s) in 9.33s
[INFO] running `Command { std: "docker" "inspect" "035b1c410b6729266e7449ec6ed7fa8cc8cc116a3056bef5fc45a9dc957720b8", kill_on_drop: false }`
[INFO] running `Command { std: "docker" "rm" "-f" "035b1c410b6729266e7449ec6ed7fa8cc8cc116a3056bef5fc45a9dc957720b8", kill_on_drop: false }`
[INFO] [stdout] 035b1c410b6729266e7449ec6ed7fa8cc8cc116a3056bef5fc45a9dc957720b8
[INFO] running `Command { std: "docker" "create" "-v" "/var/lib/crater-agent-workspace/builds/worker-1-tc1/target:/opt/rustwide/target:rw,Z" "-v" "/var/lib/crater-agent-workspace/builds/worker-1-tc1/source:/opt/rustwide/workdir:ro,Z" "-v" "/var/lib/crater-agent-workspace/cargo-home:/opt/rustwide/cargo-home:ro,Z" "-v" "/var/lib/crater-agent-workspace/rustup-home:/opt/rustwide/rustup-home:ro,Z" "-e" "SOURCE_DIR=/opt/rustwide/workdir" "-e" "CARGO_TARGET_DIR=/opt/rustwide/target" "-e" "CARGO_INCREMENTAL=0" "-e" "RUST_BACKTRACE=full" "-e" "RUSTFLAGS=--cap-lints=forbid" "-e" "RUSTDOCFLAGS=--cap-lints=forbid" "-e" "CARGO_HOME=/opt/rustwide/cargo-home" "-e" "RUSTUP_HOME=/opt/rustwide/rustup-home" "-w" "/opt/rustwide/workdir" "-m" "1610612736" "--user" "0:0" "--network" "none" "ghcr.io/rust-lang/crates-build-env/linux@sha256:819108c5571ea2e421544af4d832f968d213c87fbe3707a016657f43d2f853bc" "/opt/rustwide/cargo-home/bin/cargo" "+nightly-2025-01-18" "test" "--frozen", kill_on_drop: false }`
[INFO] [stdout] 12ea9043a025376559b06603da69ec1a611bca7ddd87fc949d972483b1646ef7
[INFO] running `Command { std: "docker" "start" "-a" "12ea9043a025376559b06603da69ec1a611bca7ddd87fc949d972483b1646ef7", kill_on_drop: false }`
[INFO] [stderr]     Finished `test` profile [optimized + debuginfo] target(s) in 0.08s
[INFO] [stderr]      Running unittests src/lib.rs (/opt/rustwide/target/debug/deps/coordinate_cluster-86e4310cfcd44c4b)
[INFO] [stdout] 
[INFO] [stdout] running 2 tests
[INFO] [stdout] test tests::test_f64_data ... ok
[INFO] [stdout] test tests::test_f32_data ... ok
[INFO] [stdout] 
[INFO] [stdout] test result: ok. 2 passed; 0 failed; 0 ignored; 0 measured; 0 filtered out; finished in 0.03s
[INFO] [stdout] 
[INFO] [stderr]    Doc-tests coordinate_cluster
[INFO] [stdout] 
[INFO] [stdout] running 1 test
[INFO] [stdout] test src/user_data.rs - user_data::UserDataType (line 12) ... FAILED
[INFO] [stdout] 
[INFO] [stdout] failures:
[INFO] [stdout] 
[INFO] [stdout] ---- src/user_data.rs - user_data::UserDataType (line 12) stdout ----
[INFO] [stdout] error[E0433]: failed to resolve: use of undeclared crate or module `kmeans`
[INFO] [stdout]  --> src/user_data.rs:13:5
[INFO] [stdout]   |
[INFO] [stdout] 3 | use kmeans::user_data::UserDataType;
[INFO] [stdout]   |     ^^^^^^ use of undeclared crate or module `kmeans`
[INFO] [stdout] 
[INFO] [stdout] error: aborting due to 1 previous error
[INFO] [stdout] 
[INFO] [stdout] For more information about this error, try `rustc --explain E0433`.
[INFO] [stdout] Couldn't compile the test.
[INFO] [stdout] 
[INFO] [stdout] failures:
[INFO] [stdout]     src/user_data.rs - user_data::UserDataType (line 12)
[INFO] [stdout] 
[INFO] [stdout] test result: FAILED. 0 passed; 1 failed; 0 ignored; 0 measured; 0 filtered out; finished in 0.04s
[INFO] [stdout] 
[INFO] [stderr] error: doctest failed, to rerun pass `--doc`
[INFO] running `Command { std: "docker" "inspect" "12ea9043a025376559b06603da69ec1a611bca7ddd87fc949d972483b1646ef7", kill_on_drop: false }`
[INFO] running `Command { std: "docker" "rm" "-f" "12ea9043a025376559b06603da69ec1a611bca7ddd87fc949d972483b1646ef7", kill_on_drop: false }`
[INFO] [stdout] 12ea9043a025376559b06603da69ec1a611bca7ddd87fc949d972483b1646ef7
