[INFO] cloning repository https://github.com/shoyo/minuSQL
[INFO] running `Command { std: "git" "-c" "credential.helper=" "-c" "credential.helper=/workspace/cargo-home/bin/git-credential-null" "clone" "--bare" "https://github.com/shoyo/minuSQL" "/workspace/cache/git-repos/https%3A%2F%2Fgithub.com%2Fshoyo%2FminuSQL", kill_on_drop: false }`
[INFO] [stderr] Cloning into bare repository '/workspace/cache/git-repos/https%3A%2F%2Fgithub.com%2Fshoyo%2FminuSQL'...
[INFO] running `Command { std: "git" "rev-parse" "HEAD", kill_on_drop: false }`
[INFO] [stdout] 770eb156290d8bb07e833d7f6deb648f7b74e19e
[INFO] testing shoyo/minuSQL against nightly-2025-01-18+rustflags=-Zrandomize-layout for randomize-layout-2
[INFO] running `Command { std: "git" "clone" "/workspace/cache/git-repos/https%3A%2F%2Fgithub.com%2Fshoyo%2FminuSQL" "/workspace/builds/worker-5-tc2/source", kill_on_drop: false }`
[INFO] [stderr] Cloning into '/workspace/builds/worker-5-tc2/source'...
[INFO] [stderr] done.
[INFO] validating manifest of git repo https://github.com/shoyo/minuSQL on toolchain nightly-2025-01-18
[INFO] running `Command { std: CARGO_HOME="/workspace/cargo-home" RUSTUP_HOME="/workspace/rustup-home" "/workspace/cargo-home/bin/cargo" "+nightly-2025-01-18" "metadata" "--manifest-path" "Cargo.toml" "--no-deps", kill_on_drop: false }`
[INFO] started tweaking git repo https://github.com/shoyo/minuSQL
[INFO] finished tweaking git repo https://github.com/shoyo/minuSQL
[INFO] tweaked toml for git repo https://github.com/shoyo/minuSQL written to /workspace/builds/worker-5-tc2/source/Cargo.toml
[INFO] crate git repo https://github.com/shoyo/minuSQL already has a lockfile, it will not be regenerated
[INFO] running `Command { std: CARGO_HOME="/workspace/cargo-home" RUSTUP_HOME="/workspace/rustup-home" "/workspace/cargo-home/bin/cargo" "+nightly-2025-01-18" "fetch" "--manifest-path" "Cargo.toml", kill_on_drop: false }`
[INFO] [stderr]     Blocking waiting for file lock on package cache
[INFO] [stderr]     Blocking waiting for file lock on package cache
[INFO] running `Command { std: "docker" "create" "-v" "/var/lib/crater-agent-workspace/builds/worker-5-tc2/target:/opt/rustwide/target:rw,Z" "-v" "/var/lib/crater-agent-workspace/builds/worker-5-tc2/source:/opt/rustwide/workdir:ro,Z" "-v" "/var/lib/crater-agent-workspace/cargo-home:/opt/rustwide/cargo-home:ro,Z" "-v" "/var/lib/crater-agent-workspace/rustup-home:/opt/rustwide/rustup-home:ro,Z" "-e" "SOURCE_DIR=/opt/rustwide/workdir" "-e" "CARGO_TARGET_DIR=/opt/rustwide/target" "-e" "CARGO_HOME=/opt/rustwide/cargo-home" "-e" "RUSTUP_HOME=/opt/rustwide/rustup-home" "-w" "/opt/rustwide/workdir" "-m" "1610612736" "--user" "0:0" "--network" "none" "ghcr.io/rust-lang/crates-build-env/linux@sha256:819108c5571ea2e421544af4d832f968d213c87fbe3707a016657f43d2f853bc" "/opt/rustwide/cargo-home/bin/cargo" "+nightly-2025-01-18" "metadata" "--no-deps" "--format-version=1", kill_on_drop: false }`
[INFO] [stdout] 06a77eb1a654c0b9e001756443cee12e2ba25badf381f41a24c2d0f96292038b
[INFO] running `Command { std: "docker" "start" "-a" "06a77eb1a654c0b9e001756443cee12e2ba25badf381f41a24c2d0f96292038b", kill_on_drop: false }`
[INFO] running `Command { std: "docker" "inspect" "06a77eb1a654c0b9e001756443cee12e2ba25badf381f41a24c2d0f96292038b", kill_on_drop: false }`
[INFO] running `Command { std: "docker" "rm" "-f" "06a77eb1a654c0b9e001756443cee12e2ba25badf381f41a24c2d0f96292038b", kill_on_drop: false }`
[INFO] [stdout] 06a77eb1a654c0b9e001756443cee12e2ba25badf381f41a24c2d0f96292038b
[INFO] running `Command { std: "docker" "create" "-v" "/var/lib/crater-agent-workspace/builds/worker-5-tc2/target:/opt/rustwide/target:rw,Z" "-v" "/var/lib/crater-agent-workspace/builds/worker-5-tc2/source:/opt/rustwide/workdir:ro,Z" "-v" "/var/lib/crater-agent-workspace/cargo-home:/opt/rustwide/cargo-home:ro,Z" "-v" "/var/lib/crater-agent-workspace/rustup-home:/opt/rustwide/rustup-home:ro,Z" "-e" "SOURCE_DIR=/opt/rustwide/workdir" "-e" "CARGO_TARGET_DIR=/opt/rustwide/target" "-e" "CARGO_INCREMENTAL=0" "-e" "RUST_BACKTRACE=full" "-e" "RUSTFLAGS=--cap-lints=forbid -Zrandomize-layout" "-e" "RUSTDOCFLAGS=--cap-lints=forbid" "-e" "CARGO_HOME=/opt/rustwide/cargo-home" "-e" "RUSTUP_HOME=/opt/rustwide/rustup-home" "-w" "/opt/rustwide/workdir" "-m" "1610612736" "--user" "0:0" "--network" "none" "ghcr.io/rust-lang/crates-build-env/linux@sha256:819108c5571ea2e421544af4d832f968d213c87fbe3707a016657f43d2f853bc" "/opt/rustwide/cargo-home/bin/cargo" "+nightly-2025-01-18" "build" "--frozen" "--message-format=json", kill_on_drop: false }`
[INFO] [stdout] e65b05d51f786dbc0037bfe6215a68daf29e11914ee5b0250ce3e9850d4047aa
[INFO] running `Command { std: "docker" "start" "-a" "e65b05d51f786dbc0037bfe6215a68daf29e11914ee5b0250ce3e9850d4047aa", kill_on_drop: false }`
[INFO] [stderr]    Compiling jin v0.1.0 (/opt/rustwide/workdir)
[INFO] [stdout] warning: unused variable: `rid`
[INFO] [stdout]    --> src/relation/heap.rs:204:35
[INFO] [stdout]     |
[INFO] [stdout] 204 |     pub fn rollback_delete(&self, rid: RecordId) -> Result<(), HeapError> {
[INFO] [stdout]     |                                   ^^^ help: if this is intentional, prefix it with an underscore: `_rid`
[INFO] [stdout]     |
[INFO] [stdout]     = note: `#[warn(unused_variables)]` on by default
[INFO] [stdout] 
[INFO] [stdout] 
[INFO] [stdout] warning: fields `system_catalog` and `buffer_manager` are never read
[INFO] [stdout]   --> src/executor/mod.rs:22:5
[INFO] [stdout]    |
[INFO] [stdout] 21 | pub struct QueryMeta {
[INFO] [stdout]    |            --------- fields in this struct
[INFO] [stdout] 22 |     system_catalog: Arc<SystemCatalog>,
[INFO] [stdout]    |     ^^^^^^^^^^^^^^
[INFO] [stdout] 23 |     buffer_manager: Arc<BufferManager>,
[INFO] [stdout]    |     ^^^^^^^^^^^^^^
[INFO] [stdout]    |
[INFO] [stdout]    = note: `#[warn(dead_code)]` on by default
[INFO] [stdout] 
[INFO] [stdout] 
[INFO] [stdout] warning: fields `meta` and `node` are never read
[INFO] [stdout]   --> src/executor/exec_insert.rs:14:5
[INFO] [stdout]    |
[INFO] [stdout] 12 | pub struct InsertExecutor {
[INFO] [stdout]    |            -------------- fields in this struct
[INFO] [stdout] 13 |     /// Metadata for this executor
[INFO] [stdout] 14 |     meta: QueryMeta,
[INFO] [stdout]    |     ^^^^
[INFO] [stdout] ...
[INFO] [stdout] 17 |     node: InsertPlanNode,
[INFO] [stdout]    |     ^^^^
[INFO] [stdout] 
[INFO] [stdout] 
[INFO] [stdout] warning: fields `name`, `table_name`, and `schema` are never read
[INFO] [stdout]   --> src/index.rs:19:5
[INFO] [stdout]    |
[INFO] [stdout] 18 | pub struct IndexMeta {
[INFO] [stdout]    |            --------- fields in this struct
[INFO] [stdout] 19 |     name: String,
[INFO] [stdout]    |     ^^^^
[INFO] [stdout] 20 |     table_name: String,
[INFO] [stdout]    |     ^^^^^^^^^^
[INFO] [stdout] 21 |     schema: Arc<Schema>,
[INFO] [stdout]    |     ^^^^^^
[INFO] [stdout] 
[INFO] [stdout] 
[INFO] [stdout] warning: struct `LogRecovery` is never constructed
[INFO] [stdout]   --> src/log.rs:11:8
[INFO] [stdout]    |
[INFO] [stdout] 11 | struct LogRecovery {
[INFO] [stdout]    |        ^^^^^^^^^^^
[INFO] [stdout] 
[INFO] [stdout] 
[INFO] [stdout] warning: associated functions `redo` and `undo` are never used
[INFO] [stdout]   --> src/log.rs:22:12
[INFO] [stdout]    |
[INFO] [stdout] 21 | impl LogRecovery {
[INFO] [stdout]    | ---------------- associated functions in this implementation
[INFO] [stdout] 22 |     pub fn redo() {
[INFO] [stdout]    |            ^^^^
[INFO] [stdout] ...
[INFO] [stdout] 26 |     pub fn undo() {
[INFO] [stdout]    |            ^^^^
[INFO] [stdout] 
[INFO] [stdout] 
[INFO] [stdout] warning: constant `LSN_OFFSET` is never used
[INFO] [stdout]   --> src/page.rs:40:7
[INFO] [stdout]    |
[INFO] [stdout] 40 | const LSN_OFFSET: u32 = 20;
[INFO] [stdout]    |       ^^^^^^^^^^
[INFO] [stdout] 
[INFO] [stdout] 
[INFO] [stdout] warning: associated functions `get_lsn` and `set_lsn` are never used
[INFO] [stdout]    --> src/page.rs:168:8
[INFO] [stdout]     |
[INFO] [stdout] 102 | impl RelationPage {
[INFO] [stdout]     | ----------------- associated functions in this implementation
[INFO] [stdout] ...
[INFO] [stdout] 168 |     fn get_lsn(bytes: &PageBytes) -> u32 {
[INFO] [stdout]     |        ^^^^^^^
[INFO] [stdout] ...
[INFO] [stdout] 173 |     fn set_lsn(bytes: &mut PageBytes, lsn: LsnT) {
[INFO] [stdout]     |        ^^^^^^^
[INFO] [stdout] 
[INFO] [stdout] 
[INFO] [stdout] warning: field `relation_id` is never read
[INFO] [stdout]   --> src/plan/insert.rs:14:5
[INFO] [stdout]    |
[INFO] [stdout] 12 | pub struct InsertPlanNode {
[INFO] [stdout]    |            -------------- field in this struct
[INFO] [stdout] 13 |     /// Relation affected by this insert plan.
[INFO] [stdout] 14 |     relation_id: RelationIdT,
[INFO] [stdout]    |     ^^^^^^^^^^^
[INFO] [stdout] 
[INFO] [stdout] 
[INFO] [stderr]     Finished `dev` profile [unoptimized + debuginfo] target(s) in 1.00s
[INFO] running `Command { std: "docker" "inspect" "e65b05d51f786dbc0037bfe6215a68daf29e11914ee5b0250ce3e9850d4047aa", kill_on_drop: false }`
[INFO] running `Command { std: "docker" "rm" "-f" "e65b05d51f786dbc0037bfe6215a68daf29e11914ee5b0250ce3e9850d4047aa", kill_on_drop: false }`
[INFO] [stdout] e65b05d51f786dbc0037bfe6215a68daf29e11914ee5b0250ce3e9850d4047aa
[INFO] running `Command { std: "docker" "create" "-v" "/var/lib/crater-agent-workspace/builds/worker-5-tc2/target:/opt/rustwide/target:rw,Z" "-v" "/var/lib/crater-agent-workspace/builds/worker-5-tc2/source:/opt/rustwide/workdir:ro,Z" "-v" "/var/lib/crater-agent-workspace/cargo-home:/opt/rustwide/cargo-home:ro,Z" "-v" "/var/lib/crater-agent-workspace/rustup-home:/opt/rustwide/rustup-home:ro,Z" "-e" "SOURCE_DIR=/opt/rustwide/workdir" "-e" "CARGO_TARGET_DIR=/opt/rustwide/target" "-e" "CARGO_INCREMENTAL=0" "-e" "RUST_BACKTRACE=full" "-e" "RUSTFLAGS=--cap-lints=forbid -Zrandomize-layout" "-e" "RUSTDOCFLAGS=--cap-lints=forbid" "-e" "CARGO_HOME=/opt/rustwide/cargo-home" "-e" "RUSTUP_HOME=/opt/rustwide/rustup-home" "-w" "/opt/rustwide/workdir" "-m" "1610612736" "--user" "0:0" "--network" "none" "ghcr.io/rust-lang/crates-build-env/linux@sha256:819108c5571ea2e421544af4d832f968d213c87fbe3707a016657f43d2f853bc" "/opt/rustwide/cargo-home/bin/cargo" "+nightly-2025-01-18" "test" "--frozen" "--no-run" "--message-format=json", kill_on_drop: false }`
[INFO] [stdout] 02d9c57f2e361c37c3d9f2f1c9888ab64ef9f2ca4c578f84ad8770af5c33a72b
[INFO] running `Command { std: "docker" "start" "-a" "02d9c57f2e361c37c3d9f2f1c9888ab64ef9f2ca4c578f84ad8770af5c33a72b", kill_on_drop: false }`
[INFO] [stdout] warning: unused variable: `rid`
[INFO] [stdout]    --> src/relation/heap.rs:204:35
[INFO] [stdout]     |
[INFO] [stdout] 204 |     pub fn rollback_delete(&self, rid: RecordId) -> Result<(), HeapError> {
[INFO] [stdout]     |                                   ^^^ help: if this is intentional, prefix it with an underscore: `_rid`
[INFO] [stdout]     |
[INFO] [stdout]     = note: `#[warn(unused_variables)]` on by default
[INFO] [stdout] 
[INFO] [stdout] 
[INFO] [stdout] warning: fields `system_catalog` and `buffer_manager` are never read
[INFO] [stdout]   --> src/executor/mod.rs:22:5
[INFO] [stdout]    |
[INFO] [stdout] 21 | pub struct QueryMeta {
[INFO] [stdout]    |            --------- fields in this struct
[INFO] [stdout] 22 |     system_catalog: Arc<SystemCatalog>,
[INFO] [stdout]    |     ^^^^^^^^^^^^^^
[INFO] [stdout] 23 |     buffer_manager: Arc<BufferManager>,
[INFO] [stdout]    |     ^^^^^^^^^^^^^^
[INFO] [stdout]    |
[INFO] [stdout]    = note: `#[warn(dead_code)]` on by default
[INFO] [stdout] 
[INFO] [stdout] 
[INFO] [stdout] warning: fields `meta` and `node` are never read
[INFO] [stdout]   --> src/executor/exec_insert.rs:14:5
[INFO] [stdout]    |
[INFO] [stdout] 12 | pub struct InsertExecutor {
[INFO] [stdout]    |            -------------- fields in this struct
[INFO] [stdout] 13 |     /// Metadata for this executor
[INFO] [stdout] 14 |     meta: QueryMeta,
[INFO] [stdout]    |     ^^^^
[INFO] [stdout] ...
[INFO] [stdout] 17 |     node: InsertPlanNode,
[INFO] [stdout]    |     ^^^^
[INFO] [stdout] 
[INFO] [stdout] 
[INFO] [stdout] warning: fields `name`, `table_name`, and `schema` are never read
[INFO] [stdout]   --> src/index.rs:19:5
[INFO] [stdout]    |
[INFO] [stdout] 18 | pub struct IndexMeta {
[INFO] [stdout]    |            --------- fields in this struct
[INFO] [stdout] 19 |     name: String,
[INFO] [stdout]    |     ^^^^
[INFO] [stdout] 20 |     table_name: String,
[INFO] [stdout]    |     ^^^^^^^^^^
[INFO] [stdout] 21 |     schema: Arc<Schema>,
[INFO] [stdout]    |     ^^^^^^
[INFO] [stdout] 
[INFO] [stdout] 
[INFO] [stdout] warning: struct `LogRecovery` is never constructed
[INFO] [stdout]   --> src/log.rs:11:8
[INFO] [stdout]    |
[INFO] [stdout] 11 | struct LogRecovery {
[INFO] [stdout]    |        ^^^^^^^^^^^
[INFO] [stdout] 
[INFO] [stdout] 
[INFO] [stdout] warning: associated functions `redo` and `undo` are never used
[INFO] [stdout]   --> src/log.rs:22:12
[INFO] [stdout]    |
[INFO] [stdout] 21 | impl LogRecovery {
[INFO] [stdout]    | ---------------- associated functions in this implementation
[INFO] [stdout] 22 |     pub fn redo() {
[INFO] [stdout]    |            ^^^^
[INFO] [stdout] ...
[INFO] [stdout] 26 |     pub fn undo() {
[INFO] [stdout]    |            ^^^^
[INFO] [stdout] 
[INFO] [stdout] 
[INFO] [stdout] warning: constant `LSN_OFFSET` is never used
[INFO] [stdout]   --> src/page.rs:40:7
[INFO] [stdout]    |
[INFO] [stdout] 40 | const LSN_OFFSET: u32 = 20;
[INFO] [stdout]    |       ^^^^^^^^^^
[INFO] [stdout] 
[INFO] [stdout] 
[INFO] [stdout] warning: associated functions `get_lsn` and `set_lsn` are never used
[INFO] [stdout]    --> src/page.rs:168:8
[INFO] [stdout]     |
[INFO] [stdout] 102 | impl RelationPage {
[INFO] [stdout]     | ----------------- associated functions in this implementation
[INFO] [stdout] ...
[INFO] [stdout] 168 |     fn get_lsn(bytes: &PageBytes) -> u32 {
[INFO] [stdout]     |        ^^^^^^^
[INFO] [stdout] ...
[INFO] [stdout] 173 |     fn set_lsn(bytes: &mut PageBytes, lsn: LsnT) {
[INFO] [stdout]     |        ^^^^^^^
[INFO] [stdout] 
[INFO] [stdout] 
[INFO] [stdout] warning: field `relation_id` is never read
[INFO] [stdout]   --> src/plan/insert.rs:14:5
[INFO] [stdout]    |
[INFO] [stdout] 12 | pub struct InsertPlanNode {
[INFO] [stdout]    |            -------------- field in this struct
[INFO] [stdout] 13 |     /// Relation affected by this insert plan.
[INFO] [stdout] 14 |     relation_id: RelationIdT,
[INFO] [stdout]    |     ^^^^^^^^^^^
[INFO] [stdout] 
[INFO] [stdout] 
[INFO] [stderr]    Compiling jin v0.1.0 (/opt/rustwide/workdir)
[INFO] [stdout] warning: unused variable: `rid`
[INFO] [stdout]    --> src/relation/heap.rs:204:35
[INFO] [stdout]     |
[INFO] [stdout] 204 |     pub fn rollback_delete(&self, rid: RecordId) -> Result<(), HeapError> {
[INFO] [stdout]     |                                   ^^^ help: if this is intentional, prefix it with an underscore: `_rid`
[INFO] [stdout]     |
[INFO] [stdout]     = note: `#[warn(unused_variables)]` on by default
[INFO] [stdout] 
[INFO] [stdout] 
[INFO] [stdout] warning: fields `system_catalog` and `buffer_manager` are never read
[INFO] [stdout]   --> src/executor/mod.rs:22:5
[INFO] [stdout]    |
[INFO] [stdout] 21 | pub struct QueryMeta {
[INFO] [stdout]    |            --------- fields in this struct
[INFO] [stdout] 22 |     system_catalog: Arc<SystemCatalog>,
[INFO] [stdout]    |     ^^^^^^^^^^^^^^
[INFO] [stdout] 23 |     buffer_manager: Arc<BufferManager>,
[INFO] [stdout]    |     ^^^^^^^^^^^^^^
[INFO] [stdout]    |
[INFO] [stdout]    = note: `#[warn(dead_code)]` on by default
[INFO] [stdout] 
[INFO] [stdout] 
[INFO] [stdout] warning: fields `meta` and `node` are never read
[INFO] [stdout]   --> src/executor/exec_insert.rs:14:5
[INFO] [stdout]    |
[INFO] [stdout] 12 | pub struct InsertExecutor {
[INFO] [stdout]    |            -------------- fields in this struct
[INFO] [stdout] 13 |     /// Metadata for this executor
[INFO] [stdout] 14 |     meta: QueryMeta,
[INFO] [stdout]    |     ^^^^
[INFO] [stdout] ...
[INFO] [stdout] 17 |     node: InsertPlanNode,
[INFO] [stdout]    |     ^^^^
[INFO] [stdout] 
[INFO] [stdout] 
[INFO] [stdout] warning: fields `name`, `table_name`, and `schema` are never read
[INFO] [stdout]   --> src/index.rs:19:5
[INFO] [stdout]    |
[INFO] [stdout] 18 | pub struct IndexMeta {
[INFO] [stdout]    |            --------- fields in this struct
[INFO] [stdout] 19 |     name: String,
[INFO] [stdout]    |     ^^^^
[INFO] [stdout] 20 |     table_name: String,
[INFO] [stdout]    |     ^^^^^^^^^^
[INFO] [stdout] 21 |     schema: Arc<Schema>,
[INFO] [stdout]    |     ^^^^^^
[INFO] [stdout] 
[INFO] [stdout] 
[INFO] [stdout] warning: struct `LogRecovery` is never constructed
[INFO] [stdout]   --> src/log.rs:11:8
[INFO] [stdout]    |
[INFO] [stdout] 11 | struct LogRecovery {
[INFO] [stdout]    |        ^^^^^^^^^^^
[INFO] [stdout] 
[INFO] [stdout] 
[INFO] [stdout] warning: associated functions `redo` and `undo` are never used
[INFO] [stdout]   --> src/log.rs:22:12
[INFO] [stdout]    |
[INFO] [stdout] 21 | impl LogRecovery {
[INFO] [stdout]    | ---------------- associated functions in this implementation
[INFO] [stdout] 22 |     pub fn redo() {
[INFO] [stdout]    |            ^^^^
[INFO] [stdout] ...
[INFO] [stdout] 26 |     pub fn undo() {
[INFO] [stdout]    |            ^^^^
[INFO] [stdout] 
[INFO] [stdout] 
[INFO] [stdout] warning: constant `LSN_OFFSET` is never used
[INFO] [stdout]   --> src/page.rs:40:7
[INFO] [stdout]    |
[INFO] [stdout] 40 | const LSN_OFFSET: u32 = 20;
[INFO] [stdout]    |       ^^^^^^^^^^
[INFO] [stdout] 
[INFO] [stdout] 
[INFO] [stdout] warning: associated functions `get_lsn` and `set_lsn` are never used
[INFO] [stdout]    --> src/page.rs:168:8
[INFO] [stdout]     |
[INFO] [stdout] 102 | impl RelationPage {
[INFO] [stdout]     | ----------------- associated functions in this implementation
[INFO] [stdout] ...
[INFO] [stdout] 168 |     fn get_lsn(bytes: &PageBytes) -> u32 {
[INFO] [stdout]     |        ^^^^^^^
[INFO] [stdout] ...
[INFO] [stdout] 173 |     fn set_lsn(bytes: &mut PageBytes, lsn: LsnT) {
[INFO] [stdout]     |        ^^^^^^^
[INFO] [stdout] 
[INFO] [stdout] 
[INFO] [stdout] warning: field `relation_id` is never read
[INFO] [stdout]   --> src/plan/insert.rs:14:5
[INFO] [stdout]    |
[INFO] [stdout] 12 | pub struct InsertPlanNode {
[INFO] [stdout]    |            -------------- field in this struct
[INFO] [stdout] 13 |     /// Relation affected by this insert plan.
[INFO] [stdout] 14 |     relation_id: RelationIdT,
[INFO] [stdout]    |     ^^^^^^^^^^^
[INFO] [stdout] 
[INFO] [stdout] 
[INFO] [stderr]     Finished `test` profile [unoptimized + debuginfo] target(s) in 2.02s
[INFO] running `Command { std: "docker" "inspect" "02d9c57f2e361c37c3d9f2f1c9888ab64ef9f2ca4c578f84ad8770af5c33a72b", kill_on_drop: false }`
[INFO] running `Command { std: "docker" "rm" "-f" "02d9c57f2e361c37c3d9f2f1c9888ab64ef9f2ca4c578f84ad8770af5c33a72b", kill_on_drop: false }`
[INFO] [stdout] 02d9c57f2e361c37c3d9f2f1c9888ab64ef9f2ca4c578f84ad8770af5c33a72b
[INFO] running `Command { std: "docker" "create" "-v" "/var/lib/crater-agent-workspace/builds/worker-5-tc2/target:/opt/rustwide/target:rw,Z" "-v" "/var/lib/crater-agent-workspace/builds/worker-5-tc2/source:/opt/rustwide/workdir:ro,Z" "-v" "/var/lib/crater-agent-workspace/cargo-home:/opt/rustwide/cargo-home:ro,Z" "-v" "/var/lib/crater-agent-workspace/rustup-home:/opt/rustwide/rustup-home:ro,Z" "-e" "SOURCE_DIR=/opt/rustwide/workdir" "-e" "CARGO_TARGET_DIR=/opt/rustwide/target" "-e" "CARGO_INCREMENTAL=0" "-e" "RUST_BACKTRACE=full" "-e" "RUSTFLAGS=--cap-lints=forbid -Zrandomize-layout" "-e" "RUSTDOCFLAGS=--cap-lints=forbid" "-e" "CARGO_HOME=/opt/rustwide/cargo-home" "-e" "RUSTUP_HOME=/opt/rustwide/rustup-home" "-w" "/opt/rustwide/workdir" "-m" "1610612736" "--user" "0:0" "--network" "none" "ghcr.io/rust-lang/crates-build-env/linux@sha256:819108c5571ea2e421544af4d832f968d213c87fbe3707a016657f43d2f853bc" "/opt/rustwide/cargo-home/bin/cargo" "+nightly-2025-01-18" "test" "--frozen", kill_on_drop: false }`
[INFO] [stdout] 493e1f9cacb37bf700dbbd754321501112bce0574a39515a0e5b182e6f3decc1
[INFO] running `Command { std: "docker" "start" "-a" "493e1f9cacb37bf700dbbd754321501112bce0574a39515a0e5b182e6f3decc1", kill_on_drop: false }`
[INFO] [stderr] warning: unused variable: `rid`
[INFO] [stderr]    --> src/relation/heap.rs:204:35
[INFO] [stderr]     |
[INFO] [stderr] 204 |     pub fn rollback_delete(&self, rid: RecordId) -> Result<(), HeapError> {
[INFO] [stderr]     |                                   ^^^ help: if this is intentional, prefix it with an underscore: `_rid`
[INFO] [stderr]     |
[INFO] [stderr]     = note: `#[warn(unused_variables)]` on by default
[INFO] [stderr] 
[INFO] [stderr] warning: fields `system_catalog` and `buffer_manager` are never read
[INFO] [stderr]   --> src/executor/mod.rs:22:5
[INFO] [stderr]    |
[INFO] [stderr] 21 | pub struct QueryMeta {
[INFO] [stderr]    |            --------- fields in this struct
[INFO] [stderr] 22 |     system_catalog: Arc<SystemCatalog>,
[INFO] [stderr]    |     ^^^^^^^^^^^^^^
[INFO] [stderr] 23 |     buffer_manager: Arc<BufferManager>,
[INFO] [stderr]    |     ^^^^^^^^^^^^^^
[INFO] [stderr]    |
[INFO] [stderr]    = note: `#[warn(dead_code)]` on by default
[INFO] [stderr] 
[INFO] [stderr] warning: fields `meta` and `node` are never read
[INFO] [stderr]   --> src/executor/exec_insert.rs:14:5
[INFO] [stderr]    |
[INFO] [stderr] 12 | pub struct InsertExecutor {
[INFO] [stderr]    |            -------------- fields in this struct
[INFO] [stderr] 13 |     /// Metadata for this executor
[INFO] [stderr] 14 |     meta: QueryMeta,
[INFO] [stderr]    |     ^^^^
[INFO] [stderr] ...
[INFO] [stderr] 17 |     node: InsertPlanNode,
[INFO] [stderr]    |     ^^^^
[INFO] [stderr] 
[INFO] [stderr] warning: fields `name`, `table_name`, and `schema` are never read
[INFO] [stderr]   --> src/index.rs:19:5
[INFO] [stderr]    |
[INFO] [stderr] 18 | pub struct IndexMeta {
[INFO] [stderr]    |            --------- fields in this struct
[INFO] [stderr] 19 |     name: String,
[INFO] [stderr]    |     ^^^^
[INFO] [stderr] 20 |     table_name: String,
[INFO] [stderr]    |     ^^^^^^^^^^
[INFO] [stderr] 21 |     schema: Arc<Schema>,
[INFO] [stderr]    |     ^^^^^^
[INFO] [stderr] 
[INFO] [stderr] warning: struct `LogRecovery` is never constructed
[INFO] [stderr]   --> src/log.rs:11:8
[INFO] [stderr]    |
[INFO] [stderr] 11 | struct LogRecovery {
[INFO] [stderr]    |        ^^^^^^^^^^^
[INFO] [stderr] 
[INFO] [stderr] warning: associated functions `redo` and `undo` are never used
[INFO] [stderr]   --> src/log.rs:22:12
[INFO] [stderr]    |
[INFO] [stderr] 21 | impl LogRecovery {
[INFO] [stderr]    | ---------------- associated functions in this implementation
[INFO] [stderr] 22 |     pub fn redo() {
[INFO] [stderr]    |            ^^^^
[INFO] [stderr] ...
[INFO] [stderr] 26 |     pub fn undo() {
[INFO] [stderr]    |            ^^^^
[INFO] [stderr] 
[INFO] [stderr] warning: constant `LSN_OFFSET` is never used
[INFO] [stderr]   --> src/page.rs:40:7
[INFO] [stderr]    |
[INFO] [stderr] 40 | const LSN_OFFSET: u32 = 20;
[INFO] [stderr]    |       ^^^^^^^^^^
[INFO] [stderr] 
[INFO] [stderr] warning: associated functions `get_lsn` and `set_lsn` are never used
[INFO] [stderr]    --> src/page.rs:168:8
[INFO] [stderr]     |
[INFO] [stderr] 102 | impl RelationPage {
[INFO] [stderr]     | ----------------- associated functions in this implementation
[INFO] [stderr] ...
[INFO] [stderr] 168 |     fn get_lsn(bytes: &PageBytes) -> u32 {
[INFO] [stderr]     |        ^^^^^^^
[INFO] [stderr] ...
[INFO] [stderr] 173 |     fn set_lsn(bytes: &mut PageBytes, lsn: LsnT) {
[INFO] [stderr]     |        ^^^^^^^
[INFO] [stderr] 
[INFO] [stderr] warning: field `relation_id` is never read
[INFO] [stderr]   --> src/plan/insert.rs:14:5
[INFO] [stderr]    |
[INFO] [stderr] 12 | pub struct InsertPlanNode {
[INFO] [stderr]    |            -------------- field in this struct
[INFO] [stderr] 13 |     /// Relation affected by this insert plan.
[INFO] [stderr] 14 |     relation_id: RelationIdT,
[INFO] [stderr]    |     ^^^^^^^^^^^
[INFO] [stderr] 
[INFO] [stderr] warning: `jin` (lib) generated 9 warnings
[INFO] [stderr] warning: `jin` (lib test) generated 9 warnings (9 duplicates)
[INFO] [stderr]     Finished `test` profile [unoptimized + debuginfo] target(s) in 0.03s
[INFO] [stderr]      Running unittests src/lib.rs (/opt/rustwide/target/debug/deps/jin-0d68bb1aa7f209af)
[INFO] [stdout] 
[INFO] [stdout] running 20 tests
[INFO] [stdout] test bitmap::tests::test_bitmap_operations ... ok
[INFO] [stdout] test buffer::replacement::slow::tests::test_evict ... ok
[INFO] [stdout] test io::tests::test_read_str256 ... ok
[INFO] [stdout] test buffer::replacement::lru::tests::test_create_lru ... ok
[INFO] [stdout] test io::tests::test_read_write_i32 ... ok
[INFO] [stdout] test io::tests::test_read_write_i64 ... ok
[INFO] [stdout] test io::tests::test_read_write_f32 ... ok
[INFO] [stdout] test io::tests::test_read_write_i16 ... ok
[INFO] [stdout] test io::tests::test_read_u32_overflow ... ok
[INFO] [stdout] test io::tests::test_read_write_i8 ... ok
[INFO] [stdout] test io::tests::test_read_write_bool ... ok
[INFO] [stdout] test io::tests::test_read_u32 ... ok
[INFO] [stdout] test io::tests::test_read_write_string ... ok
[INFO] [stdout] test io::tests::test_write_str256 ... ok
[INFO] [stdout] test io::tests::test_read_write_u64 ... ok
[INFO] [stdout] test io::tests::test_write_str256_too_long ... ok
[INFO] [stdout] test io::tests::test_write_u32 ... ok
[INFO] [stdout] test io::tests::test_write_u32_overflow ... ok
[INFO] [stdout] test page::tests::test_insert_record ... ok
[INFO] [stdout] test relation::record::tests::test_create_record ... ok
[INFO] [stdout] 
[INFO] [stdout] test result: ok. 20 passed; 0 failed; 0 ignored; 0 measured; 0 filtered out; finished in 0.01s
[INFO] [stdout] 
[INFO] [stderr]      Running tests/constants.rs (/opt/rustwide/target/debug/deps/constants-fb600a3b7d4e88fe)
[INFO] [stdout] 
[INFO] [stdout] running 0 tests
[INFO] [stderr]      Running tests/test_buffer.rs (/opt/rustwide/target/debug/deps/test_buffer-759f0837e5dfd5e5)
[INFO] [stdout] 
[INFO] [stdout] test result: ok. 0 passed; 0 failed; 0 ignored; 0 measured; 0 filtered out; finished in 0.00s
[INFO] [stdout] 
[INFO] [stdout] 
[INFO] [stdout] running 3 tests
[INFO] [stdout] test test_fetch_buffer_page ... FAILED
[INFO] [stdout] test test_create_buffer_page ... FAILED
[INFO] [stderr] error: test failed, to rerun pass `--test test_buffer`
[INFO] [stdout] test test_delete_buffer_page ... FAILED
[INFO] [stdout] 
[INFO] [stdout] failures:
[INFO] [stdout] 
[INFO] [stdout] ---- test_fetch_buffer_page stdout ----
[INFO] [stdout] 
[INFO] [stdout] thread 'test_fetch_buffer_page' panicked at src/disk.rs:110:10:
[INFO] [stdout] called `Result::unwrap()` on an `Err` value: Os { code: 30, kind: ReadOnlyFilesystem, message: "Read-only file system" }
[INFO] [stdout] stack backtrace:
[INFO] [stdout]    0:     0x63e387f3909a - std::backtrace_rs::backtrace::libunwind::trace::hb059275cfc8d6126
[INFO] [stdout]                                at /rustc/6067b36314ab5eb2eb47cecc464545ba58e1ad24/library/std/src/../../backtrace/src/backtrace/libunwind.rs:116:5
[INFO] [stdout]    1:     0x63e387f3909a - std::backtrace_rs::backtrace::trace_unsynchronized::h2da071e4327ce3ee
[INFO] [stdout]                                at /rustc/6067b36314ab5eb2eb47cecc464545ba58e1ad24/library/std/src/../../backtrace/src/backtrace/mod.rs:66:5
[INFO] [stdout]    2:     0x63e387f3909a - std::sys::backtrace::_print_fmt::h842a1474e6f8d23f
[INFO] [stdout]                                at /rustc/6067b36314ab5eb2eb47cecc464545ba58e1ad24/library/std/src/sys/backtrace.rs:66:9
[INFO] [stdout]    3:     0x63e387f3909a - <std::sys::backtrace::BacktraceLock::print::DisplayBacktrace as core::fmt::Display>::fmt::h71a62eb3b9696b12
[INFO] [stdout]                                at /rustc/6067b36314ab5eb2eb47cecc464545ba58e1ad24/library/std/src/sys/backtrace.rs:39:26
[INFO] [stdout]    4:     0x63e387f60673 - core::fmt::rt::Argument::fmt::hdb6b616786b41dc1
[INFO] [stdout]                                at /rustc/6067b36314ab5eb2eb47cecc464545ba58e1ad24/library/core/src/fmt/rt.rs:177:76
[INFO] [stdout]    5:     0x63e387f60673 - core::fmt::write::h2cc1698af7e2d686
[INFO] [stdout]                                at /rustc/6067b36314ab5eb2eb47cecc464545ba58e1ad24/library/core/src/fmt/mod.rs:1440:21
[INFO] [stdout]    6:     0x63e387f358c3 - std::io::Write::write_fmt::hab1b4cd059a79022
[INFO] [stdout]                                at /rustc/6067b36314ab5eb2eb47cecc464545ba58e1ad24/library/std/src/io/mod.rs:1887:15
[INFO] [stdout]    7:     0x63e387f38ee2 - std::sys::backtrace::BacktraceLock::print::h147fe35b4ea13b08
[INFO] [stdout]                                at /rustc/6067b36314ab5eb2eb47cecc464545ba58e1ad24/library/std/src/sys/backtrace.rs:42:9
[INFO] [stdout]    8:     0x63e387f3a4bf - std::panicking::default_hook::{{closure}}::hbd44223dbdc0d208
[INFO] [stdout]                                at /rustc/6067b36314ab5eb2eb47cecc464545ba58e1ad24/library/std/src/panicking.rs:298:22
[INFO] [stdout]    9:     0x63e387f3a2d8 - std::panicking::default_hook::h20f81eb0576efcec
[INFO] [stdout]                                at /rustc/6067b36314ab5eb2eb47cecc464545ba58e1ad24/library/std/src/panicking.rs:322:9
[INFO] [stdout]   10:     0x63e387ee4943 - <alloc::boxed::Box<F,A> as core::ops::function::Fn<Args>>::call::hdb53814c496a4d34
[INFO] [stdout]                                at /rustc/6067b36314ab5eb2eb47cecc464545ba58e1ad24/library/alloc/src/boxed.rs:2027:9
[INFO] [stdout]   11:     0x63e387ee4943 - test::test_main::{{closure}}::hc0a4963c59427c24
[INFO] [stdout]                                at /rustc/6067b36314ab5eb2eb47cecc464545ba58e1ad24/library/test/src/lib.rs:134:21
[INFO] [stdout]   12:     0x63e387f3afb3 - <alloc::boxed::Box<F,A> as core::ops::function::Fn<Args>>::call::h591b2225413a77e9
[INFO] [stdout]                                at /rustc/6067b36314ab5eb2eb47cecc464545ba58e1ad24/library/alloc/src/boxed.rs:2027:9
[INFO] [stdout]   13:     0x63e387f3afb3 - std::panicking::rust_panic_with_hook::h625eea43051b2edc
[INFO] [stdout]                                at /rustc/6067b36314ab5eb2eb47cecc464545ba58e1ad24/library/std/src/panicking.rs:839:13
[INFO] [stdout]   14:     0x63e387f3ac6a - std::panicking::begin_panic_handler::{{closure}}::h4f9159cfbc3f6bd3
[INFO] [stdout]                                at /rustc/6067b36314ab5eb2eb47cecc464545ba58e1ad24/library/std/src/panicking.rs:704:13
[INFO] [stdout]   15:     0x63e387f39599 - std::sys::backtrace::__rust_end_short_backtrace::h0390abce48353151
[INFO] [stdout]                                at /rustc/6067b36314ab5eb2eb47cecc464545ba58e1ad24/library/std/src/sys/backtrace.rs:168:18
[INFO] [stdout]   16:     0x63e387f3a8fd - rust_begin_unwind
[INFO] [stdout]                                at /rustc/6067b36314ab5eb2eb47cecc464545ba58e1ad24/library/std/src/panicking.rs:695:5
[INFO] [stdout]   17:     0x63e387f5f120 - core::panicking::panic_fmt::h9e7c637e9e5f29c9
[INFO] [stdout]                                at /rustc/6067b36314ab5eb2eb47cecc464545ba58e1ad24/library/core/src/panicking.rs:75:14
[INFO] [stdout]   18:     0x63e387f5f4c6 - core::result::unwrap_failed::h7979f09313fe1849
[INFO] [stdout]                                at /rustc/6067b36314ab5eb2eb47cecc464545ba58e1ad24/library/core/src/result.rs:1704:5
[INFO] [stdout]   19:     0x63e387f05b52 - core::result::Result<T,E>::unwrap::h6f94344e7d0585de
[INFO] [stdout]                                at /rustc/6067b36314ab5eb2eb47cecc464545ba58e1ad24/library/core/src/result.rs:1109:23
[INFO] [stdout]   20:     0x63e387f05b52 - jin::disk::open_write_file::ha04f2025e27fcad1
[INFO] [stdout]                                at /opt/rustwide/workdir/src/disk.rs:106:5
[INFO] [stdout]   21:     0x63e387f04b60 - jin::disk::DiskManager::new::h2b8c6cb0c88ff8fa
[INFO] [stdout]                                at /opt/rustwide/workdir/src/disk.rs:28:24
[INFO] [stdout]   22:     0x63e387ea675b - test_buffer::setup::h672bf26e740527ce
[INFO] [stdout]                                at /opt/rustwide/workdir/tests/test_buffer.rs:18:9
[INFO] [stdout]   23:     0x63e387ea6f74 - test_buffer::test_fetch_buffer_page::ha9c1149de851e981
[INFO] [stdout]                                at /opt/rustwide/workdir/tests/test_buffer.rs:50:21
[INFO] [stdout]   24:     0x63e387ea6f17 - test_buffer::test_fetch_buffer_page::{{closure}}::h8bb94822abd0235e
[INFO] [stdout]                                at /opt/rustwide/workdir/tests/test_buffer.rs:49:28
[INFO] [stdout]   25:     0x63e387ea06f6 - core::ops::function::FnOnce::call_once::hb565655238df11ab
[INFO] [stdout]                                at /rustc/6067b36314ab5eb2eb47cecc464545ba58e1ad24/library/core/src/ops/function.rs:250:5
[INFO] [stdout]   26:     0x63e387eea09b - core::ops::function::FnOnce::call_once::he27718dfdd183f43
[INFO] [stdout]                                at /rustc/6067b36314ab5eb2eb47cecc464545ba58e1ad24/library/core/src/ops/function.rs:250:5
[INFO] [stdout]   27:     0x63e387eea09b - test::__rust_begin_short_backtrace::h4e84902998457a5d
[INFO] [stdout]                                at /rustc/6067b36314ab5eb2eb47cecc464545ba58e1ad24/library/test/src/lib.rs:632:18
[INFO] [stdout]   28:     0x63e387ee8fd3 - test::run_test_in_process::{{closure}}::h7176fd18fc1feca0
[INFO] [stdout]                                at /rustc/6067b36314ab5eb2eb47cecc464545ba58e1ad24/library/test/src/lib.rs:655:60
[INFO] [stdout]   29:     0x63e387ee8fd3 - <core::panic::unwind_safe::AssertUnwindSafe<F> as core::ops::function::FnOnce<()>>::call_once::hf79cff2a624d8cf7
[INFO] [stdout]                                at /rustc/6067b36314ab5eb2eb47cecc464545ba58e1ad24/library/core/src/panic/unwind_safe.rs:272:9
[INFO] [stdout]   30:     0x63e387ee8fd3 - std::panicking::try::do_call::h3da0561d9ab99c25
[INFO] [stdout]                                at /rustc/6067b36314ab5eb2eb47cecc464545ba58e1ad24/library/std/src/panicking.rs:587:40
[INFO] [stdout]   31:     0x63e387ee8fd3 - std::panicking::try::h41c9fa508bc61df6
[INFO] [stdout]                                at /rustc/6067b36314ab5eb2eb47cecc464545ba58e1ad24/library/std/src/panicking.rs:550:19
[INFO] [stdout]   32:     0x63e387ee8fd3 - std::panic::catch_unwind::h6b3ff07bb5afad93
[INFO] [stdout]                                at /rustc/6067b36314ab5eb2eb47cecc464545ba58e1ad24/library/std/src/panic.rs:358:14
[INFO] [stdout]   33:     0x63e387ee8fd3 - test::run_test_in_process::hc7253dd11b39b9f4
[INFO] [stdout]                                at /rustc/6067b36314ab5eb2eb47cecc464545ba58e1ad24/library/test/src/lib.rs:655:27
[INFO] [stdout]   34:     0x63e387ee8fd3 - test::run_test::{{closure}}::hfb2007f8649c30bb
[INFO] [stdout]                                at /rustc/6067b36314ab5eb2eb47cecc464545ba58e1ad24/library/test/src/lib.rs:576:43
[INFO] [stdout]   35:     0x63e387eac0b5 - test::run_test::{{closure}}::h56a17aa7a282a9f4
[INFO] [stdout]                                at /rustc/6067b36314ab5eb2eb47cecc464545ba58e1ad24/library/test/src/lib.rs:606:41
[INFO] [stdout]   36:     0x63e387eac0b5 - std::sys::backtrace::__rust_begin_short_backtrace::hd2d2d2fb8e8c6aac
[INFO] [stdout]                                at /rustc/6067b36314ab5eb2eb47cecc464545ba58e1ad24/library/std/src/sys/backtrace.rs:152:18
[INFO] [stdout]   37:     0x63e387eaf99a - std::thread::Builder::spawn_unchecked_::{{closure}}::{{closure}}::h4faa3f9db6133423
[INFO] [stdout]                                at /rustc/6067b36314ab5eb2eb47cecc464545ba58e1ad24/library/std/src/thread/mod.rs:559:17
[INFO] [stdout]   38:     0x63e387eaf99a - <core::panic::unwind_safe::AssertUnwindSafe<F> as core::ops::function::FnOnce<()>>::call_once::hf2e855a36a4ea846
[INFO] [stdout]                                at /rustc/6067b36314ab5eb2eb47cecc464545ba58e1ad24/library/core/src/panic/unwind_safe.rs:272:9
[INFO] [stdout]   39:     0x63e387eaf99a - std::panicking::try::do_call::h2f73af3616c35465
[INFO] [stdout]                                at /rustc/6067b36314ab5eb2eb47cecc464545ba58e1ad24/library/std/src/panicking.rs:587:40
[INFO] [stdout]   40:     0x63e387eaf99a - std::panicking::try::hd1660ce9efadef5a
[INFO] [stdout]                                at /rustc/6067b36314ab5eb2eb47cecc464545ba58e1ad24/library/std/src/panicking.rs:550:19
[INFO] [stdout]   41:     0x63e387eaf99a - std::panic::catch_unwind::h5ee8d7823b8ca744
[INFO] [stdout]                                at /rustc/6067b36314ab5eb2eb47cecc464545ba58e1ad24/library/std/src/panic.rs:358:14
[INFO] [stdout]   42:     0x63e387eaf99a - std::thread::Builder::spawn_unchecked_::{{closure}}::h53c3a1894dce8407
[INFO] [stdout]                                at /rustc/6067b36314ab5eb2eb47cecc464545ba58e1ad24/library/std/src/thread/mod.rs:557:30
[INFO] [stdout]   43:     0x63e387eaf99a - core::ops::function::FnOnce::call_once{{vtable.shim}}::h048ce291ad4f62bf
[INFO] [stdout]                                at /rustc/6067b36314ab5eb2eb47cecc464545ba58e1ad24/library/core/src/ops/function.rs:250:5
[INFO] [stdout]   44:     0x63e387f3eefb - <alloc::boxed::Box<F,A> as core::ops::function::FnOnce<Args>>::call_once::ha52bedf99a3b4981
[INFO] [stdout]                                at /rustc/6067b36314ab5eb2eb47cecc464545ba58e1ad24/library/alloc/src/boxed.rs:2013:9
[INFO] [stdout]   45:     0x63e387f3eefb - <alloc::boxed::Box<F,A> as core::ops::function::FnOnce<Args>>::call_once::h567748934d80ccf8
[INFO] [stdout]                                at /rustc/6067b36314ab5eb2eb47cecc464545ba58e1ad24/library/alloc/src/boxed.rs:2013:9
[INFO] [stdout]   46:     0x63e387f3eefb - std::sys::pal::unix::thread::Thread::new::thread_start::h2d970728ae887adc
[INFO] [stdout]                                at /rustc/6067b36314ab5eb2eb47cecc464545ba58e1ad24/library/std/src/sys/pal/unix/thread.rs:106:17
[INFO] [stdout]   47:     0x702390058ac3 - <unknown>
[INFO] [stdout]   48:     0x7023900e9a04 - clone
[INFO] [stdout]   49:                0x0 - <unknown>
[INFO] [stdout] 
[INFO] [stdout] ---- test_create_buffer_page stdout ----
[INFO] [stdout] 
[INFO] [stdout] thread 'test_create_buffer_page' panicked at src/disk.rs:110:10:
[INFO] [stdout] called `Result::unwrap()` on an `Err` value: Os { code: 30, kind: ReadOnlyFilesystem, message: "Read-only file system" }
[INFO] [stdout] stack backtrace:
[INFO] [stdout]    0:     0x63e387f3909a - std::backtrace_rs::backtrace::libunwind::trace::hb059275cfc8d6126
[INFO] [stdout]                                at /rustc/6067b36314ab5eb2eb47cecc464545ba58e1ad24/library/std/src/../../backtrace/src/backtrace/libunwind.rs:116:5
[INFO] [stdout]    1:     0x63e387f3909a - std::backtrace_rs::backtrace::trace_unsynchronized::h2da071e4327ce3ee
[INFO] [stdout]                                at /rustc/6067b36314ab5eb2eb47cecc464545ba58e1ad24/library/std/src/../../backtrace/src/backtrace/mod.rs:66:5
[INFO] [stdout]    2:     0x63e387f3909a - std::sys::backtrace::_print_fmt::h842a1474e6f8d23f
[INFO] [stdout]                                at /rustc/6067b36314ab5eb2eb47cecc464545ba58e1ad24/library/std/src/sys/backtrace.rs:66:9
[INFO] [stdout]    3:     0x63e387f3909a - <std::sys::backtrace::BacktraceLock::print::DisplayBacktrace as core::fmt::Display>::fmt::h71a62eb3b9696b12
[INFO] [stdout]                                at /rustc/6067b36314ab5eb2eb47cecc464545ba58e1ad24/library/std/src/sys/backtrace.rs:39:26
[INFO] [stdout]    4:     0x63e387f60673 - core::fmt::rt::Argument::fmt::hdb6b616786b41dc1
[INFO] [stdout]                                at /rustc/6067b36314ab5eb2eb47cecc464545ba58e1ad24/library/core/src/fmt/rt.rs:177:76
[INFO] [stdout]    5:     0x63e387f60673 - core::fmt::write::h2cc1698af7e2d686
[INFO] [stdout]                                at /rustc/6067b36314ab5eb2eb47cecc464545ba58e1ad24/library/core/src/fmt/mod.rs:1440:21
[INFO] [stdout]    6:     0x63e387f358c3 - std::io::Write::write_fmt::hab1b4cd059a79022
[INFO] [stdout]                                at /rustc/6067b36314ab5eb2eb47cecc464545ba58e1ad24/library/std/src/io/mod.rs:1887:15
[INFO] [stdout]    7:     0x63e387f38ee2 - std::sys::backtrace::BacktraceLock::print::h147fe35b4ea13b08
[INFO] [stdout]                                at /rustc/6067b36314ab5eb2eb47cecc464545ba58e1ad24/library/std/src/sys/backtrace.rs:42:9
[INFO] [stdout]    8:     0x63e387f3a4bf - std::panicking::default_hook::{{closure}}::hbd44223dbdc0d208
[INFO] [stdout]                                at /rustc/6067b36314ab5eb2eb47cecc464545ba58e1ad24/library/std/src/panicking.rs:298:22
[INFO] [stdout]    9:     0x63e387f3a2d8 - std::panicking::default_hook::h20f81eb0576efcec
[INFO] [stdout]                                at /rustc/6067b36314ab5eb2eb47cecc464545ba58e1ad24/library/std/src/panicking.rs:322:9
[INFO] [stdout]   10:     0x63e387ee4943 - <alloc::boxed::Box<F,A> as core::ops::function::Fn<Args>>::call::hdb53814c496a4d34
[INFO] [stdout]                                at /rustc/6067b36314ab5eb2eb47cecc464545ba58e1ad24/library/alloc/src/boxed.rs:2027:9
[INFO] [stdout]   11:     0x63e387ee4943 - test::test_main::{{closure}}::hc0a4963c59427c24
[INFO] [stdout]                                at /rustc/6067b36314ab5eb2eb47cecc464545ba58e1ad24/library/test/src/lib.rs:134:21
[INFO] [stdout]   12:     0x63e387f3afb3 - <alloc::boxed::Box<F,A> as core::ops::function::Fn<Args>>::call::h591b2225413a77e9
[INFO] [stdout]                                at /rustc/6067b36314ab5eb2eb47cecc464545ba58e1ad24/library/alloc/src/boxed.rs:2027:9
[INFO] [stdout]   13:     0x63e387f3afb3 - std::panicking::rust_panic_with_hook::h625eea43051b2edc
[INFO] [stdout]                                at /rustc/6067b36314ab5eb2eb47cecc464545ba58e1ad24/library/std/src/panicking.rs:839:13
[INFO] [stdout]   14:     0x63e387f3ac6a - std::panicking::begin_panic_handler::{{closure}}::h4f9159cfbc3f6bd3
[INFO] [stdout]                                at /rustc/6067b36314ab5eb2eb47cecc464545ba58e1ad24/library/std/src/panicking.rs:704:13
[INFO] [stdout]   15:     0x63e387f39599 - std::sys::backtrace::__rust_end_short_backtrace::h0390abce48353151
[INFO] [stdout]                                at /rustc/6067b36314ab5eb2eb47cecc464545ba58e1ad24/library/std/src/sys/backtrace.rs:168:18
[INFO] [stdout]   16:     0x63e387f3a8fd - rust_begin_unwind
[INFO] [stdout]                                at /rustc/6067b36314ab5eb2eb47cecc464545ba58e1ad24/library/std/src/panicking.rs:695:5
[INFO] [stdout]   17:     0x63e387f5f120 - core::panicking::panic_fmt::h9e7c637e9e5f29c9
[INFO] [stdout]                                at /rustc/6067b36314ab5eb2eb47cecc464545ba58e1ad24/library/core/src/panicking.rs:75:14
[INFO] [stdout]   18:     0x63e387f5f4c6 - core::result::unwrap_failed::h7979f09313fe1849
[INFO] [stdout]                                at /rustc/6067b36314ab5eb2eb47cecc464545ba58e1ad24/library/core/src/result.rs:1704:5
[INFO] [stdout]   19:     0x63e387f05b52 - core::result::Result<T,E>::unwrap::h6f94344e7d0585de
[INFO] [stdout]                                at /rustc/6067b36314ab5eb2eb47cecc464545ba58e1ad24/library/core/src/result.rs:1109:23
[INFO] [stdout]   20:     0x63e387f05b52 - jin::disk::open_write_file::ha04f2025e27fcad1
[INFO] [stdout]                                at /opt/rustwide/workdir/src/disk.rs:106:5
[INFO] [stdout]   21:     0x63e387f04b60 - jin::disk::DiskManager::new::h2b8c6cb0c88ff8fa
[INFO] [stdout]                                at /opt/rustwide/workdir/src/disk.rs:28:24
[INFO] [stdout]   22:     0x63e387ea675b - test_buffer::setup::h672bf26e740527ce
[INFO] [stdout]                                at /opt/rustwide/workdir/tests/test_buffer.rs:18:9
[INFO] [stdout]   23:     0x63e387ea67cc - test_buffer::test_create_buffer_page::h427182079f08626a
[INFO] [stdout]                                at /opt/rustwide/workdir/tests/test_buffer.rs:25:19
[INFO] [stdout]   24:     0x63e387ea67a7 - test_buffer::test_create_buffer_page::{{closure}}::h44c58427dee11069
[INFO] [stdout]                                at /opt/rustwide/workdir/tests/test_buffer.rs:24:29
[INFO] [stdout]   25:     0x63e387ea0646 - core::ops::function::FnOnce::call_once::h7b2e5a69beb9abf6
[INFO] [stdout]                                at /rustc/6067b36314ab5eb2eb47cecc464545ba58e1ad24/library/core/src/ops/function.rs:250:5
[INFO] [stdout]   26:     0x63e387eea09b - core::ops::function::FnOnce::call_once::he27718dfdd183f43
[INFO] [stdout]                                at /rustc/6067b36314ab5eb2eb47cecc464545ba58e1ad24/library/core/src/ops/function.rs:250:5
[INFO] [stdout]   27:     0x63e387eea09b - test::__rust_begin_short_backtrace::h4e84902998457a5d
[INFO] [stdout]                                at /rustc/6067b36314ab5eb2eb47cecc464545ba58e1ad24/library/test/src/lib.rs:632:18
[INFO] [stdout]   28:     0x63e387ee8fd3 - test::run_test_in_process::{{closure}}::h7176fd18fc1feca0
[INFO] [stdout]                                at /rustc/6067b36314ab5eb2eb47cecc464545ba58e1ad24/library/test/src/lib.rs:655:60
[INFO] [stdout]   29:     0x63e387ee8fd3 - <core::panic::unwind_safe::AssertUnwindSafe<F> as core::ops::function::FnOnce<()>>::call_once::hf79cff2a624d8cf7
[INFO] [stdout]                                at /rustc/6067b36314ab5eb2eb47cecc464545ba58e1ad24/library/core/src/panic/unwind_safe.rs:272:9
[INFO] [stdout]   30:     0x63e387ee8fd3 - std::panicking::try::do_call::h3da0561d9ab99c25
[INFO] [stdout]                                at /rustc/6067b36314ab5eb2eb47cecc464545ba58e1ad24/library/std/src/panicking.rs:587:40
[INFO] [stdout]   31:     0x63e387ee8fd3 - std::panicking::try::h41c9fa508bc61df6
[INFO] [stdout]                                at /rustc/6067b36314ab5eb2eb47cecc464545ba58e1ad24/library/std/src/panicking.rs:550:19
[INFO] [stdout]   32:     0x63e387ee8fd3 - std::panic::catch_unwind::h6b3ff07bb5afad93
[INFO] [stdout]                                at /rustc/6067b36314ab5eb2eb47cecc464545ba58e1ad24/library/std/src/panic.rs:358:14
[INFO] [stdout]   33:     0x63e387ee8fd3 - test::run_test_in_process::hc7253dd11b39b9f4
[INFO] [stdout]                                at /rustc/6067b36314ab5eb2eb47cecc464545ba58e1ad24/library/test/src/lib.rs:655:27
[INFO] [stdout]   34:     0x63e387ee8fd3 - test::run_test::{{closure}}::hfb2007f8649c30bb
[INFO] [stdout]                                at /rustc/6067b36314ab5eb2eb47cecc464545ba58e1ad24/library/test/src/lib.rs:576:43
[INFO] [stdout]   35:     0x63e387eac0b5 - test::run_test::{{closure}}::h56a17aa7a282a9f4
[INFO] [stdout]                                at /rustc/6067b36314ab5eb2eb47cecc464545ba58e1ad24/library/test/src/lib.rs:606:41
[INFO] [stdout]   36:     0x63e387eac0b5 - std::sys::backtrace::__rust_begin_short_backtrace::hd2d2d2fb8e8c6aac
[INFO] [stdout]                                at /rustc/6067b36314ab5eb2eb47cecc464545ba58e1ad24/library/std/src/sys/backtrace.rs:152:18
[INFO] [stdout]   37:     0x63e387eaf99a - std::thread::Builder::spawn_unchecked_::{{closure}}::{{closure}}::h4faa3f9db6133423
[INFO] [stdout]                                at /rustc/6067b36314ab5eb2eb47cecc464545ba58e1ad24/library/std/src/thread/mod.rs:559:17
[INFO] [stdout]   38:     0x63e387eaf99a - <core::panic::unwind_safe::AssertUnwindSafe<F> as core::ops::function::FnOnce<()>>::call_once::hf2e855a36a4ea846
[INFO] [stdout]                                at /rustc/6067b36314ab5eb2eb47cecc464545ba58e1ad24/library/core/src/panic/unwind_safe.rs:272:9
[INFO] [stdout]   39:     0x63e387eaf99a - std::panicking::try::do_call::h2f73af3616c35465
[INFO] [stdout]                                at /rustc/6067b36314ab5eb2eb47cecc464545ba58e1ad24/library/std/src/panicking.rs:587:40
[INFO] [stdout]   40:     0x63e387eaf99a - std::panicking::try::hd1660ce9efadef5a
[INFO] [stdout]                                at /rustc/6067b36314ab5eb2eb47cecc464545ba58e1ad24/library/std/src/panicking.rs:550:19
[INFO] [stdout]   41:     0x63e387eaf99a - std::panic::catch_unwind::h5ee8d7823b8ca744
[INFO] [stdout]                                at /rustc/6067b36314ab5eb2eb47cecc464545ba58e1ad24/library/std/src/panic.rs:358:14
[INFO] [stdout]   42:     0x63e387eaf99a - std::thread::Builder::spawn_unchecked_::{{closure}}::h53c3a1894dce8407
[INFO] [stdout]                                at /rustc/6067b36314ab5eb2eb47cecc464545ba58e1ad24/library/std/src/thread/mod.rs:557:30
[INFO] [stdout]   43:     0x63e387eaf99a - core::ops::function::FnOnce::call_once{{vtable.shim}}::h048ce291ad4f62bf
[INFO] [stdout]                                at /rustc/6067b36314ab5eb2eb47cecc464545ba58e1ad24/library/core/src/ops/function.rs:250:5
[INFO] [stdout]   44:     0x63e387f3eefb - <alloc::boxed::Box<F,A> as core::ops::function::FnOnce<Args>>::call_once::ha52bedf99a3b4981
[INFO] [stdout]                                at /rustc/6067b36314ab5eb2eb47cecc464545ba58e1ad24/library/alloc/src/boxed.rs:2013:9
[INFO] [stdout]   45:     0x63e387f3eefb - <alloc::boxed::Box<F,A> as core::ops::function::FnOnce<Args>>::call_once::h567748934d80ccf8
[INFO] [stdout]                                at /rustc/6067b36314ab5eb2eb47cecc464545ba58e1ad24/library/alloc/src/boxed.rs:2013:9
[INFO] [stdout]   46:     0x63e387f3eefb - std::sys::pal::unix::thread::Thread::new::thread_start::h2d970728ae887adc
[INFO] [stdout]                                at /rustc/6067b36314ab5eb2eb47cecc464545ba58e1ad24/library/std/src/sys/pal/unix/thread.rs:106:17
[INFO] [stdout]   47:     0x702390058ac3 - <unknown>
[INFO] [stdout]   48:     0x7023900e9a04 - clone
[INFO] [stdout]   49:                0x0 - <unknown>
[INFO] [stdout] 
[INFO] [stdout] ---- test_delete_buffer_page stdout ----
[INFO] [stdout] 
[INFO] [stdout] thread 'test_delete_buffer_page' panicked at src/disk.rs:110:10:
[INFO] [stdout] called `Result::unwrap()` on an `Err` value: Os { code: 30, kind: ReadOnlyFilesystem, message: "Read-only file system" }
[INFO] [stdout] stack backtrace:
[INFO] [stdout]    0:     0x63e387f3909a - std::backtrace_rs::backtrace::libunwind::trace::hb059275cfc8d6126
[INFO] [stdout]                                at /rustc/6067b36314ab5eb2eb47cecc464545ba58e1ad24/library/std/src/../../backtrace/src/backtrace/libunwind.rs:116:5
[INFO] [stdout]    1:     0x63e387f3909a - std::backtrace_rs::backtrace::trace_unsynchronized::h2da071e4327ce3ee
[INFO] [stdout]                                at /rustc/6067b36314ab5eb2eb47cecc464545ba58e1ad24/library/std/src/../../backtrace/src/backtrace/mod.rs:66:5
[INFO] [stdout]    2:     0x63e387f3909a - std::sys::backtrace::_print_fmt::h842a1474e6f8d23f
[INFO] [stdout]                                at /rustc/6067b36314ab5eb2eb47cecc464545ba58e1ad24/library/std/src/sys/backtrace.rs:66:9
[INFO] [stdout]    3:     0x63e387f3909a - <std::sys::backtrace::BacktraceLock::print::DisplayBacktrace as core::fmt::Display>::fmt::h71a62eb3b9696b12
[INFO] [stdout]                                at /rustc/6067b36314ab5eb2eb47cecc464545ba58e1ad24/library/std/src/sys/backtrace.rs:39:26
[INFO] [stdout]    4:     0x63e387f60673 - core::fmt::rt::Argument::fmt::hdb6b616786b41dc1
[INFO] [stdout]                                at /rustc/6067b36314ab5eb2eb47cecc464545ba58e1ad24/library/core/src/fmt/rt.rs:177:76
[INFO] [stdout]    5:     0x63e387f60673 - core::fmt::write::h2cc1698af7e2d686
[INFO] [stdout]                                at /rustc/6067b36314ab5eb2eb47cecc464545ba58e1ad24/library/core/src/fmt/mod.rs:1440:21
[INFO] [stdout]    6:     0x63e387f358c3 - std::io::Write::write_fmt::hab1b4cd059a79022
[INFO] [stdout]                                at /rustc/6067b36314ab5eb2eb47cecc464545ba58e1ad24/library/std/src/io/mod.rs:1887:15
[INFO] [stdout]    7:     0x63e387f38ee2 - std::sys::backtrace::BacktraceLock::print::h147fe35b4ea13b08
[INFO] [stdout]                                at /rustc/6067b36314ab5eb2eb47cecc464545ba58e1ad24/library/std/src/sys/backtrace.rs:42:9
[INFO] [stdout]    8:     0x63e387f3a4bf - std::panicking::default_hook::{{closure}}::hbd44223dbdc0d208
[INFO] [stdout]                                at /rustc/6067b36314ab5eb2eb47cecc464545ba58e1ad24/library/std/src/panicking.rs:298:22
[INFO] [stdout]    9:     0x63e387f3a2d8 - std::panicking::default_hook::h20f81eb0576efcec
[INFO] [stdout]                                at /rustc/6067b36314ab5eb2eb47cecc464545ba58e1ad24/library/std/src/panicking.rs:322:9
[INFO] [stdout]   10:     0x63e387ee4943 - <alloc::boxed::Box<F,A> as core::ops::function::Fn<Args>>::call::hdb53814c496a4d34
[INFO] [stdout]                                at /rustc/6067b36314ab5eb2eb47cecc464545ba58e1ad24/library/alloc/src/boxed.rs:2027:9
[INFO] [stdout]   11:     0x63e387ee4943 - test::test_main::{{closure}}::hc0a4963c59427c24
[INFO] [stdout]                                at /rustc/6067b36314ab5eb2eb47cecc464545ba58e1ad24/library/test/src/lib.rs:134:21
[INFO] [stdout]   12:     0x63e387f3afb3 - <alloc::boxed::Box<F,A> as core::ops::function::Fn<Args>>::call::h591b2225413a77e9
[INFO] [stdout]                                at /rustc/6067b36314ab5eb2eb47cecc464545ba58e1ad24/library/alloc/src/boxed.rs:2027:9
[INFO] [stdout]   13:     0x63e387f3afb3 - std::panicking::rust_panic_with_hook::h625eea43051b2edc
[INFO] [stdout]                                at /rustc/6067b36314ab5eb2eb47cecc464545ba58e1ad24/library/std/src/panicking.rs:839:13
[INFO] [stdout]   14:     0x63e387f3ac6a - std::panicking::begin_panic_handler::{{closure}}::h4f9159cfbc3f6bd3
[INFO] [stdout]                                at /rustc/6067b36314ab5eb2eb47cecc464545ba58e1ad24/library/std/src/panicking.rs:704:13
[INFO] [stdout]   15:     0x63e387f39599 - std::sys::backtrace::__rust_end_short_backtrace::h0390abce48353151
[INFO] [stdout]                                at /rustc/6067b36314ab5eb2eb47cecc464545ba58e1ad24/library/std/src/sys/backtrace.rs:168:18
[INFO] [stdout]   16:     0x63e387f3a8fd - rust_begin_unwind
[INFO] [stdout]                                at /rustc/6067b36314ab5eb2eb47cecc464545ba58e1ad24/library/std/src/panicking.rs:695:5
[INFO] [stdout]   17:     0x63e387f5f120 - core::panicking::panic_fmt::h9e7c637e9e5f29c9
[INFO] [stdout]                                at /rustc/6067b36314ab5eb2eb47cecc464545ba58e1ad24/library/core/src/panicking.rs:75:14
[INFO] [stdout]   18:     0x63e387f5f4c6 - core::result::unwrap_failed::h7979f09313fe1849
[INFO] [stdout]                                at /rustc/6067b36314ab5eb2eb47cecc464545ba58e1ad24/library/core/src/result.rs:1704:5
[INFO] [stdout]   19:     0x63e387f05b52 - core::result::Result<T,E>::unwrap::h6f94344e7d0585de
[INFO] [stdout]                                at /rustc/6067b36314ab5eb2eb47cecc464545ba58e1ad24/library/core/src/result.rs:1109:23
[INFO] [stdout]   20:     0x63e387f05b52 - jin::disk::open_write_file::ha04f2025e27fcad1
[INFO] [stdout]                                at /opt/rustwide/workdir/src/disk.rs:106:5
[INFO] [stdout]   21:     0x63e387f04b60 - jin::disk::DiskManager::new::h2b8c6cb0c88ff8fa
[INFO] [stdout]                                at /opt/rustwide/workdir/src/disk.rs:28:24
[INFO] [stdout]   22:     0x63e387ea675b - test_buffer::setup::h672bf26e740527ce
[INFO] [stdout]                                at /opt/rustwide/workdir/tests/test_buffer.rs:18:9
[INFO] [stdout]   23:     0x63e387ea78d4 - test_buffer::test_delete_buffer_page::hee14b8c89a89731e
[INFO] [stdout]                                at /opt/rustwide/workdir/tests/test_buffer.rs:76:21
[INFO] [stdout]   24:     0x63e387ea7867 - test_buffer::test_delete_buffer_page::{{closure}}::h66359f5c2fe0b13f
[INFO] [stdout]                                at /opt/rustwide/workdir/tests/test_buffer.rs:75:29
[INFO] [stdout]   25:     0x63e387ea05e6 - core::ops::function::FnOnce::call_once::h4b9ec0a890bb9c05
[INFO] [stdout]                                at /rustc/6067b36314ab5eb2eb47cecc464545ba58e1ad24/library/core/src/ops/function.rs:250:5
[INFO] [stdout]   26:     0x63e387eea09b - core::ops::function::FnOnce::call_once::he27718dfdd183f43
[INFO] [stdout]                                at /rustc/6067b36314ab5eb2eb47cecc464545ba58e1ad24/library/core/src/ops/function.rs:250:5
[INFO] [stdout]   27:     0x63e387eea09b - test::__rust_begin_short_backtrace::h4e84902998457a5d
[INFO] [stdout]                                at /rustc/6067b36314ab5eb2eb47cecc464545ba58e1ad24/library/test/src/lib.rs:632:18
[INFO] [stdout]   28:     0x63e387ee8fd3 - test::run_test_in_process::{{closure}}::h7176fd18fc1feca0
[INFO] [stdout]                                at /rustc/6067b36314ab5eb2eb47cecc464545ba58e1ad24/library/test/src/lib.rs:655:60
[INFO] [stdout]   29:     0x63e387ee8fd3 - <core::panic::unwind_safe::AssertUnwindSafe<F> as core::ops::function::FnOnce<()>>::call_once::hf79cff2a624d8cf7
[INFO] [stdout]                                at /rustc/6067b36314ab5eb2eb47cecc464545ba58e1ad24/library/core/src/panic/unwind_safe.rs:272:9
[INFO] [stdout]   30:     0x63e387ee8fd3 - std::panicking::try::do_call::h3da0561d9ab99c25
[INFO] [stdout]                                at /rustc/6067b36314ab5eb2eb47cecc464545ba58e1ad24/library/std/src/panicking.rs:587:40
[INFO] [stdout]   31:     0x63e387ee8fd3 - std::panicking::try::h41c9fa508bc61df6
[INFO] [stdout]                                at /rustc/6067b36314ab5eb2eb47cecc464545ba58e1ad24/library/std/src/panicking.rs:550:19
[INFO] [stdout]   32:     0x63e387ee8fd3 - std::panic::catch_unwind::h6b3ff07bb5afad93
[INFO] [stdout]                                at /rustc/6067b36314ab5eb2eb47cecc464545ba58e1ad24/library/std/src/panic.rs:358:14
[INFO] [stdout]   33:     0x63e387ee8fd3 - test::run_test_in_process::hc7253dd11b39b9f4
[INFO] [stdout]                                at /rustc/6067b36314ab5eb2eb47cecc464545ba58e1ad24/library/test/src/lib.rs:655:27
[INFO] [stdout]   34:     0x63e387ee8fd3 - test::run_test::{{closure}}::hfb2007f8649c30bb
[INFO] [stdout]                                at /rustc/6067b36314ab5eb2eb47cecc464545ba58e1ad24/library/test/src/lib.rs:576:43
[INFO] [stdout]   35:     0x63e387eac0b5 - test::run_test::{{closure}}::h56a17aa7a282a9f4
[INFO] [stdout]                                at /rustc/6067b36314ab5eb2eb47cecc464545ba58e1ad24/library/test/src/lib.rs:606:41
[INFO] [stdout]   36:     0x63e387eac0b5 - std::sys::backtrace::__rust_begin_short_backtrace::hd2d2d2fb8e8c6aac
[INFO] [stdout]                                at /rustc/6067b36314ab5eb2eb47cecc464545ba58e1ad24/library/std/src/sys/backtrace.rs:152:18
[INFO] [stdout]   37:     0x63e387eaf99a - std::thread::Builder::spawn_unchecked_::{{closure}}::{{closure}}::h4faa3f9db6133423
[INFO] [stdout]                                at /rustc/6067b36314ab5eb2eb47cecc464545ba58e1ad24/library/std/src/thread/mod.rs:559:17
[INFO] [stdout]   38:     0x63e387eaf99a - <core::panic::unwind_safe::AssertUnwindSafe<F> as core::ops::function::FnOnce<()>>::call_once::hf2e855a36a4ea846
[INFO] [stdout]                                at /rustc/6067b36314ab5eb2eb47cecc464545ba58e1ad24/library/core/src/panic/unwind_safe.rs:272:9
[INFO] [stdout]   39:     0x63e387eaf99a - std::panicking::try::do_call::h2f73af3616c35465
[INFO] [stdout]                                at /rustc/6067b36314ab5eb2eb47cecc464545ba58e1ad24/library/std/src/panicking.rs:587:40
[INFO] [stdout]   40:     0x63e387eaf99a - std::panicking::try::hd1660ce9efadef5a
[INFO] [stdout]                                at /rustc/6067b36314ab5eb2eb47cecc464545ba58e1ad24/library/std/src/panicking.rs:550:19
[INFO] [stdout]   41:     0x63e387eaf99a - std::panic::catch_unwind::h5ee8d7823b8ca744
[INFO] [stdout]                                at /rustc/6067b36314ab5eb2eb47cecc464545ba58e1ad24/library/std/src/panic.rs:358:14
[INFO] [stdout]   42:     0x63e387eaf99a - std::thread::Builder::spawn_unchecked_::{{closure}}::h53c3a1894dce8407
[INFO] [stdout]                                at /rustc/6067b36314ab5eb2eb47cecc464545ba58e1ad24/library/std/src/thread/mod.rs:557:30
[INFO] [stdout]   43:     0x63e387eaf99a - core::ops::function::FnOnce::call_once{{vtable.shim}}::h048ce291ad4f62bf
[INFO] [stdout]                                at /rustc/6067b36314ab5eb2eb47cecc464545ba58e1ad24/library/core/src/ops/function.rs:250:5
[INFO] [stdout]   44:     0x63e387f3eefb - <alloc::boxed::Box<F,A> as core::ops::function::FnOnce<Args>>::call_once::ha52bedf99a3b4981
[INFO] [stdout]                                at /rustc/6067b36314ab5eb2eb47cecc464545ba58e1ad24/library/alloc/src/boxed.rs:2013:9
[INFO] [stdout]   45:     0x63e387f3eefb - <alloc::boxed::Box<F,A> as core::ops::function::FnOnce<Args>>::call_once::h567748934d80ccf8
[INFO] [stdout]                                at /rustc/6067b36314ab5eb2eb47cecc464545ba58e1ad24/library/alloc/src/boxed.rs:2013:9
[INFO] [stdout]   46:     0x63e387f3eefb - std::sys::pal::unix::thread::Thread::new::thread_start::h2d970728ae887adc
[INFO] [stdout]                                at /rustc/6067b36314ab5eb2eb47cecc464545ba58e1ad24/library/std/src/sys/pal/unix/thread.rs:106:17
[INFO] [stdout]   47:     0x702390058ac3 - <unknown>
[INFO] [stdout]   48:     0x7023900e9a04 - clone
[INFO] [stdout]   49:                0x0 - <unknown>
[INFO] [stdout] 
[INFO] [stdout] 
[INFO] [stdout] failures:
[INFO] [stdout]     test_create_buffer_page
[INFO] [stdout]     test_delete_buffer_page
[INFO] [stdout]     test_fetch_buffer_page
[INFO] [stdout] 
[INFO] [stdout] test result: FAILED. 0 passed; 3 failed; 0 ignored; 0 measured; 0 filtered out; finished in 0.03s
[INFO] [stdout] 
[INFO] running `Command { std: "docker" "inspect" "493e1f9cacb37bf700dbbd754321501112bce0574a39515a0e5b182e6f3decc1", kill_on_drop: false }`
[INFO] running `Command { std: "docker" "rm" "-f" "493e1f9cacb37bf700dbbd754321501112bce0574a39515a0e5b182e6f3decc1", kill_on_drop: false }`
[INFO] [stdout] 493e1f9cacb37bf700dbbd754321501112bce0574a39515a0e5b182e6f3decc1
