[INFO] cloning repository https://github.com/shilpi-mittal/IFT
[INFO] running `Command { std: "git" "-c" "credential.helper=" "-c" "credential.helper=/workspace/cargo-home/bin/git-credential-null" "clone" "--bare" "https://github.com/shilpi-mittal/IFT" "/workspace/cache/git-repos/https%3A%2F%2Fgithub.com%2Fshilpi-mittal%2FIFT", kill_on_drop: false }`
[INFO] [stderr] Cloning into bare repository '/workspace/cache/git-repos/https%3A%2F%2Fgithub.com%2Fshilpi-mittal%2FIFT'...
[INFO] running `Command { std: "git" "rev-parse" "HEAD", kill_on_drop: false }`
[INFO] [stdout] 836dc525049e89ea1023c06156104833e5741601
[INFO] testing shilpi-mittal/IFT against nightly-2025-01-18+rustflags=-Zrandomize-layout for randomize-layout-2
[INFO] running `Command { std: "git" "clone" "/workspace/cache/git-repos/https%3A%2F%2Fgithub.com%2Fshilpi-mittal%2FIFT" "/workspace/builds/worker-5-tc2/source", kill_on_drop: false }`
[INFO] [stderr] Cloning into '/workspace/builds/worker-5-tc2/source'...
[INFO] [stderr] done.
[INFO] validating manifest of git repo https://github.com/shilpi-mittal/IFT on toolchain nightly-2025-01-18
[INFO] running `Command { std: CARGO_HOME="/workspace/cargo-home" RUSTUP_HOME="/workspace/rustup-home" "/workspace/cargo-home/bin/cargo" "+nightly-2025-01-18" "metadata" "--manifest-path" "Cargo.toml" "--no-deps", kill_on_drop: false }`
[INFO] started tweaking git repo https://github.com/shilpi-mittal/IFT
[INFO] finished tweaking git repo https://github.com/shilpi-mittal/IFT
[INFO] tweaked toml for git repo https://github.com/shilpi-mittal/IFT written to /workspace/builds/worker-5-tc2/source/Cargo.toml
[INFO] crate git repo https://github.com/shilpi-mittal/IFT already has a lockfile, it will not be regenerated
[INFO] running `Command { std: CARGO_HOME="/workspace/cargo-home" RUSTUP_HOME="/workspace/rustup-home" "/workspace/cargo-home/bin/cargo" "+nightly-2025-01-18" "fetch" "--manifest-path" "Cargo.toml", kill_on_drop: false }`
[INFO] running `Command { std: "docker" "create" "-v" "/var/lib/crater-agent-workspace/builds/worker-5-tc2/target:/opt/rustwide/target:rw,Z" "-v" "/var/lib/crater-agent-workspace/builds/worker-5-tc2/source:/opt/rustwide/workdir:ro,Z" "-v" "/var/lib/crater-agent-workspace/cargo-home:/opt/rustwide/cargo-home:ro,Z" "-v" "/var/lib/crater-agent-workspace/rustup-home:/opt/rustwide/rustup-home:ro,Z" "-e" "SOURCE_DIR=/opt/rustwide/workdir" "-e" "CARGO_TARGET_DIR=/opt/rustwide/target" "-e" "CARGO_HOME=/opt/rustwide/cargo-home" "-e" "RUSTUP_HOME=/opt/rustwide/rustup-home" "-w" "/opt/rustwide/workdir" "-m" "1610612736" "--user" "0:0" "--network" "none" "ghcr.io/rust-lang/crates-build-env/linux@sha256:819108c5571ea2e421544af4d832f968d213c87fbe3707a016657f43d2f853bc" "/opt/rustwide/cargo-home/bin/cargo" "+nightly-2025-01-18" "metadata" "--no-deps" "--format-version=1", kill_on_drop: false }`
[INFO] [stdout] cddfd64a62c391de37c190aa040e87dc97659ad186fc4f366ace057c6ebdf045
[INFO] running `Command { std: "docker" "start" "-a" "cddfd64a62c391de37c190aa040e87dc97659ad186fc4f366ace057c6ebdf045", kill_on_drop: false }`
[INFO] running `Command { std: "docker" "inspect" "cddfd64a62c391de37c190aa040e87dc97659ad186fc4f366ace057c6ebdf045", kill_on_drop: false }`
[INFO] running `Command { std: "docker" "rm" "-f" "cddfd64a62c391de37c190aa040e87dc97659ad186fc4f366ace057c6ebdf045", kill_on_drop: false }`
[INFO] [stdout] cddfd64a62c391de37c190aa040e87dc97659ad186fc4f366ace057c6ebdf045
[INFO] running `Command { std: "docker" "create" "-v" "/var/lib/crater-agent-workspace/builds/worker-5-tc2/target:/opt/rustwide/target:rw,Z" "-v" "/var/lib/crater-agent-workspace/builds/worker-5-tc2/source:/opt/rustwide/workdir:ro,Z" "-v" "/var/lib/crater-agent-workspace/cargo-home:/opt/rustwide/cargo-home:ro,Z" "-v" "/var/lib/crater-agent-workspace/rustup-home:/opt/rustwide/rustup-home:ro,Z" "-e" "SOURCE_DIR=/opt/rustwide/workdir" "-e" "CARGO_TARGET_DIR=/opt/rustwide/target" "-e" "CARGO_INCREMENTAL=0" "-e" "RUST_BACKTRACE=full" "-e" "RUSTFLAGS=--cap-lints=forbid -Zrandomize-layout" "-e" "RUSTDOCFLAGS=--cap-lints=forbid" "-e" "CARGO_HOME=/opt/rustwide/cargo-home" "-e" "RUSTUP_HOME=/opt/rustwide/rustup-home" "-w" "/opt/rustwide/workdir" "-m" "1610612736" "--user" "0:0" "--network" "none" "ghcr.io/rust-lang/crates-build-env/linux@sha256:819108c5571ea2e421544af4d832f968d213c87fbe3707a016657f43d2f853bc" "/opt/rustwide/cargo-home/bin/cargo" "+nightly-2025-01-18" "build" "--frozen" "--message-format=json", kill_on_drop: false }`
[INFO] [stdout] bda03d44890f2a65c5f1573093a86ec3afbb802a75c90bf554d5bd670069dcab
[INFO] running `Command { std: "docker" "start" "-a" "bda03d44890f2a65c5f1573093a86ec3afbb802a75c90bf554d5bd670069dcab", kill_on_drop: false }`
[INFO] [stderr]    Compiling proc-macro2 v1.0.82
[INFO] [stderr]    Compiling unicode-ident v1.0.12
[INFO] [stderr]    Compiling libc v0.2.153
[INFO] [stderr]    Compiling bytes v1.6.0
[INFO] [stderr]    Compiling cfg-if v1.0.0
[INFO] [stderr]    Compiling once_cell v1.19.0
[INFO] [stderr]    Compiling vcpkg v0.2.15
[INFO] [stderr]    Compiling serde v1.0.202
[INFO] [stderr]    Compiling pkg-config v0.3.30
[INFO] [stderr]    Compiling pin-project-lite v0.2.14
[INFO] [stderr]    Compiling cc v1.0.97
[INFO] [stderr]    Compiling itoa v1.0.11
[INFO] [stderr]    Compiling typenum v1.17.0
[INFO] [stderr]    Compiling version_check v0.9.4
[INFO] [stderr]    Compiling log v0.4.21
[INFO] [stderr]    Compiling futures-core v0.3.30
[INFO] [stderr]    Compiling socket2 v0.5.7
[INFO] [stderr]    Compiling quote v1.0.36
[INFO] [stderr]    Compiling num_cpus v1.16.0
[INFO] [stderr]    Compiling getrandom v0.2.14
[INFO] [stderr]    Compiling mio v0.8.11
[INFO] [stderr]    Compiling syn v2.0.64
[INFO] [stderr]    Compiling crunchy v0.2.2
[INFO] [stderr]    Compiling autocfg v1.3.0
[INFO] [stderr]    Compiling rand_core v0.6.4
[INFO] [stderr]    Compiling generic-array v0.14.7
[INFO] [stderr]    Compiling rustc-hex v2.1.0
[INFO] [stderr]    Compiling fnv v1.0.7
[INFO] [stderr]    Compiling slab v0.4.9
[INFO] [stderr]    Compiling ppv-lite86 v0.2.17
[INFO] [stderr]    Compiling openssl v0.10.64
[INFO] [stderr]    Compiling foreign-types-shared v0.1.1
[INFO] [stderr]    Compiling foreign-types v0.3.2
[INFO] [stderr]    Compiling http v0.2.12
[INFO] [stderr]    Compiling tracing-core v0.1.32
[INFO] [stderr]    Compiling native-tls v0.2.11
[INFO] [stderr]    Compiling tinyvec_macros v0.1.1
[INFO] [stderr]    Compiling futures-sink v0.3.30
[INFO] [stderr]    Compiling openssl-sys v0.9.102
[INFO] [stderr]    Compiling bitflags v2.5.0
[INFO] [stderr]    Compiling rand_chacha v0.3.1
[INFO] [stderr]    Compiling byteorder v1.5.0
[INFO] [stderr]    Compiling equivalent v1.0.1
[INFO] [stderr]    Compiling pin-utils v0.1.0
[INFO] [stderr]    Compiling static_assertions v1.1.0
[INFO] [stderr]    Compiling hashbrown v0.14.5
[INFO] [stderr]    Compiling futures-task v0.3.30
[INFO] [stderr]    Compiling httparse v1.8.0
[INFO] [stderr]    Compiling futures-util v0.3.30
[INFO] [stderr]    Compiling rand v0.8.5
[INFO] [stderr]    Compiling indexmap v2.2.6
[INFO] [stderr]    Compiling tracing v0.1.40
[INFO] [stderr]    Compiling tinyvec v1.6.0
[INFO] [stderr]    Compiling rlp v0.5.2
[INFO] [stderr]    Compiling tiny-keccak v2.0.2
[INFO] [stderr]    Compiling serde_json v1.0.117
[INFO] [stderr]    Compiling percent-encoding v2.3.1
[INFO] [stderr]    Compiling try-lock v0.2.5
[INFO] [stderr]    Compiling ryu v1.0.18
[INFO] [stderr]    Compiling openssl-probe v0.1.5
[INFO] [stderr]    Compiling want v0.3.1
[INFO] [stderr]    Compiling form_urlencoded v1.2.1
[INFO] [stderr]    Compiling impl-rlp v0.3.0
[INFO] [stderr]    Compiling unicode-normalization v0.1.23
[INFO] [stderr]    Compiling fixed-hash v0.8.0
[INFO] [stderr]    Compiling http-body v0.4.6
[INFO] [stderr]    Compiling futures-channel v0.3.30
[INFO] [stderr]    Compiling unicode-bidi v0.3.15
[INFO] [stderr]    Compiling syn v1.0.109
[INFO] [stderr]    Compiling httpdate v1.0.3
[INFO] [stderr]    Compiling hex v0.4.3
[INFO] [stderr]    Compiling memchr v2.7.2
[INFO] [stderr]    Compiling tower-service v0.3.2
[INFO] [stderr]    Compiling crypto-common v0.1.6
[INFO] [stderr]    Compiling block-buffer v0.10.4
[INFO] [stderr]    Compiling execute-command-tokens v0.1.7
[INFO] [stderr]    Compiling thiserror v1.0.60
[INFO] [stderr]    Compiling regex-syntax v0.8.3
[INFO] [stderr]    Compiling uint v0.9.5
[INFO] [stderr]    Compiling idna v0.5.0
[INFO] [stderr]    Compiling aho-corasick v1.1.3
[INFO] [stderr]    Compiling base64 v0.21.7
[INFO] [stderr]    Compiling digest v0.10.7
[INFO] [stderr]    Compiling rustls-pemfile v1.0.4
[INFO] [stderr]    Compiling os_pipe v1.1.5
[INFO] [stderr]    Compiling encoding_rs v0.8.34
[INFO] [stderr]    Compiling ipnet v2.9.0
[INFO] [stderr]    Compiling keccak v0.1.5
[INFO] [stderr]    Compiling url v2.5.0
[INFO] [stderr]    Compiling powerfmt v0.2.0
[INFO] [stderr]    Compiling sync_wrapper v0.1.2
[INFO] [stderr]    Compiling mime v0.3.17
[INFO] [stderr]    Compiling deranged v0.3.11
[INFO] [stderr]    Compiling sha3 v0.10.8
[INFO] [stderr]    Compiling command-run v1.1.2
[INFO] [stderr]    Compiling generic-array v1.0.0
[INFO] [stderr]    Compiling serde_derive v1.0.202
[INFO] [stderr]    Compiling tokio-macros v2.2.0
[INFO] [stderr]    Compiling openssl-macros v0.1.1
[INFO] [stderr]    Compiling regex-automata v0.4.6
[INFO] [stderr]    Compiling thiserror-impl v1.0.60
[INFO] [stderr]    Compiling tokio v1.37.0
[INFO] [stderr]    Compiling execute-command-macro-impl v0.1.10
[INFO] [stderr]    Compiling execute-command-macro v0.1.9
[INFO] [stderr]    Compiling users v0.11.0
[INFO] [stderr]    Compiling dep_doc v0.1.1
[INFO] [stderr]    Compiling num-conv v0.1.0
[INFO] [stderr]    Compiling time-core v0.1.2
[INFO] [stderr]    Compiling execute v0.2.13
[INFO] [stderr]    Compiling time v0.3.36
[INFO] [stderr]    Compiling docker-command v5.0.1
[INFO] [stderr]    Compiling restest_macros v0.1.0
[INFO] [stderr]    Compiling regex v1.10.4
[INFO] [stderr]    Compiling tokio-util v0.7.11
[INFO] [stderr]    Compiling tokio-native-tls v0.3.1
[INFO] [stderr]    Compiling h2 v0.3.26
[INFO] [stderr]    Compiling impl-serde v0.4.0
[INFO] [stderr]    Compiling serde_urlencoded v0.7.1
[INFO] [stderr]    Compiling primitive-types v0.12.2
[INFO] [stderr]    Compiling ethbloom v0.13.0
[INFO] [stderr]    Compiling ethereum-types v0.14.1
[INFO] [stderr]    Compiling ethabi v18.0.0
[INFO] [stderr]    Compiling hyper v0.14.28
[INFO] [stderr]    Compiling hyper-tls v0.5.0
[INFO] [stderr]    Compiling reqwest v0.11.27
[INFO] [stderr]    Compiling restest v0.1.0
[INFO] [stderr]    Compiling IFT v0.1.0 (/opt/rustwide/workdir)
[INFO] [stdout] warning: unused import: `thread::sleep`
[INFO] [stdout]  --> src/test2.rs:2:5
[INFO] [stdout]   |
[INFO] [stdout] 2 | use thread::sleep;
[INFO] [stdout]   |     ^^^^^^^^^^^^^
[INFO] [stdout]   |
[INFO] [stdout]   = note: `#[warn(unused_imports)]` on by default
[INFO] [stdout] 
[INFO] [stdout] 
[INFO] [stdout] warning: unused import: `constants`
[INFO] [stdout]  --> src/test2.rs:3:13
[INFO] [stdout]   |
[INFO] [stdout] 3 | use crate::{constants};
[INFO] [stdout]   |             ^^^^^^^^^
[INFO] [stdout] 
[INFO] [stdout] 
[INFO] [stdout] warning: unused imports: `create_network`, `remove_network`, `start_docker`, and `stop_docker`
[INFO] [stdout]  --> src/test2.rs:4:27
[INFO] [stdout]   |
[INFO] [stdout] 4 | use crate::docker_utils::{create_network, remove_network, start_docker, stop_docker};
[INFO] [stdout]   |                           ^^^^^^^^^^^^^^  ^^^^^^^^^^^^^^  ^^^^^^^^^^^^  ^^^^^^^^^^^
[INFO] [stdout] 
[INFO] [stdout] 
[INFO] [stdout] warning: unused imports: `get_node_details`, `get_peers`, `publish_message`, and `subscribe_topic`
[INFO] [stdout]  --> src/test2.rs:5:22
[INFO] [stdout]   |
[INFO] [stdout] 5 | use crate::helpers::{get_node_details, subscribe_topic, get_peers, publish_message};
[INFO] [stdout]   |                      ^^^^^^^^^^^^^^^^  ^^^^^^^^^^^^^^^  ^^^^^^^^^  ^^^^^^^^^^^^^^^
[INFO] [stdout] 
[INFO] [stdout] 
[INFO] [stdout] warning: unused import: `thread::sleep`
[INFO] [stdout]  --> src/test1.rs:2:5
[INFO] [stdout]   |
[INFO] [stdout] 2 | use thread::sleep;
[INFO] [stdout]   |     ^^^^^^^^^^^^^
[INFO] [stdout] 
[INFO] [stdout] 
[INFO] [stdout] warning: unused import: `constants`
[INFO] [stdout]  --> src/test1.rs:3:13
[INFO] [stdout]   |
[INFO] [stdout] 3 | use crate::{constants};
[INFO] [stdout]   |             ^^^^^^^^^
[INFO] [stdout] 
[INFO] [stdout] 
[INFO] [stdout] warning: unused imports: `start_docker` and `stop_docker`
[INFO] [stdout]  --> src/test1.rs:4:27
[INFO] [stdout]   |
[INFO] [stdout] 4 | use crate::docker_utils::{start_docker, stop_docker};
[INFO] [stdout]   |                           ^^^^^^^^^^^^  ^^^^^^^^^^^
[INFO] [stdout] 
[INFO] [stdout] 
[INFO] [stdout] warning: unused imports: `confirm_message`, `get_node_details`, `publish_message`, and `subscribe_topic`
[INFO] [stdout]  --> src/test1.rs:5:22
[INFO] [stdout]   |
[INFO] [stdout] 5 | use crate::helpers::{confirm_message, get_node_details, publish_message, subscribe_topic};
[INFO] [stdout]   |                      ^^^^^^^^^^^^^^^  ^^^^^^^^^^^^^^^^  ^^^^^^^^^^^^^^^  ^^^^^^^^^^^^^^^
[INFO] [stdout] 
[INFO] [stdout] 
[INFO] [stdout] warning: unnecessary parentheses around type
[INFO] [stdout]  --> src/helpers.rs:8:50
[INFO] [stdout]   |
[INFO] [stdout] 8 | pub(crate) async fn get_node_details() -> Result<(String), Box<dyn std::error::Error>> {
[INFO] [stdout]   |                                                  ^      ^
[INFO] [stdout]   |
[INFO] [stdout]   = note: `#[warn(unused_parens)]` on by default
[INFO] [stdout] help: remove these parentheses
[INFO] [stdout]   |
[INFO] [stdout] 8 - pub(crate) async fn get_node_details() -> Result<(String), Box<dyn std::error::Error>> {
[INFO] [stdout] 8 + pub(crate) async fn get_node_details() -> Result<String, Box<dyn std::error::Error>> {
[INFO] [stdout]   |
[INFO] [stdout] 
[INFO] [stdout] 
[INFO] [stdout] warning: unnecessary parentheses around function argument
[INFO] [stdout]   --> src/helpers.rs:20:8
[INFO] [stdout]    |
[INFO] [stdout] 20 |     Ok((info.enrUri))
[INFO] [stdout]    |        ^           ^
[INFO] [stdout]    |
[INFO] [stdout] help: remove these parentheses
[INFO] [stdout]    |
[INFO] [stdout] 20 -     Ok((info.enrUri))
[INFO] [stdout] 20 +     Ok(info.enrUri)
[INFO] [stdout]    |
[INFO] [stdout] 
[INFO] [stdout] 
[INFO] [stdout] warning: unnecessary parentheses around type
[INFO] [stdout]   --> src/helpers.rs:23:59
[INFO] [stdout]    |
[INFO] [stdout] 23 | pub(crate) async fn subscribe_topic(port: &str) -> Result<(String), Box<dyn std::error::Error>> {
[INFO] [stdout]    |                                                           ^      ^
[INFO] [stdout]    |
[INFO] [stdout] help: remove these parentheses
[INFO] [stdout]    |
[INFO] [stdout] 23 - pub(crate) async fn subscribe_topic(port: &str) -> Result<(String), Box<dyn std::error::Error>> {
[INFO] [stdout] 23 + pub(crate) async fn subscribe_topic(port: &str) -> Result<String, Box<dyn std::error::Error>> {
[INFO] [stdout]    |
[INFO] [stdout] 
[INFO] [stdout] 
[INFO] [stdout] warning: unnecessary parentheses around function argument
[INFO] [stdout]   --> src/helpers.rs:40:8
[INFO] [stdout]    |
[INFO] [stdout] 40 |     Ok((body))
[INFO] [stdout]    |        ^    ^
[INFO] [stdout]    |
[INFO] [stdout] help: remove these parentheses
[INFO] [stdout]    |
[INFO] [stdout] 40 -     Ok((body))
[INFO] [stdout] 40 +     Ok(body)
[INFO] [stdout]    |
[INFO] [stdout] 
[INFO] [stdout] 
[INFO] [stdout] warning: unnecessary parentheses around type
[INFO] [stdout]   --> src/helpers.rs:43:64
[INFO] [stdout]    |
[INFO] [stdout] 43 | pub(crate) async fn publish_message(host_port: &str) -> Result<(String), Box<dyn std::error::Error>> {
[INFO] [stdout]    |                                                                ^      ^
[INFO] [stdout]    |
[INFO] [stdout] help: remove these parentheses
[INFO] [stdout]    |
[INFO] [stdout] 43 - pub(crate) async fn publish_message(host_port: &str) -> Result<(String), Box<dyn std::error::Error>> {
[INFO] [stdout] 43 + pub(crate) async fn publish_message(host_port: &str) -> Result<String, Box<dyn std::error::Error>> {
[INFO] [stdout]    |
[INFO] [stdout] 
[INFO] [stdout] 
[INFO] [stdout] warning: unnecessary parentheses around function argument
[INFO] [stdout]   --> src/helpers.rs:66:8
[INFO] [stdout]    |
[INFO] [stdout] 66 |     Ok((body))
[INFO] [stdout]    |        ^    ^
[INFO] [stdout]    |
[INFO] [stdout] help: remove these parentheses
[INFO] [stdout]    |
[INFO] [stdout] 66 -     Ok((body))
[INFO] [stdout] 66 +     Ok(body)
[INFO] [stdout]    |
[INFO] [stdout] 
[INFO] [stdout] 
[INFO] [stdout] warning: unnecessary parentheses around type
[INFO] [stdout]   --> src/helpers.rs:69:64
[INFO] [stdout]    |
[INFO] [stdout] 69 | pub(crate) async fn confirm_message(host_port: &str) -> Result<(String), Box<dyn std::error::Error>> {
[INFO] [stdout]    |                                                                ^      ^
[INFO] [stdout]    |
[INFO] [stdout] help: remove these parentheses
[INFO] [stdout]    |
[INFO] [stdout] 69 - pub(crate) async fn confirm_message(host_port: &str) -> Result<(String), Box<dyn std::error::Error>> {
[INFO] [stdout] 69 + pub(crate) async fn confirm_message(host_port: &str) -> Result<String, Box<dyn std::error::Error>> {
[INFO] [stdout]    |
[INFO] [stdout] 
[INFO] [stdout] 
[INFO] [stdout] warning: unnecessary parentheses around function argument
[INFO] [stdout]   --> src/helpers.rs:78:8
[INFO] [stdout]    |
[INFO] [stdout] 78 |     Ok((body))
[INFO] [stdout]    |        ^    ^
[INFO] [stdout]    |
[INFO] [stdout] help: remove these parentheses
[INFO] [stdout]    |
[INFO] [stdout] 78 -     Ok((body))
[INFO] [stdout] 78 +     Ok(body)
[INFO] [stdout]    |
[INFO] [stdout] 
[INFO] [stdout] 
[INFO] [stdout] warning: unnecessary parentheses around type
[INFO] [stdout]   --> src/helpers.rs:81:43
[INFO] [stdout]    |
[INFO] [stdout] 81 | pub(crate) async fn get_peers() -> Result<(String), Box<dyn std::error::Error>> {
[INFO] [stdout]    |                                           ^      ^
[INFO] [stdout]    |
[INFO] [stdout] help: remove these parentheses
[INFO] [stdout]    |
[INFO] [stdout] 81 - pub(crate) async fn get_peers() -> Result<(String), Box<dyn std::error::Error>> {
[INFO] [stdout] 81 + pub(crate) async fn get_peers() -> Result<String, Box<dyn std::error::Error>> {
[INFO] [stdout]    |
[INFO] [stdout] 
[INFO] [stdout] 
[INFO] [stdout] warning: unnecessary parentheses around function argument
[INFO] [stdout]   --> src/helpers.rs:91:8
[INFO] [stdout]    |
[INFO] [stdout] 91 |     Ok((body))
[INFO] [stdout]    |        ^    ^
[INFO] [stdout]    |
[INFO] [stdout] help: remove these parentheses
[INFO] [stdout]    |
[INFO] [stdout] 91 -     Ok((body))
[INFO] [stdout] 91 +     Ok(body)
[INFO] [stdout]    |
[INFO] [stdout] 
[INFO] [stdout] 
[INFO] [stdout] warning: unused import: `Deserialize`
[INFO] [stdout]  --> src/main.rs:7:13
[INFO] [stdout]   |
[INFO] [stdout] 7 | use serde::{Deserialize};
[INFO] [stdout]   |             ^^^^^^^^^^^
[INFO] [stdout] 
[INFO] [stdout] 
[INFO] [stdout] warning: unused import: `execute::Execute`
[INFO] [stdout]  --> src/main.rs:8:5
[INFO] [stdout]   |
[INFO] [stdout] 8 | use execute::Execute;
[INFO] [stdout]   |     ^^^^^^^^^^^^^^^^
[INFO] [stdout] 
[INFO] [stdout] 
[INFO] [stdout] warning: unused variable: `output`
[INFO] [stdout]  --> src/docker_utils.rs:7:9
[INFO] [stdout]   |
[INFO] [stdout] 7 |     let output = Launcher::from(BaseCommand::Docker)
[INFO] [stdout]   |         ^^^^^^ help: if this is intentional, prefix it with an underscore: `_output`
[INFO] [stdout]   |
[INFO] [stdout]   = note: `#[warn(unused_variables)]` on by default
[INFO] [stdout] 
[INFO] [stdout] 
[INFO] [stdout] warning: unused variable: `out`
[INFO] [stdout]    --> src/docker_utils.rs:103:9
[INFO] [stdout]     |
[INFO] [stdout] 103 |     let out = Launcher::from(BaseCommand::Docker)
[INFO] [stdout]     |         ^^^ help: if this is intentional, prefix it with an underscore: `_out`
[INFO] [stdout] 
[INFO] [stdout] 
[INFO] [stdout] warning: unused variable: `out`
[INFO] [stdout]    --> src/docker_utils.rs:111:9
[INFO] [stdout]     |
[INFO] [stdout] 111 |     let out = Launcher::from(BaseCommand::Docker)
[INFO] [stdout]     |         ^^^ help: if this is intentional, prefix it with an underscore: `_out`
[INFO] [stdout] 
[INFO] [stdout] 
[INFO] [stdout] warning: constant `FIVE_SECS` is never used
[INFO] [stdout]  --> src/constants.rs:3:18
[INFO] [stdout]   |
[INFO] [stdout] 3 | pub(crate) const FIVE_SECS: Duration = Duration::from_millis(5000);
[INFO] [stdout]   |                  ^^^^^^^^^
[INFO] [stdout]   |
[INFO] [stdout]   = note: `#[warn(dead_code)]` on by default
[INFO] [stdout] 
[INFO] [stdout] 
[INFO] [stdout] warning: constant `TEN_SECS` is never used
[INFO] [stdout]  --> src/constants.rs:4:18
[INFO] [stdout]   |
[INFO] [stdout] 4 | pub(crate) const TEN_SECS: Duration = Duration::from_millis(10000);
[INFO] [stdout]   |                  ^^^^^^^^
[INFO] [stdout] 
[INFO] [stdout] 
[INFO] [stdout] warning: function `start_docker` is never used
[INFO] [stdout]  --> src/docker_utils.rs:5:21
[INFO] [stdout]   |
[INFO] [stdout] 5 | pub(crate) async fn start_docker(name: &str, network_name: &str, ip: &str, port1: PortRange, port2: PortRange,
[INFO] [stdout]   |                     ^^^^^^^^^^^^
[INFO] [stdout] 
[INFO] [stdout] 
[INFO] [stdout] warning: function `create_network` is never used
[INFO] [stdout]   --> src/docker_utils.rs:93:21
[INFO] [stdout]    |
[INFO] [stdout] 93 | pub(crate) async fn create_network() {
[INFO] [stdout]    |                     ^^^^^^^^^^^^^^
[INFO] [stdout] 
[INFO] [stdout] 
[INFO] [stdout] warning: function `remove_network` is never used
[INFO] [stdout]    --> src/docker_utils.rs:102:21
[INFO] [stdout]     |
[INFO] [stdout] 102 | pub(crate) async fn remove_network() {
[INFO] [stdout]     |                     ^^^^^^^^^^^^^^
[INFO] [stdout] 
[INFO] [stdout] 
[INFO] [stdout] warning: function `stop_docker` is never used
[INFO] [stdout]    --> src/docker_utils.rs:110:21
[INFO] [stdout]     |
[INFO] [stdout] 110 | pub(crate) async fn stop_docker(name: &str) {
[INFO] [stdout]     |                     ^^^^^^^^^^^
[INFO] [stdout] 
[INFO] [stdout] 
[INFO] [stdout] warning: fields `enrUri` and `listenAddresses` are never read
[INFO] [stdout]  --> src/helpers.rs:5:5
[INFO] [stdout]   |
[INFO] [stdout] 4 | pub(crate) struct Info {
[INFO] [stdout]   |                   ---- fields in this struct
[INFO] [stdout] 5 |     enrUri: String,
[INFO] [stdout]   |     ^^^^^^
[INFO] [stdout] 6 |     listenAddresses: [String; 2]
[INFO] [stdout]   |     ^^^^^^^^^^^^^^^
[INFO] [stdout]   |
[INFO] [stdout]   = note: `Info` has a derived impl for the trait `Debug`, but this is intentionally ignored during dead code analysis
[INFO] [stdout] 
[INFO] [stdout] 
[INFO] [stdout] warning: function `get_node_details` is never used
[INFO] [stdout]  --> src/helpers.rs:8:21
[INFO] [stdout]   |
[INFO] [stdout] 8 | pub(crate) async fn get_node_details() -> Result<(String), Box<dyn std::error::Error>> {
[INFO] [stdout]   |                     ^^^^^^^^^^^^^^^^
[INFO] [stdout] 
[INFO] [stdout] 
[INFO] [stdout] warning: function `subscribe_topic` is never used
[INFO] [stdout]   --> src/helpers.rs:23:21
[INFO] [stdout]    |
[INFO] [stdout] 23 | pub(crate) async fn subscribe_topic(port: &str) -> Result<(String), Box<dyn std::error::Error>> {
[INFO] [stdout]    |                     ^^^^^^^^^^^^^^^
[INFO] [stdout] 
[INFO] [stdout] 
[INFO] [stdout] warning: function `publish_message` is never used
[INFO] [stdout]   --> src/helpers.rs:43:21
[INFO] [stdout]    |
[INFO] [stdout] 43 | pub(crate) async fn publish_message(host_port: &str) -> Result<(String), Box<dyn std::error::Error>> {
[INFO] [stdout]    |                     ^^^^^^^^^^^^^^^
[INFO] [stdout] 
[INFO] [stdout] 
[INFO] [stdout] warning: function `confirm_message` is never used
[INFO] [stdout]   --> src/helpers.rs:69:21
[INFO] [stdout]    |
[INFO] [stdout] 69 | pub(crate) async fn confirm_message(host_port: &str) -> Result<(String), Box<dyn std::error::Error>> {
[INFO] [stdout]    |                     ^^^^^^^^^^^^^^^
[INFO] [stdout] 
[INFO] [stdout] 
[INFO] [stdout] warning: function `get_peers` is never used
[INFO] [stdout]   --> src/helpers.rs:81:21
[INFO] [stdout]    |
[INFO] [stdout] 81 | pub(crate) async fn get_peers() -> Result<(String), Box<dyn std::error::Error>> {
[INFO] [stdout]    |                     ^^^^^^^^^
[INFO] [stdout] 
[INFO] [stdout] 
[INFO] [stdout] warning: structure field `enrUri` should have a snake case name
[INFO] [stdout]  --> src/helpers.rs:5:5
[INFO] [stdout]   |
[INFO] [stdout] 5 |     enrUri: String,
[INFO] [stdout]   |     ^^^^^^ help: convert the identifier to snake case: `enr_uri`
[INFO] [stdout]   |
[INFO] [stdout]   = note: `#[warn(non_snake_case)]` on by default
[INFO] [stdout] 
[INFO] [stdout] 
[INFO] [stdout] warning: structure field `listenAddresses` should have a snake case name
[INFO] [stdout]  --> src/helpers.rs:6:5
[INFO] [stdout]   |
[INFO] [stdout] 6 |     listenAddresses: [String; 2]
[INFO] [stdout]   |     ^^^^^^^^^^^^^^^ help: convert the identifier to snake case: `listen_addresses`
[INFO] [stdout] 
[INFO] [stdout] 
[INFO] [stderr]     Finished `dev` profile [unoptimized + debuginfo] target(s) in 1m 24s
[INFO] running `Command { std: "docker" "inspect" "bda03d44890f2a65c5f1573093a86ec3afbb802a75c90bf554d5bd670069dcab", kill_on_drop: false }`
[INFO] running `Command { std: "docker" "rm" "-f" "bda03d44890f2a65c5f1573093a86ec3afbb802a75c90bf554d5bd670069dcab", kill_on_drop: false }`
[INFO] [stdout] bda03d44890f2a65c5f1573093a86ec3afbb802a75c90bf554d5bd670069dcab
[INFO] running `Command { std: "docker" "create" "-v" "/var/lib/crater-agent-workspace/builds/worker-5-tc2/target:/opt/rustwide/target:rw,Z" "-v" "/var/lib/crater-agent-workspace/builds/worker-5-tc2/source:/opt/rustwide/workdir:ro,Z" "-v" "/var/lib/crater-agent-workspace/cargo-home:/opt/rustwide/cargo-home:ro,Z" "-v" "/var/lib/crater-agent-workspace/rustup-home:/opt/rustwide/rustup-home:ro,Z" "-e" "SOURCE_DIR=/opt/rustwide/workdir" "-e" "CARGO_TARGET_DIR=/opt/rustwide/target" "-e" "CARGO_INCREMENTAL=0" "-e" "RUST_BACKTRACE=full" "-e" "RUSTFLAGS=--cap-lints=forbid -Zrandomize-layout" "-e" "RUSTDOCFLAGS=--cap-lints=forbid" "-e" "CARGO_HOME=/opt/rustwide/cargo-home" "-e" "RUSTUP_HOME=/opt/rustwide/rustup-home" "-w" "/opt/rustwide/workdir" "-m" "1610612736" "--user" "0:0" "--network" "none" "ghcr.io/rust-lang/crates-build-env/linux@sha256:819108c5571ea2e421544af4d832f968d213c87fbe3707a016657f43d2f853bc" "/opt/rustwide/cargo-home/bin/cargo" "+nightly-2025-01-18" "test" "--frozen" "--no-run" "--message-format=json", kill_on_drop: false }`
[INFO] [stdout] 673810ec1758051ae902193e8fc8148614289e47e3098659871d5ee7c29effac
[INFO] running `Command { std: "docker" "start" "-a" "673810ec1758051ae902193e8fc8148614289e47e3098659871d5ee7c29effac", kill_on_drop: false }`
[INFO] [stderr]    Compiling IFT v0.1.0 (/opt/rustwide/workdir)
[INFO] [stdout] warning: unnecessary parentheses around type
[INFO] [stdout]  --> src/helpers.rs:8:50
[INFO] [stdout]   |
[INFO] [stdout] 8 | pub(crate) async fn get_node_details() -> Result<(String), Box<dyn std::error::Error>> {
[INFO] [stdout]   |                                                  ^      ^
[INFO] [stdout]   |
[INFO] [stdout]   = note: `#[warn(unused_parens)]` on by default
[INFO] [stdout] help: remove these parentheses
[INFO] [stdout]   |
[INFO] [stdout] 8 - pub(crate) async fn get_node_details() -> Result<(String), Box<dyn std::error::Error>> {
[INFO] [stdout] 8 + pub(crate) async fn get_node_details() -> Result<String, Box<dyn std::error::Error>> {
[INFO] [stdout]   |
[INFO] [stdout] 
[INFO] [stdout] 
[INFO] [stdout] warning: unnecessary parentheses around function argument
[INFO] [stdout]   --> src/helpers.rs:20:8
[INFO] [stdout]    |
[INFO] [stdout] 20 |     Ok((info.enrUri))
[INFO] [stdout]    |        ^           ^
[INFO] [stdout]    |
[INFO] [stdout] help: remove these parentheses
[INFO] [stdout]    |
[INFO] [stdout] 20 -     Ok((info.enrUri))
[INFO] [stdout] 20 +     Ok(info.enrUri)
[INFO] [stdout]    |
[INFO] [stdout] 
[INFO] [stdout] 
[INFO] [stdout] warning: unnecessary parentheses around type
[INFO] [stdout]   --> src/helpers.rs:23:59
[INFO] [stdout]    |
[INFO] [stdout] 23 | pub(crate) async fn subscribe_topic(port: &str) -> Result<(String), Box<dyn std::error::Error>> {
[INFO] [stdout]    |                                                           ^      ^
[INFO] [stdout]    |
[INFO] [stdout] help: remove these parentheses
[INFO] [stdout]    |
[INFO] [stdout] 23 - pub(crate) async fn subscribe_topic(port: &str) -> Result<(String), Box<dyn std::error::Error>> {
[INFO] [stdout] 23 + pub(crate) async fn subscribe_topic(port: &str) -> Result<String, Box<dyn std::error::Error>> {
[INFO] [stdout]    |
[INFO] [stdout] 
[INFO] [stdout] 
[INFO] [stdout] warning: unnecessary parentheses around function argument
[INFO] [stdout]   --> src/helpers.rs:40:8
[INFO] [stdout]    |
[INFO] [stdout] 40 |     Ok((body))
[INFO] [stdout]    |        ^    ^
[INFO] [stdout]    |
[INFO] [stdout] help: remove these parentheses
[INFO] [stdout]    |
[INFO] [stdout] 40 -     Ok((body))
[INFO] [stdout] 40 +     Ok(body)
[INFO] [stdout]    |
[INFO] [stdout] 
[INFO] [stdout] 
[INFO] [stdout] warning: unnecessary parentheses around type
[INFO] [stdout]   --> src/helpers.rs:43:64
[INFO] [stdout]    |
[INFO] [stdout] 43 | pub(crate) async fn publish_message(host_port: &str) -> Result<(String), Box<dyn std::error::Error>> {
[INFO] [stdout]    |                                                                ^      ^
[INFO] [stdout]    |
[INFO] [stdout] help: remove these parentheses
[INFO] [stdout]    |
[INFO] [stdout] 43 - pub(crate) async fn publish_message(host_port: &str) -> Result<(String), Box<dyn std::error::Error>> {
[INFO] [stdout] 43 + pub(crate) async fn publish_message(host_port: &str) -> Result<String, Box<dyn std::error::Error>> {
[INFO] [stdout]    |
[INFO] [stdout] 
[INFO] [stdout] 
[INFO] [stdout] warning: unnecessary parentheses around function argument
[INFO] [stdout]   --> src/helpers.rs:66:8
[INFO] [stdout]    |
[INFO] [stdout] 66 |     Ok((body))
[INFO] [stdout]    |        ^    ^
[INFO] [stdout]    |
[INFO] [stdout] help: remove these parentheses
[INFO] [stdout]    |
[INFO] [stdout] 66 -     Ok((body))
[INFO] [stdout] 66 +     Ok(body)
[INFO] [stdout]    |
[INFO] [stdout] 
[INFO] [stdout] 
[INFO] [stdout] warning: unnecessary parentheses around type
[INFO] [stdout]   --> src/helpers.rs:69:64
[INFO] [stdout]    |
[INFO] [stdout] 69 | pub(crate) async fn confirm_message(host_port: &str) -> Result<(String), Box<dyn std::error::Error>> {
[INFO] [stdout]    |                                                                ^      ^
[INFO] [stdout]    |
[INFO] [stdout] help: remove these parentheses
[INFO] [stdout]    |
[INFO] [stdout] 69 - pub(crate) async fn confirm_message(host_port: &str) -> Result<(String), Box<dyn std::error::Error>> {
[INFO] [stdout] 69 + pub(crate) async fn confirm_message(host_port: &str) -> Result<String, Box<dyn std::error::Error>> {
[INFO] [stdout]    |
[INFO] [stdout] 
[INFO] [stdout] 
[INFO] [stdout] warning: unnecessary parentheses around function argument
[INFO] [stdout]   --> src/helpers.rs:78:8
[INFO] [stdout]    |
[INFO] [stdout] 78 |     Ok((body))
[INFO] [stdout]    |        ^    ^
[INFO] [stdout]    |
[INFO] [stdout] help: remove these parentheses
[INFO] [stdout]    |
[INFO] [stdout] 78 -     Ok((body))
[INFO] [stdout] 78 +     Ok(body)
[INFO] [stdout]    |
[INFO] [stdout] 
[INFO] [stdout] 
[INFO] [stdout] warning: unnecessary parentheses around type
[INFO] [stdout]   --> src/helpers.rs:81:43
[INFO] [stdout]    |
[INFO] [stdout] 81 | pub(crate) async fn get_peers() -> Result<(String), Box<dyn std::error::Error>> {
[INFO] [stdout]    |                                           ^      ^
[INFO] [stdout]    |
[INFO] [stdout] help: remove these parentheses
[INFO] [stdout]    |
[INFO] [stdout] 81 - pub(crate) async fn get_peers() -> Result<(String), Box<dyn std::error::Error>> {
[INFO] [stdout] 81 + pub(crate) async fn get_peers() -> Result<String, Box<dyn std::error::Error>> {
[INFO] [stdout]    |
[INFO] [stdout] 
[INFO] [stdout] 
[INFO] [stdout] warning: unnecessary parentheses around function argument
[INFO] [stdout]   --> src/helpers.rs:91:8
[INFO] [stdout]    |
[INFO] [stdout] 91 |     Ok((body))
[INFO] [stdout]    |        ^    ^
[INFO] [stdout]    |
[INFO] [stdout] help: remove these parentheses
[INFO] [stdout]    |
[INFO] [stdout] 91 -     Ok((body))
[INFO] [stdout] 91 +     Ok(body)
[INFO] [stdout]    |
[INFO] [stdout] 
[INFO] [stdout] 
[INFO] [stdout] warning: unused import: `Deserialize`
[INFO] [stdout]  --> src/main.rs:7:13
[INFO] [stdout]   |
[INFO] [stdout] 7 | use serde::{Deserialize};
[INFO] [stdout]   |             ^^^^^^^^^^^
[INFO] [stdout]   |
[INFO] [stdout]   = note: `#[warn(unused_imports)]` on by default
[INFO] [stdout] 
[INFO] [stdout] 
[INFO] [stdout] warning: unused import: `execute::Execute`
[INFO] [stdout]  --> src/main.rs:8:5
[INFO] [stdout]   |
[INFO] [stdout] 8 | use execute::Execute;
[INFO] [stdout]   |     ^^^^^^^^^^^^^^^^
[INFO] [stdout] 
[INFO] [stdout] 
[INFO] [stdout] warning: unused variable: `output`
[INFO] [stdout]  --> src/docker_utils.rs:7:9
[INFO] [stdout]   |
[INFO] [stdout] 7 |     let output = Launcher::from(BaseCommand::Docker)
[INFO] [stdout]   |         ^^^^^^ help: if this is intentional, prefix it with an underscore: `_output`
[INFO] [stdout]   |
[INFO] [stdout]   = note: `#[warn(unused_variables)]` on by default
[INFO] [stdout] 
[INFO] [stdout] 
[INFO] [stdout] warning: unused variable: `out`
[INFO] [stdout]    --> src/docker_utils.rs:103:9
[INFO] [stdout]     |
[INFO] [stdout] 103 |     let out = Launcher::from(BaseCommand::Docker)
[INFO] [stdout]     |         ^^^ help: if this is intentional, prefix it with an underscore: `_out`
[INFO] [stdout] 
[INFO] [stdout] 
[INFO] [stdout] warning: unused variable: `out`
[INFO] [stdout]    --> src/docker_utils.rs:111:9
[INFO] [stdout]     |
[INFO] [stdout] 111 |     let out = Launcher::from(BaseCommand::Docker)
[INFO] [stdout]     |         ^^^ help: if this is intentional, prefix it with an underscore: `_out`
[INFO] [stdout] 
[INFO] [stdout] 
[INFO] [stdout] warning: structure field `enrUri` should have a snake case name
[INFO] [stdout]  --> src/helpers.rs:5:5
[INFO] [stdout]   |
[INFO] [stdout] 5 |     enrUri: String,
[INFO] [stdout]   |     ^^^^^^ help: convert the identifier to snake case: `enr_uri`
[INFO] [stdout]   |
[INFO] [stdout]   = note: `#[warn(non_snake_case)]` on by default
[INFO] [stdout] 
[INFO] [stdout] 
[INFO] [stdout] warning: structure field `listenAddresses` should have a snake case name
[INFO] [stdout]  --> src/helpers.rs:6:5
[INFO] [stdout]   |
[INFO] [stdout] 6 |     listenAddresses: [String; 2]
[INFO] [stdout]   |     ^^^^^^^^^^^^^^^ help: convert the identifier to snake case: `listen_addresses`
[INFO] [stdout] 
[INFO] [stdout] 
[INFO] [stderr]     Finished `test` profile [unoptimized + debuginfo] target(s) in 1.78s
[INFO] running `Command { std: "docker" "inspect" "673810ec1758051ae902193e8fc8148614289e47e3098659871d5ee7c29effac", kill_on_drop: false }`
[INFO] running `Command { std: "docker" "rm" "-f" "673810ec1758051ae902193e8fc8148614289e47e3098659871d5ee7c29effac", kill_on_drop: false }`
[INFO] [stdout] 673810ec1758051ae902193e8fc8148614289e47e3098659871d5ee7c29effac
[INFO] running `Command { std: "docker" "create" "-v" "/var/lib/crater-agent-workspace/builds/worker-5-tc2/target:/opt/rustwide/target:rw,Z" "-v" "/var/lib/crater-agent-workspace/builds/worker-5-tc2/source:/opt/rustwide/workdir:ro,Z" "-v" "/var/lib/crater-agent-workspace/cargo-home:/opt/rustwide/cargo-home:ro,Z" "-v" "/var/lib/crater-agent-workspace/rustup-home:/opt/rustwide/rustup-home:ro,Z" "-e" "SOURCE_DIR=/opt/rustwide/workdir" "-e" "CARGO_TARGET_DIR=/opt/rustwide/target" "-e" "CARGO_INCREMENTAL=0" "-e" "RUST_BACKTRACE=full" "-e" "RUSTFLAGS=--cap-lints=forbid -Zrandomize-layout" "-e" "RUSTDOCFLAGS=--cap-lints=forbid" "-e" "CARGO_HOME=/opt/rustwide/cargo-home" "-e" "RUSTUP_HOME=/opt/rustwide/rustup-home" "-w" "/opt/rustwide/workdir" "-m" "1610612736" "--user" "0:0" "--network" "none" "ghcr.io/rust-lang/crates-build-env/linux@sha256:819108c5571ea2e421544af4d832f968d213c87fbe3707a016657f43d2f853bc" "/opt/rustwide/cargo-home/bin/cargo" "+nightly-2025-01-18" "test" "--frozen", kill_on_drop: false }`
[INFO] [stdout] 5f3f4334baf2a7d5056412d4062f0985a877fb5a827c6eb5b6bc909b58c995ae
[INFO] running `Command { std: "docker" "start" "-a" "5f3f4334baf2a7d5056412d4062f0985a877fb5a827c6eb5b6bc909b58c995ae", kill_on_drop: false }`
[INFO] [stderr] warning: unnecessary parentheses around type
[INFO] [stderr]  --> src/helpers.rs:8:50
[INFO] [stderr]   |
[INFO] [stderr] 8 | pub(crate) async fn get_node_details() -> Result<(String), Box<dyn std::error::Error>> {
[INFO] [stderr]   |                                                  ^      ^
[INFO] [stderr]   |
[INFO] [stderr]   = note: `#[warn(unused_parens)]` on by default
[INFO] [stderr] help: remove these parentheses
[INFO] [stderr]   |
[INFO] [stderr] 8 - pub(crate) async fn get_node_details() -> Result<(String), Box<dyn std::error::Error>> {
[INFO] [stderr] 8 + pub(crate) async fn get_node_details() -> Result<String, Box<dyn std::error::Error>> {
[INFO] [stderr]   |
[INFO] [stderr] 
[INFO] [stderr] warning: unnecessary parentheses around function argument
[INFO] [stderr]   --> src/helpers.rs:20:8
[INFO] [stderr]    |
[INFO] [stderr] 20 |     Ok((info.enrUri))
[INFO] [stderr]    |        ^           ^
[INFO] [stderr]    |
[INFO] [stderr] help: remove these parentheses
[INFO] [stderr]    |
[INFO] [stderr] 20 -     Ok((info.enrUri))
[INFO] [stderr] 20 +     Ok(info.enrUri)
[INFO] [stderr]    |
[INFO] [stderr] 
[INFO] [stderr] warning: unnecessary parentheses around type
[INFO] [stderr]   --> src/helpers.rs:23:59
[INFO] [stderr]    |
[INFO] [stderr] 23 | pub(crate) async fn subscribe_topic(port: &str) -> Result<(String), Box<dyn std::error::Error>> {
[INFO] [stderr]    |                                                           ^      ^
[INFO] [stderr]    |
[INFO] [stderr] help: remove these parentheses
[INFO] [stderr]    |
[INFO] [stderr] 23 - pub(crate) async fn subscribe_topic(port: &str) -> Result<(String), Box<dyn std::error::Error>> {
[INFO] [stderr] 23 + pub(crate) async fn subscribe_topic(port: &str) -> Result<String, Box<dyn std::error::Error>> {
[INFO] [stderr]    |
[INFO] [stderr] 
[INFO] [stderr] warning: unnecessary parentheses around function argument
[INFO] [stderr]   --> src/helpers.rs:40:8
[INFO] [stderr]    |
[INFO] [stderr] 40 |     Ok((body))
[INFO] [stderr]    |        ^    ^
[INFO] [stderr]    |
[INFO] [stderr] help: remove these parentheses
[INFO] [stderr]    |
[INFO] [stderr] 40 -     Ok((body))
[INFO] [stderr] 40 +     Ok(body)
[INFO] [stderr]    |
[INFO] [stderr] 
[INFO] [stderr] warning: unnecessary parentheses around type
[INFO] [stderr]   --> src/helpers.rs:43:64
[INFO] [stderr]    |
[INFO] [stderr] 43 | pub(crate) async fn publish_message(host_port: &str) -> Result<(String), Box<dyn std::error::Error>> {
[INFO] [stderr]    |                                                                ^      ^
[INFO] [stderr]    |
[INFO] [stderr] help: remove these parentheses
[INFO] [stderr]    |
[INFO] [stderr] 43 - pub(crate) async fn publish_message(host_port: &str) -> Result<(String), Box<dyn std::error::Error>> {
[INFO] [stderr] 43 + pub(crate) async fn publish_message(host_port: &str) -> Result<String, Box<dyn std::error::Error>> {
[INFO] [stderr]    |
[INFO] [stderr] 
[INFO] [stderr] warning: unnecessary parentheses around function argument
[INFO] [stderr]   --> src/helpers.rs:66:8
[INFO] [stderr]    |
[INFO] [stderr] 66 |     Ok((body))
[INFO] [stderr]    |        ^    ^
[INFO] [stderr]    |
[INFO] [stderr] help: remove these parentheses
[INFO] [stderr]    |
[INFO] [stderr] 66 -     Ok((body))
[INFO] [stderr] 66 +     Ok(body)
[INFO] [stderr]    |
[INFO] [stderr] 
[INFO] [stderr] warning: unnecessary parentheses around type
[INFO] [stderr]   --> src/helpers.rs:69:64
[INFO] [stderr]    |
[INFO] [stderr] 69 | pub(crate) async fn confirm_message(host_port: &str) -> Result<(String), Box<dyn std::error::Error>> {
[INFO] [stderr]    |                                                                ^      ^
[INFO] [stderr]    |
[INFO] [stderr] help: remove these parentheses
[INFO] [stderr]    |
[INFO] [stderr] 69 - pub(crate) async fn confirm_message(host_port: &str) -> Result<(String), Box<dyn std::error::Error>> {
[INFO] [stderr] 69 + pub(crate) async fn confirm_message(host_port: &str) -> Result<String, Box<dyn std::error::Error>> {
[INFO] [stderr]    |
[INFO] [stderr] 
[INFO] [stderr] warning: unnecessary parentheses around function argument
[INFO] [stderr]   --> src/helpers.rs:78:8
[INFO] [stderr]    |
[INFO] [stderr] 78 |     Ok((body))
[INFO] [stderr]    |        ^    ^
[INFO] [stderr]    |
[INFO] [stderr] help: remove these parentheses
[INFO] [stderr]    |
[INFO] [stderr] 78 -     Ok((body))
[INFO] [stderr] 78 +     Ok(body)
[INFO] [stderr]    |
[INFO] [stderr] 
[INFO] [stderr] warning: unnecessary parentheses around type
[INFO] [stderr]   --> src/helpers.rs:81:43
[INFO] [stderr]    |
[INFO] [stderr] 81 | pub(crate) async fn get_peers() -> Result<(String), Box<dyn std::error::Error>> {
[INFO] [stderr]    |                                           ^      ^
[INFO] [stderr]    |
[INFO] [stderr] help: remove these parentheses
[INFO] [stderr]    |
[INFO] [stderr] 81 - pub(crate) async fn get_peers() -> Result<(String), Box<dyn std::error::Error>> {
[INFO] [stderr] 81 + pub(crate) async fn get_peers() -> Result<String, Box<dyn std::error::Error>> {
[INFO] [stderr]    |
[INFO] [stderr] 
[INFO] [stderr] warning: unnecessary parentheses around function argument
[INFO] [stderr]   --> src/helpers.rs:91:8
[INFO] [stderr]    |
[INFO] [stderr] 91 |     Ok((body))
[INFO] [stderr]    |        ^    ^
[INFO] [stderr]    |
[INFO] [stderr] help: remove these parentheses
[INFO] [stderr]    |
[INFO] [stderr] 91 -     Ok((body))
[INFO] [stderr] 91 +     Ok(body)
[INFO] [stderr]    |
[INFO] [stderr] 
[INFO] [stderr] warning: unused import: `Deserialize`
[INFO] [stderr]  --> src/main.rs:7:13
[INFO] [stderr]   |
[INFO] [stderr] 7 | use serde::{Deserialize};
[INFO] [stderr]   |             ^^^^^^^^^^^
[INFO] [stderr]   |
[INFO] [stderr]   = note: `#[warn(unused_imports)]` on by default
[INFO] [stderr] 
[INFO] [stderr] warning: unused import: `execute::Execute`
[INFO] [stderr]  --> src/main.rs:8:5
[INFO] [stderr]   |
[INFO] [stderr] 8 | use execute::Execute;
[INFO] [stderr]   |     ^^^^^^^^^^^^^^^^
[INFO] [stderr] 
[INFO] [stderr] warning: unused variable: `output`
[INFO] [stderr]  --> src/docker_utils.rs:7:9
[INFO] [stderr]   |
[INFO] [stderr] 7 |     let output = Launcher::from(BaseCommand::Docker)
[INFO] [stderr]   |         ^^^^^^ help: if this is intentional, prefix it with an underscore: `_output`
[INFO] [stderr]   |
[INFO] [stderr]   = note: `#[warn(unused_variables)]` on by default
[INFO] [stderr] 
[INFO] [stderr] warning: unused variable: `out`
[INFO] [stderr]    --> src/docker_utils.rs:103:9
[INFO] [stderr]     |
[INFO] [stderr] 103 |     let out = Launcher::from(BaseCommand::Docker)
[INFO] [stderr]     |         ^^^ help: if this is intentional, prefix it with an underscore: `_out`
[INFO] [stderr] 
[INFO] [stderr] warning: unused variable: `out`
[INFO] [stderr]    --> src/docker_utils.rs:111:9
[INFO] [stderr]     |
[INFO] [stderr] 111 |     let out = Launcher::from(BaseCommand::Docker)
[INFO] [stderr]     |         ^^^ help: if this is intentional, prefix it with an underscore: `_out`
[INFO] [stderr] 
[INFO] [stderr] warning: structure field `enrUri` should have a snake case name
[INFO] [stderr]  --> src/helpers.rs:5:5
[INFO] [stderr]   |
[INFO] [stderr] 5 |     enrUri: String,
[INFO] [stderr]   |     ^^^^^^ help: convert the identifier to snake case: `enr_uri`
[INFO] [stderr]   |
[INFO] [stderr]   = note: `#[warn(non_snake_case)]` on by default
[INFO] [stderr] 
[INFO] [stderr] warning: structure field `listenAddresses` should have a snake case name
[INFO] [stderr]  --> src/helpers.rs:6:5
[INFO] [stderr]   |
[INFO] [stderr] 6 |     listenAddresses: [String; 2]
[INFO] [stderr]   |     ^^^^^^^^^^^^^^^ help: convert the identifier to snake case: `listen_addresses`
[INFO] [stderr] 
[INFO] [stderr] warning: `IFT` (bin "IFT" test) generated 17 warnings (run `cargo fix --bin "IFT" --tests` to apply 12 suggestions)
[INFO] [stderr]     Finished `test` profile [unoptimized + debuginfo] target(s) in 0.16s
[INFO] [stderr]      Running unittests src/main.rs (/opt/rustwide/target/debug/deps/IFT-cdf3823d969f9e6b)
[INFO] [stdout] 
[INFO] [stdout] running 2 tests
[INFO] [stderr] Cannot connect to the Docker daemon at unix:///var/run/docker.sock. Is the docker daemon running?
[INFO] [stdout] test test1::test_case_1 ... FAILED
[INFO] [stdout] test test2::test_case_2 ... FAILED
[INFO] [stdout] 
[INFO] [stdout] failures:
[INFO] [stdout] 
[INFO] [stdout] ---- test1::test_case_1 stdout ----
[INFO] [stdout] docker run --detach --init --interactive --name docker1 --network default --publish 127.0.0.1:21161:21161 --publish 127.0.0.1:21162:21162 --publish 127.0.0.1:21163:21163 --publish 127.0.0.1:21164:21164 --publish 127.0.0.1:21165:21165 wakuorg/nwaku:v0.24.0 --listen-address=0.0.0.0 --rest=true --rest-admin=true --websocket-support=true --log-level=TRACE --rest-relay-cache-capacity=100 --websocket-port=21163 --rest-port=21161 --tcp-port=21162 --discv5-udp-port=21164 --rest-address=0.0.0.0 --nat=extip:172.18.0.2 --peer-exchange=true --discv5-discovery=true --relay=true --discv5-bootstrap-node=
[INFO] [stdout] 
[INFO] [stdout] thread 'test1::test_case_1' panicked at src/test1.rs:16:52:
[INFO] [stdout] called `Result::unwrap()` on an `Err` value: reqwest::Error { kind: Request, url: Url { scheme: "http", cannot_be_a_base: false, username: "", password: None, host: Some(Ipv4(127.0.0.1)), port: Some(21161), path: "/debug/v1/info", query: None, fragment: None }, source: hyper::Error(Connect, ConnectError("tcp connect error", Os { code: 111, kind: ConnectionRefused, message: "Connection refused" })) }
[INFO] [stdout] stack backtrace:
[INFO] [stdout]    0:     0x61c69e2cacaa - std::backtrace_rs::backtrace::libunwind::trace::hb059275cfc8d6126
[INFO] [stdout]                                at /rustc/6067b36314ab5eb2eb47cecc464545ba58e1ad24/library/std/src/../../backtrace/src/backtrace/libunwind.rs:116:5
[INFO] [stdout]    1:     0x61c69e2cacaa - std::backtrace_rs::backtrace::trace_unsynchronized::h2da071e4327ce3ee
[INFO] [stdout]                                at /rustc/6067b36314ab5eb2eb47cecc464545ba58e1ad24/library/std/src/../../backtrace/src/backtrace/mod.rs:66:5
[INFO] [stdout]    2:     0x61c69e2cacaa - std::sys::backtrace::_print_fmt::h842a1474e6f8d23f
[INFO] [stdout]                                at /rustc/6067b36314ab5eb2eb47cecc464545ba58e1ad24/library/std/src/sys/backtrace.rs:66:9
[INFO] [stdout]    3:     0x61c69e2cacaa - <std::sys::backtrace::BacktraceLock::print::DisplayBacktrace as core::fmt::Display>::fmt::h71a62eb3b9696b12
[INFO] [stdout]                                at /rustc/6067b36314ab5eb2eb47cecc464545ba58e1ad24/library/std/src/sys/backtrace.rs:39:26
[INFO] [stdout]    4:     0x61c69e2f5ec3 - core::fmt::rt::Argument::fmt::hdb6b616786b41dc1
[INFO] [stdout]                                at /rustc/6067b36314ab5eb2eb47cecc464545ba58e1ad24/library/core/src/fmt/rt.rs:177:76
[INFO] [stdout]    5:     0x61c69e2f5ec3 - core::fmt::write::h2cc1698af7e2d686
[INFO] [stdout]                                at /rustc/6067b36314ab5eb2eb47cecc464545ba58e1ad24/library/core/src/fmt/mod.rs:1440:21
[INFO] [stdout]    6:     0x61c69e2c66d3 - std::io::Write::write_fmt::hab1b4cd059a79022
[INFO] [stdout]                                at /rustc/6067b36314ab5eb2eb47cecc464545ba58e1ad24/library/std/src/io/mod.rs:1887:15
[INFO] [stdout]    7:     0x61c69e2caaf2 - std::sys::backtrace::BacktraceLock::print::h147fe35b4ea13b08
[INFO] [stdout]                                at /rustc/6067b36314ab5eb2eb47cecc464545ba58e1ad24/library/std/src/sys/backtrace.rs:42:9
[INFO] [stdout]    8:     0x61c69e2cc0cf - std::panicking::default_hook::{{closure}}::hbd44223dbdc0d208
[INFO] [stdout]                                at /rustc/6067b36314ab5eb2eb47cecc464545ba58e1ad24/library/std/src/panicking.rs:298:22
[INFO] [stdout]    9:     0x61c69e2cbee8 - std::panicking::default_hook::h20f81eb0576efcec
[INFO] [stdout]                                at /rustc/6067b36314ab5eb2eb47cecc464545ba58e1ad24/library/std/src/panicking.rs:322:9
[INFO] [stdout]   10:     0x61c69e1e6ea3 - <alloc::boxed::Box<F,A> as core::ops::function::Fn<Args>>::call::hdb53814c496a4d34
[INFO] [stdout]                                at /rustc/6067b36314ab5eb2eb47cecc464545ba58e1ad24/library/alloc/src/boxed.rs:2027:9
[INFO] [stdout]   11:     0x61c69e1e6ea3 - test::test_main::{{closure}}::hc0a4963c59427c24
[INFO] [stdout]                                at /rustc/6067b36314ab5eb2eb47cecc464545ba58e1ad24/library/test/src/lib.rs:134:21
[INFO] [stdout]   12:     0x61c69e2ccbc3 - <alloc::boxed::Box<F,A> as core::ops::function::Fn<Args>>::call::h591b2225413a77e9
[INFO] [stdout]                                at /rustc/6067b36314ab5eb2eb47cecc464545ba58e1ad24/library/alloc/src/boxed.rs:2027:9
[INFO] [stdout]   13:     0x61c69e2ccbc3 - std::panicking::rust_panic_with_hook::h625eea43051b2edc
[INFO] [stdout]                                at /rustc/6067b36314ab5eb2eb47cecc464545ba58e1ad24/library/std/src/panicking.rs:839:13
[INFO] [stdout]   14:     0x61c69e2cc87a - std::panicking::begin_panic_handler::{{closure}}::h4f9159cfbc3f6bd3
[INFO] [stdout]                                at /rustc/6067b36314ab5eb2eb47cecc464545ba58e1ad24/library/std/src/panicking.rs:704:13
[INFO] [stdout]   15:     0x61c69e2cb1a9 - std::sys::backtrace::__rust_end_short_backtrace::h0390abce48353151
[INFO] [stdout]                                at /rustc/6067b36314ab5eb2eb47cecc464545ba58e1ad24/library/std/src/sys/backtrace.rs:168:18
[INFO] [stdout]   16:     0x61c69e2cc50d - rust_begin_unwind
[INFO] [stdout]                                at /rustc/6067b36314ab5eb2eb47cecc464545ba58e1ad24/library/std/src/panicking.rs:695:5
[INFO] [stdout]   17:     0x61c69e2f43e0 - core::panicking::panic_fmt::h9e7c637e9e5f29c9
[INFO] [stdout]                                at /rustc/6067b36314ab5eb2eb47cecc464545ba58e1ad24/library/core/src/panicking.rs:75:14
[INFO] [stdout]   18:     0x61c69e2f48b6 - core::result::unwrap_failed::h7979f09313fe1849
[INFO] [stdout]                                at /rustc/6067b36314ab5eb2eb47cecc464545ba58e1ad24/library/core/src/result.rs:1704:5
[INFO] [stdout]   19:     0x61c69de42629 - core::result::Result<T,E>::unwrap::h4e97e16905cfd23d
[INFO] [stdout]                                at /rustc/6067b36314ab5eb2eb47cecc464545ba58e1ad24/library/core/src/result.rs:1109:23
[INFO] [stdout]   20:     0x61c69de42629 - IFT::test1::test_case_1::{{closure}}::hf7754d9644290e56
[INFO] [stdout]                                at /opt/rustwide/workdir/src/test1.rs:16:27
[INFO] [stdout]   21:     0x61c69de4dfc2 - <core::pin::Pin<P> as core::future::future::Future>::poll::h1018adef7feff3c1
[INFO] [stdout]                                at /rustc/6067b36314ab5eb2eb47cecc464545ba58e1ad24/library/core/src/future/future.rs:124:9
[INFO] [stdout]   22:     0x61c69de4dffd - <core::pin::Pin<P> as core::future::future::Future>::poll::h18987323084a9d3d
[INFO] [stdout]                                at /rustc/6067b36314ab5eb2eb47cecc464545ba58e1ad24/library/core/src/future/future.rs:124:9
[INFO] [stdout]   23:     0x61c69de47d7f - tokio::runtime::scheduler::current_thread::CoreGuard::block_on::{{closure}}::{{closure}}::{{closure}}::h7ffdcd76a7d38509
[INFO] [stdout]                                at /opt/rustwide/cargo-home/registry/src/index.crates.io-1949cf8c6b5b557f/tokio-1.37.0/src/runtime/scheduler/current_thread/mod.rs:659:57
[INFO] [stdout]   24:     0x61c69de47cb5 - tokio::runtime::coop::with_budget::h5512e90f79eab065
[INFO] [stdout]                                at /opt/rustwide/cargo-home/registry/src/index.crates.io-1949cf8c6b5b557f/tokio-1.37.0/src/runtime/coop.rs:107:5
[INFO] [stdout]   25:     0x61c69de47cb5 - tokio::runtime::coop::budget::h108c23aef47db9a6
[INFO] [stdout]                                at /opt/rustwide/cargo-home/registry/src/index.crates.io-1949cf8c6b5b557f/tokio-1.37.0/src/runtime/coop.rs:73:5
[INFO] [stdout]   26:     0x61c69de47cb5 - tokio::runtime::scheduler::current_thread::CoreGuard::block_on::{{closure}}::{{closure}}::hc0b4b5881d7306ec
[INFO] [stdout]                                at /opt/rustwide/cargo-home/registry/src/index.crates.io-1949cf8c6b5b557f/tokio-1.37.0/src/runtime/scheduler/current_thread/mod.rs:659:25
[INFO] [stdout]   27:     0x61c69de46a80 - tokio::runtime::scheduler::current_thread::Context::enter::h71b1534a94adbda6
[INFO] [stdout]                                at /opt/rustwide/cargo-home/registry/src/index.crates.io-1949cf8c6b5b557f/tokio-1.37.0/src/runtime/scheduler/current_thread/mod.rs:404:19
[INFO] [stdout]   28:     0x61c69de4752b - tokio::runtime::scheduler::current_thread::CoreGuard::block_on::{{closure}}::h2c5213383e120a49
[INFO] [stdout]                                at /opt/rustwide/cargo-home/registry/src/index.crates.io-1949cf8c6b5b557f/tokio-1.37.0/src/runtime/scheduler/current_thread/mod.rs:658:36
[INFO] [stdout]   29:     0x61c69de472a4 - tokio::runtime::scheduler::current_thread::CoreGuard::enter::{{closure}}::h4c75f3a6e57892e4
[INFO] [stdout]                                at /opt/rustwide/cargo-home/registry/src/index.crates.io-1949cf8c6b5b557f/tokio-1.37.0/src/runtime/scheduler/current_thread/mod.rs:737:68
[INFO] [stdout]   30:     0x61c69de4599b - tokio::runtime::context::scoped::Scoped<T>::set::hb5c22450c30b3b32
[INFO] [stdout]                                at /opt/rustwide/cargo-home/registry/src/index.crates.io-1949cf8c6b5b557f/tokio-1.37.0/src/runtime/context/scoped.rs:40:9
[INFO] [stdout]   31:     0x61c69de457d9 - tokio::runtime::context::set_scheduler::{{closure}}::hf7f2783e1c9a9b22
[INFO] [stdout]                                at /opt/rustwide/cargo-home/registry/src/index.crates.io-1949cf8c6b5b557f/tokio-1.37.0/src/runtime/context.rs:176:26
[INFO] [stdout]   32:     0x61c69de4bc62 - std::thread::local::LocalKey<T>::try_with::hcf9ab7c7bbd0f82a
[INFO] [stdout]                                at /rustc/6067b36314ab5eb2eb47cecc464545ba58e1ad24/library/std/src/thread/local.rs:308:12
[INFO] [stdout]   33:     0x61c69de4b41a - std::thread::local::LocalKey<T>::with::h15e789d15a8a6598
[INFO] [stdout]                                at /rustc/6067b36314ab5eb2eb47cecc464545ba58e1ad24/library/std/src/thread/local.rs:272:9
[INFO] [stdout]   34:     0x61c69de4578d - tokio::runtime::context::set_scheduler::hc1050b0db3fadc2a
[INFO] [stdout]                                at /opt/rustwide/cargo-home/registry/src/index.crates.io-1949cf8c6b5b557f/tokio-1.37.0/src/runtime/context.rs:176:9
[INFO] [stdout]   35:     0x61c69de47050 - tokio::runtime::scheduler::current_thread::CoreGuard::enter::hd7885d3862cc6391
[INFO] [stdout]                                at /opt/rustwide/cargo-home/registry/src/index.crates.io-1949cf8c6b5b557f/tokio-1.37.0/src/runtime/scheduler/current_thread/mod.rs:737:27
[INFO] [stdout]   36:     0x61c69de472c3 - tokio::runtime::scheduler::current_thread::CoreGuard::block_on::h9c8e3df29e0da723
[INFO] [stdout]                                at /opt/rustwide/cargo-home/registry/src/index.crates.io-1949cf8c6b5b557f/tokio-1.37.0/src/runtime/scheduler/current_thread/mod.rs:646:19
[INFO] [stdout]   37:     0x61c69de462cd - tokio::runtime::scheduler::current_thread::CurrentThread::block_on::{{closure}}::hcba8cb9e3facc889
[INFO] [stdout]                                at /opt/rustwide/cargo-home/registry/src/index.crates.io-1949cf8c6b5b557f/tokio-1.37.0/src/runtime/scheduler/current_thread/mod.rs:175:28
[INFO] [stdout]   38:     0x61c69de45b16 - tokio::runtime::context::runtime::enter_runtime::h9c105c915e3de9de
[INFO] [stdout]                                at /opt/rustwide/cargo-home/registry/src/index.crates.io-1949cf8c6b5b557f/tokio-1.37.0/src/runtime/context/runtime.rs:65:16
[INFO] [stdout]   39:     0x61c69de461e1 - tokio::runtime::scheduler::current_thread::CurrentThread::block_on::h02c960d775e0ddcf
[INFO] [stdout]                                at /opt/rustwide/cargo-home/registry/src/index.crates.io-1949cf8c6b5b557f/tokio-1.37.0/src/runtime/scheduler/current_thread/mod.rs:167:9
[INFO] [stdout]   40:     0x61c69de3f952 - tokio::runtime::runtime::Runtime::block_on::h5a20ad055ddd6f85
[INFO] [stdout]                                at /opt/rustwide/cargo-home/registry/src/index.crates.io-1949cf8c6b5b557f/tokio-1.37.0/src/runtime/runtime.rs:349:47
[INFO] [stdout]   41:     0x61c69de41e40 - IFT::test1::test_case_1::h0bad973856437d12
[INFO] [stdout]                                at /opt/rustwide/workdir/src/test1.rs:31:5
[INFO] [stdout]   42:     0x61c69de41ce7 - IFT::test1::test_case_1::{{closure}}::hba24d88049971708
[INFO] [stdout]                                at /opt/rustwide/workdir/src/test1.rs:8:23
[INFO] [stdout]   43:     0x61c69de4be96 - core::ops::function::FnOnce::call_once::hcb806c446c8615bc
[INFO] [stdout]                                at /rustc/6067b36314ab5eb2eb47cecc464545ba58e1ad24/library/core/src/ops/function.rs:250:5
[INFO] [stdout]   44:     0x61c69e1ec5fb - core::ops::function::FnOnce::call_once::he27718dfdd183f43
[INFO] [stdout]                                at /rustc/6067b36314ab5eb2eb47cecc464545ba58e1ad24/library/core/src/ops/function.rs:250:5
[INFO] [stdout]   45:     0x61c69e1ec5fb - test::__rust_begin_short_backtrace::h4e84902998457a5d
[INFO] [stdout]                                at /rustc/6067b36314ab5eb2eb47cecc464545ba58e1ad24/library/test/src/lib.rs:632:18
[INFO] [stdout]   46:     0x61c69e1eb533 - test::run_test_in_process::{{closure}}::h7176fd18fc1feca0
[INFO] [stdout]                                at /rustc/6067b36314ab5eb2eb47cecc464545ba58e1ad24/library/test/src/lib.rs:655:60
[INFO] [stdout]   47:     0x61c69e1eb533 - <core::panic::unwind_safe::AssertUnwindSafe<F> as core::ops::function::FnOnce<()>>::call_once::hf79cff2a624d8cf7
[INFO] [stdout]                                at /rustc/6067b36314ab5eb2eb47cecc464545ba58e1ad24/library/core/src/panic/unwind_safe.rs:272:9
[INFO] [stdout]   48:     0x61c69e1eb533 - std::panicking::try::do_call::h3da0561d9ab99c25
[INFO] [stdout]                                at /rustc/6067b36314ab5eb2eb47cecc464545ba58e1ad24/library/std/src/panicking.rs:587:40
[INFO] [stdout]   49:     0x61c69e1eb533 - std::panicking::try::h41c9fa508bc61df6
[INFO] [stdout]                                at /rustc/6067b36314ab5eb2eb47cecc464545ba58e1ad24/library/std/src/panicking.rs:550:19
[INFO] [stdout]   50:     0x61c69e1eb533 - std::panic::catch_unwind::h6b3ff07bb5afad93
[INFO] [stdout]                                at /rustc/6067b36314ab5eb2eb47cecc464545ba58e1ad24/library/std/src/panic.rs:358:14
[INFO] [stdout]   51:     0x61c69e1eb533 - test::run_test_in_process::hc7253dd11b39b9f4
[INFO] [stdout]                                at /rustc/6067b36314ab5eb2eb47cecc464545ba58e1ad24/library/test/src/lib.rs:655:27
[INFO] [stdout]   52:     0x61c69e1eb533 - test::run_test::{{closure}}::hfb2007f8649c30bb
[INFO] [stdout]                                at /rustc/6067b36314ab5eb2eb47cecc464545ba58e1ad24/library/test/src/lib.rs:576:43
[INFO] [stdout]   53:     0x61c69e1ae615 - test::run_test::{{closure}}::h56a17aa7a282a9f4
[INFO] [stdout]                                at /rustc/6067b36314ab5eb2eb47cecc464545ba58e1ad24/library/test/src/lib.rs:606:41
[INFO] [stdout]   54:     0x61c69e1ae615 - std::sys::backtrace::__rust_begin_short_backtrace::hd2d2d2fb8e8c6aac
[INFO] [stdout]                                at /rustc/6067b36314ab5eb2eb47cecc464545ba58e1ad24/library/std/src/sys/backtrace.rs:152:18
[INFO] [stdout]   55:     0x61c69e1b1efa - std::thread::Builder::spawn_unchecked_::{{closure}}::{{closure}}::h4faa3f9db6133423
[INFO] [stdout]                                at /rustc/6067b36314ab5eb2eb47cecc464545ba58e1ad24/library/std/src/thread/mod.rs:559:17
[INFO] [stdout]   56:     0x61c69e1b1efa - <core::panic::unwind_safe::AssertUnwindSafe<F> as core::ops::function::FnOnce<()>>::call_once::hf2e855a36a4ea846
[INFO] [stdout]                                at /rustc/6067b36314ab5eb2eb47cecc464545ba58e1ad24/library/core/src/panic/unwind_safe.rs:272:9
[INFO] [stdout]   57:     0x61c69e1b1efa - std::panicking::try::do_call::h2f73af3616c35465
[INFO] [stdout]                                at /rustc/6067b36314ab5eb2eb47cecc464545ba58e1ad24/library/std/src/panicking.rs:587:40
[INFO] [stdout]   58:     0x61c69e1b1efa - std::panicking::try::hd1660ce9efadef5a
[INFO] [stdout]                                at /rustc/6067b36314ab5eb2eb47cecc464545ba58e1ad24/library/std/src/panicking.rs:550:19
[INFO] [stdout]   59:     0x61c69e1b1efa - std::panic::catch_unwind::h5ee8d7823b8ca744
[INFO] [stdout]                                at /rustc/6067b36314ab5eb2eb47cecc464545ba58e1ad24/library/std/src/panic.rs:358:14
[INFO] [stdout]   60:     0x61c69e1b1efa - std::thread::Builder::spawn_unchecked_::{{closure}}::h53c3a1894dce8407
[INFO] [stdout]                                at /rustc/6067b36314ab5eb2eb47cecc464545ba58e1ad24/library/std/src/thread/mod.rs:557:30
[INFO] [stdout]   61:     0x61c69e1b1efa - core::ops::function::FnOnce::call_once{{vtable.shim}}::h048ce291ad4f62bf
[INFO] [stdout]                                at /rustc/6067b36314ab5eb2eb47cecc464545ba58e1ad24/library/core/src/ops/function.rs:250:5
[INFO] [stdout]   62:     0x61c69e2d115b - <alloc::boxed::Box<F,A> as core::ops::function::FnOnce<Args>>::call_once::ha52bedf99a3b4981
[INFO] [stdout]                                at /rustc/6067b36314ab5eb2eb47cecc464545ba58e1ad24/library/alloc/src/boxed.rs:2013:9
[INFO] [stdout]   63:     0x61c69e2d115b - <alloc::boxed::Box<F,A> as core::ops::function::FnOnce<Args>>::call_once::h567748934d80ccf8
[INFO] [stdout]                                at /rustc/6067b36314ab5eb2eb47cecc464545ba58e1ad24/library/alloc/src/boxed.rs:2013:9
[INFO] [stdout]   64:     0x61c69e2d115b - std::sys::pal::unix::thread::Thread::new::thread_start::h2d970728ae887adc
[INFO] [stdout]                                at /rustc/6067b36314ab5eb2eb47cecc464545ba58e1ad24/library/std/src/sys/pal/unix/thread.rs:106:17
[INFO] [stdout]   65:     0x719342766ac3 - <unknown>
[INFO] [stdout]   66:     0x7193427f7a04 - clone
[INFO] [stdout]   67:                0x0 - <unknown>
[INFO] [stdout] 
[INFO] [stdout] ---- test2::test_case_2 stdout ----
[INFO] [stdout] 
[INFO] [stdout] docker run --detach --init --interactive --name docker1 --network waku --publish 127.0.0.1:21161:21161 --publish 127.0.0.1:21162:21162 --publish 127.0.0.1:21163:21163 --publish 127.0.0.1:21164:21164 --publish 127.0.0.1:21165:21165 wakuorg/nwaku:v0.24.0 --listen-address=0.0.0.0 --rest=true --rest-admin=true --websocket-support=true --log-level=TRACE --rest-relay-cache-capacity=100 --websocket-port=21163 --rest-port=21161 --tcp-port=21162 --discv5-udp-port=21164 --rest-address=0.0.0.0 --nat=extip:172.18.0.2 --peer-exchange=true --discv5-discovery=true --relay=true --discv5-bootstrap-node=
[INFO] [stdout] 
[INFO] [stdout] thread 'test2::test_case_2' panicked at src/test2.rs:20:51:
[INFO] [stdout] called `Result::unwrap()` on an `Err` value: reqwest::Error { kind: Request, url: Url { scheme: "http", cannot_be_a_base: false, username: "", password: None, host: Some(Ipv4(127.0.0.1)), port: Some(21161), path: "/debug/v1/info", query: None, fragment: None }, source: hyper::Error(Connect, ConnectError("tcp connect error", Os { code: 111, kind: ConnectionRefused, message: "Connection refused" })) }
[INFO] [stdout] stack backtrace:
[INFO] [stdout]    0:     0x61c69e2cacaa - std::backtrace_rs::backtrace::libunwind::trace::hb059275cfc8d6126
[INFO] [stdout]                                at /rustc/6067b36314ab5eb2eb47cecc464545ba58e1ad24/library/std/src/../../backtrace/src/backtrace/libunwind.rs:116:5
[INFO] [stdout]    1:     0x61c69e2cacaa - std::backtrace_rs::backtrace::trace_unsynchronized::h2da071e4327ce3ee
[INFO] [stdout]                                at /rustc/6067b36314ab5eb2eb47cecc464545ba58e1ad24/library/std/src/../../backtrace/src/backtrace/mod.rs:66:5
[INFO] [stdout]    2:     0x61c69e2cacaa - std::sys::backtrace::_print_fmt::h842a1474e6f8d23f
[INFO] [stdout]                                at /rustc/6067b36314ab5eb2eb47cecc464545ba58e1ad24/library/std/src/sys/backtrace.rs:66:9
[INFO] [stdout]    3:     0x61c69e2cacaa - <std::sys::backtrace::BacktraceLock::print::DisplayBacktrace as core::fmt::Display>::fmt::h71a62eb3b9696b12
[INFO] [stdout]                                at /rustc/6067b36314ab5eb2eb47cecc464545ba58e1ad24/library/std/src/sys/backtrace.rs:39:26
[INFO] [stdout]    4:     0x61c69e2f5ec3 - core::fmt::rt::Argument::fmt::hdb6b616786b41dc1
[INFO] [stdout]                                at /rustc/6067b36314ab5eb2eb47cecc464545ba58e1ad24/library/core/src/fmt/rt.rs:177:76
[INFO] [stdout]    5:     0x61c69e2f5ec3 - core::fmt::write::h2cc1698af7e2d686
[INFO] [stdout]                                at /rustc/6067b36314ab5eb2eb47cecc464545ba58e1ad24/library/core/src/fmt/mod.rs:1440:21
[INFO] [stdout]    6:     0x61c69e2c66d3 - std::io::Write::write_fmt::hab1b4cd059a79022
[INFO] [stdout]                                at /rustc/6067b36314ab5eb2eb47cecc464545ba58e1ad24/library/std/src/io/mod.rs:1887:15
[INFO] [stdout]    7:     0x61c69e2caaf2 - std::sys::backtrace::BacktraceLock::print::h147fe35b4ea13b08
[INFO] [stdout]                                at /rustc/6067b36314ab5eb2eb47cecc464545ba58e1ad24/library/std/src/sys/backtrace.rs:42:9
[INFO] [stdout]    8:     0x61c69e2cc0cf - std::panicking::default_hook::{{closure}}::hbd44223dbdc0d208
[INFO] [stdout]                                at /rustc/6067b36314ab5eb2eb47cecc464545ba58e1ad24/library/std/src/panicking.rs:298:22
[INFO] [stdout]    9:     0x61c69e2cbee8 - std::panicking::default_hook::h20f81eb0576efcec
[INFO] [stdout]                                at /rustc/6067b36314ab5eb2eb47cecc464545ba58e1ad24/library/std/src/panicking.rs:322:9
[INFO] [stdout]   10:     0x61c69e1e6ea3 - <alloc::boxed::Box<F,A> as core::ops::function::Fn<Args>>::call::hdb53814c496a4d34
[INFO] [stdout]                                at /rustc/6067b36314ab5eb2eb47cecc464545ba58e1ad24/library/alloc/src/boxed.rs:2027:9
[INFO] [stdout]   11:     0x61c69e1e6ea3 - test::test_main::{{closure}}::hc0a4963c59427c24
[INFO] [stdout]                                at /rustc/6067b36314ab5eb2eb47cecc464545ba58e1ad24/library/test/src/lib.rs:134:21
[INFO] [stdout]   12:     0x61c69e2ccbc3 - <alloc::boxed::Box<F,A> as core::ops::function::Fn<Args>>::call::h591b2225413a77e9
[INFO] [stdout]                                at /rustc/6067b36314ab5eb2eb47cecc464545ba58e1ad24/library/alloc/src/boxed.rs:2027:9
[INFO] [stdout]   13:     0x61c69e2ccbc3 - std::panicking::rust_panic_with_hook::h625eea43051b2edc
[INFO] [stdout]                                at /rustc/6067b36314ab5eb2eb47cecc464545ba58e1ad24/library/std/src/panicking.rs:839:13
[INFO] [stdout]   14:     0x61c69e2cc87a - std::panicking::begin_panic_handler::{{closure}}::h4f9159cfbc3f6bd3
[INFO] [stdout]                                at /rustc/6067b36314ab5eb2eb47cecc464545ba58e1ad24/library/std/src/panicking.rs:704:13
[INFO] [stdout]   15:     0x61c69e2cb1a9 - std::sys::backtrace::__rust_end_short_backtrace::h0390abce48353151
[INFO] [stdout]                                at /rustc/6067b36314ab5eb2eb47cecc464545ba58e1ad24/library/std/src/sys/backtrace.rs:168:18
[INFO] [stdout]   16:     0x61c69e2cc50d - rust_begin_unwind
[INFO] [stdout]                                at /rustc/6067b36314ab5eb2eb47cecc464545ba58e1ad24/library/std/src/panicking.rs:695:5
[INFO] [stdout]   17:     0x61c69e2f43e0 - core::panicking::panic_fmt::h9e7c637e9e5f29c9
[INFO] [stdout]                                at /rustc/6067b36314ab5eb2eb47cecc464545ba58e1ad24/library/core/src/panicking.rs:75:14
[INFO] [stdout]   18:     0x61c69e2f48b6 - core::result::unwrap_failed::h7979f09313fe1849
[INFO] [stdout]                                at /rustc/6067b36314ab5eb2eb47cecc464545ba58e1ad24/library/core/src/result.rs:1704:5
[INFO] [stdout]   19:     0x61c69de498dc - core::result::Result<T,E>::unwrap::h4e97e16905cfd23d
[INFO] [stdout]                                at /rustc/6067b36314ab5eb2eb47cecc464545ba58e1ad24/library/core/src/result.rs:1109:23
[INFO] [stdout]   20:     0x61c69de498dc - IFT::test2::test_case_2::{{closure}}::h4d0002ee45208694
[INFO] [stdout]                                at /opt/rustwide/workdir/src/test2.rs:20:26
[INFO] [stdout]   21:     0x61c69de4dfc2 - <core::pin::Pin<P> as core::future::future::Future>::poll::h1018adef7feff3c1
[INFO] [stdout]                                at /rustc/6067b36314ab5eb2eb47cecc464545ba58e1ad24/library/core/src/future/future.rs:124:9
[INFO] [stdout]   22:     0x61c69de4dffd - <core::pin::Pin<P> as core::future::future::Future>::poll::h18987323084a9d3d
[INFO] [stdout]                                at /rustc/6067b36314ab5eb2eb47cecc464545ba58e1ad24/library/core/src/future/future.rs:124:9
[INFO] [stdout]   23:     0x61c69de47d7f - tokio::runtime::scheduler::current_thread::CoreGuard::block_on::{{closure}}::{{closure}}::{{closure}}::h7ffdcd76a7d38509
[INFO] [stdout]                                at /opt/rustwide/cargo-home/registry/src/index.crates.io-1949cf8c6b5b557f/tokio-1.37.0/src/runtime/scheduler/current_thread/mod.rs:659:57
[INFO] [stdout]   24:     0x61c69de47cb5 - tokio::runtime::coop::with_budget::h5512e90f79eab065
[INFO] [stdout]                                at /opt/rustwide/cargo-home/registry/src/index.crates.io-1949cf8c6b5b557f/tokio-1.37.0/src/runtime/coop.rs:107:5
[INFO] [stdout]   25:     0x61c69de47cb5 - tokio::runtime::coop::budget::h108c23aef47db9a6
[INFO] [stdout]                                at /opt/rustwide/cargo-home/registry/src/index.crates.io-1949cf8c6b5b557f/tokio-1.37.0/src/runtime/coop.rs:73:5
[INFO] [stdout]   26:     0x61c69de47cb5 - tokio::runtime::scheduler::current_thread::CoreGuard::block_on::{{closure}}::{{closure}}::hc0b4b5881d7306ec
[INFO] [stdout]                                at /opt/rustwide/cargo-home/registry/src/index.crates.io-1949cf8c6b5b557f/tokio-1.37.0/src/runtime/scheduler/current_thread/mod.rs:659:25
[INFO] [stdout]   27:     0x61c69de46a80 - tokio::runtime::scheduler::current_thread::Context::enter::h71b1534a94adbda6
[INFO] [stdout]                                at /opt/rustwide/cargo-home/registry/src/index.crates.io-1949cf8c6b5b557f/tokio-1.37.0/src/runtime/scheduler/current_thread/mod.rs:404:19
[INFO] [stdout]   28:     0x61c69de4752b - tokio::runtime::scheduler::current_thread::CoreGuard::block_on::{{closure}}::h2c5213383e120a49
[INFO] [stdout]                                at /opt/rustwide/cargo-home/registry/src/index.crates.io-1949cf8c6b5b557f/tokio-1.37.0/src/runtime/scheduler/current_thread/mod.rs:658:36
[INFO] [stdout]   29:     0x61c69de472a4 - tokio::runtime::scheduler::current_thread::CoreGuard::enter::{{closure}}::h4c75f3a6e57892e4
[INFO] [stdout]                                at /opt/rustwide/cargo-home/registry/src/index.crates.io-1949cf8c6b5b557f/tokio-1.37.0/src/runtime/scheduler/current_thread/mod.rs:737:68
[INFO] [stdout]   30:     0x61c69de4599b - tokio::runtime::context::scoped::Scoped<T>::set::hb5c22450c30b3b32
[INFO] [stdout]                                at /opt/rustwide/cargo-home/registry/src/index.crates.io-1949cf8c6b5b557f/tokio-1.37.0/src/runtime/context/scoped.rs:40:9
[INFO] [stdout]   31:     0x61c69de457d9 - tokio::runtime::context::set_scheduler::{{closure}}::hf7f2783e1c9a9b22
[INFO] [stdout]                                at /opt/rustwide/cargo-home/registry/src/index.crates.io-1949cf8c6b5b557f/tokio-1.37.0/src/runtime/context.rs:176:26
[INFO] [stdout]   32:     0x61c69de4bc62 - std::thread::local::LocalKey<T>::try_with::hcf9ab7c7bbd0f82a
[INFO] [stdout]                                at /rustc/6067b36314ab5eb2eb47cecc464545ba58e1ad24/library/std/src/thread/local.rs:308:12
[INFO] [stdout]   33:     0x61c69de4b41a - std::thread::local::LocalKey<T>::with::h15e789d15a8a6598
[INFO] [stdout]                                at /rustc/6067b36314ab5eb2eb47cecc464545ba58e1ad24/library/std/src/thread/local.rs:272:9
[INFO] [stdout]   34:     0x61c69de4578d - tokio::runtime::context::set_scheduler::hc1050b0db3fadc2a
[INFO] [stdout]                                at /opt/rustwide/cargo-home/registry/src/index.crates.io-1949cf8c6b5b557f/tokio-1.37.0/src/runtime/context.rs:176:9
[INFO] [stdout]   35:     0x61c69de47050 - tokio::runtime::scheduler::current_thread::CoreGuard::enter::hd7885d3862cc6391
[INFO] [stdout]                                at /opt/rustwide/cargo-home/registry/src/index.crates.io-1949cf8c6b5b557f/tokio-1.37.0/src/runtime/scheduler/current_thread/mod.rs:737:27
[INFO] [stdout]   36:     0x61c69de472c3 - tokio::runtime::scheduler::current_thread::CoreGuard::block_on::h9c8e3df29e0da723
[INFO] [stdout]                                at /opt/rustwide/cargo-home/registry/src/index.crates.io-1949cf8c6b5b557f/tokio-1.37.0/src/runtime/scheduler/current_thread/mod.rs:646:19
[INFO] [stdout]   37:     0x61c69de462cd - tokio::runtime::scheduler::current_thread::CurrentThread::block_on::{{closure}}::hcba8cb9e3facc889
[INFO] [stdout]                                at /opt/rustwide/cargo-home/registry/src/index.crates.io-1949cf8c6b5b557f/tokio-1.37.0/src/runtime/scheduler/current_thread/mod.rs:175:28
[INFO] [stdout]   38:     0x61c69de45b16 - tokio::runtime::context::runtime::enter_runtime::h9c105c915e3de9de
[INFO] [stdout]                                at /opt/rustwide/cargo-home/registry/src/index.crates.io-1949cf8c6b5b557f/tokio-1.37.0/src/runtime/context/runtime.rs:65:16
[INFO] [stdout]   39:     0x61c69de461e1 - tokio::runtime::scheduler::current_thread::CurrentThread::block_on::h02c960d775e0ddcf
[INFO] [stdout]                                at /opt/rustwide/cargo-home/registry/src/index.crates.io-1949cf8c6b5b557f/tokio-1.37.0/src/runtime/scheduler/current_thread/mod.rs:167:9
[INFO] [stdout]   40:     0x61c69de3f952 - tokio::runtime::runtime::Runtime::block_on::h5a20ad055ddd6f85
[INFO] [stdout]                                at /opt/rustwide/cargo-home/registry/src/index.crates.io-1949cf8c6b5b557f/tokio-1.37.0/src/runtime/runtime.rs:349:47
[INFO] [stdout]   41:     0x61c69de48ec0 - IFT::test2::test_case_2::h34bceaec03614b28
[INFO] [stdout]                                at /opt/rustwide/workdir/src/test2.rs:52:5
[INFO] [stdout]   42:     0x61c69de48d67 - IFT::test2::test_case_2::{{closure}}::h5563b9d27aacf4f7
[INFO] [stdout]                                at /opt/rustwide/workdir/src/test2.rs:8:23
[INFO] [stdout]   43:     0x61c69de4bda6 - core::ops::function::FnOnce::call_once::h7fc2c5291e9983e2
[INFO] [stdout]                                at /rustc/6067b36314ab5eb2eb47cecc464545ba58e1ad24/library/core/src/ops/function.rs:250:5
[INFO] [stdout]   44:     0x61c69e1ec5fb - core::ops::function::FnOnce::call_once::he27718dfdd183f43
[INFO] [stdout]                                at /rustc/6067b36314ab5eb2eb47cecc464545ba58e1ad24/library/core/src/ops/function.rs:250:5
[INFO] [stdout]   45:     0x61c69e1ec5fb - test::__rust_begin_short_backtrace::h4e84902998457a5d
[INFO] [stdout]                                at /rustc/6067b36314ab5eb2eb47cecc464545ba58e1ad24/library/test/src/lib.rs:632:18
[INFO] [stdout]   46:     0x61c69e1eb533 - test::run_test_in_process::{{closure}}::h7176fd18fc1feca0
[INFO] [stdout]                                at /rustc/6067b36314ab5eb2eb47cecc464545ba58e1ad24/library/test/src/lib.rs:655:60
[INFO] [stdout]   47:     0x61c69e1eb533 - <core::panic::unwind_safe::AssertUnwindSafe<F> as core::ops::function::FnOnce<()>>::call_once::hf79cff2a624d8cf7
[INFO] [stdout]                                at /rustc/6067b36314ab5eb2eb47cecc464545ba58e1ad24/library/core/src/panic/unwind_safe.rs:272:9
[INFO] [stdout]   48:     0x61c69e1eb533 - std::panicking::try::do_call::h3da0561d9ab99c25
[INFO] [stdout]                                at /rustc/6067b36314ab5eb2eb47cecc464545ba58e1ad24/library/std/src/panicking.rs:587:40
[INFO] [stdout]   49:     0x61c69e1eb533 - std::panicking::try::h41c9fa508bc61df6
[INFO] [stdout]                                at /rustc/6067b36314ab5eb2eb47cecc464545ba58e1ad24/library/std/src/panicking.rs:550:19
[INFO] [stdout]   50:     0x61c69e1eb533 - std::panic::catch_unwind::h6b3ff07bb5afad93
[INFO] [stdout]                                at /rustc/6067b36314ab5eb2eb47cecc464545ba58e1ad24/library/std/src/panic.rs:358:14
[INFO] [stdout]   51:     0x61c69e1eb533 - test::run_test_in_process::hc7253dd11b39b9f4
[INFO] [stdout]                                at /rustc/6067b36314ab5eb2eb47cecc464545ba58e1ad24/library/test/src/lib.rs:655:27
[INFO] [stdout]   52:     0x61c69e1eb533 - test::run_test::{{closure}}::hfb2007f8649c30bb
[INFO] [stdout]                                at /rustc/6067b36314ab5eb2eb47cecc464545ba58e1ad24/library/test/src/lib.rs:576:43
[INFO] [stdout]   53:     0x61c69e1ae615 - test::run_test::{{closure}}::h56a17aa7a282a9f4
[INFO] [stdout]                                at /rustc/6067b36314ab5eb2eb47cecc464545ba58e1ad24/library/test/src/lib.rs:606:41
[INFO] [stdout]   54:     0x61c69e1ae615 - std::sys::backtrace::__rust_begin_short_backtrace::hd2d2d2fb8e8c6aac
[INFO] [stdout]                                at /rustc/6067b36314ab5eb2eb47cecc464545ba58e1ad24/library/std/src/sys/backtrace.rs:152:18
[INFO] [stdout]   55:     0x61c69e1b1efa - std::thread::Builder::spawn_unchecked_::{{closure}}::{{closure}}::h4faa3f9db6133423
[INFO] [stdout]                                at /rustc/6067b36314ab5eb2eb47cecc464545ba58e1ad24/library/std/src/thread/mod.rs:559:17
[INFO] [stdout]   56:     0x61c69e1b1efa - <core::panic::unwind_safe::AssertUnwindSafe<F> as core::ops::function::FnOnce<()>>::call_once::hf2e855a36a4ea846
[INFO] [stdout]                                at /rustc/6067b36314ab5eb2eb47cecc464545ba58e1ad24/library/core/src/panic/unwind_safe.rs:272:9
[INFO] [stdout]   57:     0x61c69e1b1efa - std::panicking::try::do_call::h2f73af3616c35465
[INFO] [stdout]                                at /rustc/6067b36314ab5eb2eb47cecc464545ba58e1ad24/library/std/src/panicking.rs:587:40
[INFO] [stdout]   58:     0x61c69e1b1efa - std::panicking::try::hd1660ce9efadef5a
[INFO] [stdout]                                at /rustc/6067b36314ab5eb2eb47cecc464545ba58e1ad24/library/std/src/panicking.rs:550:19
[INFO] [stdout]   59:     0x61c69e1b1efa - std::panic::catch_unwind::h5ee8d7823b8ca744
[INFO] [stdout]                                at /rustc/6067b36314ab5eb2eb47cecc464545ba58e1ad24/library/std/src/panic.rs:358:14
[INFO] [stdout]   60:     0x61c69e1b1efa - std::thread::Builder::spawn_unchecked_::{{closure}}::h53c3a1894dce8407
[INFO] [stdout]                                at /rustc/6067b36314ab5eb2eb47cecc464545ba58e1ad24/library/std/src/thread/mod.rs:557:30
[INFO] [stdout]   61:     0x61c69e1b1efa - core::ops::function::FnOnce::call_once{{vtable.shim}}::h048ce291ad4f62bf
[INFO] [stdout]                                at /rustc/6067b36314ab5eb2eb47cecc464545ba58e1ad24/library/core/src/ops/function.rs:250:5
[INFO] [stdout]   62:     0x61c69e2d115b - <alloc::boxed::Box<F,A> as core::ops::function::FnOnce<Args>>::call_once::ha52bedf99a3b4981
[INFO] [stdout]                                at /rustc/6067b36314ab5eb2eb47cecc464545ba58e1ad24/library/alloc/src/boxed.rs:2013:9
[INFO] [stdout]   63:     0x61c69e2d115b - <alloc::boxed::Box<F,A> as core::ops::function::FnOnce<Args>>::call_once::h567748934d80ccf8
[INFO] [stdout]                                at /rustc/6067b36314ab5eb2eb47cecc464545ba58e1ad24/library/alloc/src/boxed.rs:2013:9
[INFO] [stdout]   64:     0x61c69e2d115b - std::sys::pal::unix::thread::Thread::new::thread_start::h2d970728ae887adc
[INFO] [stdout]                                at /rustc/6067b36314ab5eb2eb47cecc464545ba58e1ad24/library/std/src/sys/pal/unix/thread.rs:106:17
[INFO] [stdout]   65:     0x719342766ac3 - <unknown>
[INFO] [stdout]   66:     0x7193427f7a04 - clone
[INFO] [stdout]   67:                0x0 - <unknown>
[INFO] [stdout] 
[INFO] [stdout] 
[INFO] [stdout] failures:
[INFO] [stdout]     test1::test_case_1
[INFO] [stdout]     test2::test_case_2
[INFO] [stdout] 
[INFO] [stdout] test result: FAILED. 0 passed; 2 failed; 0 ignored; 0 measured; 0 filtered out; finished in 20.19s
[INFO] [stdout] 
[INFO] [stderr] error: test failed, to rerun pass `--bin IFT`
[INFO] running `Command { std: "docker" "inspect" "5f3f4334baf2a7d5056412d4062f0985a877fb5a827c6eb5b6bc909b58c995ae", kill_on_drop: false }`
[INFO] running `Command { std: "docker" "rm" "-f" "5f3f4334baf2a7d5056412d4062f0985a877fb5a827c6eb5b6bc909b58c995ae", kill_on_drop: false }`
[INFO] [stdout] 5f3f4334baf2a7d5056412d4062f0985a877fb5a827c6eb5b6bc909b58c995ae
