[INFO] cloning repository https://github.com/semtexzv/rafka
[INFO] running `Command { std: "git" "-c" "credential.helper=" "-c" "credential.helper=/workspace/cargo-home/bin/git-credential-null" "clone" "--bare" "https://github.com/semtexzv/rafka" "/workspace/cache/git-repos/https%3A%2F%2Fgithub.com%2Fsemtexzv%2Frafka", kill_on_drop: false }`
[INFO] [stderr] Cloning into bare repository '/workspace/cache/git-repos/https%3A%2F%2Fgithub.com%2Fsemtexzv%2Frafka'...
[INFO] running `Command { std: "git" "rev-parse" "HEAD", kill_on_drop: false }`
[INFO] [stdout] c93a9cb3646824605b62b382ef05770f39235fe4
[INFO] testing semtexzv/rafka against nightly-2025-01-18 for randomize-layout-2
[INFO] running `Command { std: "git" "clone" "/workspace/cache/git-repos/https%3A%2F%2Fgithub.com%2Fsemtexzv%2Frafka" "/workspace/builds/worker-1-tc1/source", kill_on_drop: false }`
[INFO] [stderr] Cloning into '/workspace/builds/worker-1-tc1/source'...
[INFO] [stderr] done.
[INFO] validating manifest of git repo https://github.com/semtexzv/rafka on toolchain nightly-2025-01-18
[INFO] running `Command { std: CARGO_HOME="/workspace/cargo-home" RUSTUP_HOME="/workspace/rustup-home" "/workspace/cargo-home/bin/cargo" "+nightly-2025-01-18" "metadata" "--manifest-path" "Cargo.toml" "--no-deps", kill_on_drop: false }`
[INFO] started tweaking git repo https://github.com/semtexzv/rafka
[INFO] finished tweaking git repo https://github.com/semtexzv/rafka
[INFO] tweaked toml for git repo https://github.com/semtexzv/rafka written to /workspace/builds/worker-1-tc1/source/Cargo.toml
[INFO] crate git repo https://github.com/semtexzv/rafka already has a lockfile, it will not be regenerated
[INFO] running `Command { std: CARGO_HOME="/workspace/cargo-home" RUSTUP_HOME="/workspace/rustup-home" "/workspace/cargo-home/bin/cargo" "+nightly-2025-01-18" "fetch" "--manifest-path" "Cargo.toml", kill_on_drop: false }`
[INFO] [stderr]     Updating crates.io index
[INFO] [stderr]  Downloading crates ...
[INFO] [stderr]   Downloaded tower v0.3.1
[INFO] [stderr]   Downloaded darling v0.10.2
[INFO] [stderr]   Downloaded darling_core v0.10.2
[INFO] [stderr]   Downloaded tower-discover v0.3.0
[INFO] [stderr]   Downloaded tower-load-shed v0.3.0
[INFO] [stderr]   Downloaded tower-retry v0.3.0
[INFO] [stderr]   Downloaded tower-load v0.3.0
[INFO] [stderr]   Downloaded pin-project-lite v0.1.8
[INFO] [stderr]   Downloaded tokio-tower v0.4.0
[INFO] [stderr]   Downloaded cc v1.0.60
[INFO] [stderr]   Downloaded crossbeam v0.7.3
[INFO] [stderr]   Downloaded pin-project v0.4.24
[INFO] [stderr]   Downloaded tower-buffer v0.3.0
[INFO] [stderr]   Downloaded syn v1.0.42
[INFO] [stderr]   Downloaded proc-macro2 v1.0.23
[INFO] [stderr]   Downloaded tower-timeout v0.3.0
[INFO] [stderr]   Downloaded pin-project-internal v0.4.24
[INFO] [stderr]   Downloaded tower-util v0.3.1
[INFO] [stderr]   Downloaded strsim v0.9.3
[INFO] [stderr]   Downloaded tower-limit v0.3.1
[INFO] [stderr]   Downloaded hermit-abi v0.1.16
[INFO] [stderr]   Downloaded tower-layer v0.3.0
[INFO] [stderr]   Downloaded darling_macro v0.10.2
[INFO] [stderr]   Downloaded libc v0.2.77
[INFO] running `Command { std: "docker" "create" "-v" "/var/lib/crater-agent-workspace/builds/worker-1-tc1/target:/opt/rustwide/target:rw,Z" "-v" "/var/lib/crater-agent-workspace/builds/worker-1-tc1/source:/opt/rustwide/workdir:ro,Z" "-v" "/var/lib/crater-agent-workspace/cargo-home:/opt/rustwide/cargo-home:ro,Z" "-v" "/var/lib/crater-agent-workspace/rustup-home:/opt/rustwide/rustup-home:ro,Z" "-e" "SOURCE_DIR=/opt/rustwide/workdir" "-e" "CARGO_TARGET_DIR=/opt/rustwide/target" "-e" "CARGO_HOME=/opt/rustwide/cargo-home" "-e" "RUSTUP_HOME=/opt/rustwide/rustup-home" "-w" "/opt/rustwide/workdir" "-m" "1610612736" "--user" "0:0" "--network" "none" "ghcr.io/rust-lang/crates-build-env/linux@sha256:819108c5571ea2e421544af4d832f968d213c87fbe3707a016657f43d2f853bc" "/opt/rustwide/cargo-home/bin/cargo" "+nightly-2025-01-18" "metadata" "--no-deps" "--format-version=1", kill_on_drop: false }`
[INFO] [stdout] 2e089941167b545ce6c839729a5e0c1c58269190411b2a2ae4b0788cb84aee3c
[INFO] running `Command { std: "docker" "start" "-a" "2e089941167b545ce6c839729a5e0c1c58269190411b2a2ae4b0788cb84aee3c", kill_on_drop: false }`
[INFO] running `Command { std: "docker" "inspect" "2e089941167b545ce6c839729a5e0c1c58269190411b2a2ae4b0788cb84aee3c", kill_on_drop: false }`
[INFO] running `Command { std: "docker" "rm" "-f" "2e089941167b545ce6c839729a5e0c1c58269190411b2a2ae4b0788cb84aee3c", kill_on_drop: false }`
[INFO] [stdout] 2e089941167b545ce6c839729a5e0c1c58269190411b2a2ae4b0788cb84aee3c
[INFO] running `Command { std: "docker" "create" "-v" "/var/lib/crater-agent-workspace/builds/worker-1-tc1/target:/opt/rustwide/target:rw,Z" "-v" "/var/lib/crater-agent-workspace/builds/worker-1-tc1/source:/opt/rustwide/workdir:ro,Z" "-v" "/var/lib/crater-agent-workspace/cargo-home:/opt/rustwide/cargo-home:ro,Z" "-v" "/var/lib/crater-agent-workspace/rustup-home:/opt/rustwide/rustup-home:ro,Z" "-e" "SOURCE_DIR=/opt/rustwide/workdir" "-e" "CARGO_TARGET_DIR=/opt/rustwide/target" "-e" "CARGO_INCREMENTAL=0" "-e" "RUST_BACKTRACE=full" "-e" "RUSTFLAGS=--cap-lints=forbid" "-e" "RUSTDOCFLAGS=--cap-lints=forbid" "-e" "CARGO_HOME=/opt/rustwide/cargo-home" "-e" "RUSTUP_HOME=/opt/rustwide/rustup-home" "-w" "/opt/rustwide/workdir" "-m" "1610612736" "--user" "0:0" "--network" "none" "ghcr.io/rust-lang/crates-build-env/linux@sha256:819108c5571ea2e421544af4d832f968d213c87fbe3707a016657f43d2f853bc" "/opt/rustwide/cargo-home/bin/cargo" "+nightly-2025-01-18" "build" "--frozen" "--message-format=json", kill_on_drop: false }`
[INFO] [stdout] fa966c5691f3f834a885c60c12848c67bf34de5b791d530c0cb76559d58819a3
[INFO] running `Command { std: "docker" "start" "-a" "fa966c5691f3f834a885c60c12848c67bf34de5b791d530c0cb76559d58819a3", kill_on_drop: false }`
[INFO] [stderr]    Compiling proc-macro2 v1.0.23
[INFO] [stderr]    Compiling syn v1.0.42
[INFO] [stderr]    Compiling libc v0.2.77
[INFO] [stderr]    Compiling futures-core v0.3.5
[INFO] [stderr]    Compiling log v0.4.11
[INFO] [stderr]    Compiling memchr v2.3.3
[INFO] [stderr]    Compiling pin-project-internal v0.4.24
[INFO] [stderr]    Compiling once_cell v1.4.1
[INFO] [stderr]    Compiling arc-swap v0.4.7
[INFO] [stderr]    Compiling bytes v0.5.6
[INFO] [stderr]    Compiling tower-service v0.3.0
[INFO] [stderr]    Compiling pin-project-lite v0.1.8
[INFO] [stderr]    Compiling crossbeam-utils v0.7.2
[INFO] [stderr]    Compiling futures-sink v0.3.5
[INFO] [stderr]    Compiling maybe-uninit v2.0.0
[INFO] [stderr]    Compiling cc v1.0.60
[INFO] [stderr]    Compiling proc-macro-hack v0.5.18
[INFO] [stderr]    Compiling memoffset v0.5.6
[INFO] [stderr]    Compiling tower-layer v0.3.0
[INFO] [stderr]    Compiling futures-task v0.3.5
[INFO] [stderr]    Compiling futures-channel v0.3.5
[INFO] [stderr]    Compiling futures-io v0.3.5
[INFO] [stderr]    Compiling crossbeam-epoch v0.8.2
[INFO] [stderr]    Compiling spin v0.5.2
[INFO] [stderr]    Compiling untrusted v0.7.1
[INFO] [stderr]    Compiling tracing-core v0.1.16
[INFO] [stderr]    Compiling ident_case v1.0.1
[INFO] [stderr]    Compiling strsim v0.9.3
[INFO] [stderr]    Compiling base64 v0.12.3
[INFO] [stderr]    Compiling anyhow v1.0.32
[INFO] [stderr]    Compiling byteorder v1.3.4
[INFO] [stderr]    Compiling quote v1.0.7
[INFO] [stderr]    Compiling crossbeam-queue v0.2.3
[INFO] [stderr]    Compiling crossbeam-channel v0.4.4
[INFO] [stderr]    Compiling net2 v0.2.35
[INFO] [stderr]    Compiling iovec v0.1.4
[INFO] [stderr]    Compiling signal-hook-registry v1.2.1
[INFO] [stderr]    Compiling num_cpus v1.13.0
[INFO] [stderr]    Compiling crossbeam-deque v0.7.3
[INFO] [stderr]    Compiling ring v0.16.15
[INFO] [stderr]    Compiling mio v0.6.22
[INFO] [stderr]    Compiling crossbeam v0.7.3
[INFO] [stderr]    Compiling mio-uds v0.6.8
[INFO] [stderr]    Compiling sct v0.6.0
[INFO] [stderr]    Compiling webpki v0.21.3
[INFO] [stderr]    Compiling rustls v0.18.1
[INFO] [stderr]    Compiling darling_core v0.10.2
[INFO] [stderr]    Compiling tokio-macros v0.2.5
[INFO] [stderr]    Compiling futures-macro v0.3.5
[INFO] [stderr]    Compiling tracing-attributes v0.1.11
[INFO] [stderr]    Compiling tokio v0.2.22
[INFO] [stderr]    Compiling tracing v0.1.19
[INFO] [stderr]    Compiling pin-project v0.4.24
[INFO] [stderr]    Compiling futures-util v0.3.5
[INFO] [stderr]    Compiling tower-discover v0.3.0
[INFO] [stderr]    Compiling tower-load-shed v0.3.0
[INFO] [stderr]    Compiling darling_macro v0.10.2
[INFO] [stderr]    Compiling darling v0.10.2
[INFO] [stderr]    Compiling rafka_codegen v0.0.0 (/opt/rustwide/workdir/codegen)
[INFO] [stdout] warning: fields `name`, `since`, `until`, and `default` are never read
[INFO] [stdout]   --> codegen/src/lib.rs:15:5
[INFO] [stdout]    |
[INFO] [stdout] 13 | struct Wrapper {
[INFO] [stdout]    |        ------- fields in this struct
[INFO] [stdout] 14 |     #[darling(default)]
[INFO] [stdout] 15 |     name: String,
[INFO] [stdout]    |     ^^^^
[INFO] [stdout] 16 |     #[darling(default)]
[INFO] [stdout] 17 |     since: Option<usize>,
[INFO] [stdout]    |     ^^^^^
[INFO] [stdout] 18 |     #[darling(default)]
[INFO] [stdout] 19 |     until: Option<usize>,
[INFO] [stdout]    |     ^^^^^
[INFO] [stdout] 20 |     #[darling(default)]
[INFO] [stdout] 21 |     default: bool,
[INFO] [stdout]    |     ^^^^^^^
[INFO] [stdout]    |
[INFO] [stdout]    = note: `Wrapper` has a derived impl for the trait `Debug`, but this is intentionally ignored during dead code analysis
[INFO] [stdout]    = note: `#[warn(dead_code)]` on by default
[INFO] [stdout] 
[INFO] [stdout] 
[INFO] [stdout] warning: fields `tag_since` and `tags` are never read
[INFO] [stdout]   --> codegen/src/lib.rs:34:5
[INFO] [stdout]    |
[INFO] [stdout] 28 | struct FieldArgs {
[INFO] [stdout]    |        --------- fields in this struct
[INFO] [stdout] ...
[INFO] [stdout] 34 |     tag_since: Option<usize>,
[INFO] [stdout]    |     ^^^^^^^^^
[INFO] [stdout] ...
[INFO] [stdout] 37 |     tags: bool,
[INFO] [stdout]    |     ^^^^
[INFO] [stdout]    |
[INFO] [stdout]    = note: `FieldArgs` has a derived impl for the trait `Debug`, but this is intentionally ignored during dead code analysis
[INFO] [stdout] 
[INFO] [stdout] 
[INFO] [stderr]    Compiling futures-executor v0.3.5
[INFO] [stderr]    Compiling tower-util v0.3.1
[INFO] [stderr]    Compiling tower-load v0.3.0
[INFO] [stderr]    Compiling tower-retry v0.3.0
[INFO] [stderr]    Compiling tower-buffer v0.3.0
[INFO] [stderr]    Compiling tower-timeout v0.3.0
[INFO] [stderr]    Compiling tokio-rustls v0.14.1
[INFO] [stderr]    Compiling tokio-util v0.3.1
[INFO] [stderr]    Compiling futures v0.3.5
[INFO] [stderr]    Compiling tower-limit v0.3.1
[INFO] [stderr]    Compiling tokio-tower v0.4.0
[INFO] [stderr]    Compiling tower v0.3.1
[INFO] [stderr]    Compiling rafka v0.1.0 (/opt/rustwide/workdir)
[INFO] [stdout] warning: the feature `min_const_generics` has been stable since 1.51.0 and no longer requires an attribute to enable
[INFO] [stdout]  --> src/lib.rs:1:12
[INFO] [stdout]   |
[INFO] [stdout] 1 | #![feature(min_const_generics)]
[INFO] [stdout]   |            ^^^^^^^^^^^^^^^^^^
[INFO] [stdout]   |
[INFO] [stdout]   = note: `#[warn(stable_features)]` on by default
[INFO] [stdout] 
[INFO] [stdout] 
[INFO] [stderr]     Finished `dev` profile [unoptimized + debuginfo] target(s) in 21.07s
[INFO] running `Command { std: "docker" "inspect" "fa966c5691f3f834a885c60c12848c67bf34de5b791d530c0cb76559d58819a3", kill_on_drop: false }`
[INFO] running `Command { std: "docker" "rm" "-f" "fa966c5691f3f834a885c60c12848c67bf34de5b791d530c0cb76559d58819a3", kill_on_drop: false }`
[INFO] [stdout] fa966c5691f3f834a885c60c12848c67bf34de5b791d530c0cb76559d58819a3
[INFO] running `Command { std: "docker" "create" "-v" "/var/lib/crater-agent-workspace/builds/worker-1-tc1/target:/opt/rustwide/target:rw,Z" "-v" "/var/lib/crater-agent-workspace/builds/worker-1-tc1/source:/opt/rustwide/workdir:ro,Z" "-v" "/var/lib/crater-agent-workspace/cargo-home:/opt/rustwide/cargo-home:ro,Z" "-v" "/var/lib/crater-agent-workspace/rustup-home:/opt/rustwide/rustup-home:ro,Z" "-e" "SOURCE_DIR=/opt/rustwide/workdir" "-e" "CARGO_TARGET_DIR=/opt/rustwide/target" "-e" "CARGO_INCREMENTAL=0" "-e" "RUST_BACKTRACE=full" "-e" "RUSTFLAGS=--cap-lints=forbid" "-e" "RUSTDOCFLAGS=--cap-lints=forbid" "-e" "CARGO_HOME=/opt/rustwide/cargo-home" "-e" "RUSTUP_HOME=/opt/rustwide/rustup-home" "-w" "/opt/rustwide/workdir" "-m" "1610612736" "--user" "0:0" "--network" "none" "ghcr.io/rust-lang/crates-build-env/linux@sha256:819108c5571ea2e421544af4d832f968d213c87fbe3707a016657f43d2f853bc" "/opt/rustwide/cargo-home/bin/cargo" "+nightly-2025-01-18" "test" "--frozen" "--no-run" "--message-format=json", kill_on_drop: false }`
[INFO] [stdout] b58c84f9baae05ee3108aa9c469c52ab2926d18a6e2e04fa0c74894ad4c1c806
[INFO] running `Command { std: "docker" "start" "-a" "b58c84f9baae05ee3108aa9c469c52ab2926d18a6e2e04fa0c74894ad4c1c806", kill_on_drop: false }`
[INFO] [stderr]    Compiling rafka v0.1.0 (/opt/rustwide/workdir)
[INFO] [stdout] warning: fields `name`, `since`, `until`, and `default` are never read
[INFO] [stdout]   --> codegen/src/lib.rs:15:5
[INFO] [stdout]    |
[INFO] [stdout] 13 | struct Wrapper {
[INFO] [stdout]    |        ------- fields in this struct
[INFO] [stdout] 14 |     #[darling(default)]
[INFO] [stdout] 15 |     name: String,
[INFO] [stdout]    |     ^^^^
[INFO] [stdout] 16 |     #[darling(default)]
[INFO] [stdout] 17 |     since: Option<usize>,
[INFO] [stdout]    |     ^^^^^
[INFO] [stdout] 18 |     #[darling(default)]
[INFO] [stdout] 19 |     until: Option<usize>,
[INFO] [stdout]    |     ^^^^^
[INFO] [stdout] 20 |     #[darling(default)]
[INFO] [stdout] 21 |     default: bool,
[INFO] [stdout]    |     ^^^^^^^
[INFO] [stdout]    |
[INFO] [stdout]    = note: `Wrapper` has a derived impl for the trait `Debug`, but this is intentionally ignored during dead code analysis
[INFO] [stdout]    = note: `#[warn(dead_code)]` on by default
[INFO] [stdout] 
[INFO] [stdout] 
[INFO] [stdout] warning: fields `tag_since` and `tags` are never read
[INFO] [stdout]   --> codegen/src/lib.rs:34:5
[INFO] [stdout]    |
[INFO] [stdout] 28 | struct FieldArgs {
[INFO] [stdout]    |        --------- fields in this struct
[INFO] [stdout] ...
[INFO] [stdout] 34 |     tag_since: Option<usize>,
[INFO] [stdout]    |     ^^^^^^^^^
[INFO] [stdout] ...
[INFO] [stdout] 37 |     tags: bool,
[INFO] [stdout]    |     ^^^^
[INFO] [stdout]    |
[INFO] [stdout]    = note: `FieldArgs` has a derived impl for the trait `Debug`, but this is intentionally ignored during dead code analysis
[INFO] [stdout] 
[INFO] [stdout] 
[INFO] [stdout] warning: the feature `min_const_generics` has been stable since 1.51.0 and no longer requires an attribute to enable
[INFO] [stdout]  --> src/lib.rs:1:12
[INFO] [stdout]   |
[INFO] [stdout] 1 | #![feature(min_const_generics)]
[INFO] [stdout]   |            ^^^^^^^^^^^^^^^^^^
[INFO] [stdout]   |
[INFO] [stdout]   = note: `#[warn(stable_features)]` on by default
[INFO] [stdout] 
[INFO] [stdout] 
[INFO] [stderr]     Finished `test` profile [unoptimized + debuginfo] target(s) in 2.11s
[INFO] running `Command { std: "docker" "inspect" "b58c84f9baae05ee3108aa9c469c52ab2926d18a6e2e04fa0c74894ad4c1c806", kill_on_drop: false }`
[INFO] running `Command { std: "docker" "rm" "-f" "b58c84f9baae05ee3108aa9c469c52ab2926d18a6e2e04fa0c74894ad4c1c806", kill_on_drop: false }`
[INFO] [stdout] b58c84f9baae05ee3108aa9c469c52ab2926d18a6e2e04fa0c74894ad4c1c806
[INFO] running `Command { std: "docker" "create" "-v" "/var/lib/crater-agent-workspace/builds/worker-1-tc1/target:/opt/rustwide/target:rw,Z" "-v" "/var/lib/crater-agent-workspace/builds/worker-1-tc1/source:/opt/rustwide/workdir:ro,Z" "-v" "/var/lib/crater-agent-workspace/cargo-home:/opt/rustwide/cargo-home:ro,Z" "-v" "/var/lib/crater-agent-workspace/rustup-home:/opt/rustwide/rustup-home:ro,Z" "-e" "SOURCE_DIR=/opt/rustwide/workdir" "-e" "CARGO_TARGET_DIR=/opt/rustwide/target" "-e" "CARGO_INCREMENTAL=0" "-e" "RUST_BACKTRACE=full" "-e" "RUSTFLAGS=--cap-lints=forbid" "-e" "RUSTDOCFLAGS=--cap-lints=forbid" "-e" "CARGO_HOME=/opt/rustwide/cargo-home" "-e" "RUSTUP_HOME=/opt/rustwide/rustup-home" "-w" "/opt/rustwide/workdir" "-m" "1610612736" "--user" "0:0" "--network" "none" "ghcr.io/rust-lang/crates-build-env/linux@sha256:819108c5571ea2e421544af4d832f968d213c87fbe3707a016657f43d2f853bc" "/opt/rustwide/cargo-home/bin/cargo" "+nightly-2025-01-18" "test" "--frozen", kill_on_drop: false }`
[INFO] [stdout] 55eb0fc981a442d760d67c36655209db66049a36bbd664daf5804129c94094d7
[INFO] running `Command { std: "docker" "start" "-a" "55eb0fc981a442d760d67c36655209db66049a36bbd664daf5804129c94094d7", kill_on_drop: false }`
[INFO] [stderr] warning: fields `name`, `since`, `until`, and `default` are never read
[INFO] [stderr]   --> codegen/src/lib.rs:15:5
[INFO] [stderr]    |
[INFO] [stderr] 13 | struct Wrapper {
[INFO] [stderr]    |        ------- fields in this struct
[INFO] [stderr] 14 |     #[darling(default)]
[INFO] [stderr] 15 |     name: String,
[INFO] [stderr]    |     ^^^^
[INFO] [stderr] 16 |     #[darling(default)]
[INFO] [stderr] 17 |     since: Option<usize>,
[INFO] [stderr]    |     ^^^^^
[INFO] [stderr] 18 |     #[darling(default)]
[INFO] [stderr] 19 |     until: Option<usize>,
[INFO] [stderr]    |     ^^^^^
[INFO] [stderr] 20 |     #[darling(default)]
[INFO] [stderr] 21 |     default: bool,
[INFO] [stderr]    |     ^^^^^^^
[INFO] [stderr]    |
[INFO] [stderr]    = note: `Wrapper` has a derived impl for the trait `Debug`, but this is intentionally ignored during dead code analysis
[INFO] [stderr]    = note: `#[warn(dead_code)]` on by default
[INFO] [stderr] 
[INFO] [stderr] warning: fields `tag_since` and `tags` are never read
[INFO] [stderr]   --> codegen/src/lib.rs:34:5
[INFO] [stderr]    |
[INFO] [stderr] 28 | struct FieldArgs {
[INFO] [stderr]    |        --------- fields in this struct
[INFO] [stderr] ...
[INFO] [stderr] 34 |     tag_since: Option<usize>,
[INFO] [stderr]    |     ^^^^^^^^^
[INFO] [stderr] ...
[INFO] [stderr] 37 |     tags: bool,
[INFO] [stderr]    |     ^^^^
[INFO] [stderr]    |
[INFO] [stderr]    = note: `FieldArgs` has a derived impl for the trait `Debug`, but this is intentionally ignored during dead code analysis
[INFO] [stderr] 
[INFO] [stderr] warning: `rafka_codegen` (lib) generated 2 warnings
[INFO] [stderr] warning: the feature `min_const_generics` has been stable since 1.51.0 and no longer requires an attribute to enable
[INFO] [stderr]  --> src/lib.rs:1:12
[INFO] [stderr]   |
[INFO] [stderr] 1 | #![feature(min_const_generics)]
[INFO] [stderr]   |            ^^^^^^^^^^^^^^^^^^
[INFO] [stderr]   |
[INFO] [stderr]   = note: `#[warn(stable_features)]` on by default
[INFO] [stderr] 
[INFO] [stderr] warning: `rafka` (lib test) generated 1 warning
[INFO] [stderr]     Finished `test` profile [unoptimized + debuginfo] target(s) in 0.10s
[INFO] [stderr]      Running unittests src/lib.rs (/opt/rustwide/target/debug/deps/rafka-1555d7866607dc5d)
[INFO] [stdout] 
[INFO] [stdout] running 2 tests
[INFO] [stdout] test proto::metadata::test_metadata ... FAILED
[INFO] [stdout] test proto::list_offsets::test_list_offsets ... FAILED
[INFO] [stdout] 
[INFO] [stdout] failures:
[INFO] [stdout] 
[INFO] [stdout] ---- proto::metadata::test_metadata stdout ----
[INFO] [stdout] 
[INFO] [stdout] thread 'proto::metadata::test_metadata' panicked at src/transport/mod.rs:180:37:
[INFO] [stdout] called `Result::unwrap()` on an `Err` value: ClientDropped
[INFO] [stdout] stack backtrace:
[INFO] [stdout]    0:     0x594591d48dba - std::backtrace_rs::backtrace::libunwind::trace::hb059275cfc8d6126
[INFO] [stdout]                                at /rustc/6067b36314ab5eb2eb47cecc464545ba58e1ad24/library/std/src/../../backtrace/src/backtrace/libunwind.rs:116:5
[INFO] [stdout]    1:     0x594591d48dba - std::backtrace_rs::backtrace::trace_unsynchronized::h2da071e4327ce3ee
[INFO] [stdout]                                at /rustc/6067b36314ab5eb2eb47cecc464545ba58e1ad24/library/std/src/../../backtrace/src/backtrace/mod.rs:66:5
[INFO] [stdout]    2:     0x594591d48dba - std::sys::backtrace::_print_fmt::h842a1474e6f8d23f
[INFO] [stdout]                                at /rustc/6067b36314ab5eb2eb47cecc464545ba58e1ad24/library/std/src/sys/backtrace.rs:66:9
[INFO] [stdout]    3:     0x594591d48dba - <std::sys::backtrace::BacktraceLock::print::DisplayBacktrace as core::fmt::Display>::fmt::h71a62eb3b9696b12
[INFO] [stdout]                                at /rustc/6067b36314ab5eb2eb47cecc464545ba58e1ad24/library/std/src/sys/backtrace.rs:39:26
[INFO] [stdout]    4:     0x594591d719e3 - core::fmt::rt::Argument::fmt::hdb6b616786b41dc1
[INFO] [stdout]                                at /rustc/6067b36314ab5eb2eb47cecc464545ba58e1ad24/library/core/src/fmt/rt.rs:177:76
[INFO] [stdout]    5:     0x594591d719e3 - core::fmt::write::h2cc1698af7e2d686
[INFO] [stdout]                                at /rustc/6067b36314ab5eb2eb47cecc464545ba58e1ad24/library/core/src/fmt/mod.rs:1440:21
[INFO] [stdout]    6:     0x594591d45093 - std::io::Write::write_fmt::hab1b4cd059a79022
[INFO] [stdout]                                at /rustc/6067b36314ab5eb2eb47cecc464545ba58e1ad24/library/std/src/io/mod.rs:1887:15
[INFO] [stdout]    7:     0x594591d48c02 - std::sys::backtrace::BacktraceLock::print::h147fe35b4ea13b08
[INFO] [stdout]                                at /rustc/6067b36314ab5eb2eb47cecc464545ba58e1ad24/library/std/src/sys/backtrace.rs:42:9
[INFO] [stdout]    8:     0x594591d4a1df - std::panicking::default_hook::{{closure}}::hbd44223dbdc0d208
[INFO] [stdout]                                at /rustc/6067b36314ab5eb2eb47cecc464545ba58e1ad24/library/std/src/panicking.rs:298:22
[INFO] [stdout]    9:     0x594591d49ff8 - std::panicking::default_hook::h20f81eb0576efcec
[INFO] [stdout]                                at /rustc/6067b36314ab5eb2eb47cecc464545ba58e1ad24/library/std/src/panicking.rs:322:9
[INFO] [stdout]   10:     0x594591c8b4a3 - <alloc::boxed::Box<F,A> as core::ops::function::Fn<Args>>::call::hdb53814c496a4d34
[INFO] [stdout]                                at /rustc/6067b36314ab5eb2eb47cecc464545ba58e1ad24/library/alloc/src/boxed.rs:2027:9
[INFO] [stdout]   11:     0x594591c8b4a3 - test::test_main::{{closure}}::hc0a4963c59427c24
[INFO] [stdout]                                at /rustc/6067b36314ab5eb2eb47cecc464545ba58e1ad24/library/test/src/lib.rs:134:21
[INFO] [stdout]   12:     0x594591d4acd3 - <alloc::boxed::Box<F,A> as core::ops::function::Fn<Args>>::call::h591b2225413a77e9
[INFO] [stdout]                                at /rustc/6067b36314ab5eb2eb47cecc464545ba58e1ad24/library/alloc/src/boxed.rs:2027:9
[INFO] [stdout]   13:     0x594591d4acd3 - std::panicking::rust_panic_with_hook::h625eea43051b2edc
[INFO] [stdout]                                at /rustc/6067b36314ab5eb2eb47cecc464545ba58e1ad24/library/std/src/panicking.rs:839:13
[INFO] [stdout]   14:     0x594591d4a98a - std::panicking::begin_panic_handler::{{closure}}::h4f9159cfbc3f6bd3
[INFO] [stdout]                                at /rustc/6067b36314ab5eb2eb47cecc464545ba58e1ad24/library/std/src/panicking.rs:704:13
[INFO] [stdout]   15:     0x594591d492b9 - std::sys::backtrace::__rust_end_short_backtrace::h0390abce48353151
[INFO] [stdout]                                at /rustc/6067b36314ab5eb2eb47cecc464545ba58e1ad24/library/std/src/sys/backtrace.rs:168:18
[INFO] [stdout]   16:     0x594591d4a61d - rust_begin_unwind
[INFO] [stdout]                                at /rustc/6067b36314ab5eb2eb47cecc464545ba58e1ad24/library/std/src/panicking.rs:695:5
[INFO] [stdout]   17:     0x594591d703a0 - core::panicking::panic_fmt::h9e7c637e9e5f29c9
[INFO] [stdout]                                at /rustc/6067b36314ab5eb2eb47cecc464545ba58e1ad24/library/core/src/panicking.rs:75:14
[INFO] [stdout]   18:     0x594591d70816 - core::result::unwrap_failed::h7979f09313fe1849
[INFO] [stdout]                                at /rustc/6067b36314ab5eb2eb47cecc464545ba58e1ad24/library/core/src/result.rs:1704:5
[INFO] [stdout]   19:     0x594591c1bf5f - core::result::Result<T,E>::unwrap::haaeaa06d6da5f1a9
[INFO] [stdout]                                at /rustc/6067b36314ab5eb2eb47cecc464545ba58e1ad24/library/core/src/result.rs:1109:23
[INFO] [stdout]   20:     0x594591c1bf5f - <rafka::transport::TypedClient<T> as tower_service::Service<rafka::transport::CallReq<Req>>>::call::{{closure}}::hcfcbf123e4538c13
[INFO] [stdout]                                at /opt/rustwide/workdir/src/transport/mod.rs:180:27
[INFO] [stdout]   21:     0x594591c10bcf - <core::pin::Pin<P> as core::future::future::Future>::poll::h7bff5a4007f55af3
[INFO] [stdout]                                at /rustc/6067b36314ab5eb2eb47cecc464545ba58e1ad24/library/core/src/future/future.rs:124:9
[INFO] [stdout]   22:     0x594591c12ff1 - rafka::client::Client::connect::{{closure}}::he10a6bd64f8af15e
[INFO] [stdout]                                at /opt/rustwide/workdir/src/client/mod.rs:35:47
[INFO] [stdout]   23:     0x594591c398dc - rafka::proto::metadata::test_metadata::{{closure}}::ha180116276b890a2
[INFO] [stdout]                                at /opt/rustwide/workdir/src/proto/metadata.rs:122:52
[INFO] [stdout]   24:     0x594591c2124f - tokio::runtime::basic_scheduler::BasicScheduler<P>::block_on::{{closure}}::{{closure}}::hb9387e9298b234e2
[INFO] [stdout]                                at /opt/rustwide/cargo-home/registry/src/index.crates.io-1949cf8c6b5b557f/tokio-0.2.22/src/runtime/basic_scheduler.rs:131:58
[INFO] [stdout]   25:     0x594591c415d3 - tokio::coop::with_budget::{{closure}}::h1b343740e8a84d20
[INFO] [stdout]                                at /opt/rustwide/cargo-home/registry/src/index.crates.io-1949cf8c6b5b557f/tokio-0.2.22/src/coop.rs:127:9
[INFO] [stdout]   26:     0x594591c0df15 - std::thread::local::LocalKey<T>::try_with::h035edbde5872e2ae
[INFO] [stdout]                                at /rustc/6067b36314ab5eb2eb47cecc464545ba58e1ad24/library/std/src/thread/local.rs:308:12
[INFO] [stdout]   27:     0x594591c0dd1a - std::thread::local::LocalKey<T>::with::he6a04b1cbc90b9a0
[INFO] [stdout]                                at /rustc/6067b36314ab5eb2eb47cecc464545ba58e1ad24/library/std/src/thread/local.rs:272:9
[INFO] [stdout]   28:     0x594591c204bc - tokio::coop::with_budget::h0bafa277f9bc5c15
[INFO] [stdout]                                at /opt/rustwide/cargo-home/registry/src/index.crates.io-1949cf8c6b5b557f/tokio-0.2.22/src/coop.rs:120:5
[INFO] [stdout]   29:     0x594591c204bc - tokio::coop::budget::h5c9c28037e92593c
[INFO] [stdout]                                at /opt/rustwide/cargo-home/registry/src/index.crates.io-1949cf8c6b5b557f/tokio-0.2.22/src/coop.rs:96:5
[INFO] [stdout]   30:     0x594591c204bc - tokio::runtime::basic_scheduler::BasicScheduler<P>::block_on::{{closure}}::h3d5973ac24b2fad2
[INFO] [stdout]                                at /opt/rustwide/cargo-home/registry/src/index.crates.io-1949cf8c6b5b557f/tokio-0.2.22/src/runtime/basic_scheduler.rs:131:35
[INFO] [stdout]   31:     0x594591c21abc - tokio::runtime::basic_scheduler::enter::{{closure}}::h49091bb8b1e56f36
[INFO] [stdout]                                at /opt/rustwide/cargo-home/registry/src/index.crates.io-1949cf8c6b5b557f/tokio-0.2.22/src/runtime/basic_scheduler.rs:213:29
[INFO] [stdout]   32:     0x594591c368c9 - tokio::macros::scoped_tls::ScopedKey<T>::set::ha65ae50210222677
[INFO] [stdout]                                at /opt/rustwide/cargo-home/registry/src/index.crates.io-1949cf8c6b5b557f/tokio-0.2.22/src/macros/scoped_tls.rs:63:9
[INFO] [stdout]   33:     0x594591c21a1b - tokio::runtime::basic_scheduler::enter::h51ddc9cfa04ca75b
[INFO] [stdout]                                at /opt/rustwide/cargo-home/registry/src/index.crates.io-1949cf8c6b5b557f/tokio-0.2.22/src/runtime/basic_scheduler.rs:213:5
[INFO] [stdout]   34:     0x594591c201d2 - tokio::runtime::basic_scheduler::BasicScheduler<P>::block_on::h0f71fc22b733f3fa
[INFO] [stdout]                                at /opt/rustwide/cargo-home/registry/src/index.crates.io-1949cf8c6b5b557f/tokio-0.2.22/src/runtime/basic_scheduler.rs:123:9
[INFO] [stdout]   35:     0x594591c36c95 - tokio::runtime::Runtime::block_on::{{closure}}::hd3407cb8654acf17
[INFO] [stdout]                                at /opt/rustwide/cargo-home/registry/src/index.crates.io-1949cf8c6b5b557f/tokio-0.2.22/src/runtime/mod.rs:444:34
[INFO] [stdout]   36:     0x594591c10496 - tokio::runtime::context::enter::ha1914bc60e036ed1
[INFO] [stdout]                                at /opt/rustwide/cargo-home/registry/src/index.crates.io-1949cf8c6b5b557f/tokio-0.2.22/src/runtime/context.rs:72:5
[INFO] [stdout]   37:     0x594591c45d4c - tokio::runtime::handle::Handle::enter::h2db8c7b87ab10815
[INFO] [stdout]                                at /opt/rustwide/cargo-home/registry/src/index.crates.io-1949cf8c6b5b557f/tokio-0.2.22/src/runtime/handle.rs:76:9
[INFO] [stdout]   38:     0x594591c36a79 - tokio::runtime::Runtime::block_on::hc1ea9248fb5dc1c1
[INFO] [stdout]                                at /opt/rustwide/cargo-home/registry/src/index.crates.io-1949cf8c6b5b557f/tokio-0.2.22/src/runtime/mod.rs:441:9
[INFO] [stdout]   39:     0x594591c396a8 - rafka::proto::metadata::test_metadata::h91fa04c3ed9fd15e
[INFO] [stdout]                                at /opt/rustwide/workdir/src/proto/metadata.rs:120:1
[INFO] [stdout]   40:     0x594591c39517 - rafka::proto::metadata::test_metadata::{{closure}}::he04e344c80894cef
[INFO] [stdout]                                at /opt/rustwide/workdir/src/proto/metadata.rs:121:25
[INFO] [stdout]   41:     0x594591c14e86 - core::ops::function::FnOnce::call_once::h2389615015d7cfd4
[INFO] [stdout]                                at /rustc/6067b36314ab5eb2eb47cecc464545ba58e1ad24/library/core/src/ops/function.rs:250:5
[INFO] [stdout]   42:     0x594591c90bfb - core::ops::function::FnOnce::call_once::he27718dfdd183f43
[INFO] [stdout]                                at /rustc/6067b36314ab5eb2eb47cecc464545ba58e1ad24/library/core/src/ops/function.rs:250:5
[INFO] [stdout]   43:     0x594591c90bfb - test::__rust_begin_short_backtrace::h4e84902998457a5d
[INFO] [stdout]                                at /rustc/6067b36314ab5eb2eb47cecc464545ba58e1ad24/library/test/src/lib.rs:632:18
[INFO] [stdout]   44:     0x594591c8fb33 - test::run_test_in_process::{{closure}}::h7176fd18fc1feca0
[INFO] [stdout]                                at /rustc/6067b36314ab5eb2eb47cecc464545ba58e1ad24/library/test/src/lib.rs:655:60
[INFO] [stdout]   45:     0x594591c8fb33 - <core::panic::unwind_safe::AssertUnwindSafe<F> as core::ops::function::FnOnce<()>>::call_once::hf79cff2a624d8cf7
[INFO] [stdout]                                at /rustc/6067b36314ab5eb2eb47cecc464545ba58e1ad24/library/core/src/panic/unwind_safe.rs:272:9
[INFO] [stdout]   46:     0x594591c8fb33 - std::panicking::try::do_call::h3da0561d9ab99c25
[INFO] [stdout]                                at /rustc/6067b36314ab5eb2eb47cecc464545ba58e1ad24/library/std/src/panicking.rs:587:40
[INFO] [stdout]   47:     0x594591c8fb33 - std::panicking::try::h41c9fa508bc61df6
[INFO] [stdout]                                at /rustc/6067b36314ab5eb2eb47cecc464545ba58e1ad24/library/std/src/panicking.rs:550:19
[INFO] [stdout]   48:     0x594591c8fb33 - std::panic::catch_unwind::h6b3ff07bb5afad93
[INFO] [stdout]                                at /rustc/6067b36314ab5eb2eb47cecc464545ba58e1ad24/library/std/src/panic.rs:358:14
[INFO] [stdout]   49:     0x594591c8fb33 - test::run_test_in_process::hc7253dd11b39b9f4
[INFO] [stdout]                                at /rustc/6067b36314ab5eb2eb47cecc464545ba58e1ad24/library/test/src/lib.rs:655:27
[INFO] [stdout]   50:     0x594591c8fb33 - test::run_test::{{closure}}::hfb2007f8649c30bb
[INFO] [stdout]                                at /rustc/6067b36314ab5eb2eb47cecc464545ba58e1ad24/library/test/src/lib.rs:576:43
[INFO] [stdout]   51:     0x594591c52c15 - test::run_test::{{closure}}::h56a17aa7a282a9f4
[INFO] [stdout]                                at /rustc/6067b36314ab5eb2eb47cecc464545ba58e1ad24/library/test/src/lib.rs:606:41
[INFO] [stdout]   52:     0x594591c52c15 - std::sys::backtrace::__rust_begin_short_backtrace::hd2d2d2fb8e8c6aac
[INFO] [stdout]                                at /rustc/6067b36314ab5eb2eb47cecc464545ba58e1ad24/library/std/src/sys/backtrace.rs:152:18
[INFO] [stdout]   53:     0x594591c564fa - std::thread::Builder::spawn_unchecked_::{{closure}}::{{closure}}::h4faa3f9db6133423
[INFO] [stdout]                                at /rustc/6067b36314ab5eb2eb47cecc464545ba58e1ad24/library/std/src/thread/mod.rs:559:17
[INFO] [stdout]   54:     0x594591c564fa - <core::panic::unwind_safe::AssertUnwindSafe<F> as core::ops::function::FnOnce<()>>::call_once::hf2e855a36a4ea846
[INFO] [stdout]                                at /rustc/6067b36314ab5eb2eb47cecc464545ba58e1ad24/library/core/src/panic/unwind_safe.rs:272:9
[INFO] [stdout]   55:     0x594591c564fa - std::panicking::try::do_call::h2f73af3616c35465
[INFO] [stdout]                                at /rustc/6067b36314ab5eb2eb47cecc464545ba58e1ad24/library/std/src/panicking.rs:587:40
[INFO] [stdout]   56:     0x594591c564fa - std::panicking::try::hd1660ce9efadef5a
[INFO] [stdout]                                at /rustc/6067b36314ab5eb2eb47cecc464545ba58e1ad24/library/std/src/panicking.rs:550:19
[INFO] [stdout]   57:     0x594591c564fa - std::panic::catch_unwind::h5ee8d7823b8ca744
[INFO] [stdout]                                at /rustc/6067b36314ab5eb2eb47cecc464545ba58e1ad24/library/std/src/panic.rs:358:14
[INFO] [stdout]   58:     0x594591c564fa - std::thread::Builder::spawn_unchecked_::{{closure}}::h53c3a1894dce8407
[INFO] [stdout]                                at /rustc/6067b36314ab5eb2eb47cecc464545ba58e1ad24/library/std/src/thread/mod.rs:557:30
[INFO] [stdout]   59:     0x594591c564fa - core::ops::function::FnOnce::call_once{{vtable.shim}}::h048ce291ad4f62bf
[INFO] [stdout]                                at /rustc/6067b36314ab5eb2eb47cecc464545ba58e1ad24/library/core/src/ops/function.rs:250:5
[INFO] [stdout]   60:     0x594591d4ec6b - <alloc::boxed::Box<F,A> as core::ops::function::FnOnce<Args>>::call_once::ha52bedf99a3b4981
[INFO] [stdout]                                at /rustc/6067b36314ab5eb2eb47cecc464545ba58e1ad24/library/alloc/src/boxed.rs:2013:9
[INFO] [stdout]   61:     0x594591d4ec6b - <alloc::boxed::Box<F,A> as core::ops::function::FnOnce<Args>>::call_once::h567748934d80ccf8
[INFO] [stdout]                                at /rustc/6067b36314ab5eb2eb47cecc464545ba58e1ad24/library/alloc/src/boxed.rs:2013:9
[INFO] [stdout]   62:     0x594591d4ec6b - std::sys::pal::unix::thread::Thread::new::thread_start::h2d970728ae887adc
[INFO] [stdout]                                at /rustc/6067b36314ab5eb2eb47cecc464545ba58e1ad24/library/std/src/sys/pal/unix/thread.rs:106:17
[INFO] [stdout]   63:     0x711d52106ac3 - <unknown>
[INFO] [stdout]   64:     0x711d52197a04 - clone
[INFO] [stdout]   65:                0x0 - <unknown>
[INFO] [stdout] 
[INFO] [stdout] ---- proto::list_offsets::test_list_offsets stdout ----
[INFO] [stdout] 
[INFO] [stdout] thread 'proto::list_offsets::test_list_offsets' panicked at src/transport/mod.rs:180:37:
[INFO] [stdout] called `Result::unwrap()` on an `Err` value: ClientDropped
[INFO] [stdout] stack backtrace:
[INFO] [stdout]    0:     0x594591d48dba - std::backtrace_rs::backtrace::libunwind::trace::hb059275cfc8d6126
[INFO] [stdout]                                at /rustc/6067b36314ab5eb2eb47cecc464545ba58e1ad24/library/std/src/../../backtrace/src/backtrace/libunwind.rs:116:5
[INFO] [stdout]    1:     0x594591d48dba - std::backtrace_rs::backtrace::trace_unsynchronized::h2da071e4327ce3ee
[INFO] [stdout]                                at /rustc/6067b36314ab5eb2eb47cecc464545ba58e1ad24/library/std/src/../../backtrace/src/backtrace/mod.rs:66:5
[INFO] [stdout]    2:     0x594591d48dba - std::sys::backtrace::_print_fmt::h842a1474e6f8d23f
[INFO] [stdout]                                at /rustc/6067b36314ab5eb2eb47cecc464545ba58e1ad24/library/std/src/sys/backtrace.rs:66:9
[INFO] [stdout]    3:     0x594591d48dba - <std::sys::backtrace::BacktraceLock::print::DisplayBacktrace as core::fmt::Display>::fmt::h71a62eb3b9696b12
[INFO] [stdout]                                at /rustc/6067b36314ab5eb2eb47cecc464545ba58e1ad24/library/std/src/sys/backtrace.rs:39:26
[INFO] [stdout]    4:     0x594591d719e3 - core::fmt::rt::Argument::fmt::hdb6b616786b41dc1
[INFO] [stdout]                                at /rustc/6067b36314ab5eb2eb47cecc464545ba58e1ad24/library/core/src/fmt/rt.rs:177:76
[INFO] [stdout]    5:     0x594591d719e3 - core::fmt::write::h2cc1698af7e2d686
[INFO] [stdout]                                at /rustc/6067b36314ab5eb2eb47cecc464545ba58e1ad24/library/core/src/fmt/mod.rs:1440:21
[INFO] [stdout]    6:     0x594591d45093 - std::io::Write::write_fmt::hab1b4cd059a79022
[INFO] [stdout]                                at /rustc/6067b36314ab5eb2eb47cecc464545ba58e1ad24/library/std/src/io/mod.rs:1887:15
[INFO] [stdout]    7:     0x594591d48c02 - std::sys::backtrace::BacktraceLock::print::h147fe35b4ea13b08
[INFO] [stdout]                                at /rustc/6067b36314ab5eb2eb47cecc464545ba58e1ad24/library/std/src/sys/backtrace.rs:42:9
[INFO] [stdout]    8:     0x594591d4a1df - std::panicking::default_hook::{{closure}}::hbd44223dbdc0d208
[INFO] [stdout]                                at /rustc/6067b36314ab5eb2eb47cecc464545ba58e1ad24/library/std/src/panicking.rs:298:22
[INFO] [stdout]    9:     0x594591d49ff8 - std::panicking::default_hook::h20f81eb0576efcec
[INFO] [stdout]                                at /rustc/6067b36314ab5eb2eb47cecc464545ba58e1ad24/library/std/src/panicking.rs:322:9
[INFO] [stdout]   10:     0x594591c8b4a3 - <alloc::boxed::Box<F,A> as core::ops::function::Fn<Args>>::call::hdb53814c496a4d34
[INFO] [stdout]                                at /rustc/6067b36314ab5eb2eb47cecc464545ba58e1ad24/library/alloc/src/boxed.rs:2027:9
[INFO] [stdout]   11:     0x594591c8b4a3 - test::test_main::{{closure}}::hc0a4963c59427c24
[INFO] [stdout]                                at /rustc/6067b36314ab5eb2eb47cecc464545ba58e1ad24/library/test/src/lib.rs:134:21
[INFO] [stdout]   12:     0x594591d4acd3 - <alloc::boxed::Box<F,A> as core::ops::function::Fn<Args>>::call::h591b2225413a77e9
[INFO] [stdout]                                at /rustc/6067b36314ab5eb2eb47cecc464545ba58e1ad24/library/alloc/src/boxed.rs:2027:9
[INFO] [stdout]   13:     0x594591d4acd3 - std::panicking::rust_panic_with_hook::h625eea43051b2edc
[INFO] [stdout]                                at /rustc/6067b36314ab5eb2eb47cecc464545ba58e1ad24/library/std/src/panicking.rs:839:13
[INFO] [stdout]   14:     0x594591d4a98a - std::panicking::begin_panic_handler::{{closure}}::h4f9159cfbc3f6bd3
[INFO] [stdout]                                at /rustc/6067b36314ab5eb2eb47cecc464545ba58e1ad24/library/std/src/panicking.rs:704:13
[INFO] [stdout]   15:     0x594591d492b9 - std::sys::backtrace::__rust_end_short_backtrace::h0390abce48353151
[INFO] [stdout]                                at /rustc/6067b36314ab5eb2eb47cecc464545ba58e1ad24/library/std/src/sys/backtrace.rs:168:18
[INFO] [stdout]   16:     0x594591d4a61d - rust_begin_unwind
[INFO] [stdout]                                at /rustc/6067b36314ab5eb2eb47cecc464545ba58e1ad24/library/std/src/panicking.rs:695:5
[INFO] [stdout]   17:     0x594591d703a0 - core::panicking::panic_fmt::h9e7c637e9e5f29c9
[INFO] [stdout]                                at /rustc/6067b36314ab5eb2eb47cecc464545ba58e1ad24/library/core/src/panicking.rs:75:14
[INFO] [stdout]   18:     0x594591d70816 - core::result::unwrap_failed::h7979f09313fe1849
[INFO] [stdout]                                at /rustc/6067b36314ab5eb2eb47cecc464545ba58e1ad24/library/core/src/result.rs:1704:5
[INFO] [stdout]   19:     0x594591c1bf5f - core::result::Result<T,E>::unwrap::haaeaa06d6da5f1a9
[INFO] [stdout]                                at /rustc/6067b36314ab5eb2eb47cecc464545ba58e1ad24/library/core/src/result.rs:1109:23
[INFO] [stdout]   20:     0x594591c1bf5f - <rafka::transport::TypedClient<T> as tower_service::Service<rafka::transport::CallReq<Req>>>::call::{{closure}}::hcfcbf123e4538c13
[INFO] [stdout]                                at /opt/rustwide/workdir/src/transport/mod.rs:180:27
[INFO] [stdout]   21:     0x594591c10bcf - <core::pin::Pin<P> as core::future::future::Future>::poll::h7bff5a4007f55af3
[INFO] [stdout]                                at /rustc/6067b36314ab5eb2eb47cecc464545ba58e1ad24/library/core/src/future/future.rs:124:9
[INFO] [stdout]   22:     0x594591c12ff1 - rafka::client::Client::connect::{{closure}}::he10a6bd64f8af15e
[INFO] [stdout]                                at /opt/rustwide/workdir/src/client/mod.rs:35:47
[INFO] [stdout]   23:     0x594591c38da2 - rafka::proto::list_offsets::test_list_offsets::{{closure}}::he046f19865e55646
[INFO] [stdout]                                at /opt/rustwide/workdir/src/proto/list_offsets.rs:93:52
[INFO] [stdout]   24:     0x594591c211df - tokio::runtime::basic_scheduler::BasicScheduler<P>::block_on::{{closure}}::{{closure}}::h3ec5a3b61da67e25
[INFO] [stdout]                                at /opt/rustwide/cargo-home/registry/src/index.crates.io-1949cf8c6b5b557f/tokio-0.2.22/src/runtime/basic_scheduler.rs:131:58
[INFO] [stdout]   25:     0x594591c41a93 - tokio::coop::with_budget::{{closure}}::ha6b99250c1932d3a
[INFO] [stdout]                                at /opt/rustwide/cargo-home/registry/src/index.crates.io-1949cf8c6b5b557f/tokio-0.2.22/src/coop.rs:127:9
[INFO] [stdout]   26:     0x594591c0e015 - std::thread::local::LocalKey<T>::try_with::h071f556e85dc5102
[INFO] [stdout]                                at /rustc/6067b36314ab5eb2eb47cecc464545ba58e1ad24/library/std/src/thread/local.rs:308:12
[INFO] [stdout]   27:     0x594591c0daea - std::thread::local::LocalKey<T>::with::h4098e4f4534a86be
[INFO] [stdout]                                at /rustc/6067b36314ab5eb2eb47cecc464545ba58e1ad24/library/std/src/thread/local.rs:272:9
[INFO] [stdout]   28:     0x594591c20c2c - tokio::coop::with_budget::h12d5dda776515873
[INFO] [stdout]                                at /opt/rustwide/cargo-home/registry/src/index.crates.io-1949cf8c6b5b557f/tokio-0.2.22/src/coop.rs:120:5
[INFO] [stdout]   29:     0x594591c20c2c - tokio::coop::budget::h16bba82b6fba86ed
[INFO] [stdout]                                at /opt/rustwide/cargo-home/registry/src/index.crates.io-1949cf8c6b5b557f/tokio-0.2.22/src/coop.rs:96:5
[INFO] [stdout]   30:     0x594591c20c2c - tokio::runtime::basic_scheduler::BasicScheduler<P>::block_on::{{closure}}::h5dfbc653743a0f2f
[INFO] [stdout]                                at /opt/rustwide/cargo-home/registry/src/index.crates.io-1949cf8c6b5b557f/tokio-0.2.22/src/runtime/basic_scheduler.rs:131:35
[INFO] [stdout]   31:     0x594591c21b0c - tokio::runtime::basic_scheduler::enter::{{closure}}::h674e5fdf9ed0471a
[INFO] [stdout]                                at /opt/rustwide/cargo-home/registry/src/index.crates.io-1949cf8c6b5b557f/tokio-0.2.22/src/runtime/basic_scheduler.rs:213:29
[INFO] [stdout]   32:     0x594591c367a9 - tokio::macros::scoped_tls::ScopedKey<T>::set::h0e0ac0de778161bb
[INFO] [stdout]                                at /opt/rustwide/cargo-home/registry/src/index.crates.io-1949cf8c6b5b557f/tokio-0.2.22/src/macros/scoped_tls.rs:63:9
[INFO] [stdout]   33:     0x594591c2166b - tokio::runtime::basic_scheduler::enter::h0400d92104cc119e
[INFO] [stdout]                                at /opt/rustwide/cargo-home/registry/src/index.crates.io-1949cf8c6b5b557f/tokio-0.2.22/src/runtime/basic_scheduler.rs:213:5
[INFO] [stdout]   34:     0x594591c20212 - tokio::runtime::basic_scheduler::BasicScheduler<P>::block_on::ha655ed363b69daad
[INFO] [stdout]                                at /opt/rustwide/cargo-home/registry/src/index.crates.io-1949cf8c6b5b557f/tokio-0.2.22/src/runtime/basic_scheduler.rs:123:9
[INFO] [stdout]   35:     0x594591c36b65 - tokio::runtime::Runtime::block_on::{{closure}}::h563d608064aa8b51
[INFO] [stdout]                                at /opt/rustwide/cargo-home/registry/src/index.crates.io-1949cf8c6b5b557f/tokio-0.2.22/src/runtime/mod.rs:444:34
[INFO] [stdout]   36:     0x594591c105a6 - tokio::runtime::context::enter::ha6c0caca464dd626
[INFO] [stdout]                                at /opt/rustwide/cargo-home/registry/src/index.crates.io-1949cf8c6b5b557f/tokio-0.2.22/src/runtime/context.rs:72:5
[INFO] [stdout]   37:     0x594591c45e0c - tokio::runtime::handle::Handle::enter::hb2b97131d7283990
[INFO] [stdout]                                at /opt/rustwide/cargo-home/registry/src/index.crates.io-1949cf8c6b5b557f/tokio-0.2.22/src/runtime/handle.rs:76:9
[INFO] [stdout]   38:     0x594591c36a19 - tokio::runtime::Runtime::block_on::h0a8d0e2df1c8c2fc
[INFO] [stdout]                                at /opt/rustwide/cargo-home/registry/src/index.crates.io-1949cf8c6b5b557f/tokio-0.2.22/src/runtime/mod.rs:441:9
[INFO] [stdout]   39:     0x594591c38b88 - rafka::proto::list_offsets::test_list_offsets::h803c1c0de8011892
[INFO] [stdout]                                at /opt/rustwide/workdir/src/proto/list_offsets.rs:91:1
[INFO] [stdout]   40:     0x594591c389f7 - rafka::proto::list_offsets::test_list_offsets::{{closure}}::hbbcdfcb8b7194cbc
[INFO] [stdout]                                at /opt/rustwide/workdir/src/proto/list_offsets.rs:92:29
[INFO] [stdout]   41:     0x594591c14fd6 - core::ops::function::FnOnce::call_once::h5d69f78b9cdc6b86
[INFO] [stdout]                                at /rustc/6067b36314ab5eb2eb47cecc464545ba58e1ad24/library/core/src/ops/function.rs:250:5
[INFO] [stdout]   42:     0x594591c90bfb - core::ops::function::FnOnce::call_once::he27718dfdd183f43
[INFO] [stdout]                                at /rustc/6067b36314ab5eb2eb47cecc464545ba58e1ad24/library/core/src/ops/function.rs:250:5
[INFO] [stdout]   43:     0x594591c90bfb - test::__rust_begin_short_backtrace::h4e84902998457a5d
[INFO] [stdout]                                at /rustc/6067b36314ab5eb2eb47cecc464545ba58e1ad24/library/test/src/lib.rs:632:18
[INFO] [stdout]   44:     0x594591c8fb33 - test::run_test_in_process::{{closure}}::h7176fd18fc1feca0
[INFO] [stdout]                                at /rustc/6067b36314ab5eb2eb47cecc464545ba58e1ad24/library/test/src/lib.rs:655:60
[INFO] [stdout]   45:     0x594591c8fb33 - <core::panic::unwind_safe::AssertUnwindSafe<F> as core::ops::function::FnOnce<()>>::call_once::hf79cff2a624d8cf7
[INFO] [stdout]                                at /rustc/6067b36314ab5eb2eb47cecc464545ba58e1ad24/library/core/src/panic/unwind_safe.rs:272:9
[INFO] [stdout]   46:     0x594591c8fb33 - std::panicking::try::do_call::h3da0561d9ab99c25
[INFO] [stdout]                                at /rustc/6067b36314ab5eb2eb47cecc464545ba58e1ad24/library/std/src/panicking.rs:587:40
[INFO] [stdout]   47:     0x594591c8fb33 - std::panicking::try::h41c9fa508bc61df6
[INFO] [stdout]                                at /rustc/6067b36314ab5eb2eb47cecc464545ba58e1ad24/library/std/src/panicking.rs:550:19
[INFO] [stdout]   48:     0x594591c8fb33 - std::panic::catch_unwind::h6b3ff07bb5afad93
[INFO] [stdout]                                at /rustc/6067b36314ab5eb2eb47cecc464545ba58e1ad24/library/std/src/panic.rs:358:14
[INFO] [stdout]   49:     0x594591c8fb33 - test::run_test_in_process::hc7253dd11b39b9f4
[INFO] [stdout]                                at /rustc/6067b36314ab5eb2eb47cecc464545ba58e1ad24/library/test/src/lib.rs:655:27
[INFO] [stdout]   50:     0x594591c8fb33 - test::run_test::{{closure}}::hfb2007f8649c30bb
[INFO] [stdout]                                at /rustc/6067b36314ab5eb2eb47cecc464545ba58e1ad24/library/test/src/lib.rs:576:43
[INFO] [stdout]   51:     0x594591c52c15 - test::run_test::{{closure}}::h56a17aa7a282a9f4
[INFO] [stdout]                                at /rustc/6067b36314ab5eb2eb47cecc464545ba58e1ad24/library/test/src/lib.rs:606:41
[INFO] [stdout]   52:     0x594591c52c15 - std::sys::backtrace::__rust_begin_short_backtrace::hd2d2d2fb8e8c6aac
[INFO] [stdout]                                at /rustc/6067b36314ab5eb2eb47cecc464545ba58e1ad24/library/std/src/sys/backtrace.rs:152:18
[INFO] [stdout]   53:     0x594591c564fa - std::thread::Builder::spawn_unchecked_::{{closure}}::{{closure}}::h4faa3f9db6133423
[INFO] [stdout]                                at /rustc/6067b36314ab5eb2eb47cecc464545ba58e1ad24/library/std/src/thread/mod.rs:559:17
[INFO] [stdout]   54:     0x594591c564fa - <core::panic::unwind_safe::AssertUnwindSafe<F> as core::ops::function::FnOnce<()>>::call_once::hf2e855a36a4ea846
[INFO] [stdout]                                at /rustc/6067b36314ab5eb2eb47cecc464545ba58e1ad24/library/core/src/panic/unwind_safe.rs:272:9
[INFO] [stdout]   55:     0x594591c564fa - std::panicking::try::do_call::h2f73af3616c35465
[INFO] [stdout]                                at /rustc/6067b36314ab5eb2eb47cecc464545ba58e1ad24/library/std/src/panicking.rs:587:40
[INFO] [stdout]   56:     0x594591c564fa - std::panicking::try::hd1660ce9efadef5a
[INFO] [stdout]                                at /rustc/6067b36314ab5eb2eb47cecc464545ba58e1ad24/library/std/src/panicking.rs:550:19
[INFO] [stdout]   57:     0x594591c564fa - std::panic::catch_unwind::h5ee8d7823b8ca744
[INFO] [stdout]                                at /rustc/6067b36314ab5eb2eb47cecc464545ba58e1ad24/library/std/src/panic.rs:358:14
[INFO] [stdout]   58:     0x594591c564fa - std::thread::Builder::spawn_unchecked_::{{closure}}::h53c3a1894dce8407
[INFO] [stdout]                                at /rustc/6067b36314ab5eb2eb47cecc464545ba58e1ad24/library/std/src/thread/mod.rs:557:30
[INFO] [stdout]   59:     0x594591c564fa - core::ops::function::FnOnce::call_once{{vtable.shim}}::h048ce291ad4f62bf
[INFO] [stdout]                                at /rustc/6067b36314ab5eb2eb47cecc464545ba58e1ad24/library/core/src/ops/function.rs:250:5
[INFO] [stdout]   60:     0x594591d4ec6b - <alloc::boxed::Box<F,A> as core::ops::function::FnOnce<Args>>::call_once::ha52bedf99a3b4981
[INFO] [stdout]                                at /rustc/6067b36314ab5eb2eb47cecc464545ba58e1ad24/library/alloc/src/boxed.rs:2013:9
[INFO] [stdout]   61:     0x594591d4ec6b - <alloc::boxed::Box<F,A> as core::ops::function::FnOnce<Args>>::call_once::h567748934d80ccf8
[INFO] [stdout]                                at /rustc/6067b36314ab5eb2eb47cecc464545ba58e1ad24/library/alloc/src/boxed.rs:2013:9
[INFO] [stdout]   62:     0x594591d4ec6b - std::sys::pal::unix::thread::Thread::new::thread_start::h2d970728ae887adc
[INFO] [stdout]                                at /rustc/6067b36314ab5eb2eb47cecc464545ba58e1ad24/library/std/src/sys/pal/unix/thread.rs:106:17
[INFO] [stdout]   63:     0x711d52106ac3 - <unknown>
[INFO] [stdout]   64:     0x711d52197a04 - clone
[INFO] [stdout]   65:                0x0 - <unknown>
[INFO] [stdout] 
[INFO] [stdout] 
[INFO] [stdout] failures:
[INFO] [stdout]     proto::list_offsets::test_list_offsets
[INFO] [stdout]     proto::metadata::test_metadata
[INFO] [stdout] 
[INFO] [stdout] test result: FAILED. 0 passed; 2 failed; 0 ignored; 0 measured; 0 filtered out; finished in 0.04s
[INFO] [stdout] 
[INFO] [stderr] error: test failed, to rerun pass `--lib`
[INFO] running `Command { std: "docker" "inspect" "55eb0fc981a442d760d67c36655209db66049a36bbd664daf5804129c94094d7", kill_on_drop: false }`
[INFO] running `Command { std: "docker" "rm" "-f" "55eb0fc981a442d760d67c36655209db66049a36bbd664daf5804129c94094d7", kill_on_drop: false }`
[INFO] [stdout] 55eb0fc981a442d760d67c36655209db66049a36bbd664daf5804129c94094d7
