[INFO] cloning repository https://github.com/secona/uler-lang
[INFO] running `Command { std: "git" "-c" "credential.helper=" "-c" "credential.helper=/workspace/cargo-home/bin/git-credential-null" "clone" "--bare" "https://github.com/secona/uler-lang" "/workspace/cache/git-repos/https%3A%2F%2Fgithub.com%2Fsecona%2Fuler-lang", kill_on_drop: false }`
[INFO] [stderr] Cloning into bare repository '/workspace/cache/git-repos/https%3A%2F%2Fgithub.com%2Fsecona%2Fuler-lang'...
[INFO] running `Command { std: "git" "rev-parse" "HEAD", kill_on_drop: false }`
[INFO] [stdout] 7d90ab2a504c2639e47e75c358d5fe134d052e0d
[INFO] testing secona/uler-lang against nightly-2025-01-18 for randomize-layout-2
[INFO] running `Command { std: "git" "clone" "/workspace/cache/git-repos/https%3A%2F%2Fgithub.com%2Fsecona%2Fuler-lang" "/workspace/builds/worker-0-tc1/source", kill_on_drop: false }`
[INFO] [stderr] Cloning into '/workspace/builds/worker-0-tc1/source'...
[INFO] [stderr] done.
[INFO] validating manifest of git repo https://github.com/secona/uler-lang on toolchain nightly-2025-01-18
[INFO] running `Command { std: CARGO_HOME="/workspace/cargo-home" RUSTUP_HOME="/workspace/rustup-home" "/workspace/cargo-home/bin/cargo" "+nightly-2025-01-18" "metadata" "--manifest-path" "Cargo.toml" "--no-deps", kill_on_drop: false }`
[INFO] started tweaking git repo https://github.com/secona/uler-lang
[INFO] finished tweaking git repo https://github.com/secona/uler-lang
[INFO] tweaked toml for git repo https://github.com/secona/uler-lang written to /workspace/builds/worker-0-tc1/source/Cargo.toml
[INFO] crate git repo https://github.com/secona/uler-lang already has a lockfile, it will not be regenerated
[INFO] running `Command { std: CARGO_HOME="/workspace/cargo-home" RUSTUP_HOME="/workspace/rustup-home" "/workspace/cargo-home/bin/cargo" "+nightly-2025-01-18" "fetch" "--manifest-path" "Cargo.toml", kill_on_drop: false }`
[INFO] running `Command { std: "docker" "create" "-v" "/var/lib/crater-agent-workspace/builds/worker-0-tc1/target:/opt/rustwide/target:rw,Z" "-v" "/var/lib/crater-agent-workspace/builds/worker-0-tc1/source:/opt/rustwide/workdir:ro,Z" "-v" "/var/lib/crater-agent-workspace/cargo-home:/opt/rustwide/cargo-home:ro,Z" "-v" "/var/lib/crater-agent-workspace/rustup-home:/opt/rustwide/rustup-home:ro,Z" "-e" "SOURCE_DIR=/opt/rustwide/workdir" "-e" "CARGO_TARGET_DIR=/opt/rustwide/target" "-e" "CARGO_HOME=/opt/rustwide/cargo-home" "-e" "RUSTUP_HOME=/opt/rustwide/rustup-home" "-w" "/opt/rustwide/workdir" "-m" "1610612736" "--user" "0:0" "--network" "none" "ghcr.io/rust-lang/crates-build-env/linux@sha256:819108c5571ea2e421544af4d832f968d213c87fbe3707a016657f43d2f853bc" "/opt/rustwide/cargo-home/bin/cargo" "+nightly-2025-01-18" "metadata" "--no-deps" "--format-version=1", kill_on_drop: false }`
[INFO] [stdout] a694efbd7afcc4b2ac5e075776efa7fc8a31ef9373269cc7fb190d215d5a59dd
[INFO] running `Command { std: "docker" "start" "-a" "a694efbd7afcc4b2ac5e075776efa7fc8a31ef9373269cc7fb190d215d5a59dd", kill_on_drop: false }`
[INFO] running `Command { std: "docker" "inspect" "a694efbd7afcc4b2ac5e075776efa7fc8a31ef9373269cc7fb190d215d5a59dd", kill_on_drop: false }`
[INFO] running `Command { std: "docker" "rm" "-f" "a694efbd7afcc4b2ac5e075776efa7fc8a31ef9373269cc7fb190d215d5a59dd", kill_on_drop: false }`
[INFO] [stdout] a694efbd7afcc4b2ac5e075776efa7fc8a31ef9373269cc7fb190d215d5a59dd
[INFO] running `Command { std: "docker" "create" "-v" "/var/lib/crater-agent-workspace/builds/worker-0-tc1/target:/opt/rustwide/target:rw,Z" "-v" "/var/lib/crater-agent-workspace/builds/worker-0-tc1/source:/opt/rustwide/workdir:ro,Z" "-v" "/var/lib/crater-agent-workspace/cargo-home:/opt/rustwide/cargo-home:ro,Z" "-v" "/var/lib/crater-agent-workspace/rustup-home:/opt/rustwide/rustup-home:ro,Z" "-e" "SOURCE_DIR=/opt/rustwide/workdir" "-e" "CARGO_TARGET_DIR=/opt/rustwide/target" "-e" "CARGO_INCREMENTAL=0" "-e" "RUST_BACKTRACE=full" "-e" "RUSTFLAGS=--cap-lints=forbid" "-e" "RUSTDOCFLAGS=--cap-lints=forbid" "-e" "CARGO_HOME=/opt/rustwide/cargo-home" "-e" "RUSTUP_HOME=/opt/rustwide/rustup-home" "-w" "/opt/rustwide/workdir" "-m" "1610612736" "--user" "0:0" "--network" "none" "ghcr.io/rust-lang/crates-build-env/linux@sha256:819108c5571ea2e421544af4d832f968d213c87fbe3707a016657f43d2f853bc" "/opt/rustwide/cargo-home/bin/cargo" "+nightly-2025-01-18" "build" "--frozen" "--message-format=json", kill_on_drop: false }`
[INFO] [stdout] d8bdf83516ffe9e3032590682ab5420bd46f8514cdca49dc138f29055a053b9e
[INFO] running `Command { std: "docker" "start" "-a" "d8bdf83516ffe9e3032590682ab5420bd46f8514cdca49dc138f29055a053b9e", kill_on_drop: false }`
[INFO] [stderr]    Compiling proc-macro2 v1.0.86
[INFO] [stderr]    Compiling utf8parse v0.2.2
[INFO] [stderr]    Compiling thiserror v1.0.61
[INFO] [stderr]    Compiling colorchoice v1.0.1
[INFO] [stderr]    Compiling anstyle v1.0.7
[INFO] [stderr]    Compiling is_terminal_polyfill v1.70.0
[INFO] [stderr]    Compiling anstyle-query v1.1.0
[INFO] [stderr]    Compiling strsim v0.11.1
[INFO] [stderr]    Compiling clap_lex v0.7.1
[INFO] [stderr]    Compiling heck v0.5.0
[INFO] [stderr]    Compiling anstyle-parse v0.2.4
[INFO] [stderr]    Compiling anstream v0.6.14
[INFO] [stderr]    Compiling clap_builder v4.5.7
[INFO] [stderr]    Compiling quote v1.0.36
[INFO] [stderr]    Compiling syn v2.0.68
[INFO] [stderr]    Compiling thiserror-impl v1.0.61
[INFO] [stderr]    Compiling clap_derive v4.5.5
[INFO] [stderr]    Compiling belalang_vm v0.1.0 (/opt/rustwide/workdir/belalang_vm)
[INFO] [stderr]    Compiling clap v4.5.7
[INFO] [stderr]    Compiling belalang_compiler v0.1.0 (/opt/rustwide/workdir/belalang_compiler)
[INFO] [stdout] warning: elided lifetime has a name
[INFO] [stdout]   --> belalang_compiler/src/tokens/lexer.rs:39:36
[INFO] [stdout]    |
[INFO] [stdout] 38 | impl<'a> Lexer<'a> {
[INFO] [stdout]    |      -- lifetime `'a` declared here
[INFO] [stdout] 39 |     pub fn new(input: &'a [u8]) -> Lexer {
[INFO] [stdout]    |                                    ^^^^^ this elided lifetime gets resolved as `'a`
[INFO] [stdout]    |
[INFO] [stdout]    = note: `#[warn(elided_named_lifetimes)]` on by default
[INFO] [stdout] 
[INFO] [stdout] 
[INFO] [stderr]    Compiling belalang v0.1.0 (/opt/rustwide/workdir/belalang)
[INFO] [stderr]     Finished `dev` profile [unoptimized + debuginfo] target(s) in 4.64s
[INFO] running `Command { std: "docker" "inspect" "d8bdf83516ffe9e3032590682ab5420bd46f8514cdca49dc138f29055a053b9e", kill_on_drop: false }`
[INFO] running `Command { std: "docker" "rm" "-f" "d8bdf83516ffe9e3032590682ab5420bd46f8514cdca49dc138f29055a053b9e", kill_on_drop: false }`
[INFO] [stdout] d8bdf83516ffe9e3032590682ab5420bd46f8514cdca49dc138f29055a053b9e
[INFO] running `Command { std: "docker" "create" "-v" "/var/lib/crater-agent-workspace/builds/worker-0-tc1/target:/opt/rustwide/target:rw,Z" "-v" "/var/lib/crater-agent-workspace/builds/worker-0-tc1/source:/opt/rustwide/workdir:ro,Z" "-v" "/var/lib/crater-agent-workspace/cargo-home:/opt/rustwide/cargo-home:ro,Z" "-v" "/var/lib/crater-agent-workspace/rustup-home:/opt/rustwide/rustup-home:ro,Z" "-e" "SOURCE_DIR=/opt/rustwide/workdir" "-e" "CARGO_TARGET_DIR=/opt/rustwide/target" "-e" "CARGO_INCREMENTAL=0" "-e" "RUST_BACKTRACE=full" "-e" "RUSTFLAGS=--cap-lints=forbid" "-e" "RUSTDOCFLAGS=--cap-lints=forbid" "-e" "CARGO_HOME=/opt/rustwide/cargo-home" "-e" "RUSTUP_HOME=/opt/rustwide/rustup-home" "-w" "/opt/rustwide/workdir" "-m" "1610612736" "--user" "0:0" "--network" "none" "ghcr.io/rust-lang/crates-build-env/linux@sha256:819108c5571ea2e421544af4d832f968d213c87fbe3707a016657f43d2f853bc" "/opt/rustwide/cargo-home/bin/cargo" "+nightly-2025-01-18" "test" "--frozen" "--no-run" "--message-format=json", kill_on_drop: false }`
[INFO] [stdout] 08d9c038c466339efc9a9eb6420c8a81a72bea47a29e71e0a36cc68470a4dc5d
[INFO] running `Command { std: "docker" "start" "-a" "08d9c038c466339efc9a9eb6420c8a81a72bea47a29e71e0a36cc68470a4dc5d", kill_on_drop: false }`
[INFO] [stderr]    Compiling syn v2.0.68
[INFO] [stderr]    Compiling cfg-if v1.0.0
[INFO] [stderr]    Compiling test-case-core v3.3.1
[INFO] [stderr]    Compiling thiserror-impl v1.0.61
[INFO] [stderr]    Compiling clap_derive v4.5.5
[INFO] [stderr]    Compiling test-case-macros v3.3.1
[INFO] [stderr]    Compiling test-case v3.3.1
[INFO] [stderr]    Compiling thiserror v1.0.61
[INFO] [stderr]    Compiling belalang_vm v0.1.0 (/opt/rustwide/workdir/belalang_vm)
[INFO] [stderr]    Compiling belalang_compiler v0.1.0 (/opt/rustwide/workdir/belalang_compiler)
[INFO] [stdout] warning: elided lifetime has a name
[INFO] [stdout]   --> belalang_compiler/src/tokens/lexer.rs:39:36
[INFO] [stdout]    |
[INFO] [stdout] 38 | impl<'a> Lexer<'a> {
[INFO] [stdout]    |      -- lifetime `'a` declared here
[INFO] [stdout] 39 |     pub fn new(input: &'a [u8]) -> Lexer {
[INFO] [stdout]    |                                    ^^^^^ this elided lifetime gets resolved as `'a`
[INFO] [stdout]    |
[INFO] [stdout]    = note: `#[warn(elided_named_lifetimes)]` on by default
[INFO] [stdout] 
[INFO] [stdout] 
[INFO] [stdout] warning: elided lifetime has a name
[INFO] [stdout]   --> belalang_compiler/src/tokens/lexer.rs:39:36
[INFO] [stdout]    |
[INFO] [stdout] 38 | impl<'a> Lexer<'a> {
[INFO] [stdout]    |      -- lifetime `'a` declared here
[INFO] [stdout] 39 |     pub fn new(input: &'a [u8]) -> Lexer {
[INFO] [stdout]    |                                    ^^^^^ this elided lifetime gets resolved as `'a`
[INFO] [stdout]    |
[INFO] [stdout]    = note: `#[warn(elided_named_lifetimes)]` on by default
[INFO] [stdout] 
[INFO] [stdout] 
[INFO] [stderr]    Compiling clap v4.5.7
[INFO] [stderr]    Compiling belalang v0.1.0 (/opt/rustwide/workdir/belalang)
[INFO] [stderr]     Finished `test` profile [unoptimized + debuginfo] target(s) in 9.96s
[INFO] running `Command { std: "docker" "inspect" "08d9c038c466339efc9a9eb6420c8a81a72bea47a29e71e0a36cc68470a4dc5d", kill_on_drop: false }`
[INFO] running `Command { std: "docker" "rm" "-f" "08d9c038c466339efc9a9eb6420c8a81a72bea47a29e71e0a36cc68470a4dc5d", kill_on_drop: false }`
[INFO] [stdout] 08d9c038c466339efc9a9eb6420c8a81a72bea47a29e71e0a36cc68470a4dc5d
[INFO] running `Command { std: "docker" "create" "-v" "/var/lib/crater-agent-workspace/builds/worker-0-tc1/target:/opt/rustwide/target:rw,Z" "-v" "/var/lib/crater-agent-workspace/builds/worker-0-tc1/source:/opt/rustwide/workdir:ro,Z" "-v" "/var/lib/crater-agent-workspace/cargo-home:/opt/rustwide/cargo-home:ro,Z" "-v" "/var/lib/crater-agent-workspace/rustup-home:/opt/rustwide/rustup-home:ro,Z" "-e" "SOURCE_DIR=/opt/rustwide/workdir" "-e" "CARGO_TARGET_DIR=/opt/rustwide/target" "-e" "CARGO_INCREMENTAL=0" "-e" "RUST_BACKTRACE=full" "-e" "RUSTFLAGS=--cap-lints=forbid" "-e" "RUSTDOCFLAGS=--cap-lints=forbid" "-e" "CARGO_HOME=/opt/rustwide/cargo-home" "-e" "RUSTUP_HOME=/opt/rustwide/rustup-home" "-w" "/opt/rustwide/workdir" "-m" "1610612736" "--user" "0:0" "--network" "none" "ghcr.io/rust-lang/crates-build-env/linux@sha256:819108c5571ea2e421544af4d832f968d213c87fbe3707a016657f43d2f853bc" "/opt/rustwide/cargo-home/bin/cargo" "+nightly-2025-01-18" "test" "--frozen", kill_on_drop: false }`
[INFO] [stdout] 98f1bcb1dd35143a544df462dd3b18c5e7dd7e41fdd25a19ca79e681b22bae36
[INFO] running `Command { std: "docker" "start" "-a" "98f1bcb1dd35143a544df462dd3b18c5e7dd7e41fdd25a19ca79e681b22bae36", kill_on_drop: false }`
[INFO] [stderr] warning: elided lifetime has a name
[INFO] [stderr]   --> belalang_compiler/src/tokens/lexer.rs:39:36
[INFO] [stderr]    |
[INFO] [stderr] 38 | impl<'a> Lexer<'a> {
[INFO] [stderr]    |      -- lifetime `'a` declared here
[INFO] [stderr] 39 |     pub fn new(input: &'a [u8]) -> Lexer {
[INFO] [stderr]    |                                    ^^^^^ this elided lifetime gets resolved as `'a`
[INFO] [stderr]    |
[INFO] [stderr]    = note: `#[warn(elided_named_lifetimes)]` on by default
[INFO] [stderr] 
[INFO] [stderr] warning: `belalang_compiler` (lib) generated 1 warning
[INFO] [stderr] warning: `belalang_compiler` (lib test) generated 1 warning (1 duplicate)
[INFO] [stderr]     Finished `test` profile [unoptimized + debuginfo] target(s) in 0.05s
[INFO] [stderr]      Running unittests src/lib.rs (/opt/rustwide/target/debug/deps/belalang-c308eef54afb5e95)
[INFO] [stdout] 
[INFO] [stdout] running 0 tests
[INFO] [stdout] 
[INFO] [stdout] test result: ok. 0 passed; 0 failed; 0 ignored; 0 measured; 0 filtered out; finished in 0.00s
[INFO] [stdout] 
[INFO] [stderr]      Running unittests src/main.rs (/opt/rustwide/target/debug/deps/belalang-990a61a0564b7e7f)
[INFO] [stdout] 
[INFO] [stdout] running 0 tests
[INFO] [stdout] 
[INFO] [stdout] test result: ok. 0 passed; 0 failed; 0 ignored; 0 measured; 0 filtered out; finished in 0.00s
[INFO] [stdout] 
[INFO] [stderr]      Running tests/examples.rs (/opt/rustwide/target/debug/deps/examples-25fddfb2b81f35f3)
[INFO] [stdout] 
[INFO] [stdout] running 1 test
[INFO] [stdout] test examples_work ... FAILED
[INFO] [stdout] 
[INFO] [stdout] failures:
[INFO] [stdout] 
[INFO] [stdout] ---- examples_work stdout ----
[INFO] [stdout] 
[INFO] [stdout] thread 'examples_work' panicked at belalang_compiler/src/codegen/mod.rs:105:17:
[INFO] [stdout] String compilation is temporarily disabled!
[INFO] [stdout] stack backtrace:
[INFO] [stdout]    0:     0x5ef38008055a - std::backtrace_rs::backtrace::libunwind::trace::hb059275cfc8d6126
[INFO] [stdout]                                at /rustc/6067b36314ab5eb2eb47cecc464545ba58e1ad24/library/std/src/../../backtrace/src/backtrace/libunwind.rs:116:5
[INFO] [stdout]    1:     0x5ef38008055a - std::backtrace_rs::backtrace::trace_unsynchronized::h2da071e4327ce3ee
[INFO] [stdout]                                at /rustc/6067b36314ab5eb2eb47cecc464545ba58e1ad24/library/std/src/../../backtrace/src/backtrace/mod.rs:66:5
[INFO] [stdout]    2:     0x5ef38008055a - std::sys::backtrace::_print_fmt::h842a1474e6f8d23f
[INFO] [stdout]                                at /rustc/6067b36314ab5eb2eb47cecc464545ba58e1ad24/library/std/src/sys/backtrace.rs:66:9
[INFO] [stdout]    3:     0x5ef38008055a - <std::sys::backtrace::BacktraceLock::print::DisplayBacktrace as core::fmt::Display>::fmt::h71a62eb3b9696b12
[INFO] [stdout]                                at /rustc/6067b36314ab5eb2eb47cecc464545ba58e1ad24/library/std/src/sys/backtrace.rs:39:26
[INFO] [stdout]    4:     0x5ef3800a9443 - core::fmt::rt::Argument::fmt::hdb6b616786b41dc1
[INFO] [stdout]                                at /rustc/6067b36314ab5eb2eb47cecc464545ba58e1ad24/library/core/src/fmt/rt.rs:177:76
[INFO] [stdout]    5:     0x5ef3800a9443 - core::fmt::write::h2cc1698af7e2d686
[INFO] [stdout]                                at /rustc/6067b36314ab5eb2eb47cecc464545ba58e1ad24/library/core/src/fmt/mod.rs:1440:21
[INFO] [stdout]    6:     0x5ef38007ce83 - std::io::Write::write_fmt::hab1b4cd059a79022
[INFO] [stdout]                                at /rustc/6067b36314ab5eb2eb47cecc464545ba58e1ad24/library/std/src/io/mod.rs:1887:15
[INFO] [stdout]    7:     0x5ef3800803a2 - std::sys::backtrace::BacktraceLock::print::h147fe35b4ea13b08
[INFO] [stdout]                                at /rustc/6067b36314ab5eb2eb47cecc464545ba58e1ad24/library/std/src/sys/backtrace.rs:42:9
[INFO] [stdout]    8:     0x5ef38008197f - std::panicking::default_hook::{{closure}}::hbd44223dbdc0d208
[INFO] [stdout]                                at /rustc/6067b36314ab5eb2eb47cecc464545ba58e1ad24/library/std/src/panicking.rs:298:22
[INFO] [stdout]    9:     0x5ef380081798 - std::panicking::default_hook::h20f81eb0576efcec
[INFO] [stdout]                                at /rustc/6067b36314ab5eb2eb47cecc464545ba58e1ad24/library/std/src/panicking.rs:322:9
[INFO] [stdout]   10:     0x5ef380049ac3 - <alloc::boxed::Box<F,A> as core::ops::function::Fn<Args>>::call::hdb53814c496a4d34
[INFO] [stdout]                                at /rustc/6067b36314ab5eb2eb47cecc464545ba58e1ad24/library/alloc/src/boxed.rs:2027:9
[INFO] [stdout]   11:     0x5ef380049ac3 - test::test_main::{{closure}}::hc0a4963c59427c24
[INFO] [stdout]                                at /rustc/6067b36314ab5eb2eb47cecc464545ba58e1ad24/library/test/src/lib.rs:134:21
[INFO] [stdout]   12:     0x5ef380082473 - <alloc::boxed::Box<F,A> as core::ops::function::Fn<Args>>::call::h591b2225413a77e9
[INFO] [stdout]                                at /rustc/6067b36314ab5eb2eb47cecc464545ba58e1ad24/library/alloc/src/boxed.rs:2027:9
[INFO] [stdout]   13:     0x5ef380082473 - std::panicking::rust_panic_with_hook::h625eea43051b2edc
[INFO] [stdout]                                at /rustc/6067b36314ab5eb2eb47cecc464545ba58e1ad24/library/std/src/panicking.rs:839:13
[INFO] [stdout]   14:     0x5ef3800820f6 - std::panicking::begin_panic_handler::{{closure}}::h4f9159cfbc3f6bd3
[INFO] [stdout]                                at /rustc/6067b36314ab5eb2eb47cecc464545ba58e1ad24/library/std/src/panicking.rs:697:13
[INFO] [stdout]   15:     0x5ef380080a59 - std::sys::backtrace::__rust_end_short_backtrace::h0390abce48353151
[INFO] [stdout]                                at /rustc/6067b36314ab5eb2eb47cecc464545ba58e1ad24/library/std/src/sys/backtrace.rs:168:18
[INFO] [stdout]   16:     0x5ef380081dbd - rust_begin_unwind
[INFO] [stdout]                                at /rustc/6067b36314ab5eb2eb47cecc464545ba58e1ad24/library/std/src/panicking.rs:695:5
[INFO] [stdout]   17:     0x5ef3800a7a40 - core::panicking::panic_fmt::h9e7c637e9e5f29c9
[INFO] [stdout]                                at /rustc/6067b36314ab5eb2eb47cecc464545ba58e1ad24/library/core/src/panicking.rs:75:14
[INFO] [stdout]   18:     0x5ef37ffe0947 - belalang_compiler::codegen::Compiler::compile_expression::h3248adfe516cc60f
[INFO] [stdout]                                at /opt/rustwide/workdir/belalang_compiler/src/codegen/mod.rs:105:17
[INFO] [stdout]   19:     0x5ef37ffe2173 - belalang_compiler::codegen::Compiler::compile_expression::h3248adfe516cc60f
[INFO] [stdout]                                at /opt/rustwide/workdir/belalang_compiler/src/codegen/mod.rs:207:21
[INFO] [stdout]   20:     0x5ef37ffdf7b0 - belalang_compiler::codegen::Compiler::compile_statement::h3d6f4580fc043b4a
[INFO] [stdout]                                at /opt/rustwide/workdir/belalang_compiler/src/codegen/mod.rs:42:17
[INFO] [stdout]   21:     0x5ef37ffe466c - belalang_compiler::codegen::Compiler::compile_block::h40636a009c481d67
[INFO] [stdout]                                at /opt/rustwide/workdir/belalang_compiler/src/codegen/mod.rs:337:13
[INFO] [stdout]   22:     0x5ef37ffe2d20 - belalang_compiler::codegen::Compiler::compile_expression::h3248adfe516cc60f
[INFO] [stdout]                                at /opt/rustwide/workdir/belalang_compiler/src/codegen/mod.rs:239:17
[INFO] [stdout]   23:     0x5ef37ffdf7b0 - belalang_compiler::codegen::Compiler::compile_statement::h3d6f4580fc043b4a
[INFO] [stdout]                                at /opt/rustwide/workdir/belalang_compiler/src/codegen/mod.rs:42:17
[INFO] [stdout]   24:     0x5ef37ffdf452 - belalang_compiler::codegen::Compiler::compile_program::hd2536143423598a2
[INFO] [stdout]                                at /opt/rustwide/workdir/belalang_compiler/src/codegen/mod.rs:23:13
[INFO] [stdout]   25:     0x5ef37ffd056b - belalang::execute_file::hb5932619e7cb8eb0
[INFO] [stdout]                                at /opt/rustwide/workdir/belalang/src/lib.rs:20:16
[INFO] [stdout]   26:     0x5ef37ffcdce7 - examples::examples_work::h910d3f08fd9ee0ce
[INFO] [stdout]                                at /opt/rustwide/workdir/belalang/tests/examples.rs:7:9
[INFO] [stdout]   27:     0x5ef37ffcd9c7 - examples::examples_work::{{closure}}::h4ce9c90f676ef6da
[INFO] [stdout]                                at /opt/rustwide/workdir/belalang/tests/examples.rs:4:19
[INFO] [stdout]   28:     0x5ef37ffcd256 - core::ops::function::FnOnce::call_once::h6fc58138afbdf9ef
[INFO] [stdout]                                at /rustc/6067b36314ab5eb2eb47cecc464545ba58e1ad24/library/core/src/ops/function.rs:250:5
[INFO] [stdout]   29:     0x5ef38004f21b - core::ops::function::FnOnce::call_once::he27718dfdd183f43
[INFO] [stdout]                                at /rustc/6067b36314ab5eb2eb47cecc464545ba58e1ad24/library/core/src/ops/function.rs:250:5
[INFO] [stdout]   30:     0x5ef38004f21b - test::__rust_begin_short_backtrace::h4e84902998457a5d
[INFO] [stdout]                                at /rustc/6067b36314ab5eb2eb47cecc464545ba58e1ad24/library/test/src/lib.rs:632:18
[INFO] [stdout]   31:     0x5ef38004e153 - test::run_test_in_process::{{closure}}::h7176fd18fc1feca0
[INFO] [stdout]                                at /rustc/6067b36314ab5eb2eb47cecc464545ba58e1ad24/library/test/src/lib.rs:655:60
[INFO] [stdout]   32:     0x5ef38004e153 - <core::panic::unwind_safe::AssertUnwindSafe<F> as core::ops::function::FnOnce<()>>::call_once::hf79cff2a624d8cf7
[INFO] [stdout]                                at /rustc/6067b36314ab5eb2eb47cecc464545ba58e1ad24/library/core/src/panic/unwind_safe.rs:272:9
[INFO] [stdout]   33:     0x5ef38004e153 - std::panicking::try::do_call::h3da0561d9ab99c25
[INFO] [stdout]                                at /rustc/6067b36314ab5eb2eb47cecc464545ba58e1ad24/library/std/src/panicking.rs:587:40
[INFO] [stdout]   34:     0x5ef38004e153 - std::panicking::try::h41c9fa508bc61df6
[INFO] [stdout]                                at /rustc/6067b36314ab5eb2eb47cecc464545ba58e1ad24/library/std/src/panicking.rs:550:19
[INFO] [stdout]   35:     0x5ef38004e153 - std::panic::catch_unwind::h6b3ff07bb5afad93
[INFO] [stdout]                                at /rustc/6067b36314ab5eb2eb47cecc464545ba58e1ad24/library/std/src/panic.rs:358:14
[INFO] [stdout]   36:     0x5ef38004e153 - test::run_test_in_process::hc7253dd11b39b9f4
[INFO] [stdout]                                at /rustc/6067b36314ab5eb2eb47cecc464545ba58e1ad24/library/test/src/lib.rs:655:27
[INFO] [stdout]   37:     0x5ef38004e153 - test::run_test::{{closure}}::hfb2007f8649c30bb
[INFO] [stdout]                                at /rustc/6067b36314ab5eb2eb47cecc464545ba58e1ad24/library/test/src/lib.rs:576:43
[INFO] [stdout]   38:     0x5ef380011235 - test::run_test::{{closure}}::h56a17aa7a282a9f4
[INFO] [stdout]                                at /rustc/6067b36314ab5eb2eb47cecc464545ba58e1ad24/library/test/src/lib.rs:606:41
[INFO] [stdout]   39:     0x5ef380011235 - std::sys::backtrace::__rust_begin_short_backtrace::hd2d2d2fb8e8c6aac
[INFO] [stdout]                                at /rustc/6067b36314ab5eb2eb47cecc464545ba58e1ad24/library/std/src/sys/backtrace.rs:152:18
[INFO] [stdout]   40:     0x5ef380014b1a - std::thread::Builder::spawn_unchecked_::{{closure}}::{{closure}}::h4faa3f9db6133423
[INFO] [stdout]                                at /rustc/6067b36314ab5eb2eb47cecc464545ba58e1ad24/library/std/src/thread/mod.rs:559:17
[INFO] [stdout]   41:     0x5ef380014b1a - <core::panic::unwind_safe::AssertUnwindSafe<F> as core::ops::function::FnOnce<()>>::call_once::hf2e855a36a4ea846
[INFO] [stdout]                                at /rustc/6067b36314ab5eb2eb47cecc464545ba58e1ad24/library/core/src/panic/unwind_safe.rs:272:9
[INFO] [stdout]   42:     0x5ef380014b1a - std::panicking::try::do_call::h2f73af3616c35465
[INFO] [stdout]                                at /rustc/6067b36314ab5eb2eb47cecc464545ba58e1ad24/library/std/src/panicking.rs:587:40
[INFO] [stdout]   43:     0x5ef380014b1a - std::panicking::try::hd1660ce9efadef5a
[INFO] [stdout]                                at /rustc/6067b36314ab5eb2eb47cecc464545ba58e1ad24/library/std/src/panicking.rs:550:19
[INFO] [stdout]   44:     0x5ef380014b1a - std::panic::catch_unwind::h5ee8d7823b8ca744
[INFO] [stdout]                                at /rustc/6067b36314ab5eb2eb47cecc464545ba58e1ad24/library/std/src/panic.rs:358:14
[INFO] [stdout]   45:     0x5ef380014b1a - std::thread::Builder::spawn_unchecked_::{{closure}}::h53c3a1894dce8407
[INFO] [stdout]                                at /rustc/6067b36314ab5eb2eb47cecc464545ba58e1ad24/library/std/src/thread/mod.rs:557:30
[INFO] [stdout]   46:     0x5ef380014b1a - core::ops::function::FnOnce::call_once{{vtable.shim}}::h048ce291ad4f62bf
[INFO] [stdout]                                at /rustc/6067b36314ab5eb2eb47cecc464545ba58e1ad24/library/core/src/ops/function.rs:250:5
[INFO] [stdout]   47:     0x5ef3800867fb - <alloc::boxed::Box<F,A> as core::ops::function::FnOnce<Args>>::call_once::ha52bedf99a3b4981
[INFO] [stdout]                                at /rustc/6067b36314ab5eb2eb47cecc464545ba58e1ad24/library/alloc/src/boxed.rs:2013:9
[INFO] [stdout]   48:     0x5ef3800867fb - <alloc::boxed::Box<F,A> as core::ops::function::FnOnce<Args>>::call_once::h567748934d80ccf8
[INFO] [stdout]                                at /rustc/6067b36314ab5eb2eb47cecc464545ba58e1ad24/library/alloc/src/boxed.rs:2013:9
[INFO] [stdout]   49:     0x5ef3800867fb - std::sys::pal::unix::thread::Thread::new::thread_start::h2d970728ae887adc
[INFO] [stdout]                                at /rustc/6067b36314ab5eb2eb47cecc464545ba58e1ad24/library/std/src/sys/pal/unix/thread.rs:106:17
[INFO] [stdout]   50:     0x77ae97213ac3 - <unknown>
[INFO] [stdout]   51:     0x77ae972a4a04 - clone
[INFO] [stdout]   52:                0x0 - <unknown>
[INFO] [stdout] 
[INFO] [stdout] 
[INFO] [stdout] failures:
[INFO] [stdout]     examples_work
[INFO] [stdout] 
[INFO] [stdout] test result: FAILED. 0 passed; 1 failed; 0 ignored; 0 measured; 0 filtered out; finished in 0.02s
[INFO] [stdout] 
[INFO] [stderr] error: test failed, to rerun pass `-p belalang --test examples`
[INFO] running `Command { std: "docker" "inspect" "98f1bcb1dd35143a544df462dd3b18c5e7dd7e41fdd25a19ca79e681b22bae36", kill_on_drop: false }`
[INFO] running `Command { std: "docker" "rm" "-f" "98f1bcb1dd35143a544df462dd3b18c5e7dd7e41fdd25a19ca79e681b22bae36", kill_on_drop: false }`
[INFO] [stdout] 98f1bcb1dd35143a544df462dd3b18c5e7dd7e41fdd25a19ca79e681b22bae36
