[INFO] cloning repository https://github.com/scanban/advent_of_code_2022
[INFO] running `Command { std: "git" "-c" "credential.helper=" "-c" "credential.helper=/workspace/cargo-home/bin/git-credential-null" "clone" "--bare" "https://github.com/scanban/advent_of_code_2022" "/workspace/cache/git-repos/https%3A%2F%2Fgithub.com%2Fscanban%2Fadvent_of_code_2022", kill_on_drop: false }`
[INFO] [stderr] Cloning into bare repository '/workspace/cache/git-repos/https%3A%2F%2Fgithub.com%2Fscanban%2Fadvent_of_code_2022'...
[INFO] running `Command { std: "git" "rev-parse" "HEAD", kill_on_drop: false }`
[INFO] [stdout] c756646c083cbf035f065c104262cd8d9e6cef2b
[INFO] testing scanban/advent_of_code_2022 against nightly-2025-01-18 for randomize-layout-2
[INFO] running `Command { std: "git" "clone" "/workspace/cache/git-repos/https%3A%2F%2Fgithub.com%2Fscanban%2Fadvent_of_code_2022" "/workspace/builds/worker-1-tc1/source", kill_on_drop: false }`
[INFO] [stderr] Cloning into '/workspace/builds/worker-1-tc1/source'...
[INFO] [stderr] done.
[INFO] validating manifest of git repo https://github.com/scanban/advent_of_code_2022 on toolchain nightly-2025-01-18
[INFO] running `Command { std: CARGO_HOME="/workspace/cargo-home" RUSTUP_HOME="/workspace/rustup-home" "/workspace/cargo-home/bin/cargo" "+nightly-2025-01-18" "metadata" "--manifest-path" "Cargo.toml" "--no-deps", kill_on_drop: false }`
[INFO] started tweaking git repo https://github.com/scanban/advent_of_code_2022
[INFO] finished tweaking git repo https://github.com/scanban/advent_of_code_2022
[INFO] tweaked toml for git repo https://github.com/scanban/advent_of_code_2022 written to /workspace/builds/worker-1-tc1/source/Cargo.toml
[INFO] crate git repo https://github.com/scanban/advent_of_code_2022 already has a lockfile, it will not be regenerated
[INFO] running `Command { std: CARGO_HOME="/workspace/cargo-home" RUSTUP_HOME="/workspace/rustup-home" "/workspace/cargo-home/bin/cargo" "+nightly-2025-01-18" "fetch" "--manifest-path" "Cargo.toml", kill_on_drop: false }`
[INFO] [stderr] warning: virtual workspace defaulting to `resolver = "1"` despite one or more workspace members being on edition 2021 which implies `resolver = "2"`
[INFO] [stderr] note: to keep the current resolver, specify `workspace.resolver = "1"` in the workspace root's manifest
[INFO] [stderr] note: to use the edition 2021 resolver, specify `workspace.resolver = "2"` in the workspace root's manifest
[INFO] [stderr] note: for more details see https://doc.rust-lang.org/cargo/reference/resolver.html#resolver-versions
[INFO] running `Command { std: "docker" "create" "-v" "/var/lib/crater-agent-workspace/builds/worker-1-tc1/target:/opt/rustwide/target:rw,Z" "-v" "/var/lib/crater-agent-workspace/builds/worker-1-tc1/source:/opt/rustwide/workdir:ro,Z" "-v" "/var/lib/crater-agent-workspace/cargo-home:/opt/rustwide/cargo-home:ro,Z" "-v" "/var/lib/crater-agent-workspace/rustup-home:/opt/rustwide/rustup-home:ro,Z" "-e" "SOURCE_DIR=/opt/rustwide/workdir" "-e" "CARGO_TARGET_DIR=/opt/rustwide/target" "-e" "CARGO_HOME=/opt/rustwide/cargo-home" "-e" "RUSTUP_HOME=/opt/rustwide/rustup-home" "-w" "/opt/rustwide/workdir" "-m" "1610612736" "--user" "0:0" "--network" "none" "ghcr.io/rust-lang/crates-build-env/linux@sha256:819108c5571ea2e421544af4d832f968d213c87fbe3707a016657f43d2f853bc" "/opt/rustwide/cargo-home/bin/cargo" "+nightly-2025-01-18" "metadata" "--no-deps" "--format-version=1", kill_on_drop: false }`
[INFO] [stdout] a0e443410be443be50f844df4cfe1772e9ad74c7b8acab72e42f51903bfb8aa4
[INFO] running `Command { std: "docker" "start" "-a" "a0e443410be443be50f844df4cfe1772e9ad74c7b8acab72e42f51903bfb8aa4", kill_on_drop: false }`
[INFO] running `Command { std: "docker" "inspect" "a0e443410be443be50f844df4cfe1772e9ad74c7b8acab72e42f51903bfb8aa4", kill_on_drop: false }`
[INFO] running `Command { std: "docker" "rm" "-f" "a0e443410be443be50f844df4cfe1772e9ad74c7b8acab72e42f51903bfb8aa4", kill_on_drop: false }`
[INFO] [stdout] a0e443410be443be50f844df4cfe1772e9ad74c7b8acab72e42f51903bfb8aa4
[INFO] running `Command { std: "docker" "create" "-v" "/var/lib/crater-agent-workspace/builds/worker-1-tc1/target:/opt/rustwide/target:rw,Z" "-v" "/var/lib/crater-agent-workspace/builds/worker-1-tc1/source:/opt/rustwide/workdir:ro,Z" "-v" "/var/lib/crater-agent-workspace/cargo-home:/opt/rustwide/cargo-home:ro,Z" "-v" "/var/lib/crater-agent-workspace/rustup-home:/opt/rustwide/rustup-home:ro,Z" "-e" "SOURCE_DIR=/opt/rustwide/workdir" "-e" "CARGO_TARGET_DIR=/opt/rustwide/target" "-e" "CARGO_INCREMENTAL=0" "-e" "RUST_BACKTRACE=full" "-e" "RUSTFLAGS=--cap-lints=forbid" "-e" "RUSTDOCFLAGS=--cap-lints=forbid" "-e" "CARGO_HOME=/opt/rustwide/cargo-home" "-e" "RUSTUP_HOME=/opt/rustwide/rustup-home" "-w" "/opt/rustwide/workdir" "-m" "1610612736" "--user" "0:0" "--network" "none" "ghcr.io/rust-lang/crates-build-env/linux@sha256:819108c5571ea2e421544af4d832f968d213c87fbe3707a016657f43d2f853bc" "/opt/rustwide/cargo-home/bin/cargo" "+nightly-2025-01-18" "build" "--frozen" "--message-format=json", kill_on_drop: false }`
[INFO] [stdout] 483402af547fcb401bfb9201e34f3df46cd94eb4e1fb7afaef2ebf4ca9f7a715
[INFO] running `Command { std: "docker" "start" "-a" "483402af547fcb401bfb9201e34f3df46cd94eb4e1fb7afaef2ebf4ca9f7a715", kill_on_drop: false }`
[INFO] [stderr] warning: virtual workspace defaulting to `resolver = "1"` despite one or more workspace members being on edition 2021 which implies `resolver = "2"`
[INFO] [stderr] note: to keep the current resolver, specify `workspace.resolver = "1"` in the workspace root's manifest
[INFO] [stderr] note: to use the edition 2021 resolver, specify `workspace.resolver = "2"` in the workspace root's manifest
[INFO] [stderr] note: for more details see https://doc.rust-lang.org/cargo/reference/resolver.html#resolver-versions
[INFO] [stderr]    Compiling memchr v2.5.0
[INFO] [stderr]    Compiling lazy_static v1.4.0
[INFO] [stderr]    Compiling regex-syntax v0.6.28
[INFO] [stderr]    Compiling either v1.8.0
[INFO] [stderr]    Compiling d10_01 v0.1.0 (/opt/rustwide/workdir/d10_01)
[INFO] [stderr]    Compiling d08_02 v0.1.0 (/opt/rustwide/workdir/d08_02)
[INFO] [stderr]    Compiling d24_02 v0.1.0 (/opt/rustwide/workdir/d24_02)
[INFO] [stderr]    Compiling d01_01 v0.1.0 (/opt/rustwide/workdir/d01_01)
[INFO] [stderr]    Compiling d17_01 v0.1.0 (/opt/rustwide/workdir/d17_01)
[INFO] [stderr]    Compiling d17_02 v0.1.0 (/opt/rustwide/workdir/d17_02)
[INFO] [stderr]    Compiling d09_01 v0.1.0 (/opt/rustwide/workdir/d09_01)
[INFO] [stderr]    Compiling d25_01 v0.1.0 (/opt/rustwide/workdir/d25_01)
[INFO] [stderr]    Compiling itertools v0.10.5
[INFO] [stderr]    Compiling d03_02 v0.1.0 (/opt/rustwide/workdir/d03_02)
[INFO] [stderr]    Compiling d05_02 v0.1.0 (/opt/rustwide/workdir/d05_02)
[INFO] [stderr]    Compiling d07_01 v0.1.0 (/opt/rustwide/workdir/d07_01)
[INFO] [stderr]    Compiling d13_01 v0.1.0 (/opt/rustwide/workdir/d13_01)
[INFO] [stderr]    Compiling d24_01 v0.1.0 (/opt/rustwide/workdir/d24_01)
[INFO] [stderr]    Compiling d13_02 v0.1.0 (/opt/rustwide/workdir/d13_02)
[INFO] [stderr]    Compiling d14_01 v0.1.0 (/opt/rustwide/workdir/d14_01)
[INFO] [stderr]    Compiling d12_01 v0.1.0 (/opt/rustwide/workdir/d12_01)
[INFO] [stderr]    Compiling d02_02 v0.1.0 (/opt/rustwide/workdir/d02_02)
[INFO] [stderr]    Compiling d02_01 v0.1.0 (/opt/rustwide/workdir/d02_01)
[INFO] [stderr]    Compiling d07_02 v0.1.0 (/opt/rustwide/workdir/d07_02)
[INFO] [stderr]    Compiling aho-corasick v0.7.20
[INFO] [stderr]    Compiling d12_02 v0.1.0 (/opt/rustwide/workdir/d12_02)
[INFO] [stderr]    Compiling d20_01 v0.1.0 (/opt/rustwide/workdir/d20_01)
[INFO] [stderr]    Compiling d04_01 v0.1.0 (/opt/rustwide/workdir/d04_01)
[INFO] [stderr]    Compiling d10_02 v0.1.0 (/opt/rustwide/workdir/d10_02)
[INFO] [stderr]    Compiling d18_01 v0.1.0 (/opt/rustwide/workdir/d18_01)
[INFO] [stderr]    Compiling d14_02 v0.1.0 (/opt/rustwide/workdir/d14_02)
[INFO] [stderr]    Compiling d23_02 v0.1.0 (/opt/rustwide/workdir/d23_02)
[INFO] [stderr]    Compiling d23_01 v0.1.0 (/opt/rustwide/workdir/d23_01)
[INFO] [stderr]    Compiling d03_01 v0.1.0 (/opt/rustwide/workdir/d03_01)
[INFO] [stderr]    Compiling d09_02 v0.1.0 (/opt/rustwide/workdir/d09_02)
[INFO] [stderr]    Compiling d18_02 v0.1.0 (/opt/rustwide/workdir/d18_02)
[INFO] [stderr]    Compiling d05_01 v0.1.0 (/opt/rustwide/workdir/d05_01)
[INFO] [stderr]    Compiling d08_01 v0.1.0 (/opt/rustwide/workdir/d08_01)
[INFO] [stderr]    Compiling d04_02 v0.1.0 (/opt/rustwide/workdir/d04_02)
[INFO] [stderr]    Compiling d20_02 v0.1.0 (/opt/rustwide/workdir/d20_02)
[INFO] [stderr]    Compiling d01_02 v0.1.0 (/opt/rustwide/workdir/d01_02)
[INFO] [stderr]    Compiling d06_01 v0.1.0 (/opt/rustwide/workdir/d06_01)
[INFO] [stderr]    Compiling d06_02 v0.1.0 (/opt/rustwide/workdir/d06_02)
[INFO] [stderr]    Compiling regex v1.7.0
[INFO] [stderr]    Compiling d11_02 v0.1.0 (/opt/rustwide/workdir/d11_02)
[INFO] [stderr]    Compiling d15_02 v0.1.0 (/opt/rustwide/workdir/d15_02)
[INFO] [stderr]    Compiling d15_01 v0.1.0 (/opt/rustwide/workdir/d15_01)
[INFO] [stderr]    Compiling d19_02 v0.1.0 (/opt/rustwide/workdir/d19_02)
[INFO] [stderr]    Compiling d21_02 v0.1.0 (/opt/rustwide/workdir/d21_02)
[INFO] [stderr]    Compiling d19_01 v0.1.0 (/opt/rustwide/workdir/d19_01)
[INFO] [stderr]    Compiling d22_01 v0.1.0 (/opt/rustwide/workdir/d22_01)
[INFO] [stderr]    Compiling d16_02 v0.1.0 (/opt/rustwide/workdir/d16_02)
[INFO] [stderr]    Compiling d11_01 v0.1.0 (/opt/rustwide/workdir/d11_01)
[INFO] [stderr]    Compiling d21_01 v0.1.0 (/opt/rustwide/workdir/d21_01)
[INFO] [stderr]    Compiling d22_02 v0.1.0 (/opt/rustwide/workdir/d22_02)
[INFO] [stderr]    Compiling d16_01 v0.1.0 (/opt/rustwide/workdir/d16_01)
[INFO] [stderr]    Compiling runner v0.1.0 (/opt/rustwide/workdir/runner)
[INFO] [stderr]     Finished `dev` profile [unoptimized + debuginfo] target(s) in 18.61s
[INFO] running `Command { std: "docker" "inspect" "483402af547fcb401bfb9201e34f3df46cd94eb4e1fb7afaef2ebf4ca9f7a715", kill_on_drop: false }`
[INFO] running `Command { std: "docker" "rm" "-f" "483402af547fcb401bfb9201e34f3df46cd94eb4e1fb7afaef2ebf4ca9f7a715", kill_on_drop: false }`
[INFO] [stdout] 483402af547fcb401bfb9201e34f3df46cd94eb4e1fb7afaef2ebf4ca9f7a715
[INFO] running `Command { std: "docker" "create" "-v" "/var/lib/crater-agent-workspace/builds/worker-1-tc1/target:/opt/rustwide/target:rw,Z" "-v" "/var/lib/crater-agent-workspace/builds/worker-1-tc1/source:/opt/rustwide/workdir:ro,Z" "-v" "/var/lib/crater-agent-workspace/cargo-home:/opt/rustwide/cargo-home:ro,Z" "-v" "/var/lib/crater-agent-workspace/rustup-home:/opt/rustwide/rustup-home:ro,Z" "-e" "SOURCE_DIR=/opt/rustwide/workdir" "-e" "CARGO_TARGET_DIR=/opt/rustwide/target" "-e" "CARGO_INCREMENTAL=0" "-e" "RUST_BACKTRACE=full" "-e" "RUSTFLAGS=--cap-lints=forbid" "-e" "RUSTDOCFLAGS=--cap-lints=forbid" "-e" "CARGO_HOME=/opt/rustwide/cargo-home" "-e" "RUSTUP_HOME=/opt/rustwide/rustup-home" "-w" "/opt/rustwide/workdir" "-m" "1610612736" "--user" "0:0" "--network" "none" "ghcr.io/rust-lang/crates-build-env/linux@sha256:819108c5571ea2e421544af4d832f968d213c87fbe3707a016657f43d2f853bc" "/opt/rustwide/cargo-home/bin/cargo" "+nightly-2025-01-18" "test" "--frozen" "--no-run" "--message-format=json", kill_on_drop: false }`
[INFO] [stdout] d17e4d2f7d6f901236e5aca93e2bd7dd74de61167f7f48b6b56e6da928c07dae
[INFO] running `Command { std: "docker" "start" "-a" "d17e4d2f7d6f901236e5aca93e2bd7dd74de61167f7f48b6b56e6da928c07dae", kill_on_drop: false }`
[INFO] [stderr] warning: virtual workspace defaulting to `resolver = "1"` despite one or more workspace members being on edition 2021 which implies `resolver = "2"`
[INFO] [stderr] note: to keep the current resolver, specify `workspace.resolver = "1"` in the workspace root's manifest
[INFO] [stderr] note: to use the edition 2021 resolver, specify `workspace.resolver = "2"` in the workspace root's manifest
[INFO] [stderr] note: for more details see https://doc.rust-lang.org/cargo/reference/resolver.html#resolver-versions
[INFO] [stderr]    Compiling runner v0.1.0 (/opt/rustwide/workdir/runner)
[INFO] [stderr]    Compiling d01_02 v0.1.0 (/opt/rustwide/workdir/d01_02)
[INFO] [stderr]    Compiling d06_02 v0.1.0 (/opt/rustwide/workdir/d06_02)
[INFO] [stderr]    Compiling d06_01 v0.1.0 (/opt/rustwide/workdir/d06_01)
[INFO] [stderr]    Compiling d16_01 v0.1.0 (/opt/rustwide/workdir/d16_01)
[INFO] [stderr]    Compiling d22_01 v0.1.0 (/opt/rustwide/workdir/d22_01)
[INFO] [stderr]    Compiling d11_02 v0.1.0 (/opt/rustwide/workdir/d11_02)
[INFO] [stderr]    Compiling d16_02 v0.1.0 (/opt/rustwide/workdir/d16_02)
[INFO] [stderr]    Compiling d22_02 v0.1.0 (/opt/rustwide/workdir/d22_02)
[INFO] [stderr]    Compiling d19_02 v0.1.0 (/opt/rustwide/workdir/d19_02)
[INFO] [stderr]    Compiling d15_02 v0.1.0 (/opt/rustwide/workdir/d15_02)
[INFO] [stderr]    Compiling d19_01 v0.1.0 (/opt/rustwide/workdir/d19_01)
[INFO] [stderr]    Compiling d11_01 v0.1.0 (/opt/rustwide/workdir/d11_01)
[INFO] [stderr]    Compiling d21_01 v0.1.0 (/opt/rustwide/workdir/d21_01)
[INFO] [stderr]    Compiling d15_01 v0.1.0 (/opt/rustwide/workdir/d15_01)
[INFO] [stderr]    Compiling d21_02 v0.1.0 (/opt/rustwide/workdir/d21_02)
[INFO] [stderr]    Compiling d17_01 v0.1.0 (/opt/rustwide/workdir/d17_01)
[INFO] [stderr]    Compiling d17_02 v0.1.0 (/opt/rustwide/workdir/d17_02)
[INFO] [stderr]    Compiling d04_02 v0.1.0 (/opt/rustwide/workdir/d04_02)
[INFO] [stderr]    Compiling d25_01 v0.1.0 (/opt/rustwide/workdir/d25_01)
[INFO] [stderr]    Compiling d14_02 v0.1.0 (/opt/rustwide/workdir/d14_02)
[INFO] [stderr]    Compiling d09_02 v0.1.0 (/opt/rustwide/workdir/d09_02)
[INFO] [stderr]    Compiling d18_02 v0.1.0 (/opt/rustwide/workdir/d18_02)
[INFO] [stderr]    Compiling d03_02 v0.1.0 (/opt/rustwide/workdir/d03_02)
[INFO] [stderr]    Compiling d18_01 v0.1.0 (/opt/rustwide/workdir/d18_01)
[INFO] [stderr]    Compiling d12_02 v0.1.0 (/opt/rustwide/workdir/d12_02)
[INFO] [stderr]    Compiling d23_01 v0.1.0 (/opt/rustwide/workdir/d23_01)
[INFO] [stderr]    Compiling d13_01 v0.1.0 (/opt/rustwide/workdir/d13_01)
[INFO] [stderr]    Compiling d05_01 v0.1.0 (/opt/rustwide/workdir/d05_01)
[INFO] [stderr]    Compiling d07_02 v0.1.0 (/opt/rustwide/workdir/d07_02)
[INFO] [stderr]    Compiling d05_02 v0.1.0 (/opt/rustwide/workdir/d05_02)
[INFO] [stderr]    Compiling d07_01 v0.1.0 (/opt/rustwide/workdir/d07_01)
[INFO] [stderr]    Compiling d23_02 v0.1.0 (/opt/rustwide/workdir/d23_02)
[INFO] [stderr]    Compiling d01_01 v0.1.0 (/opt/rustwide/workdir/d01_01)
[INFO] [stderr]    Compiling d04_01 v0.1.0 (/opt/rustwide/workdir/d04_01)
[INFO] [stderr]    Compiling d10_02 v0.1.0 (/opt/rustwide/workdir/d10_02)
[INFO] [stderr]    Compiling d24_01 v0.1.0 (/opt/rustwide/workdir/d24_01)
[INFO] [stderr]    Compiling d03_01 v0.1.0 (/opt/rustwide/workdir/d03_01)
[INFO] [stderr]    Compiling d12_01 v0.1.0 (/opt/rustwide/workdir/d12_01)
[INFO] [stderr]    Compiling d02_02 v0.1.0 (/opt/rustwide/workdir/d02_02)
[INFO] [stderr]    Compiling d09_01 v0.1.0 (/opt/rustwide/workdir/d09_01)
[INFO] [stderr]    Compiling d10_01 v0.1.0 (/opt/rustwide/workdir/d10_01)
[INFO] [stderr]    Compiling d08_02 v0.1.0 (/opt/rustwide/workdir/d08_02)
[INFO] [stderr]    Compiling d08_01 v0.1.0 (/opt/rustwide/workdir/d08_01)
[INFO] [stderr]    Compiling d20_01 v0.1.0 (/opt/rustwide/workdir/d20_01)
[INFO] [stderr]    Compiling d14_01 v0.1.0 (/opt/rustwide/workdir/d14_01)
[INFO] [stderr]    Compiling d13_02 v0.1.0 (/opt/rustwide/workdir/d13_02)
[INFO] [stderr]    Compiling d24_02 v0.1.0 (/opt/rustwide/workdir/d24_02)
[INFO] [stderr]    Compiling d02_01 v0.1.0 (/opt/rustwide/workdir/d02_01)
[INFO] [stderr]    Compiling d20_02 v0.1.0 (/opt/rustwide/workdir/d20_02)
[INFO] [stderr]     Finished `test` profile [unoptimized + debuginfo] target(s) in 14.97s
[INFO] running `Command { std: "docker" "inspect" "d17e4d2f7d6f901236e5aca93e2bd7dd74de61167f7f48b6b56e6da928c07dae", kill_on_drop: false }`
[INFO] running `Command { std: "docker" "rm" "-f" "d17e4d2f7d6f901236e5aca93e2bd7dd74de61167f7f48b6b56e6da928c07dae", kill_on_drop: false }`
[INFO] [stdout] d17e4d2f7d6f901236e5aca93e2bd7dd74de61167f7f48b6b56e6da928c07dae
[INFO] running `Command { std: "docker" "create" "-v" "/var/lib/crater-agent-workspace/builds/worker-1-tc1/target:/opt/rustwide/target:rw,Z" "-v" "/var/lib/crater-agent-workspace/builds/worker-1-tc1/source:/opt/rustwide/workdir:ro,Z" "-v" "/var/lib/crater-agent-workspace/cargo-home:/opt/rustwide/cargo-home:ro,Z" "-v" "/var/lib/crater-agent-workspace/rustup-home:/opt/rustwide/rustup-home:ro,Z" "-e" "SOURCE_DIR=/opt/rustwide/workdir" "-e" "CARGO_TARGET_DIR=/opt/rustwide/target" "-e" "CARGO_INCREMENTAL=0" "-e" "RUST_BACKTRACE=full" "-e" "RUSTFLAGS=--cap-lints=forbid" "-e" "RUSTDOCFLAGS=--cap-lints=forbid" "-e" "CARGO_HOME=/opt/rustwide/cargo-home" "-e" "RUSTUP_HOME=/opt/rustwide/rustup-home" "-w" "/opt/rustwide/workdir" "-m" "1610612736" "--user" "0:0" "--network" "none" "ghcr.io/rust-lang/crates-build-env/linux@sha256:819108c5571ea2e421544af4d832f968d213c87fbe3707a016657f43d2f853bc" "/opt/rustwide/cargo-home/bin/cargo" "+nightly-2025-01-18" "test" "--frozen", kill_on_drop: false }`
[INFO] [stdout] 1c8c0cedc46a2fe7fbcc666394796806d8bdcb5e6ccd229a043c876a4ea9a4e2
[INFO] running `Command { std: "docker" "start" "-a" "1c8c0cedc46a2fe7fbcc666394796806d8bdcb5e6ccd229a043c876a4ea9a4e2", kill_on_drop: false }`
[INFO] [stderr] warning: virtual workspace defaulting to `resolver = "1"` despite one or more workspace members being on edition 2021 which implies `resolver = "2"`
[INFO] [stderr] note: to keep the current resolver, specify `workspace.resolver = "1"` in the workspace root's manifest
[INFO] [stderr] note: to use the edition 2021 resolver, specify `workspace.resolver = "2"` in the workspace root's manifest
[INFO] [stderr] note: for more details see https://doc.rust-lang.org/cargo/reference/resolver.html#resolver-versions
[INFO] [stderr]     Finished `test` profile [unoptimized + debuginfo] target(s) in 0.07s
[INFO] [stderr]      Running unittests src/lib.rs (/opt/rustwide/target/debug/deps/d01_01-5466620150914c0b)
[INFO] [stdout] 
[INFO] [stdout] running 0 tests
[INFO] [stdout] 
[INFO] [stdout] test result: ok. 0 passed; 0 failed; 0 ignored; 0 measured; 0 filtered out; finished in 0.00s
[INFO] [stdout] 
[INFO] [stderr]      Running unittests src/lib.rs (/opt/rustwide/target/debug/deps/d01_02-24fd023b6615ea20)
[INFO] [stdout] 
[INFO] [stdout] running 0 tests
[INFO] [stdout] 
[INFO] [stdout] test result: ok. 0 passed; 0 failed; 0 ignored; 0 measured; 0 filtered out; finished in 0.00s
[INFO] [stdout] 
[INFO] [stderr]      Running unittests src/lib.rs (/opt/rustwide/target/debug/deps/d02_01-e5b4fb72d2672eb0)
[INFO] [stdout] 
[INFO] [stdout] running 1 test
[INFO] [stdout] test tests::run_solve ... ok
[INFO] [stdout] 
[INFO] [stdout] test result: ok. 1 passed; 0 failed; 0 ignored; 0 measured; 0 filtered out; finished in 0.00s
[INFO] [stdout] 
[INFO] [stderr]      Running unittests src/lib.rs (/opt/rustwide/target/debug/deps/d02_02-e45d2b1b5a5fcb44)
[INFO] [stdout] 
[INFO] [stderr]      Running unittests src/lib.rs (/opt/rustwide/target/debug/deps/d03_01-33b692f210189ff7)
[INFO] [stdout] running 0 tests
[INFO] [stdout] 
[INFO] [stdout] test result: ok. 0 passed; 0 failed; 0 ignored; 0 measured; 0 filtered out; finished in 0.00s
[INFO] [stdout] 
[INFO] [stdout] 
[INFO] [stdout] running 1 test
[INFO] [stdout] test tests::solve_test ... ok
[INFO] [stderr]      Running unittests src/lib.rs (/opt/rustwide/target/debug/deps/d03_02-c42bd221558816a7)
[INFO] [stdout] 
[INFO] [stdout] test result: ok. 1 passed; 0 failed; 0 ignored; 0 measured; 0 filtered out; finished in 0.00s
[INFO] [stdout] 
[INFO] [stdout] 
[INFO] [stdout] running 1 test
[INFO] [stderr]      Running unittests src/lib.rs (/opt/rustwide/target/debug/deps/d04_01-79e6d39b64158ffe)
[INFO] [stdout] test tests::solve_test ... ok
[INFO] [stdout] 
[INFO] [stdout] test result: ok. 1 passed; 0 failed; 0 ignored; 0 measured; 0 filtered out; finished in 0.00s
[INFO] [stdout] 
[INFO] [stdout] 
[INFO] [stdout] running 1 test
[INFO] [stdout] test tests::solve_test ... ok
[INFO] [stdout] 
[INFO] [stderr]      Running unittests src/lib.rs (/opt/rustwide/target/debug/deps/d04_02-063532c5acde8b90)
[INFO] [stdout] test result: ok. 1 passed; 0 failed; 0 ignored; 0 measured; 0 filtered out; finished in 0.00s
[INFO] [stdout] 
[INFO] [stdout] 
[INFO] [stdout] running 1 test
[INFO] [stdout] test tests::solve_test ... ok
[INFO] [stdout] 
[INFO] [stdout] test result: ok. 1 passed; 0 failed; 0 ignored; 0 measured; 0 filtered out; finished in 0.01s
[INFO] [stderr]      Running unittests src/lib.rs (/opt/rustwide/target/debug/deps/d05_01-62412d13796e050c)
[INFO] [stdout] 
[INFO] [stdout] 
[INFO] [stdout] running 1 test
[INFO] [stdout] test tests::solve_test ... ok
[INFO] [stderr]      Running unittests src/lib.rs (/opt/rustwide/target/debug/deps/d05_02-8ed2cffde112c435)
[INFO] [stdout] 
[INFO] [stdout] test result: ok. 1 passed; 0 failed; 0 ignored; 0 measured; 0 filtered out; finished in 0.00s
[INFO] [stdout] 
[INFO] [stdout] 
[INFO] [stdout] running 1 test
[INFO] [stdout] test tests::solve_test ... ok
[INFO] [stdout] 
[INFO] [stdout] test result: ok. 1 passed; 0 failed; 0 ignored; 0 measured; 0 filtered out; finished in 0.01s
[INFO] [stdout] 
[INFO] [stderr]      Running unittests src/lib.rs (/opt/rustwide/target/debug/deps/d06_01-ff9eb2d1ecfe03ad)
[INFO] [stdout] 
[INFO] [stdout] running 1 test
[INFO] [stdout] test tests::solve_test ... ok
[INFO] [stdout] 
[INFO] [stdout] test result: ok. 1 passed; 0 failed; 0 ignored; 0 measured; 0 filtered out; finished in 0.01s
[INFO] [stdout] 
[INFO] [stderr]      Running unittests src/lib.rs (/opt/rustwide/target/debug/deps/d06_02-98b96b5e074aafdf)
[INFO] [stdout] 
[INFO] [stdout] running 1 test
[INFO] [stdout] test tests::solve_test ... ok
[INFO] [stdout] 
[INFO] [stdout] test result: ok. 1 passed; 0 failed; 0 ignored; 0 measured; 0 filtered out; finished in 0.01s
[INFO] [stdout] 
[INFO] [stderr]      Running unittests src/lib.rs (/opt/rustwide/target/debug/deps/d07_01-839a6ffa26fc7a2e)
[INFO] [stdout] 
[INFO] [stdout] running 1 test
[INFO] [stdout] test tests::solve_test ... ok
[INFO] [stdout] 
[INFO] [stdout] test result: ok. 1 passed; 0 failed; 0 ignored; 0 measured; 0 filtered out; finished in 0.00s
[INFO] [stdout] 
[INFO] [stderr]      Running unittests src/lib.rs (/opt/rustwide/target/debug/deps/d07_02-2ff8f6f9f4b2d9e7)
[INFO] [stdout] 
[INFO] [stdout] running 1 test
[INFO] [stdout] test tests::solve_test ... ok
[INFO] [stdout] 
[INFO] [stdout] test result: ok. 1 passed; 0 failed; 0 ignored; 0 measured; 0 filtered out; finished in 0.00s
[INFO] [stdout] 
[INFO] [stderr]      Running unittests src/lib.rs (/opt/rustwide/target/debug/deps/d08_01-c0f243728a88b998)
[INFO] [stdout] 
[INFO] [stdout] running 1 test
[INFO] [stdout] test tests::solve_test ... ok
[INFO] [stdout] 
[INFO] [stdout] test result: ok. 1 passed; 0 failed; 0 ignored; 0 measured; 0 filtered out; finished in 0.00s
[INFO] [stdout] 
[INFO] [stderr]      Running unittests src/lib.rs (/opt/rustwide/target/debug/deps/d08_02-e064ac252e6b4ad6)
[INFO] [stdout] 
[INFO] [stderr]      Running unittests src/lib.rs (/opt/rustwide/target/debug/deps/d09_01-a54509b3431ed5a6)
[INFO] [stdout] running 1 test
[INFO] [stdout] test tests::solve_test ... ok
[INFO] [stdout] 
[INFO] [stdout] test result: ok. 1 passed; 0 failed; 0 ignored; 0 measured; 0 filtered out; finished in 0.00s
[INFO] [stdout] 
[INFO] [stdout] 
[INFO] [stdout] running 1 test
[INFO] [stdout] test tests::solve_test ... ok
[INFO] [stdout] 
[INFO] [stdout] test result: ok. 1 passed; 0 failed; 0 ignored; 0 measured; 0 filtered out; finished in 0.00s
[INFO] [stdout] 
[INFO] [stderr]      Running unittests src/lib.rs (/opt/rustwide/target/debug/deps/d09_02-3a0345a8236709a4)
[INFO] [stdout] 
[INFO] [stdout] running 1 test
[INFO] [stdout] test tests::solve_test ... ok
[INFO] [stdout] 
[INFO] [stdout] test result: ok. 1 passed; 0 failed; 0 ignored; 0 measured; 0 filtered out; finished in 0.01s
[INFO] [stdout] 
[INFO] [stderr]      Running unittests src/lib.rs (/opt/rustwide/target/debug/deps/d10_01-7e8e005b2138398a)
[INFO] [stdout] 
[INFO] [stdout] running 1 test
[INFO] [stderr]      Running unittests src/lib.rs (/opt/rustwide/target/debug/deps/d10_02-87aba5807ccefb97)
[INFO] [stdout] test tests::solve_test ... ok
[INFO] [stdout] 
[INFO] [stdout] test result: ok. 1 passed; 0 failed; 0 ignored; 0 measured; 0 filtered out; finished in 0.00s
[INFO] [stdout] 
[INFO] [stdout] 
[INFO] [stdout] running 1 test
[INFO] [stdout] test tests::solve_test ... ok
[INFO] [stdout] 
[INFO] [stdout] test result: ok. 1 passed; 0 failed; 0 ignored; 0 measured; 0 filtered out; finished in 0.00s
[INFO] [stdout] 
[INFO] [stderr]      Running unittests src/lib.rs (/opt/rustwide/target/debug/deps/d11_01-50beddca12acf552)
[INFO] [stdout] 
[INFO] [stdout] running 1 test
[INFO] [stdout] test tests::solve_test ... ok
[INFO] [stdout] 
[INFO] [stdout] test result: ok. 1 passed; 0 failed; 0 ignored; 0 measured; 0 filtered out; finished in 0.01s
[INFO] [stdout] 
[INFO] [stderr]      Running unittests src/lib.rs (/opt/rustwide/target/debug/deps/d11_02-967ced18dbf48eef)
[INFO] [stdout] 
[INFO] [stdout] running 1 test
[INFO] [stdout] test tests::solve_test ... ok
[INFO] [stdout] 
[INFO] [stdout] test result: ok. 1 passed; 0 failed; 0 ignored; 0 measured; 0 filtered out; finished in 0.06s
[INFO] [stdout] 
[INFO] [stdout] 
[INFO] [stdout] running 1 test
[INFO] [stderr]      Running unittests src/lib.rs (/opt/rustwide/target/debug/deps/d12_01-3a778baeea3e094b)
[INFO] [stdout] test tests::solve_test ... ok
[INFO] [stdout] 
[INFO] [stdout] test result: ok. 1 passed; 0 failed; 0 ignored; 0 measured; 0 filtered out; finished in 0.01s
[INFO] [stdout] 
[INFO] [stderr]      Running unittests src/lib.rs (/opt/rustwide/target/debug/deps/d12_02-dc67fec59148d2c3)
[INFO] [stdout] 
[INFO] [stdout] running 1 test
[INFO] [stderr]      Running unittests src/lib.rs (/opt/rustwide/target/debug/deps/d13_01-4ec2b212742cf85e)
[INFO] [stdout] test tests::solve_test ... ok
[INFO] [stdout] 
[INFO] [stdout] test result: ok. 1 passed; 0 failed; 0 ignored; 0 measured; 0 filtered out; finished in 0.00s
[INFO] [stdout] 
[INFO] [stdout] 
[INFO] [stdout] running 1 test
[INFO] [stdout] test tests::solve_test ... ok
[INFO] [stdout] 
[INFO] [stdout] test result: ok. 1 passed; 0 failed; 0 ignored; 0 measured; 0 filtered out; finished in 0.01s
[INFO] [stdout] 
[INFO] [stderr]      Running unittests src/lib.rs (/opt/rustwide/target/debug/deps/d13_02-7bdcec83ee0faf4d)
[INFO] [stdout] 
[INFO] [stdout] running 1 test
[INFO] [stdout] test tests::solve_test ... ok
[INFO] [stdout] 
[INFO] [stdout] test result: ok. 1 passed; 0 failed; 0 ignored; 0 measured; 0 filtered out; finished in 0.00s
[INFO] [stdout] 
[INFO] [stderr]      Running unittests src/lib.rs (/opt/rustwide/target/debug/deps/d14_01-404d00d69c3caf1c)
[INFO] [stdout] 
[INFO] [stdout] running 1 test
[INFO] [stdout] test tests::solve_test ... ok
[INFO] [stdout] 
[INFO] [stdout] test result: ok. 1 passed; 0 failed; 0 ignored; 0 measured; 0 filtered out; finished in 0.00s
[INFO] [stdout] 
[INFO] [stderr]      Running unittests src/lib.rs (/opt/rustwide/target/debug/deps/d14_02-9aff088bd2e56343)
[INFO] [stdout] 
[INFO] [stdout] running 1 test
[INFO] [stdout] test tests::solve_test ... ok
[INFO] [stdout] 
[INFO] [stdout] test result: ok. 1 passed; 0 failed; 0 ignored; 0 measured; 0 filtered out; finished in 0.01s
[INFO] [stdout] 
[INFO] [stderr]      Running unittests src/lib.rs (/opt/rustwide/target/debug/deps/d15_01-50e283d7178b2316)
[INFO] [stdout] 
[INFO] [stdout] running 1 test
[INFO] [stdout] test tests::solve_test ... ok
[INFO] [stdout] 
[INFO] [stdout] test result: ok. 1 passed; 0 failed; 0 ignored; 0 measured; 0 filtered out; finished in 0.01s
[INFO] [stdout] 
[INFO] [stderr]      Running unittests src/lib.rs (/opt/rustwide/target/debug/deps/d15_02-89529603a56c61bb)
[INFO] [stdout] 
[INFO] [stdout] running 1 test
[INFO] [stdout] test tests::solve_test ... FAILED
[INFO] [stdout] 
[INFO] [stdout] failures:
[INFO] [stdout] 
[INFO] [stdout] ---- tests::solve_test stdout ----
[INFO] [stdout] [d15_02/src/lib.rs:61:13] &zones = [
[INFO] [stdout]     (
[INFO] [stdout]         -8,
[INFO] [stdout]         12,
[INFO] [stdout]     ),
[INFO] [stdout]     (
[INFO] [stdout]         6,
[INFO] [stdout]         10,
[INFO] [stdout]     ),
[INFO] [stdout]     (
[INFO] [stdout]         12,
[INFO] [stdout]         14,
[INFO] [stdout]     ),
[INFO] [stdout]     (
[INFO] [stdout]         14,
[INFO] [stdout]         26,
[INFO] [stdout]     ),
[INFO] [stdout] ]
[INFO] [stdout] [d15_02/src/lib.rs:61:13] &zones = [
[INFO] [stdout]     (
[INFO] [stdout]         -7,
[INFO] [stdout]         11,
[INFO] [stdout]     ),
[INFO] [stdout]     (
[INFO] [stdout]         5,
[INFO] [stdout]         11,
[INFO] [stdout]     ),
[INFO] [stdout]     (
[INFO] [stdout]         11,
[INFO] [stdout]         15,
[INFO] [stdout]     ),
[INFO] [stdout]     (
[INFO] [stdout]         13,
[INFO] [stdout]         27,
[INFO] [stdout]     ),
[INFO] [stdout] ]
[INFO] [stdout] [d15_02/src/lib.rs:61:13] &zones = [
[INFO] [stdout]     (
[INFO] [stdout]         -6,
[INFO] [stdout]         10,
[INFO] [stdout]     ),
[INFO] [stdout]     (
[INFO] [stdout]         4,
[INFO] [stdout]         12,
[INFO] [stdout]     ),
[INFO] [stdout]     (
[INFO] [stdout]         10,
[INFO] [stdout]         16,
[INFO] [stdout]     ),
[INFO] [stdout]     (
[INFO] [stdout]         14,
[INFO] [stdout]         14,
[INFO] [stdout]     ),
[INFO] [stdout]     (
[INFO] [stdout]         14,
[INFO] [stdout]         26,
[INFO] [stdout]     ),
[INFO] [stdout]     (
[INFO] [stdout]         16,
[INFO] [stdout]         16,
[INFO] [stdout]     ),
[INFO] [stdout] ]
[INFO] [stdout] [d15_02/src/lib.rs:61:13] &zones = [
[INFO] [stdout]     (
[INFO] [stdout]         -5,
[INFO] [stdout]         9,
[INFO] [stdout]     ),
[INFO] [stdout]     (
[INFO] [stdout]         3,
[INFO] [stdout]         13,
[INFO] [stdout]     ),
[INFO] [stdout]     (
[INFO] [stdout]         11,
[INFO] [stdout]         15,
[INFO] [stdout]     ),
[INFO] [stdout]     (
[INFO] [stdout]         13,
[INFO] [stdout]         15,
[INFO] [stdout]     ),
[INFO] [stdout]     (
[INFO] [stdout]         15,
[INFO] [stdout]         17,
[INFO] [stdout]     ),
[INFO] [stdout]     (
[INFO] [stdout]         15,
[INFO] [stdout]         25,
[INFO] [stdout]     ),
[INFO] [stdout] ]
[INFO] [stdout] [d15_02/src/lib.rs:61:13] &zones = [
[INFO] [stdout]     (
[INFO] [stdout]         -4,
[INFO] [stdout]         8,
[INFO] [stdout]     ),
[INFO] [stdout]     (
[INFO] [stdout]         2,
[INFO] [stdout]         14,
[INFO] [stdout]     ),
[INFO] [stdout]     (
[INFO] [stdout]         12,
[INFO] [stdout]         14,
[INFO] [stdout]     ),
[INFO] [stdout]     (
[INFO] [stdout]         14,
[INFO] [stdout]         18,
[INFO] [stdout]     ),
[INFO] [stdout]     (
[INFO] [stdout]         14,
[INFO] [stdout]         14,
[INFO] [stdout]     ),
[INFO] [stdout]     (
[INFO] [stdout]         16,
[INFO] [stdout]         24,
[INFO] [stdout]     ),
[INFO] [stdout] ]
[INFO] [stdout] [d15_02/src/lib.rs:61:13] &zones = [
[INFO] [stdout]     (
[INFO] [stdout]         -3,
[INFO] [stdout]         7,
[INFO] [stdout]     ),
[INFO] [stdout]     (
[INFO] [stdout]         1,
[INFO] [stdout]         15,
[INFO] [stdout]     ),
[INFO] [stdout]     (
[INFO] [stdout]         13,
[INFO] [stdout]         13,
[INFO] [stdout]     ),
[INFO] [stdout]     (
[INFO] [stdout]         13,
[INFO] [stdout]         19,
[INFO] [stdout]     ),
[INFO] [stdout]     (
[INFO] [stdout]         17,
[INFO] [stdout]         23,
[INFO] [stdout]     ),
[INFO] [stdout] ]
[INFO] [stdout] [d15_02/src/lib.rs:61:13] &zones = [
[INFO] [stdout]     (
[INFO] [stdout]         -2,
[INFO] [stdout]         6,
[INFO] [stdout]     ),
[INFO] [stdout]     (
[INFO] [stdout]         0,
[INFO] [stdout]         16,
[INFO] [stdout]     ),
[INFO] [stdout]     (
[INFO] [stdout]         12,
[INFO] [stdout]         20,
[INFO] [stdout]     ),
[INFO] [stdout]     (
[INFO] [stdout]         18,
[INFO] [stdout]         22,
[INFO] [stdout]     ),
[INFO] [stdout]     (
[INFO] [stdout]         20,
[INFO] [stdout]         20,
[INFO] [stdout]     ),
[INFO] [stdout] ]
[INFO] [stdout] [d15_02/src/lib.rs:61:13] &zones = [
[INFO] [stdout]     (
[INFO] [stdout]         -1,
[INFO] [stdout]         17,
[INFO] [stdout]     ),
[INFO] [stdout]     (
[INFO] [stdout]         -1,
[INFO] [stdout]         5,
[INFO] [stdout]     ),
[INFO] [stdout]     (
[INFO] [stdout]         11,
[INFO] [stdout]         21,
[INFO] [stdout]     ),
[INFO] [stdout]     (
[INFO] [stdout]         19,
[INFO] [stdout]         21,
[INFO] [stdout]     ),
[INFO] [stdout]     (
[INFO] [stdout]         19,
[INFO] [stdout]         21,
[INFO] [stdout]     ),
[INFO] [stdout] ]
[INFO] [stdout] [d15_02/src/lib.rs:61:13] &zones = [
[INFO] [stdout]     (
[INFO] [stdout]         0,
[INFO] [stdout]         16,
[INFO] [stdout]     ),
[INFO] [stdout]     (
[INFO] [stdout]         0,
[INFO] [stdout]         4,
[INFO] [stdout]     ),
[INFO] [stdout]     (
[INFO] [stdout]         0,
[INFO] [stdout]         0,
[INFO] [stdout]     ),
[INFO] [stdout]     (
[INFO] [stdout]         12,
[INFO] [stdout]         20,
[INFO] [stdout]     ),
[INFO] [stdout]     (
[INFO] [stdout]         18,
[INFO] [stdout]         22,
[INFO] [stdout]     ),
[INFO] [stdout]     (
[INFO] [stdout]         20,
[INFO] [stdout]         20,
[INFO] [stdout]     ),
[INFO] [stdout] ]
[INFO] [stdout] [d15_02/src/lib.rs:61:13] &zones = [
[INFO] [stdout]     (
[INFO] [stdout]         -1,
[INFO] [stdout]         1,
[INFO] [stdout]     ),
[INFO] [stdout]     (
[INFO] [stdout]         1,
[INFO] [stdout]         15,
[INFO] [stdout]     ),
[INFO] [stdout]     (
[INFO] [stdout]         1,
[INFO] [stdout]         3,
[INFO] [stdout]     ),
[INFO] [stdout]     (
[INFO] [stdout]         13,
[INFO] [stdout]         19,
[INFO] [stdout]     ),
[INFO] [stdout]     (
[INFO] [stdout]         17,
[INFO] [stdout]         23,
[INFO] [stdout]     ),
[INFO] [stdout] ]
[INFO] [stdout] [d15_02/src/lib.rs:61:13] &zones = [
[INFO] [stdout]     (
[INFO] [stdout]         -2,
[INFO] [stdout]         2,
[INFO] [stdout]     ),
[INFO] [stdout]     (
[INFO] [stdout]         2,
[INFO] [stdout]         14,
[INFO] [stdout]     ),
[INFO] [stdout]     (
[INFO] [stdout]         2,
[INFO] [stdout]         2,
[INFO] [stdout]     ),
[INFO] [stdout]     (
[INFO] [stdout]         12,
[INFO] [stdout]         12,
[INFO] [stdout]     ),
[INFO] [stdout]     (
[INFO] [stdout]         14,
[INFO] [stdout]         18,
[INFO] [stdout]     ),
[INFO] [stdout]     (
[INFO] [stdout]         16,
[INFO] [stdout]         24,
[INFO] [stdout]     ),
[INFO] [stdout] ]
[INFO] [stdout] [d15_02/src/lib.rs:61:13] &zones = [
[INFO] [stdout]     (
[INFO] [stdout]         -3,
[INFO] [stdout]         3,
[INFO] [stdout]     ),
[INFO] [stdout]     (
[INFO] [stdout]         2,
[INFO] [stdout]         2,
[INFO] [stdout]     ),
[INFO] [stdout]     (
[INFO] [stdout]         3,
[INFO] [stdout]         13,
[INFO] [stdout]     ),
[INFO] [stdout]     (
[INFO] [stdout]         11,
[INFO] [stdout]         13,
[INFO] [stdout]     ),
[INFO] [stdout]     (
[INFO] [stdout]         15,
[INFO] [stdout]         25,
[INFO] [stdout]     ),
[INFO] [stdout]     (
[INFO] [stdout]         15,
[INFO] [stdout]         17,
[INFO] [stdout]     ),
[INFO] [stdout] ]
[INFO] [stdout] 
[INFO] [stdout] thread 'tests::solve_test' panicked at d15_02/src/lib.rs:94:9:
[INFO] [stdout] assertion `left == right` failed
[INFO] [stdout]   left: 56000011
[INFO] [stdout]  right: 26
[INFO] [stdout] stack backtrace:
[INFO] [stdout]    0:     0x6141cd9cc35a - std::backtrace_rs::backtrace::libunwind::trace::hb059275cfc8d6126
[INFO] [stdout]                                at /rustc/6067b36314ab5eb2eb47cecc464545ba58e1ad24/library/std/src/../../backtrace/src/backtrace/libunwind.rs:116:5
[INFO] [stdout]    1:     0x6141cd9cc35a - std::backtrace_rs::backtrace::trace_unsynchronized::h2da071e4327ce3ee
[INFO] [stdout]                                at /rustc/6067b36314ab5eb2eb47cecc464545ba58e1ad24/library/std/src/../../backtrace/src/backtrace/mod.rs:66:5
[INFO] [stdout]    2:     0x6141cd9cc35a - std::sys::backtrace::_print_fmt::h842a1474e6f8d23f
[INFO] [stdout]                                at /rustc/6067b36314ab5eb2eb47cecc464545ba58e1ad24/library/std/src/sys/backtrace.rs:66:9
[INFO] [stdout]    3:     0x6141cd9cc35a - <std::sys::backtrace::BacktraceLock::print::DisplayBacktrace as core::fmt::Display>::fmt::h71a62eb3b9696b12
[INFO] [stdout]                                at /rustc/6067b36314ab5eb2eb47cecc464545ba58e1ad24/library/std/src/sys/backtrace.rs:39:26
[INFO] [stdout]    4:     0x6141cd9f41d3 - core::fmt::rt::Argument::fmt::hdb6b616786b41dc1
[INFO] [stdout]                                at /rustc/6067b36314ab5eb2eb47cecc464545ba58e1ad24/library/core/src/fmt/rt.rs:177:76
[INFO] [stdout]    5:     0x6141cd9f41d3 - core::fmt::write::h2cc1698af7e2d686
[INFO] [stdout]                                at /rustc/6067b36314ab5eb2eb47cecc464545ba58e1ad24/library/core/src/fmt/mod.rs:1440:21
[INFO] [stdout]    6:     0x6141cd9c8eb3 - std::io::Write::write_fmt::hab1b4cd059a79022
[INFO] [stdout]                                at /rustc/6067b36314ab5eb2eb47cecc464545ba58e1ad24/library/std/src/io/mod.rs:1887:15
[INFO] [stdout]    7:     0x6141cd9cc1a2 - std::sys::backtrace::BacktraceLock::print::h147fe35b4ea13b08
[INFO] [stdout]                                at /rustc/6067b36314ab5eb2eb47cecc464545ba58e1ad24/library/std/src/sys/backtrace.rs:42:9
[INFO] [stdout]    8:     0x6141cd9cd77f - std::panicking::default_hook::{{closure}}::hbd44223dbdc0d208
[INFO] [stdout]                                at /rustc/6067b36314ab5eb2eb47cecc464545ba58e1ad24/library/std/src/panicking.rs:298:22
[INFO] [stdout]    9:     0x6141cd9cd598 - std::panicking::default_hook::h20f81eb0576efcec
[INFO] [stdout]                                at /rustc/6067b36314ab5eb2eb47cecc464545ba58e1ad24/library/std/src/panicking.rs:322:9
[INFO] [stdout]   10:     0x6141cd84aaa3 - <alloc::boxed::Box<F,A> as core::ops::function::Fn<Args>>::call::hdb53814c496a4d34
[INFO] [stdout]                                at /rustc/6067b36314ab5eb2eb47cecc464545ba58e1ad24/library/alloc/src/boxed.rs:2027:9
[INFO] [stdout]   11:     0x6141cd84aaa3 - test::test_main::{{closure}}::hc0a4963c59427c24
[INFO] [stdout]                                at /rustc/6067b36314ab5eb2eb47cecc464545ba58e1ad24/library/test/src/lib.rs:134:21
[INFO] [stdout]   12:     0x6141cd9ce273 - <alloc::boxed::Box<F,A> as core::ops::function::Fn<Args>>::call::h591b2225413a77e9
[INFO] [stdout]                                at /rustc/6067b36314ab5eb2eb47cecc464545ba58e1ad24/library/alloc/src/boxed.rs:2027:9
[INFO] [stdout]   13:     0x6141cd9ce273 - std::panicking::rust_panic_with_hook::h625eea43051b2edc
[INFO] [stdout]                                at /rustc/6067b36314ab5eb2eb47cecc464545ba58e1ad24/library/std/src/panicking.rs:839:13
[INFO] [stdout]   14:     0x6141cd9cdf2a - std::panicking::begin_panic_handler::{{closure}}::h4f9159cfbc3f6bd3
[INFO] [stdout]                                at /rustc/6067b36314ab5eb2eb47cecc464545ba58e1ad24/library/std/src/panicking.rs:704:13
[INFO] [stdout]   15:     0x6141cd9cc859 - std::sys::backtrace::__rust_end_short_backtrace::h0390abce48353151
[INFO] [stdout]                                at /rustc/6067b36314ab5eb2eb47cecc464545ba58e1ad24/library/std/src/sys/backtrace.rs:168:18
[INFO] [stdout]   16:     0x6141cd9cdbbd - rust_begin_unwind
[INFO] [stdout]                                at /rustc/6067b36314ab5eb2eb47cecc464545ba58e1ad24/library/std/src/panicking.rs:695:5
[INFO] [stdout]   17:     0x6141cd9f2bb0 - core::panicking::panic_fmt::h9e7c637e9e5f29c9
[INFO] [stdout]                                at /rustc/6067b36314ab5eb2eb47cecc464545ba58e1ad24/library/core/src/panicking.rs:75:14
[INFO] [stdout]   18:     0x6141cd9f2fa2 - core::panicking::assert_failed_inner::h538bec7c1374cd9c
[INFO] [stdout]   19:     0x6141cd80be9f - core::panicking::assert_failed::hc4248e5ab2d82612
[INFO] [stdout]                                at /rustc/6067b36314ab5eb2eb47cecc464545ba58e1ad24/library/core/src/panicking.rs:364:5
[INFO] [stdout]   20:     0x6141cd80ce3e - d15_02::tests::solve_test::h453d42b4ace613f4
[INFO] [stdout]                                at /opt/rustwide/workdir/d15_02/src/lib.rs:94:9
[INFO] [stdout]   21:     0x6141cd80cdb7 - d15_02::tests::solve_test::{{closure}}::hf977a94473bbfa43
[INFO] [stdout]                                at /opt/rustwide/workdir/d15_02/src/lib.rs:92:20
[INFO] [stdout]   22:     0x6141cd809796 - core::ops::function::FnOnce::call_once::h962edbda2d7004f6
[INFO] [stdout]                                at /rustc/6067b36314ab5eb2eb47cecc464545ba58e1ad24/library/core/src/ops/function.rs:250:5
[INFO] [stdout]   23:     0x6141cd8501fb - core::ops::function::FnOnce::call_once::he27718dfdd183f43
[INFO] [stdout]                                at /rustc/6067b36314ab5eb2eb47cecc464545ba58e1ad24/library/core/src/ops/function.rs:250:5
[INFO] [stdout]   24:     0x6141cd8501fb - test::__rust_begin_short_backtrace::h4e84902998457a5d
[INFO] [stdout]                                at /rustc/6067b36314ab5eb2eb47cecc464545ba58e1ad24/library/test/src/lib.rs:632:18
[INFO] [stdout]   25:     0x6141cd84f133 - test::run_test_in_process::{{closure}}::h7176fd18fc1feca0
[INFO] [stdout]                                at /rustc/6067b36314ab5eb2eb47cecc464545ba58e1ad24/library/test/src/lib.rs:655:60
[INFO] [stdout]   26:     0x6141cd84f133 - <core::panic::unwind_safe::AssertUnwindSafe<F> as core::ops::function::FnOnce<()>>::call_once::hf79cff2a624d8cf7
[INFO] [stdout]                                at /rustc/6067b36314ab5eb2eb47cecc464545ba58e1ad24/library/core/src/panic/unwind_safe.rs:272:9
[INFO] [stdout]   27:     0x6141cd84f133 - std::panicking::try::do_call::h3da0561d9ab99c25
[INFO] [stdout]                                at /rustc/6067b36314ab5eb2eb47cecc464545ba58e1ad24/library/std/src/panicking.rs:587:40
[INFO] [stdout]   28:     0x6141cd84f133 - std::panicking::try::h41c9fa508bc61df6
[INFO] [stdout]                                at /rustc/6067b36314ab5eb2eb47cecc464545ba58e1ad24/library/std/src/panicking.rs:550:19
[INFO] [stdout]   29:     0x6141cd84f133 - std::panic::catch_unwind::h6b3ff07bb5afad93
[INFO] [stdout]                                at /rustc/6067b36314ab5eb2eb47cecc464545ba58e1ad24/library/std/src/panic.rs:358:14
[INFO] [stdout]   30:     0x6141cd84f133 - test::run_test_in_process::hc7253dd11b39b9f4
[INFO] [stdout]                                at /rustc/6067b36314ab5eb2eb47cecc464545ba58e1ad24/library/test/src/lib.rs:655:27
[INFO] [stdout]   31:     0x6141cd84f133 - test::run_test::{{closure}}::hfb2007f8649c30bb
[INFO] [stdout]                                at /rustc/6067b36314ab5eb2eb47cecc464545ba58e1ad24/library/test/src/lib.rs:576:43
[INFO] [stdout]   32:     0x6141cd812215 - test::run_test::{{closure}}::h56a17aa7a282a9f4
[INFO] [stdout]                                at /rustc/6067b36314ab5eb2eb47cecc464545ba58e1ad24/library/test/src/lib.rs:606:41
[INFO] [stdout]   33:     0x6141cd812215 - std::sys::backtrace::__rust_begin_short_backtrace::hd2d2d2fb8e8c6aac
[INFO] [stdout]                                at /rustc/6067b36314ab5eb2eb47cecc464545ba58e1ad24/library/std/src/sys/backtrace.rs:152:18
[INFO] [stdout]   34:     0x6141cd815afa - std::thread::Builder::spawn_unchecked_::{{closure}}::{{closure}}::h4faa3f9db6133423
[INFO] [stdout]                                at /rustc/6067b36314ab5eb2eb47cecc464545ba58e1ad24/library/std/src/thread/mod.rs:559:17
[INFO] [stdout]   35:     0x6141cd815afa - <core::panic::unwind_safe::AssertUnwindSafe<F> as core::ops::function::FnOnce<()>>::call_once::hf2e855a36a4ea846
[INFO] [stdout]                                at /rustc/6067b36314ab5eb2eb47cecc464545ba58e1ad24/library/core/src/panic/unwind_safe.rs:272:9
[INFO] [stdout]   36:     0x6141cd815afa - std::panicking::try::do_call::h2f73af3616c35465
[INFO] [stdout]                                at /rustc/6067b36314ab5eb2eb47cecc464545ba58e1ad24/library/std/src/panicking.rs:587:40
[INFO] [stdout]   37:     0x6141cd815afa - std::panicking::try::hd1660ce9efadef5a
[INFO] [stdout]                                at /rustc/6067b36314ab5eb2eb47cecc464545ba58e1ad24/library/std/src/panicking.rs:550:19
[INFO] [stdout]   38:     0x6141cd815afa - std::panic::catch_unwind::h5ee8d7823b8ca744
[INFO] [stdout]                                at /rustc/6067b36314ab5eb2eb47cecc464545ba58e1ad24/library/std/src/panic.rs:358:14
[INFO] [stdout]   39:     0x6141cd815afa - std::thread::Builder::spawn_unchecked_::{{closure}}::h53c3a1894dce8407
[INFO] [stdout]                                at /rustc/6067b36314ab5eb2eb47cecc464545ba58e1ad24/library/std/src/thread/mod.rs:557:30
[INFO] [stdout]   40:     0x6141cd815afa - core::ops::function::FnOnce::call_once{{vtable.shim}}::h048ce291ad4f62bf
[INFO] [stdout]                                at /rustc/6067b36314ab5eb2eb47cecc464545ba58e1ad24/library/core/src/ops/function.rs:250:5
[INFO] [stdout]   41:     0x6141cd9d21ab - <alloc::boxed::Box<F,A> as core::ops::function::FnOnce<Args>>::call_once::ha52bedf99a3b4981
[INFO] [stdout]                                at /rustc/6067b36314ab5eb2eb47cecc464545ba58e1ad24/library/alloc/src/boxed.rs:2013:9
[INFO] [stdout]   42:     0x6141cd9d21ab - <alloc::boxed::Box<F,A> as core::ops::function::FnOnce<Args>>::call_once::h567748934d80ccf8
[INFO] [stdout]                                at /rustc/6067b36314ab5eb2eb47cecc464545ba58e1ad24/library/alloc/src/boxed.rs:2013:9
[INFO] [stdout]   43:     0x6141cd9d21ab - std::sys::pal::unix::thread::Thread::new::thread_start::h2d970728ae887adc
[INFO] [stdout]                                at /rustc/6067b36314ab5eb2eb47cecc464545ba58e1ad24/library/std/src/sys/pal/unix/thread.rs:106:17
[INFO] [stdout]   44:     0x76042e615ac3 - <unknown>
[INFO] [stdout]   45:     0x76042e6a6a04 - clone
[INFO] [stdout]   46:                0x0 - <unknown>
[INFO] [stdout] 
[INFO] [stdout] 
[INFO] [stdout] failures:
[INFO] [stdout]     tests::solve_test
[INFO] [stdout] 
[INFO] [stdout] test result: FAILED. 0 passed; 1 failed; 0 ignored; 0 measured; 0 filtered out; finished in 0.04s
[INFO] [stdout] 
[INFO] [stderr] error: test failed, to rerun pass `-p d15_02 --lib`
[INFO] running `Command { std: "docker" "inspect" "1c8c0cedc46a2fe7fbcc666394796806d8bdcb5e6ccd229a043c876a4ea9a4e2", kill_on_drop: false }`
[INFO] running `Command { std: "docker" "rm" "-f" "1c8c0cedc46a2fe7fbcc666394796806d8bdcb5e6ccd229a043c876a4ea9a4e2", kill_on_drop: false }`
[INFO] [stdout] 1c8c0cedc46a2fe7fbcc666394796806d8bdcb5e6ccd229a043c876a4ea9a4e2
