[INFO] cloning repository https://github.com/sbosnick/semantic-release-rust
[INFO] running `Command { std: "git" "-c" "credential.helper=" "-c" "credential.helper=/workspace/cargo-home/bin/git-credential-null" "clone" "--bare" "https://github.com/sbosnick/semantic-release-rust" "/workspace/cache/git-repos/https%3A%2F%2Fgithub.com%2Fsbosnick%2Fsemantic-release-rust", kill_on_drop: false }`
[INFO] [stderr] Cloning into bare repository '/workspace/cache/git-repos/https%3A%2F%2Fgithub.com%2Fsbosnick%2Fsemantic-release-rust'...
[INFO] running `Command { std: "git" "rev-parse" "HEAD", kill_on_drop: false }`
[INFO] [stdout] 2b183b27fac6abe54ca7741498e5f7a222ad07bb
[INFO] testing sbosnick/semantic-release-rust against nightly-2025-01-18 for randomize-layout-2
[INFO] running `Command { std: "git" "clone" "/workspace/cache/git-repos/https%3A%2F%2Fgithub.com%2Fsbosnick%2Fsemantic-release-rust" "/workspace/builds/worker-2-tc1/source", kill_on_drop: false }`
[INFO] [stderr] Cloning into '/workspace/builds/worker-2-tc1/source'...
[INFO] [stderr] done.
[INFO] validating manifest of git repo https://github.com/sbosnick/semantic-release-rust on toolchain nightly-2025-01-18
[INFO] running `Command { std: CARGO_HOME="/workspace/cargo-home" RUSTUP_HOME="/workspace/rustup-home" "/workspace/cargo-home/bin/cargo" "+nightly-2025-01-18" "metadata" "--manifest-path" "Cargo.toml" "--no-deps", kill_on_drop: false }`
[INFO] started tweaking git repo https://github.com/sbosnick/semantic-release-rust
[INFO] finished tweaking git repo https://github.com/sbosnick/semantic-release-rust
[INFO] tweaked toml for git repo https://github.com/sbosnick/semantic-release-rust written to /workspace/builds/worker-2-tc1/source/Cargo.toml
[INFO] crate git repo https://github.com/sbosnick/semantic-release-rust already has a lockfile, it will not be regenerated
[INFO] running `Command { std: CARGO_HOME="/workspace/cargo-home" RUSTUP_HOME="/workspace/rustup-home" "/workspace/cargo-home/bin/cargo" "+nightly-2025-01-18" "fetch" "--manifest-path" "Cargo.toml", kill_on_drop: false }`
[INFO] [stderr]     Updating crates.io index
[INFO] [stderr]     Blocking waiting for file lock on package cache
[INFO] [stderr]  Downloading crates ...
[INFO] [stderr]   Downloaded cfg-expr v0.6.0
[INFO] [stderr]   Downloaded supercow v0.1.0
[INFO] [stderr]   Downloaded toml_edit v0.2.0
[INFO] [stderr]   Downloaded human-panic v1.0.3
[INFO] [stderr]   Downloaded loggerv v0.7.2
[INFO] [stderr]   Downloaded target-spec v0.6.0
[INFO] [stderr]   Downloaded guppy v0.7.0
[INFO] running `Command { std: "docker" "create" "-v" "/var/lib/crater-agent-workspace/builds/worker-2-tc1/target:/opt/rustwide/target:rw,Z" "-v" "/var/lib/crater-agent-workspace/builds/worker-2-tc1/source:/opt/rustwide/workdir:ro,Z" "-v" "/var/lib/crater-agent-workspace/cargo-home:/opt/rustwide/cargo-home:ro,Z" "-v" "/var/lib/crater-agent-workspace/rustup-home:/opt/rustwide/rustup-home:ro,Z" "-e" "SOURCE_DIR=/opt/rustwide/workdir" "-e" "CARGO_TARGET_DIR=/opt/rustwide/target" "-e" "CARGO_HOME=/opt/rustwide/cargo-home" "-e" "RUSTUP_HOME=/opt/rustwide/rustup-home" "-w" "/opt/rustwide/workdir" "-m" "1610612736" "--user" "0:0" "--network" "none" "ghcr.io/rust-lang/crates-build-env/linux@sha256:819108c5571ea2e421544af4d832f968d213c87fbe3707a016657f43d2f853bc" "/opt/rustwide/cargo-home/bin/cargo" "+nightly-2025-01-18" "metadata" "--no-deps" "--format-version=1", kill_on_drop: false }`
[INFO] [stdout] e0d73c5010beecb12a3ed88843ebb25cec794829cef74cb7876f3966f27138cf
[INFO] running `Command { std: "docker" "start" "-a" "e0d73c5010beecb12a3ed88843ebb25cec794829cef74cb7876f3966f27138cf", kill_on_drop: false }`
[INFO] running `Command { std: "docker" "inspect" "e0d73c5010beecb12a3ed88843ebb25cec794829cef74cb7876f3966f27138cf", kill_on_drop: false }`
[INFO] running `Command { std: "docker" "rm" "-f" "e0d73c5010beecb12a3ed88843ebb25cec794829cef74cb7876f3966f27138cf", kill_on_drop: false }`
[INFO] [stdout] e0d73c5010beecb12a3ed88843ebb25cec794829cef74cb7876f3966f27138cf
[INFO] running `Command { std: "docker" "create" "-v" "/var/lib/crater-agent-workspace/builds/worker-2-tc1/target:/opt/rustwide/target:rw,Z" "-v" "/var/lib/crater-agent-workspace/builds/worker-2-tc1/source:/opt/rustwide/workdir:ro,Z" "-v" "/var/lib/crater-agent-workspace/cargo-home:/opt/rustwide/cargo-home:ro,Z" "-v" "/var/lib/crater-agent-workspace/rustup-home:/opt/rustwide/rustup-home:ro,Z" "-e" "SOURCE_DIR=/opt/rustwide/workdir" "-e" "CARGO_TARGET_DIR=/opt/rustwide/target" "-e" "CARGO_INCREMENTAL=0" "-e" "RUST_BACKTRACE=full" "-e" "RUSTFLAGS=--cap-lints=forbid" "-e" "RUSTDOCFLAGS=--cap-lints=forbid" "-e" "CARGO_HOME=/opt/rustwide/cargo-home" "-e" "RUSTUP_HOME=/opt/rustwide/rustup-home" "-w" "/opt/rustwide/workdir" "-m" "1610612736" "--user" "0:0" "--network" "none" "ghcr.io/rust-lang/crates-build-env/linux@sha256:819108c5571ea2e421544af4d832f968d213c87fbe3707a016657f43d2f853bc" "/opt/rustwide/cargo-home/bin/cargo" "+nightly-2025-01-18" "build" "--frozen" "--message-format=json", kill_on_drop: false }`
[INFO] [stdout] 542ba30b0bb1e1cbf997df9499608fbd1856a9bfef0810a7536aa5ea54eb0c72
[INFO] running `Command { std: "docker" "start" "-a" "542ba30b0bb1e1cbf997df9499608fbd1856a9bfef0810a7536aa5ea54eb0c72", kill_on_drop: false }`
[INFO] [stderr]    Compiling proc-macro2 v1.0.24
[INFO] [stderr]    Compiling unicode-xid v0.2.1
[INFO] [stderr]    Compiling autocfg v1.0.1
[INFO] [stderr]    Compiling syn v1.0.60
[INFO] [stderr]    Compiling libc v0.2.85
[INFO] [stderr]    Compiling serde_derive v1.0.123
[INFO] [stderr]    Compiling serde v1.0.123
[INFO] [stderr]    Compiling memchr v2.3.4
[INFO] [stderr]    Compiling version_check v0.9.2
[INFO] [stderr]    Compiling cfg-if v1.0.0
[INFO] [stderr]    Compiling ucd-trie v0.1.3
[INFO] [stderr]    Compiling once_cell v1.5.2
[INFO] [stderr]    Compiling ryu v1.0.5
[INFO] [stderr]    Compiling either v1.6.1
[INFO] [stderr]    Compiling tinyvec_macros v0.1.0
[INFO] [stderr]    Compiling getrandom v0.2.2
[INFO] [stderr]    Compiling bitflags v1.2.1
[INFO] [stderr]    Compiling matches v0.1.8
[INFO] [stderr]    Compiling serde_json v1.0.62
[INFO] [stderr]    Compiling pest v2.1.3
[INFO] [stderr]    Compiling thread_local v1.1.3
[INFO] [stderr]    Compiling tinyvec v1.1.1
[INFO] [stderr]    Compiling gimli v0.23.0
[INFO] [stderr]    Compiling hashbrown v0.9.1
[INFO] [stderr]    Compiling void v1.0.2
[INFO] [stderr]    Compiling smallvec v1.6.1
[INFO] [stderr]    Compiling unicode-width v0.1.8
[INFO] [stderr]    Compiling target-spec v0.6.0
[INFO] [stderr]    Compiling adler v0.2.3
[INFO] [stderr]    Compiling itoa v0.4.7
[INFO] [stderr]    Compiling log v0.4.14
[INFO] [stderr]    Compiling unicode-segmentation v1.7.1
[INFO] [stderr]    Compiling proc-macro-error-attr v1.0.4
[INFO] [stderr]    Compiling proc-macro-error v1.0.4
[INFO] [stderr]    Compiling aho-corasick v0.7.15
[INFO] [stderr]    Compiling regex-syntax v0.6.22
[INFO] [stderr]    Compiling num-traits v0.2.14
[INFO] [stderr]    Compiling quote v1.0.8
[INFO] [stderr]    Compiling num-integer v0.1.44
[INFO] [stderr]    Compiling miniz_oxide v0.4.3
[INFO] [stderr]    Compiling indexmap v1.6.1
[INFO] [stderr]    Compiling unicode-normalization v0.1.16
[INFO] [stderr]    Compiling cfg-expr v0.6.0
[INFO] [stderr]    Compiling textwrap v0.11.0
[INFO] [stderr]    Compiling atty v0.2.14
[INFO] [stderr]    Compiling time v0.1.43
[INFO] [stderr]    Compiling heck v0.3.2
[INFO] [stderr]    Compiling unreachable v1.0.0
[INFO] [stderr]    Compiling unicode-bidi v0.3.4
[INFO] [stderr]    Compiling percent-encoding v2.1.0
[INFO] [stderr]    Compiling rustc-demangle v0.1.18
[INFO] [stderr]    Compiling strsim v0.8.0
[INFO] [stderr]    Compiling anyhow v1.0.38
[INFO] [stderr]    Compiling ascii v0.9.3
[INFO] [stderr]    Compiling semver-parser v0.10.2
[INFO] [stderr]    Compiling byteorder v1.4.2
[INFO] [stderr]    Compiling object v0.23.0
[INFO] [stderr]    Compiling vec_map v0.8.2
[INFO] [stderr]    Compiling ansi_term v0.11.0
[INFO] [stderr]    Compiling fixedbitset v0.2.0
[INFO] [stderr]    Compiling idna v0.2.1
[INFO] [stderr]    Compiling petgraph v0.5.1
[INFO] [stderr]    Compiling form_urlencoded v1.0.0
[INFO] [stderr]    Compiling uuid v0.8.2
[INFO] [stderr]    Compiling chrono v0.4.19
[INFO] [stderr]    Compiling combine v3.8.1
[INFO] [stderr]    Compiling clap v2.33.3
[INFO] [stderr]    Compiling itertools v0.10.0
[INFO] [stderr]    Compiling lazy_static v1.4.0
[INFO] [stderr]    Compiling linked-hash-map v0.5.4
[INFO] [stderr]    Compiling supercow v0.1.0
[INFO] [stderr]    Compiling nested v0.1.1
[INFO] [stderr]    Compiling termcolor v1.1.2
[INFO] [stderr]    Compiling ansi_term v0.12.1
[INFO] [stderr]    Compiling pathdiff v0.2.0
[INFO] [stderr]    Compiling loggerv v0.7.2
[INFO] [stderr]    Compiling addr2line v0.14.1
[INFO] [stderr]    Compiling regex v1.4.3
[INFO] [stderr]    Compiling backtrace v0.3.56
[INFO] [stderr]    Compiling os_type v2.2.0
[INFO] [stderr]    Compiling thiserror-impl v1.0.23
[INFO] [stderr]    Compiling structopt-derive v0.4.14
[INFO] [stderr]    Compiling thiserror v1.0.23
[INFO] [stderr]    Compiling toml_edit v0.2.0
[INFO] [stderr]    Compiling structopt v0.3.21
[INFO] [stderr]    Compiling semver v0.11.0
[INFO] [stderr]    Compiling cargo-platform v0.1.1
[INFO] [stderr]    Compiling toml v0.5.8
[INFO] [stderr]    Compiling url v2.2.0
[INFO] [stderr]    Compiling human-panic v1.0.3
[INFO] [stderr]    Compiling cargo_metadata v0.12.3
[INFO] [stderr]    Compiling guppy v0.7.0
[INFO] [stderr]    Compiling semantic-release-rust v1.0.0-alpha.8 (/opt/rustwide/workdir)
[INFO] [stdout] warning: use of deprecated type alias `std::panic::PanicInfo`: use `PanicHookInfo` instead
[INFO] [stdout]    --> src/main.rs:129:5
[INFO] [stdout]     |
[INFO] [stdout] 129 |     setup_panic!();
[INFO] [stdout]     |     ^^^^^^^^^^^^^^
[INFO] [stdout]     |
[INFO] [stdout]     = note: `#[warn(deprecated)]` on by default
[INFO] [stdout]     = note: this warning originates in the macro `setup_panic` (in Nightly builds, run with -Z macro-backtrace for more info)
[INFO] [stdout] 
[INFO] [stdout] 
[INFO] [stderr]     Finished `dev` profile [unoptimized + debuginfo] target(s) in 48.51s
[INFO] running `Command { std: "docker" "inspect" "542ba30b0bb1e1cbf997df9499608fbd1856a9bfef0810a7536aa5ea54eb0c72", kill_on_drop: false }`
[INFO] running `Command { std: "docker" "rm" "-f" "542ba30b0bb1e1cbf997df9499608fbd1856a9bfef0810a7536aa5ea54eb0c72", kill_on_drop: false }`
[INFO] [stdout] 542ba30b0bb1e1cbf997df9499608fbd1856a9bfef0810a7536aa5ea54eb0c72
[INFO] running `Command { std: "docker" "create" "-v" "/var/lib/crater-agent-workspace/builds/worker-2-tc1/target:/opt/rustwide/target:rw,Z" "-v" "/var/lib/crater-agent-workspace/builds/worker-2-tc1/source:/opt/rustwide/workdir:ro,Z" "-v" "/var/lib/crater-agent-workspace/cargo-home:/opt/rustwide/cargo-home:ro,Z" "-v" "/var/lib/crater-agent-workspace/rustup-home:/opt/rustwide/rustup-home:ro,Z" "-e" "SOURCE_DIR=/opt/rustwide/workdir" "-e" "CARGO_TARGET_DIR=/opt/rustwide/target" "-e" "CARGO_INCREMENTAL=0" "-e" "RUST_BACKTRACE=full" "-e" "RUSTFLAGS=--cap-lints=forbid" "-e" "RUSTDOCFLAGS=--cap-lints=forbid" "-e" "CARGO_HOME=/opt/rustwide/cargo-home" "-e" "RUSTUP_HOME=/opt/rustwide/rustup-home" "-w" "/opt/rustwide/workdir" "-m" "1610612736" "--user" "0:0" "--network" "none" "ghcr.io/rust-lang/crates-build-env/linux@sha256:819108c5571ea2e421544af4d832f968d213c87fbe3707a016657f43d2f853bc" "/opt/rustwide/cargo-home/bin/cargo" "+nightly-2025-01-18" "test" "--frozen" "--no-run" "--message-format=json", kill_on_drop: false }`
[INFO] [stdout] 2779b0ec3e43eca7a933d97bd8511dd61078361a5d8f8d60610f30565326ed6b
[INFO] running `Command { std: "docker" "start" "-a" "2779b0ec3e43eca7a933d97bd8511dd61078361a5d8f8d60610f30565326ed6b", kill_on_drop: false }`
[INFO] [stderr]    Compiling rand_core v0.6.1
[INFO] [stderr]    Compiling ppv-lite86 v0.2.10
[INFO] [stderr]    Compiling remove_dir_all v0.5.3
[INFO] [stderr]    Compiling assert_matches v1.5.0
[INFO] [stderr]    Compiling fs_extra v1.2.0
[INFO] [stdout] warning: use of deprecated type alias `std::panic::PanicInfo`: use `PanicHookInfo` instead
[INFO] [stdout]    --> src/main.rs:129:5
[INFO] [stdout]     |
[INFO] [stdout] 129 |     setup_panic!();
[INFO] [stdout]     |     ^^^^^^^^^^^^^^
[INFO] [stdout]     |
[INFO] [stdout]     = note: `#[warn(deprecated)]` on by default
[INFO] [stdout]     = note: this warning originates in the macro `setup_panic` (in Nightly builds, run with -Z macro-backtrace for more info)
[INFO] [stdout] 
[INFO] [stdout] 
[INFO] [stderr]    Compiling rand_chacha v0.3.0
[INFO] [stderr]    Compiling rand v0.8.3
[INFO] [stderr]    Compiling tempfile v3.2.0
[INFO] [stderr]    Compiling semantic-release-rust v1.0.0-alpha.8 (/opt/rustwide/workdir)
[INFO] [stdout] warning: use of deprecated type alias `std::panic::PanicInfo`: use `PanicHookInfo` instead
[INFO] [stdout]    --> src/main.rs:129:5
[INFO] [stdout]     |
[INFO] [stdout] 129 |     setup_panic!();
[INFO] [stdout]     |     ^^^^^^^^^^^^^^
[INFO] [stdout]     |
[INFO] [stdout]     = note: `#[warn(deprecated)]` on by default
[INFO] [stdout]     = note: this warning originates in the macro `setup_panic` (in Nightly builds, run with -Z macro-backtrace for more info)
[INFO] [stdout] 
[INFO] [stdout] 
[INFO] [stderr]     Finished `test` profile [unoptimized + debuginfo] target(s) in 4.40s
[INFO] [stderr] warning: the following packages contain code that will be rejected by a future version of Rust: fs_extra v1.2.0
[INFO] [stderr] note: to see what the problems were, use the option `--future-incompat-report`, or run `cargo report future-incompatibilities --id 1`
[INFO] running `Command { std: "docker" "inspect" "2779b0ec3e43eca7a933d97bd8511dd61078361a5d8f8d60610f30565326ed6b", kill_on_drop: false }`
[INFO] running `Command { std: "docker" "rm" "-f" "2779b0ec3e43eca7a933d97bd8511dd61078361a5d8f8d60610f30565326ed6b", kill_on_drop: false }`
[INFO] [stdout] 2779b0ec3e43eca7a933d97bd8511dd61078361a5d8f8d60610f30565326ed6b
[INFO] running `Command { std: "docker" "create" "-v" "/var/lib/crater-agent-workspace/builds/worker-2-tc1/target:/opt/rustwide/target:rw,Z" "-v" "/var/lib/crater-agent-workspace/builds/worker-2-tc1/source:/opt/rustwide/workdir:ro,Z" "-v" "/var/lib/crater-agent-workspace/cargo-home:/opt/rustwide/cargo-home:ro,Z" "-v" "/var/lib/crater-agent-workspace/rustup-home:/opt/rustwide/rustup-home:ro,Z" "-e" "SOURCE_DIR=/opt/rustwide/workdir" "-e" "CARGO_TARGET_DIR=/opt/rustwide/target" "-e" "CARGO_INCREMENTAL=0" "-e" "RUST_BACKTRACE=full" "-e" "RUSTFLAGS=--cap-lints=forbid" "-e" "RUSTDOCFLAGS=--cap-lints=forbid" "-e" "CARGO_HOME=/opt/rustwide/cargo-home" "-e" "RUSTUP_HOME=/opt/rustwide/rustup-home" "-w" "/opt/rustwide/workdir" "-m" "1610612736" "--user" "0:0" "--network" "none" "ghcr.io/rust-lang/crates-build-env/linux@sha256:819108c5571ea2e421544af4d832f968d213c87fbe3707a016657f43d2f853bc" "/opt/rustwide/cargo-home/bin/cargo" "+nightly-2025-01-18" "test" "--frozen", kill_on_drop: false }`
[INFO] [stdout] 2c1473ca5536bb226bbd0fbf0b58336165dbb5bd540fa6d7829546da0bf8f212
[INFO] running `Command { std: "docker" "start" "-a" "2c1473ca5536bb226bbd0fbf0b58336165dbb5bd540fa6d7829546da0bf8f212", kill_on_drop: false }`
[INFO] [stderr] warning: use of deprecated type alias `std::panic::PanicInfo`: use `PanicHookInfo` instead
[INFO] [stderr]    --> src/main.rs:129:5
[INFO] [stderr]     |
[INFO] [stderr] 129 |     setup_panic!();
[INFO] [stderr]     |     ^^^^^^^^^^^^^^
[INFO] [stderr]     |
[INFO] [stderr]     = note: `#[warn(deprecated)]` on by default
[INFO] [stderr]     = note: this warning originates in the macro `setup_panic` (in Nightly builds, run with -Z macro-backtrace for more info)
[INFO] [stderr] 
[INFO] [stderr] warning: `semantic-release-rust` (bin "semantic-release-rust") generated 1 warning
[INFO] [stderr] warning: `semantic-release-rust` (bin "semantic-release-rust" test) generated 1 warning (1 duplicate)
[INFO] [stderr]     Finished `test` profile [unoptimized + debuginfo] target(s) in 0.12s
[INFO] [stderr] warning: the following packages contain code that will be rejected by a future version of Rust: fs_extra v1.2.0
[INFO] [stderr] note: to see what the problems were, use the option `--future-incompat-report`, or run `cargo report future-incompatibilities --id 1`
[INFO] [stderr]      Running unittests src/lib.rs (/opt/rustwide/target/debug/deps/semantic_release_rust-c6707bcadecdb963)
[INFO] [stdout] 
[INFO] [stdout] running 0 tests
[INFO] [stdout] 
[INFO] [stdout] test result: ok. 0 passed; 0 failed; 0 ignored; 0 measured; 0 filtered out; finished in 0.00s
[INFO] [stdout] 
[INFO] [stderr]      Running unittests src/main.rs (/opt/rustwide/target/debug/deps/semantic_release_rust-09743507dc02b122)
[INFO] [stdout] 
[INFO] [stdout] running 0 tests
[INFO] [stdout] 
[INFO] [stdout] test result: ok. 0 passed; 0 failed; 0 ignored; 0 measured; 0 filtered out; finished in 0.00s
[INFO] [stdout] 
[INFO] [stderr]      Running tests/listpkg.rs (/opt/rustwide/target/debug/deps/listpkg-2feaadf43e2e242e)
[INFO] [stdout] 
[INFO] [stdout] running 2 tests
[INFO] [stdout] test list_dependancies_workspace ... ok
[INFO] [stdout] test list_basic_workspace ... ok
[INFO] [stdout] 
[INFO] [stdout] test result: ok. 2 passed; 0 failed; 0 ignored; 0 measured; 0 filtered out; finished in 0.08s
[INFO] [stdout] 
[INFO] [stderr]      Running tests/prepare.rs (/opt/rustwide/target/debug/deps/prepare-ed293633d5cf9cf5)
[INFO] [stdout] 
[INFO] [stdout] running 3 tests
[INFO] [stdout] test prepare_basic ... ok
[INFO] [stdout] test prepare_with_target_dependency ... ok
[INFO] [stdout] test prepare_with_depedencies ... ok
[INFO] [stdout] 
[INFO] [stdout] test result: ok. 3 passed; 0 failed; 0 ignored; 0 measured; 0 filtered out; finished in 0.11s
[INFO] [stdout] 
[INFO] [stderr]      Running tests/verify.rs (/opt/rustwide/target/debug/deps/verify-928443ba4787be6e)
[INFO] [stdout] 
[INFO] [stdout] running 5 tests
[INFO] [stdout] test verify_unknown_workspace_is_error ... ok
[INFO] [stdout] test verify_workspace_with_cycle_is_error ... ok
[INFO] [stdout] test verify_with_git_dependancy_is_error ... FAILED
[INFO] [stdout] test verify_with_git_and_version_dependancy_is_ok ... FAILED
[INFO] [stdout] test verify_simple_workspaces_is_ok ... ok
[INFO] [stdout] 
[INFO] [stdout] failures:
[INFO] [stdout] 
[INFO] [stdout] ---- verify_with_git_dependancy_is_error stdout ----
[INFO] [stdout] 
[INFO] [stdout] thread 'verify_with_git_dependancy_is_error' panicked at tests/verify.rs:58:5:
[INFO] [stdout] assertion failed: `Err(WorkspaceError(WorkspaceError { metadata_error: CommandError(CargoMetadata { stderr: "    Updating git repository `https://github.com/tokio-rs/bytes.git`\nerror: failed to get `bytes` as a dependency of package `git_dep v0.1.0 (/opt/rustwide/workdir/test_data/git_dep)`\n\nCaused by:\n  failed to load source for dependency `bytes`\n\nCaused by:\n  Unable to update https://github.com/tokio-rs/bytes.git#6fdb7391\n\nCaused by:\n  failed to create directory `/opt/rustwide/cargo-home/git/db/bytes-83722304c43bf4ca`\n\nCaused by:\n  Read-only file system (os error 30)\n" }), manifest_path: "test_data/git_dep/Cargo.toml" }))` does not match `Err(Error::BadDependancy { from: _, to: _, typ: _, })`
[INFO] [stdout] stack backtrace:
[INFO] [stdout]    0:     0x58cca6161dba - std::backtrace_rs::backtrace::libunwind::trace::hb059275cfc8d6126
[INFO] [stdout]                                at /rustc/6067b36314ab5eb2eb47cecc464545ba58e1ad24/library/std/src/../../backtrace/src/backtrace/libunwind.rs:116:5
[INFO] [stdout]    1:     0x58cca6161dba - std::backtrace_rs::backtrace::trace_unsynchronized::h2da071e4327ce3ee
[INFO] [stdout]                                at /rustc/6067b36314ab5eb2eb47cecc464545ba58e1ad24/library/std/src/../../backtrace/src/backtrace/mod.rs:66:5
[INFO] [stdout]    2:     0x58cca6161dba - std::sys::backtrace::_print_fmt::h842a1474e6f8d23f
[INFO] [stdout]                                at /rustc/6067b36314ab5eb2eb47cecc464545ba58e1ad24/library/std/src/sys/backtrace.rs:66:9
[INFO] [stdout]    3:     0x58cca6161dba - <std::sys::backtrace::BacktraceLock::print::DisplayBacktrace as core::fmt::Display>::fmt::h71a62eb3b9696b12
[INFO] [stdout]                                at /rustc/6067b36314ab5eb2eb47cecc464545ba58e1ad24/library/std/src/sys/backtrace.rs:39:26
[INFO] [stdout]    4:     0x58cca618b743 - core::fmt::rt::Argument::fmt::hdb6b616786b41dc1
[INFO] [stdout]                                at /rustc/6067b36314ab5eb2eb47cecc464545ba58e1ad24/library/core/src/fmt/rt.rs:177:76
[INFO] [stdout]    5:     0x58cca618b743 - core::fmt::write::h2cc1698af7e2d686
[INFO] [stdout]                                at /rustc/6067b36314ab5eb2eb47cecc464545ba58e1ad24/library/core/src/fmt/mod.rs:1440:21
[INFO] [stdout]    6:     0x58cca615e203 - std::io::Write::write_fmt::hab1b4cd059a79022
[INFO] [stdout]                                at /rustc/6067b36314ab5eb2eb47cecc464545ba58e1ad24/library/std/src/io/mod.rs:1887:15
[INFO] [stdout]    7:     0x58cca6161c02 - std::sys::backtrace::BacktraceLock::print::h147fe35b4ea13b08
[INFO] [stdout]                                at /rustc/6067b36314ab5eb2eb47cecc464545ba58e1ad24/library/std/src/sys/backtrace.rs:42:9
[INFO] [stdout]    8:     0x58cca61631df - std::panicking::default_hook::{{closure}}::hbd44223dbdc0d208
[INFO] [stdout]                                at /rustc/6067b36314ab5eb2eb47cecc464545ba58e1ad24/library/std/src/panicking.rs:298:22
[INFO] [stdout]    9:     0x58cca6162ff8 - std::panicking::default_hook::h20f81eb0576efcec
[INFO] [stdout]                                at /rustc/6067b36314ab5eb2eb47cecc464545ba58e1ad24/library/std/src/panicking.rs:322:9
[INFO] [stdout]   10:     0x58cca5ec8593 - <alloc::boxed::Box<F,A> as core::ops::function::Fn<Args>>::call::hdb53814c496a4d34
[INFO] [stdout]                                at /rustc/6067b36314ab5eb2eb47cecc464545ba58e1ad24/library/alloc/src/boxed.rs:2027:9
[INFO] [stdout]   11:     0x58cca5ec8593 - test::test_main::{{closure}}::hc0a4963c59427c24
[INFO] [stdout]                                at /rustc/6067b36314ab5eb2eb47cecc464545ba58e1ad24/library/test/src/lib.rs:134:21
[INFO] [stdout]   12:     0x58cca6163cd3 - <alloc::boxed::Box<F,A> as core::ops::function::Fn<Args>>::call::h591b2225413a77e9
[INFO] [stdout]                                at /rustc/6067b36314ab5eb2eb47cecc464545ba58e1ad24/library/alloc/src/boxed.rs:2027:9
[INFO] [stdout]   13:     0x58cca6163cd3 - std::panicking::rust_panic_with_hook::h625eea43051b2edc
[INFO] [stdout]                                at /rustc/6067b36314ab5eb2eb47cecc464545ba58e1ad24/library/std/src/panicking.rs:839:13
[INFO] [stdout]   14:     0x58cca616398a - std::panicking::begin_panic_handler::{{closure}}::h4f9159cfbc3f6bd3
[INFO] [stdout]                                at /rustc/6067b36314ab5eb2eb47cecc464545ba58e1ad24/library/std/src/panicking.rs:704:13
[INFO] [stdout]   15:     0x58cca61622b9 - std::sys::backtrace::__rust_end_short_backtrace::h0390abce48353151
[INFO] [stdout]                                at /rustc/6067b36314ab5eb2eb47cecc464545ba58e1ad24/library/std/src/sys/backtrace.rs:168:18
[INFO] [stdout]   16:     0x58cca616361d - rust_begin_unwind
[INFO] [stdout]                                at /rustc/6067b36314ab5eb2eb47cecc464545ba58e1ad24/library/std/src/panicking.rs:695:5
[INFO] [stdout]   17:     0x58cca6189a60 - core::panicking::panic_fmt::h9e7c637e9e5f29c9
[INFO] [stdout]                                at /rustc/6067b36314ab5eb2eb47cecc464545ba58e1ad24/library/core/src/panicking.rs:75:14
[INFO] [stdout]   18:     0x58cca5e8aa9c - verify::verify_with_git_dependancy_is_error::h5b86d13e8fb5e4d4
[INFO] [stdout]                                at /opt/rustwide/workdir/tests/verify.rs:58:5
[INFO] [stdout]   19:     0x58cca5e8a927 - verify::verify_with_git_dependancy_is_error::{{closure}}::h6263aebb91635ec9
[INFO] [stdout]                                at /opt/rustwide/workdir/tests/verify.rs:52:41
[INFO] [stdout]   20:     0x58cca5e84f86 - core::ops::function::FnOnce::call_once::h961d3cc6efd4f71a
[INFO] [stdout]                                at /rustc/6067b36314ab5eb2eb47cecc464545ba58e1ad24/library/core/src/ops/function.rs:250:5
[INFO] [stdout]   21:     0x58cca5ecdceb - core::ops::function::FnOnce::call_once::he27718dfdd183f43
[INFO] [stdout]                                at /rustc/6067b36314ab5eb2eb47cecc464545ba58e1ad24/library/core/src/ops/function.rs:250:5
[INFO] [stdout]   22:     0x58cca5ecdceb - test::__rust_begin_short_backtrace::h4e84902998457a5d
[INFO] [stdout]                                at /rustc/6067b36314ab5eb2eb47cecc464545ba58e1ad24/library/test/src/lib.rs:632:18
[INFO] [stdout]   23:     0x58cca5eccc23 - test::run_test_in_process::{{closure}}::h7176fd18fc1feca0
[INFO] [stdout]                                at /rustc/6067b36314ab5eb2eb47cecc464545ba58e1ad24/library/test/src/lib.rs:655:60
[INFO] [stdout]   24:     0x58cca5eccc23 - <core::panic::unwind_safe::AssertUnwindSafe<F> as core::ops::function::FnOnce<()>>::call_once::hf79cff2a624d8cf7
[INFO] [stdout]                                at /rustc/6067b36314ab5eb2eb47cecc464545ba58e1ad24/library/core/src/panic/unwind_safe.rs:272:9
[INFO] [stdout]   25:     0x58cca5eccc23 - std::panicking::try::do_call::h3da0561d9ab99c25
[INFO] [stdout]                                at /rustc/6067b36314ab5eb2eb47cecc464545ba58e1ad24/library/std/src/panicking.rs:587:40
[INFO] [stdout]   26:     0x58cca5eccc23 - std::panicking::try::h41c9fa508bc61df6
[INFO] [stdout]                                at /rustc/6067b36314ab5eb2eb47cecc464545ba58e1ad24/library/std/src/panicking.rs:550:19
[INFO] [stdout]   27:     0x58cca5eccc23 - std::panic::catch_unwind::h6b3ff07bb5afad93
[INFO] [stdout]                                at /rustc/6067b36314ab5eb2eb47cecc464545ba58e1ad24/library/std/src/panic.rs:358:14
[INFO] [stdout]   28:     0x58cca5eccc23 - test::run_test_in_process::hc7253dd11b39b9f4
[INFO] [stdout]                                at /rustc/6067b36314ab5eb2eb47cecc464545ba58e1ad24/library/test/src/lib.rs:655:27
[INFO] [stdout]   29:     0x58cca5eccc23 - test::run_test::{{closure}}::hfb2007f8649c30bb
[INFO] [stdout]                                at /rustc/6067b36314ab5eb2eb47cecc464545ba58e1ad24/library/test/src/lib.rs:576:43
[INFO] [stdout]   30:     0x58cca5e8fd05 - test::run_test::{{closure}}::h56a17aa7a282a9f4
[INFO] [stdout]                                at /rustc/6067b36314ab5eb2eb47cecc464545ba58e1ad24/library/test/src/lib.rs:606:41
[INFO] [stdout]   31:     0x58cca5e8fd05 - std::sys::backtrace::__rust_begin_short_backtrace::hd2d2d2fb8e8c6aac
[INFO] [stdout]                                at /rustc/6067b36314ab5eb2eb47cecc464545ba58e1ad24/library/std/src/sys/backtrace.rs:152:18
[INFO] [stdout]   32:     0x58cca5e935ea - std::thread::Builder::spawn_unchecked_::{{closure}}::{{closure}}::h4faa3f9db6133423
[INFO] [stdout]                                at /rustc/6067b36314ab5eb2eb47cecc464545ba58e1ad24/library/std/src/thread/mod.rs:559:17
[INFO] [stdout]   33:     0x58cca5e935ea - <core::panic::unwind_safe::AssertUnwindSafe<F> as core::ops::function::FnOnce<()>>::call_once::hf2e855a36a4ea846
[INFO] [stdout]                                at /rustc/6067b36314ab5eb2eb47cecc464545ba58e1ad24/library/core/src/panic/unwind_safe.rs:272:9
[INFO] [stdout]   34:     0x58cca5e935ea - std::panicking::try::do_call::h2f73af3616c35465
[INFO] [stdout]                                at /rustc/6067b36314ab5eb2eb47cecc464545ba58e1ad24/library/std/src/panicking.rs:587:40
[INFO] [stdout]   35:     0x58cca5e935ea - std::panicking::try::hd1660ce9efadef5a
[INFO] [stdout]                                at /rustc/6067b36314ab5eb2eb47cecc464545ba58e1ad24/library/std/src/panicking.rs:550:19
[INFO] [stdout]   36:     0x58cca5e935ea - std::panic::catch_unwind::h5ee8d7823b8ca744
[INFO] [stdout]                                at /rustc/6067b36314ab5eb2eb47cecc464545ba58e1ad24/library/std/src/panic.rs:358:14
[INFO] [stdout]   37:     0x58cca5e935ea - std::thread::Builder::spawn_unchecked_::{{closure}}::h53c3a1894dce8407
[INFO] [stdout]                                at /rustc/6067b36314ab5eb2eb47cecc464545ba58e1ad24/library/std/src/thread/mod.rs:557:30
[INFO] [stdout]   38:     0x58cca5e935ea - core::ops::function::FnOnce::call_once{{vtable.shim}}::h048ce291ad4f62bf
[INFO] [stdout]                                at /rustc/6067b36314ab5eb2eb47cecc464545ba58e1ad24/library/core/src/ops/function.rs:250:5
[INFO] [stdout]   39:     0x58cca61681ab - <alloc::boxed::Box<F,A> as core::ops::function::FnOnce<Args>>::call_once::ha52bedf99a3b4981
[INFO] [stdout]                                at /rustc/6067b36314ab5eb2eb47cecc464545ba58e1ad24/library/alloc/src/boxed.rs:2013:9
[INFO] [stdout]   40:     0x58cca61681ab - <alloc::boxed::Box<F,A> as core::ops::function::FnOnce<Args>>::call_once::h567748934d80ccf8
[INFO] [stdout]                                at /rustc/6067b36314ab5eb2eb47cecc464545ba58e1ad24/library/alloc/src/boxed.rs:2013:9
[INFO] [stdout]   41:     0x58cca61681ab - std::sys::pal::unix::thread::Thread::new::thread_start::h2d970728ae887adc
[INFO] [stdout]                                at /rustc/6067b36314ab5eb2eb47cecc464545ba58e1ad24/library/std/src/sys/pal/unix/thread.rs:106:17
[INFO] [stdout]   42:     0x781c2d360ac3 - <unknown>
[INFO] [stdout]   43:     0x781c2d3f1a04 - clone
[INFO] [stdout]   44:                0x0 - <unknown>
[INFO] [stdout] 
[INFO] [stdout] ---- verify_with_git_and_version_dependancy_is_ok stdout ----
[INFO] [stdout] 
[INFO] [stdout] thread 'verify_with_git_and_version_dependancy_is_ok' panicked at tests/verify.rs:75:5:
[INFO] [stdout] assertion failed: `Err(WorkspaceError(WorkspaceError { metadata_error: CommandError(CargoMetadata { stderr: "    Updating git repository `https://github.com/tokio-rs/bytes.git`\nerror: failed to get `bytes` as a dependency of package `git_dep v0.1.0 (/opt/rustwide/workdir/test_data/git_dep_version)`\n\nCaused by:\n  failed to load source for dependency `bytes`\n\nCaused by:\n  Unable to update https://github.com/tokio-rs/bytes.git#6fdb7391\n\nCaused by:\n  failed to create directory `/opt/rustwide/cargo-home/git/db/bytes-83722304c43bf4ca`\n\nCaused by:\n  Read-only file system (os error 30)\n" }), manifest_path: "test_data/git_dep_version/Cargo.toml" }))` does not match `Ok(_)`
[INFO] [stdout] stack backtrace:
[INFO] [stdout]    0:     0x58cca6161dba - std::backtrace_rs::backtrace::libunwind::trace::hb059275cfc8d6126
[INFO] [stdout]                                at /rustc/6067b36314ab5eb2eb47cecc464545ba58e1ad24/library/std/src/../../backtrace/src/backtrace/libunwind.rs:116:5
[INFO] [stdout]    1:     0x58cca6161dba - std::backtrace_rs::backtrace::trace_unsynchronized::h2da071e4327ce3ee
[INFO] [stdout]                                at /rustc/6067b36314ab5eb2eb47cecc464545ba58e1ad24/library/std/src/../../backtrace/src/backtrace/mod.rs:66:5
[INFO] [stdout]    2:     0x58cca6161dba - std::sys::backtrace::_print_fmt::h842a1474e6f8d23f
[INFO] [stdout]                                at /rustc/6067b36314ab5eb2eb47cecc464545ba58e1ad24/library/std/src/sys/backtrace.rs:66:9
[INFO] [stdout]    3:     0x58cca6161dba - <std::sys::backtrace::BacktraceLock::print::DisplayBacktrace as core::fmt::Display>::fmt::h71a62eb3b9696b12
[INFO] [stdout]                                at /rustc/6067b36314ab5eb2eb47cecc464545ba58e1ad24/library/std/src/sys/backtrace.rs:39:26
[INFO] [stdout]    4:     0x58cca618b743 - core::fmt::rt::Argument::fmt::hdb6b616786b41dc1
[INFO] [stdout]                                at /rustc/6067b36314ab5eb2eb47cecc464545ba58e1ad24/library/core/src/fmt/rt.rs:177:76
[INFO] [stdout]    5:     0x58cca618b743 - core::fmt::write::h2cc1698af7e2d686
[INFO] [stdout]                                at /rustc/6067b36314ab5eb2eb47cecc464545ba58e1ad24/library/core/src/fmt/mod.rs:1440:21
[INFO] [stdout]    6:     0x58cca615e203 - std::io::Write::write_fmt::hab1b4cd059a79022
[INFO] [stdout]                                at /rustc/6067b36314ab5eb2eb47cecc464545ba58e1ad24/library/std/src/io/mod.rs:1887:15
[INFO] [stdout]    7:     0x58cca6161c02 - std::sys::backtrace::BacktraceLock::print::h147fe35b4ea13b08
[INFO] [stdout]                                at /rustc/6067b36314ab5eb2eb47cecc464545ba58e1ad24/library/std/src/sys/backtrace.rs:42:9
[INFO] [stdout]    8:     0x58cca61631df - std::panicking::default_hook::{{closure}}::hbd44223dbdc0d208
[INFO] [stdout]                                at /rustc/6067b36314ab5eb2eb47cecc464545ba58e1ad24/library/std/src/panicking.rs:298:22
[INFO] [stdout]    9:     0x58cca6162ff8 - std::panicking::default_hook::h20f81eb0576efcec
[INFO] [stdout]                                at /rustc/6067b36314ab5eb2eb47cecc464545ba58e1ad24/library/std/src/panicking.rs:322:9
[INFO] [stdout]   10:     0x58cca5ec8593 - <alloc::boxed::Box<F,A> as core::ops::function::Fn<Args>>::call::hdb53814c496a4d34
[INFO] [stdout]                                at /rustc/6067b36314ab5eb2eb47cecc464545ba58e1ad24/library/alloc/src/boxed.rs:2027:9
[INFO] [stdout]   11:     0x58cca5ec8593 - test::test_main::{{closure}}::hc0a4963c59427c24
[INFO] [stdout]                                at /rustc/6067b36314ab5eb2eb47cecc464545ba58e1ad24/library/test/src/lib.rs:134:21
[INFO] [stdout]   12:     0x58cca6163cd3 - <alloc::boxed::Box<F,A> as core::ops::function::Fn<Args>>::call::h591b2225413a77e9
[INFO] [stdout]                                at /rustc/6067b36314ab5eb2eb47cecc464545ba58e1ad24/library/alloc/src/boxed.rs:2027:9
[INFO] [stdout]   13:     0x58cca6163cd3 - std::panicking::rust_panic_with_hook::h625eea43051b2edc
[INFO] [stdout]                                at /rustc/6067b36314ab5eb2eb47cecc464545ba58e1ad24/library/std/src/panicking.rs:839:13
[INFO] [stdout]   14:     0x58cca616398a - std::panicking::begin_panic_handler::{{closure}}::h4f9159cfbc3f6bd3
[INFO] [stdout]                                at /rustc/6067b36314ab5eb2eb47cecc464545ba58e1ad24/library/std/src/panicking.rs:704:13
[INFO] [stdout]   15:     0x58cca61622b9 - std::sys::backtrace::__rust_end_short_backtrace::h0390abce48353151
[INFO] [stdout]                                at /rustc/6067b36314ab5eb2eb47cecc464545ba58e1ad24/library/std/src/sys/backtrace.rs:168:18
[INFO] [stdout]   16:     0x58cca616361d - rust_begin_unwind
[INFO] [stdout]                                at /rustc/6067b36314ab5eb2eb47cecc464545ba58e1ad24/library/std/src/panicking.rs:695:5
[INFO] [stdout]   17:     0x58cca6189a60 - core::panicking::panic_fmt::h9e7c637e9e5f29c9
[INFO] [stdout]                                at /rustc/6067b36314ab5eb2eb47cecc464545ba58e1ad24/library/core/src/panicking.rs:75:14
[INFO] [stdout]   18:     0x58cca5e8ac2c - verify::verify_with_git_and_version_dependancy_is_ok::h596a088280c0e2d0
[INFO] [stdout]                                at /opt/rustwide/workdir/tests/verify.rs:75:5
[INFO] [stdout]   19:     0x58cca5e8aad7 - verify::verify_with_git_and_version_dependancy_is_ok::{{closure}}::h159c1aca2f345b96
[INFO] [stdout]                                at /opt/rustwide/workdir/tests/verify.rs:69:50
[INFO] [stdout]   20:     0x58cca5e85046 - core::ops::function::FnOnce::call_once::hd83fd6f3ef4a3fd8
[INFO] [stdout]                                at /rustc/6067b36314ab5eb2eb47cecc464545ba58e1ad24/library/core/src/ops/function.rs:250:5
[INFO] [stdout]   21:     0x58cca5ecdceb - core::ops::function::FnOnce::call_once::he27718dfdd183f43
[INFO] [stdout]                                at /rustc/6067b36314ab5eb2eb47cecc464545ba58e1ad24/library/core/src/ops/function.rs:250:5
[INFO] [stdout]   22:     0x58cca5ecdceb - test::__rust_begin_short_backtrace::h4e84902998457a5d
[INFO] [stdout]                                at /rustc/6067b36314ab5eb2eb47cecc464545ba58e1ad24/library/test/src/lib.rs:632:18
[INFO] [stdout]   23:     0x58cca5eccc23 - test::run_test_in_process::{{closure}}::h7176fd18fc1feca0
[INFO] [stdout]                                at /rustc/6067b36314ab5eb2eb47cecc464545ba58e1ad24/library/test/src/lib.rs:655:60
[INFO] [stdout]   24:     0x58cca5eccc23 - <core::panic::unwind_safe::AssertUnwindSafe<F> as core::ops::function::FnOnce<()>>::call_once::hf79cff2a624d8cf7
[INFO] [stdout]                                at /rustc/6067b36314ab5eb2eb47cecc464545ba58e1ad24/library/core/src/panic/unwind_safe.rs:272:9
[INFO] [stdout]   25:     0x58cca5eccc23 - std::panicking::try::do_call::h3da0561d9ab99c25
[INFO] [stdout]                                at /rustc/6067b36314ab5eb2eb47cecc464545ba58e1ad24/library/std/src/panicking.rs:587:40
[INFO] [stdout]   26:     0x58cca5eccc23 - std::panicking::try::h41c9fa508bc61df6
[INFO] [stdout]                                at /rustc/6067b36314ab5eb2eb47cecc464545ba58e1ad24/library/std/src/panicking.rs:550:19
[INFO] [stdout]   27:     0x58cca5eccc23 - std::panic::catch_unwind::h6b3ff07bb5afad93
[INFO] [stdout]                                at /rustc/6067b36314ab5eb2eb47cecc464545ba58e1ad24/library/std/src/panic.rs:358:14
[INFO] [stdout]   28:     0x58cca5eccc23 - test::run_test_in_process::hc7253dd11b39b9f4
[INFO] [stdout]                                at /rustc/6067b36314ab5eb2eb47cecc464545ba58e1ad24/library/test/src/lib.rs:655:27
[INFO] [stdout]   29:     0x58cca5eccc23 - test::run_test::{{closure}}::hfb2007f8649c30bb
[INFO] [stdout]                                at /rustc/6067b36314ab5eb2eb47cecc464545ba58e1ad24/library/test/src/lib.rs:576:43
[INFO] [stdout]   30:     0x58cca5e8fd05 - test::run_test::{{closure}}::h56a17aa7a282a9f4
[INFO] [stdout]                                at /rustc/6067b36314ab5eb2eb47cecc464545ba58e1ad24/library/test/src/lib.rs:606:41
[INFO] [stdout]   31:     0x58cca5e8fd05 - std::sys::backtrace::__rust_begin_short_backtrace::hd2d2d2fb8e8c6aac
[INFO] [stdout]                                at /rustc/6067b36314ab5eb2eb47cecc464545ba58e1ad24/library/std/src/sys/backtrace.rs:152:18
[INFO] [stdout]   32:     0x58cca5e935ea - std::thread::Builder::spawn_unchecked_::{{closure}}::{{closure}}::h4faa3f9db6133423
[INFO] [stdout]                                at /rustc/6067b36314ab5eb2eb47cecc464545ba58e1ad24/library/std/src/thread/mod.rs:559:17
[INFO] [stdout]   33:     0x58cca5e935ea - <core::panic::unwind_safe::AssertUnwindSafe<F> as core::ops::function::FnOnce<()>>::call_once::hf2e855a36a4ea846
[INFO] [stdout]                                at /rustc/6067b36314ab5eb2eb47cecc464545ba58e1ad24/library/core/src/panic/unwind_safe.rs:272:9
[INFO] [stdout]   34:     0x58cca5e935ea - std::panicking::try::do_call::h2f73af3616c35465
[INFO] [stdout]                                at /rustc/6067b36314ab5eb2eb47cecc464545ba58e1ad24/library/std/src/panicking.rs:587:40
[INFO] [stdout]   35:     0x58cca5e935ea - std::panicking::try::hd1660ce9efadef5a
[INFO] [stdout]                                at /rustc/6067b36314ab5eb2eb47cecc464545ba58e1ad24/library/std/src/panicking.rs:550:19
[INFO] [stdout]   36:     0x58cca5e935ea - std::panic::catch_unwind::h5ee8d7823b8ca744
[INFO] [stdout]                                at /rustc/6067b36314ab5eb2eb47cecc464545ba58e1ad24/library/std/src/panic.rs:358:14
[INFO] [stdout]   37:     0x58cca5e935ea - std::thread::Builder::spawn_unchecked_::{{closure}}::h53c3a1894dce8407
[INFO] [stdout]                                at /rustc/6067b36314ab5eb2eb47cecc464545ba58e1ad24/library/std/src/thread/mod.rs:557:30
[INFO] [stdout]   38:     0x58cca5e935ea - core::ops::function::FnOnce::call_once{{vtable.shim}}::h048ce291ad4f62bf
[INFO] [stdout]                                at /rustc/6067b36314ab5eb2eb47cecc464545ba58e1ad24/library/core/src/ops/function.rs:250:5
[INFO] [stdout]   39:     0x58cca61681ab - <alloc::boxed::Box<F,A> as core::ops::function::FnOnce<Args>>::call_once::ha52bedf99a3b4981
[INFO] [stdout]                                at /rustc/6067b36314ab5eb2eb47cecc464545ba58e1ad24/library/alloc/src/boxed.rs:2013:9
[INFO] [stdout]   40:     0x58cca61681ab - <alloc::boxed::Box<F,A> as core::ops::function::FnOnce<Args>>::call_once::h567748934d80ccf8
[INFO] [stdout]                                at /rustc/6067b36314ab5eb2eb47cecc464545ba58e1ad24/library/alloc/src/boxed.rs:2013:9
[INFO] [stdout]   41:     0x58cca61681ab - std::sys::pal::unix::thread::Thread::new::thread_start::h2d970728ae887adc
[INFO] [stdout]                                at /rustc/6067b36314ab5eb2eb47cecc464545ba58e1ad24/library/std/src/sys/pal/unix/thread.rs:106:17
[INFO] [stdout]   42:     0x781c2d360ac3 - <unknown>
[INFO] [stdout]   43:     0x781c2d3f1a04 - clone
[INFO] [stdout]   44:                0x0 - <unknown>
[INFO] [stdout] 
[INFO] [stdout] 
[INFO] [stdout] failures:
[INFO] [stdout]     verify_with_git_and_version_dependancy_is_ok
[INFO] [stdout]     verify_with_git_dependancy_is_error
[INFO] [stdout] 
[INFO] [stdout] test result: FAILED. 3 passed; 2 failed; 0 ignored; 0 measured; 0 filtered out; finished in 0.14s
[INFO] [stdout] 
[INFO] [stderr] error: test failed, to rerun pass `--test verify`
[INFO] running `Command { std: "docker" "inspect" "2c1473ca5536bb226bbd0fbf0b58336165dbb5bd540fa6d7829546da0bf8f212", kill_on_drop: false }`
[INFO] running `Command { std: "docker" "rm" "-f" "2c1473ca5536bb226bbd0fbf0b58336165dbb5bd540fa6d7829546da0bf8f212", kill_on_drop: false }`
[INFO] [stdout] 2c1473ca5536bb226bbd0fbf0b58336165dbb5bd540fa6d7829546da0bf8f212
