[INFO] cloning repository https://github.com/saverioscagnoli/karna
[INFO] running `Command { std: "git" "-c" "credential.helper=" "-c" "credential.helper=/workspace/cargo-home/bin/git-credential-null" "clone" "--bare" "https://github.com/saverioscagnoli/karna" "/workspace/cache/git-repos/https%3A%2F%2Fgithub.com%2Fsaverioscagnoli%2Fkarna", kill_on_drop: false }`
[INFO] [stderr] Cloning into bare repository '/workspace/cache/git-repos/https%3A%2F%2Fgithub.com%2Fsaverioscagnoli%2Fkarna'...
[INFO] running `Command { std: "git" "rev-parse" "HEAD", kill_on_drop: false }`
[INFO] [stdout] 352ffd715db664c81c7cf6f72d4aea9196e0d4c3
[INFO] testing saverioscagnoli/karna against nightly-2025-01-18 for randomize-layout-2
[INFO] running `Command { std: "git" "clone" "/workspace/cache/git-repos/https%3A%2F%2Fgithub.com%2Fsaverioscagnoli%2Fkarna" "/workspace/builds/worker-4-tc1/source", kill_on_drop: false }`
[INFO] [stderr] Cloning into '/workspace/builds/worker-4-tc1/source'...
[INFO] [stderr] done.
[INFO] validating manifest of git repo https://github.com/saverioscagnoli/karna on toolchain nightly-2025-01-18
[INFO] running `Command { std: CARGO_HOME="/workspace/cargo-home" RUSTUP_HOME="/workspace/rustup-home" "/workspace/cargo-home/bin/cargo" "+nightly-2025-01-18" "metadata" "--manifest-path" "Cargo.toml" "--no-deps", kill_on_drop: false }`
[INFO] started tweaking git repo https://github.com/saverioscagnoli/karna
[INFO] finished tweaking git repo https://github.com/saverioscagnoli/karna
[INFO] tweaked toml for git repo https://github.com/saverioscagnoli/karna written to /workspace/builds/worker-4-tc1/source/Cargo.toml
[INFO] crate git repo https://github.com/saverioscagnoli/karna already has a lockfile, it will not be regenerated
[INFO] running `Command { std: CARGO_HOME="/workspace/cargo-home" RUSTUP_HOME="/workspace/rustup-home" "/workspace/cargo-home/bin/cargo" "+nightly-2025-01-18" "fetch" "--manifest-path" "Cargo.toml", kill_on_drop: false }`
[INFO] [stderr]  Downloading crates ...
[INFO] [stderr]   Downloaded wasm-bindgen-macro v0.2.96
[INFO] [stderr]   Downloaded wasm-bindgen-shared v0.2.96
[INFO] [stderr]   Downloaded wasm-bindgen-futures v0.4.46
[INFO] [stderr]   Downloaded js-sys v0.3.73
[INFO] [stderr]   Downloaded wasm-bindgen-backend v0.2.96
[INFO] [stderr]   Downloaded wasm-bindgen v0.2.96
[INFO] [stderr]   Downloaded spin_sleep v1.3.0
[INFO] [stderr]   Downloaded wasm-bindgen-macro-support v0.2.96
[INFO] [stderr]   Downloaded web-sys v0.3.73
[INFO] running `Command { std: "docker" "create" "-v" "/var/lib/crater-agent-workspace/builds/worker-4-tc1/target:/opt/rustwide/target:rw,Z" "-v" "/var/lib/crater-agent-workspace/builds/worker-4-tc1/source:/opt/rustwide/workdir:ro,Z" "-v" "/var/lib/crater-agent-workspace/cargo-home:/opt/rustwide/cargo-home:ro,Z" "-v" "/var/lib/crater-agent-workspace/rustup-home:/opt/rustwide/rustup-home:ro,Z" "-e" "SOURCE_DIR=/opt/rustwide/workdir" "-e" "CARGO_TARGET_DIR=/opt/rustwide/target" "-e" "CARGO_HOME=/opt/rustwide/cargo-home" "-e" "RUSTUP_HOME=/opt/rustwide/rustup-home" "-w" "/opt/rustwide/workdir" "-m" "1610612736" "--user" "0:0" "--network" "none" "ghcr.io/rust-lang/crates-build-env/linux@sha256:819108c5571ea2e421544af4d832f968d213c87fbe3707a016657f43d2f853bc" "/opt/rustwide/cargo-home/bin/cargo" "+nightly-2025-01-18" "metadata" "--no-deps" "--format-version=1", kill_on_drop: false }`
[INFO] [stdout] 8c2cdcd470074e4b7c99353217310e4553d268bbc07fb6b3697aa5e521ee1231
[INFO] running `Command { std: "docker" "start" "-a" "8c2cdcd470074e4b7c99353217310e4553d268bbc07fb6b3697aa5e521ee1231", kill_on_drop: false }`
[INFO] running `Command { std: "docker" "inspect" "8c2cdcd470074e4b7c99353217310e4553d268bbc07fb6b3697aa5e521ee1231", kill_on_drop: false }`
[INFO] running `Command { std: "docker" "rm" "-f" "8c2cdcd470074e4b7c99353217310e4553d268bbc07fb6b3697aa5e521ee1231", kill_on_drop: false }`
[INFO] [stdout] 8c2cdcd470074e4b7c99353217310e4553d268bbc07fb6b3697aa5e521ee1231
[INFO] running `Command { std: "docker" "create" "-v" "/var/lib/crater-agent-workspace/builds/worker-4-tc1/target:/opt/rustwide/target:rw,Z" "-v" "/var/lib/crater-agent-workspace/builds/worker-4-tc1/source:/opt/rustwide/workdir:ro,Z" "-v" "/var/lib/crater-agent-workspace/cargo-home:/opt/rustwide/cargo-home:ro,Z" "-v" "/var/lib/crater-agent-workspace/rustup-home:/opt/rustwide/rustup-home:ro,Z" "-e" "SOURCE_DIR=/opt/rustwide/workdir" "-e" "CARGO_TARGET_DIR=/opt/rustwide/target" "-e" "CARGO_INCREMENTAL=0" "-e" "RUST_BACKTRACE=full" "-e" "RUSTFLAGS=--cap-lints=forbid" "-e" "RUSTDOCFLAGS=--cap-lints=forbid" "-e" "CARGO_HOME=/opt/rustwide/cargo-home" "-e" "RUSTUP_HOME=/opt/rustwide/rustup-home" "-w" "/opt/rustwide/workdir" "-m" "1610612736" "--user" "0:0" "--network" "none" "ghcr.io/rust-lang/crates-build-env/linux@sha256:819108c5571ea2e421544af4d832f968d213c87fbe3707a016657f43d2f853bc" "/opt/rustwide/cargo-home/bin/cargo" "+nightly-2025-01-18" "build" "--frozen" "--message-format=json", kill_on_drop: false }`
[INFO] [stdout] f0d6f95422ad7248f6a6a01d310f5bbeb2e3eda2ae56becb07258d47b7f8e4f8
[INFO] running `Command { std: "docker" "start" "-a" "f0d6f95422ad7248f6a6a01d310f5bbeb2e3eda2ae56becb07258d47b7f8e4f8", kill_on_drop: false }`
[INFO] [stderr]    Compiling cfg-if v1.0.0
[INFO] [stderr]    Compiling proc-macro2 v1.0.92
[INFO] [stderr]    Compiling unicode-ident v1.0.14
[INFO] [stderr]    Compiling libc v0.2.167
[INFO] [stderr]    Compiling log v0.4.22
[INFO] [stderr]    Compiling crossbeam-utils v0.8.21
[INFO] [stderr]    Compiling autocfg v1.4.0
[INFO] [stderr]    Compiling byteorder v1.5.0
[INFO] [stderr]    Compiling arrayvec v0.7.6
[INFO] [stderr]    Compiling rayon-core v1.12.1
[INFO] [stderr]    Compiling bitflags v1.3.2
[INFO] [stderr]    Compiling simd-adler32 v0.3.7
[INFO] [stderr]    Compiling bytemuck v1.20.0
[INFO] [stderr]    Compiling shlex v1.3.0
[INFO] [stderr]    Compiling pkg-config v0.3.31
[INFO] [stderr]    Compiling cc v1.2.1
[INFO] [stderr]    Compiling anyhow v1.0.94
[INFO] [stderr]    Compiling once_cell v1.20.2
[INFO] [stderr]    Compiling num-traits v0.2.19
[INFO] [stderr]    Compiling khronos_api v3.1.0
[INFO] [stderr]    Compiling lazy_static v1.5.0
[INFO] [stderr]    Compiling adler2 v2.0.0
[INFO] [stderr]    Compiling either v1.13.0
[INFO] [stderr]    Compiling miniz_oxide v0.8.2
[INFO] [stderr]    Compiling alsa-sys v0.3.1
[INFO] [stderr]    Compiling paste v1.0.15
[INFO] [stderr]    Compiling thiserror v1.0.69
[INFO] [stderr]    Compiling built v0.7.5
[INFO] [stderr]    Compiling quote v1.0.37
[INFO] [stderr]    Compiling crossbeam-epoch v0.9.18
[INFO] [stderr]    Compiling cmake v0.1.52
[INFO] [stderr]    Compiling syn v2.0.90
[INFO] [stderr]    Compiling version-compare v0.1.1
[INFO] [stderr]    Compiling crossbeam-deque v0.8.6
[INFO] [stderr]    Compiling memchr v2.7.4
[INFO] [stderr]    Compiling num-integer v0.1.46
[INFO] [stderr]    Compiling version_check v0.9.5
[INFO] [stderr]    Compiling aligned-vec v0.5.0
[INFO] [stderr]    Compiling minimal-lexical v0.2.1
[INFO] [stderr]    Compiling v_frame v0.3.8
[INFO] [stderr]    Compiling num-bigint v0.4.6
[INFO] [stderr]    Compiling sdl2-sys v0.37.0
[INFO] [stderr]    Compiling ahash v0.8.11
[INFO] [stderr]    Compiling rav1e v0.7.1
[INFO] [stderr]    Compiling nom v7.1.3
[INFO] [stderr]    Compiling rayon v1.10.0
[INFO] [stderr]    Compiling symphonia-core v0.5.4
[INFO] [stderr]    Compiling crc32fast v1.4.2
[INFO] [stderr]    Compiling encoding_rs v0.8.35
[INFO] [stderr]    Compiling xml-rs v0.8.24
[INFO] [stderr]    Compiling flate2 v1.0.35
[INFO] [stderr]    Compiling num-rational v0.4.2
[INFO] [stderr]    Compiling gl_generator v0.14.0
[INFO] [stderr]    Compiling av1-grain v0.2.3
[INFO] [stderr]    Compiling symphonia-metadata v0.5.4
[INFO] [stderr]    Compiling simd_helpers v0.1.0
[INFO] [stderr]    Compiling itertools v0.12.1
[INFO] [stderr]    Compiling getrandom v0.2.15
[INFO] [stderr]    Compiling maybe-rayon v0.1.1
[INFO] [stderr]    Compiling new_debug_unreachable v1.0.6
[INFO] [stderr]    Compiling imgref v1.11.0
[INFO] [stderr]    Compiling bitstream-io v2.6.0
[INFO] [stderr]    Compiling noop_proc_macro v0.3.0
[INFO] [stderr]    Compiling tinyvec_macros v0.1.1
[INFO] [stderr]    Compiling cpal v0.15.3
[INFO] [stderr]    Compiling bitflags v2.6.0
[INFO] [stderr]    Compiling quick-error v2.0.1
[INFO] [stderr]    Compiling weezl v0.1.8
[INFO] [stderr]    Compiling allocator-api2 v0.2.21
[INFO] [stderr]    Compiling tinyvec v1.8.0
[INFO] [stderr]    Compiling alsa v0.9.1
[INFO] [stderr]    Compiling loop9 v0.1.5
[INFO] [stderr]    Compiling rand_core v0.6.4
[INFO] [stderr]    Compiling symphonia-bundle-mp3 v0.5.4
[INFO] [stderr]    Compiling gl v0.14.0
[INFO] [stderr]    Compiling fdeflate v0.3.7
[INFO] [stderr]    Compiling zune-inflate v0.2.54
[INFO] [stderr]    Compiling avif-serialize v0.8.2
[INFO] [stderr]    Compiling ogg v0.8.0
[INFO] [stderr]    Compiling half v2.4.1
[INFO] [stderr]    Compiling jpeg-decoder v0.3.1
[INFO] [stderr]    Compiling zune-core v0.4.12
[INFO] [stderr]    Compiling rgb v0.8.50
[INFO] [stderr]    Compiling lebe v0.5.2
[INFO] [stderr]    Compiling sdl2 v0.37.0
[INFO] [stderr]    Compiling color_quant v1.1.0
[INFO] [stderr]    Compiling byteorder-lite v0.1.0
[INFO] [stderr]    Compiling dasp_sample v0.11.0
[INFO] [stderr]    Compiling smallvec v1.13.2
[INFO] [stderr]    Compiling bit_field v0.10.2
[INFO] [stderr]    Compiling tiff v0.9.1
[INFO] [stderr]    Compiling image-webp v0.2.0
[INFO] [stderr]    Compiling gif v0.13.1
[INFO] [stderr]    Compiling exr v1.73.0
[INFO] [stderr]    Compiling zune-jpeg v0.4.14
[INFO] [stderr]    Compiling lewton v0.10.2
[INFO] [stderr]    Compiling zerocopy-derive v0.7.35
[INFO] [stderr]    Compiling profiling-procmacros v1.0.16
[INFO] [stderr]    Compiling thiserror-impl v1.0.69
[INFO] [stderr]    Compiling profiling v1.0.16
[INFO] [stderr]    Compiling num-derive v0.4.2
[INFO] [stderr]    Compiling arg_enum_proc_macro v0.3.4
[INFO] [stderr]    Compiling zerocopy v0.7.35
[INFO] [stderr]    Compiling symphonia v0.5.4
[INFO] [stderr]    Compiling png v0.17.16
[INFO] [stderr]    Compiling qoi v0.4.1
[INFO] [stderr]    Compiling equivalent v1.0.1
[INFO] [stderr]    Compiling ttf-parser v0.21.1
[INFO] [stderr]    Compiling foldhash v0.1.3
[INFO] [stderr]    Compiling claxon v0.4.3
[INFO] [stderr]    Compiling ppv-lite86 v0.2.20
[INFO] [stderr]    Compiling rand_chacha v0.3.1
[INFO] [stderr]    Compiling hound v3.5.1
[INFO] [stderr]    Compiling hashbrown v0.14.5
[INFO] [stderr]    Compiling rodio v0.20.1
[INFO] [stderr]    Compiling rand v0.8.5
[INFO] [stderr]    Compiling hashbrown v0.15.2
[INFO] [stderr]    Compiling fontdue v0.9.2
[INFO] [stderr]    Compiling spin_sleep v1.3.0
[INFO] [stderr]    Compiling ravif v0.11.11
[INFO] [stderr]    Compiling image v0.25.5
[INFO] [stderr]    Compiling karna v0.1.0 (/opt/rustwide/workdir)
[INFO] [stdout] warning: unused import: `self`
[INFO] [stdout]   --> src/render/renderer.rs:19:12
[INFO] [stdout]    |
[INFO] [stdout] 19 |     rect::{self, FPoint, FRect},
[INFO] [stdout]    |            ^^^^
[INFO] [stdout]    |
[INFO] [stdout]    = note: `#[warn(unused_imports)]` on by default
[INFO] [stdout] 
[INFO] [stdout] 
[INFO] [stderr]     Finished `dev` profile [unoptimized + debuginfo] target(s) in 4m 14s
[INFO] running `Command { std: "docker" "inspect" "f0d6f95422ad7248f6a6a01d310f5bbeb2e3eda2ae56becb07258d47b7f8e4f8", kill_on_drop: false }`
[INFO] running `Command { std: "docker" "rm" "-f" "f0d6f95422ad7248f6a6a01d310f5bbeb2e3eda2ae56becb07258d47b7f8e4f8", kill_on_drop: false }`
[INFO] [stdout] f0d6f95422ad7248f6a6a01d310f5bbeb2e3eda2ae56becb07258d47b7f8e4f8
[INFO] running `Command { std: "docker" "create" "-v" "/var/lib/crater-agent-workspace/builds/worker-4-tc1/target:/opt/rustwide/target:rw,Z" "-v" "/var/lib/crater-agent-workspace/builds/worker-4-tc1/source:/opt/rustwide/workdir:ro,Z" "-v" "/var/lib/crater-agent-workspace/cargo-home:/opt/rustwide/cargo-home:ro,Z" "-v" "/var/lib/crater-agent-workspace/rustup-home:/opt/rustwide/rustup-home:ro,Z" "-e" "SOURCE_DIR=/opt/rustwide/workdir" "-e" "CARGO_TARGET_DIR=/opt/rustwide/target" "-e" "CARGO_INCREMENTAL=0" "-e" "RUST_BACKTRACE=full" "-e" "RUSTFLAGS=--cap-lints=forbid" "-e" "RUSTDOCFLAGS=--cap-lints=forbid" "-e" "CARGO_HOME=/opt/rustwide/cargo-home" "-e" "RUSTUP_HOME=/opt/rustwide/rustup-home" "-w" "/opt/rustwide/workdir" "-m" "1610612736" "--user" "0:0" "--network" "none" "ghcr.io/rust-lang/crates-build-env/linux@sha256:819108c5571ea2e421544af4d832f968d213c87fbe3707a016657f43d2f853bc" "/opt/rustwide/cargo-home/bin/cargo" "+nightly-2025-01-18" "test" "--frozen" "--no-run" "--message-format=json", kill_on_drop: false }`
[INFO] [stdout] e07bc92d68b7d885475a73dc3b48b7f9676763ea86b3773231e4b5e61b2b9472
[INFO] running `Command { std: "docker" "start" "-a" "e07bc92d68b7d885475a73dc3b48b7f9676763ea86b3773231e4b5e61b2b9472", kill_on_drop: false }`
[INFO] [stderr]    Compiling karna v0.1.0 (/opt/rustwide/workdir)
[INFO] [stdout] warning: unused import: `self`
[INFO] [stdout]   --> src/render/renderer.rs:19:12
[INFO] [stdout]    |
[INFO] [stdout] 19 |     rect::{self, FPoint, FRect},
[INFO] [stdout]    |            ^^^^
[INFO] [stdout]    |
[INFO] [stdout]    = note: `#[warn(unused_imports)]` on by default
[INFO] [stdout] 
[INFO] [stdout] 
[INFO] [stdout] warning: unused import: `self`
[INFO] [stdout]   --> src/render/renderer.rs:19:12
[INFO] [stdout]    |
[INFO] [stdout] 19 |     rect::{self, FPoint, FRect},
[INFO] [stdout]    |            ^^^^
[INFO] [stdout]    |
[INFO] [stdout]    = note: `#[warn(unused_imports)]` on by default
[INFO] [stdout] 
[INFO] [stdout] 
[INFO] [stderr]     Finished `test` profile [unoptimized + debuginfo] target(s) in 16.22s
[INFO] running `Command { std: "docker" "inspect" "e07bc92d68b7d885475a73dc3b48b7f9676763ea86b3773231e4b5e61b2b9472", kill_on_drop: false }`
[INFO] running `Command { std: "docker" "rm" "-f" "e07bc92d68b7d885475a73dc3b48b7f9676763ea86b3773231e4b5e61b2b9472", kill_on_drop: false }`
[INFO] [stdout] e07bc92d68b7d885475a73dc3b48b7f9676763ea86b3773231e4b5e61b2b9472
[INFO] running `Command { std: "docker" "create" "-v" "/var/lib/crater-agent-workspace/builds/worker-4-tc1/target:/opt/rustwide/target:rw,Z" "-v" "/var/lib/crater-agent-workspace/builds/worker-4-tc1/source:/opt/rustwide/workdir:ro,Z" "-v" "/var/lib/crater-agent-workspace/cargo-home:/opt/rustwide/cargo-home:ro,Z" "-v" "/var/lib/crater-agent-workspace/rustup-home:/opt/rustwide/rustup-home:ro,Z" "-e" "SOURCE_DIR=/opt/rustwide/workdir" "-e" "CARGO_TARGET_DIR=/opt/rustwide/target" "-e" "CARGO_INCREMENTAL=0" "-e" "RUST_BACKTRACE=full" "-e" "RUSTFLAGS=--cap-lints=forbid" "-e" "RUSTDOCFLAGS=--cap-lints=forbid" "-e" "CARGO_HOME=/opt/rustwide/cargo-home" "-e" "RUSTUP_HOME=/opt/rustwide/rustup-home" "-w" "/opt/rustwide/workdir" "-m" "1610612736" "--user" "0:0" "--network" "none" "ghcr.io/rust-lang/crates-build-env/linux@sha256:819108c5571ea2e421544af4d832f968d213c87fbe3707a016657f43d2f853bc" "/opt/rustwide/cargo-home/bin/cargo" "+nightly-2025-01-18" "test" "--frozen", kill_on_drop: false }`
[INFO] [stdout] ac190a11083575633b436053a7cf9f9a12a75e5bbee6efce3b6b8202557b239f
[INFO] running `Command { std: "docker" "start" "-a" "ac190a11083575633b436053a7cf9f9a12a75e5bbee6efce3b6b8202557b239f", kill_on_drop: false }`
[INFO] [stderr] warning: unused import: `self`
[INFO] [stderr]   --> src/render/renderer.rs:19:12
[INFO] [stderr]    |
[INFO] [stderr] 19 |     rect::{self, FPoint, FRect},
[INFO] [stderr]    |            ^^^^
[INFO] [stderr]    |
[INFO] [stderr]    = note: `#[warn(unused_imports)]` on by default
[INFO] [stderr] 
[INFO] [stderr] warning: `karna` (lib) generated 1 warning (run `cargo fix --lib -p karna` to apply 1 suggestion)
[INFO] [stderr] warning: `karna` (lib test) generated 1 warning (1 duplicate)
[INFO] [stderr]     Finished `test` profile [unoptimized + debuginfo] target(s) in 0.29s
[INFO] [stderr]      Running unittests src/lib.rs (/opt/rustwide/target/debug/deps/karna-4b55ce8a7c493d5c)
[INFO] [stdout] 
[INFO] [stdout] running 0 tests
[INFO] [stdout] 
[INFO] [stdout] test result: ok. 0 passed; 0 failed; 0 ignored; 0 measured; 0 filtered out; finished in 0.00s
[INFO] [stdout] 
[INFO] [stderr]    Doc-tests karna
[INFO] [stdout] 
[INFO] [stdout] running 53 tests
[INFO] [stdout] test src/math/random.rs - math::random::pick (line 47) - compile ... ok
[INFO] [stdout] test src/math/random.rs - math::random::pick_mut (line 64) - compile ... ok
[INFO] [stdout] test src/math/vec2.rs - math::vec2::Vec2 (line 120) ... FAILED
[INFO] [stdout] test src/math/vec2.rs - math::vec2::Vec2 (line 149) ... FAILED
[INFO] [stdout] test src/math/random.rs - math::random::rng (line 12) - compile ... ok
[INFO] [stdout] test src/math/vec2.rs - math::vec2::(f32,f32) (line 136) ... FAILED
[INFO] [stdout] test src/math/interpolation.rs - math::interpolation::lerp (line 15) - compile ... FAILED
[INFO] [stdout] test src/math/interpolation.rs - math::interpolation::Tween (line 327) - compile ... FAILED
[INFO] [stdout] test src/math/vec2.rs - math::vec2::Vec2 (line 168) ... FAILED
[INFO] [stdout] test src/math/vec2.rs - math::vec2::Vec2 (line 225) ... FAILED
[INFO] [stdout] test src/math/vec2.rs - math::vec2::Vec2 (line 206) ... FAILED
[INFO] [stdout] test src/math/vec2.rs - math::vec2::Vec2 (line 187) ... FAILED
[INFO] [stdout] test src/math/vec2.rs - math::vec2::Vec2 (line 282) ... FAILED
[INFO] [stdout] test src/math/vec2.rs - math::vec2::Vec2 (line 244) ... FAILED
[INFO] [stdout] test src/math/vec2.rs - math::vec2::Vec2 (line 263) ... FAILED
[INFO] [stdout] test src/math/vec2.rs - math::vec2::Vec2 (line 301) ... FAILED
[INFO] [stdout] test src/math/vec2.rs - math::vec2::Vec2 (line 320) ... FAILED
[INFO] [stdout] test src/math/vec2.rs - math::vec2::Vec2 (line 377) ... FAILED
[INFO] [stdout] test src/math/vec2.rs - math::vec2::Vec2 (line 358) ... FAILED
[INFO] [stdout] test src/math/vec2.rs - math::vec2::Vec2 (line 339) ... FAILED
[INFO] [stdout] test src/math/vec2.rs - math::vec2::Vec2 (line 452) ... FAILED
[INFO] [stdout] test src/math/vec2.rs - math::vec2::Vec2 (line 402) ... FAILED
[INFO] [stdout] test src/math/vec2.rs - math::vec2::Vec2 (line 427) ... FAILED
[INFO] [stdout] test src/math/vec2.rs - math::vec2::Vec2::dot (line 66) ... FAILED
[INFO] [stdout] test src/math/vec2.rs - math::vec2::f32 (line 477) ... FAILED
[INFO] [stdout] test src/math/vec2.rs - math::vec2::f32 (line 496) ... FAILED
[INFO] [stdout] test src/math/vec2.rs - math::vec2::f32 (line 515) ... FAILED
[INFO] [stdout] test src/math/vec2.rs - math::vec2::f32 (line 534) ... FAILED
[INFO] [stdout] test src/math/vec3.rs - math::vec3::Vec3 (line 210) ... FAILED
[INFO] [stdout] test src/math/vec3.rs - math::vec3::(f32,f32,f32) (line 196) ... FAILED
[INFO] [stdout] test src/math/vec3.rs - math::vec3::Vec3 (line 230) ... FAILED
[INFO] [stdout] test src/math/vec3.rs - math::vec3::Vec3 (line 178) ... FAILED
[INFO] [stdout] test src/math/vec3.rs - math::vec3::Vec3 (line 250) ... FAILED
[INFO] [stdout] test src/math/vec3.rs - math::vec3::Vec3 (line 290) ... FAILED
[INFO] [stdout] test src/math/vec3.rs - math::vec3::Vec3 (line 270) ... FAILED
[INFO] [stdout] test src/math/vec3.rs - math::vec3::Vec3 (line 310) ... FAILED
[INFO] [stdout] test src/math/vec3.rs - math::vec3::Vec3 (line 350) ... FAILED
[INFO] [stdout] test src/math/vec3.rs - math::vec3::Vec3 (line 330) ... FAILED
[INFO] [stdout] test src/math/vec3.rs - math::vec3::Vec3 (line 410) ... FAILED
[INFO] [stdout] test src/math/vec3.rs - math::vec3::Vec3 (line 430) ... FAILED
[INFO] [stdout] test src/math/vec3.rs - math::vec3::Vec3 (line 370) ... FAILED
[INFO] [stdout] test src/math/vec3.rs - math::vec3::Vec3 (line 502) ... FAILED
[INFO] [stdout] test src/math/vec3.rs - math::vec3::Vec3 (line 450) ... FAILED
[INFO] [stdout] test src/math/vec3.rs - math::vec3::Vec3 (line 390) ... FAILED
[INFO] [stdout] test src/math/vec3.rs - math::vec3::Vec3 (line 476) ... FAILED
[INFO] [stdout] test src/math/vec3.rs - math::vec3::f32 (line 594) ... FAILED
[INFO] [stdout] test src/math/vec3.rs - math::vec3::f32 (line 614) ... FAILED
[INFO] [stdout] test src/math/vec3.rs - math::vec3::f32 (line 574) ... FAILED
[INFO] [stdout] test src/math/vec3.rs - math::vec3::Vec3 (line 528) ... FAILED
[INFO] [stdout] test src/math/vec3.rs - math::vec3::Vec3::dot (line 95) ... FAILED
[INFO] [stdout] test src/math/vec4.rs - math::vec4::(f32,f32,f32,f32) (line 45) ... FAILED
[INFO] [stdout] test src/math/vec4.rs - math::vec4::Vec4 (line 32) ... FAILED
[INFO] [stdout] test src/math/vec3.rs - math::vec3::f32 (line 554) ... FAILED
[INFO] [stdout] 
[INFO] [stdout] failures:
[INFO] [stdout] 
[INFO] [stdout] ---- src/math/vec2.rs - math::vec2::Vec2 (line 120) stdout ----
[INFO] [stdout] error[E0433]: failed to resolve: use of undeclared type `Vec2`
[INFO] [stdout]  --> src/math/vec2.rs:122:11
[INFO] [stdout]   |
[INFO] [stdout] 4 | let vec = Vec2::from(tuple);
[INFO] [stdout]   |           ^^^^ use of undeclared type `Vec2`
[INFO] [stdout]   |
[INFO] [stdout] help: a struct with a similar name exists
[INFO] [stdout]   |
[INFO] [stdout] 4 | let vec = Vec::from(tuple);
[INFO] [stdout]   |           ~~~
[INFO] [stdout] help: consider importing this struct
[INFO] [stdout]   |
[INFO] [stdout] 2 + use karna::math::Vec2;
[INFO] [stdout]   |
[INFO] [stdout] 
[INFO] [stdout] error[E0433]: failed to resolve: use of undeclared type `Vec2`
[INFO] [stdout]  --> src/math/vec2.rs:123:17
[INFO] [stdout]   |
[INFO] [stdout] 5 | assert_eq!(vec, Vec2::new(1.0, 2.0));
[INFO] [stdout]   |                 ^^^^ use of undeclared type `Vec2`
[INFO] [stdout]   |
[INFO] [stdout] help: a struct with a similar name exists
[INFO] [stdout]   |
[INFO] [stdout] 5 | assert_eq!(vec, Vec::new(1.0, 2.0));
[INFO] [stdout]   |                 ~~~
[INFO] [stdout] help: consider importing this struct
[INFO] [stdout]   |
[INFO] [stdout] 2 + use karna::math::Vec2;
[INFO] [stdout]   |
[INFO] [stdout] 
[INFO] [stdout] error: aborting due to 2 previous errors
[INFO] [stdout] 
[INFO] [stdout] For more information about this error, try `rustc --explain E0433`.
[INFO] [stdout] Couldn't compile the test.
[INFO] [stdout] ---- src/math/vec2.rs - math::vec2::Vec2 (line 149) stdout ----
[INFO] [stdout] error[E0433]: failed to resolve: use of undeclared type `Vec2`
[INFO] [stdout]  --> src/math/vec2.rs:150:9
[INFO] [stdout]   |
[INFO] [stdout] 3 | let a = Vec2::new(1.0, 2.0);
[INFO] [stdout]   |         ^^^^ use of undeclared type `Vec2`
[INFO] [stdout]   |
[INFO] [stdout] help: a struct with a similar name exists
[INFO] [stdout]   |
[INFO] [stdout] 3 | let a = Vec::new(1.0, 2.0);
[INFO] [stdout]   |         ~~~
[INFO] [stdout] help: consider importing this struct
[INFO] [stdout]   |
[INFO] [stdout] 2 + use karna::math::Vec2;
[INFO] [stdout]   |
[INFO] [stdout] 
[INFO] [stdout] error[E0433]: failed to resolve: use of undeclared type `Vec2`
[INFO] [stdout]  --> src/math/vec2.rs:151:9
[INFO] [stdout]   |
[INFO] [stdout] 4 | let b = Vec2::new(3.0, 4.0);
[INFO] [stdout]   |         ^^^^ use of undeclared type `Vec2`
[INFO] [stdout]   |
[INFO] [stdout] help: a struct with a similar name exists
[INFO] [stdout]   |
[INFO] [stdout] 4 | let b = Vec::new(3.0, 4.0);
[INFO] [stdout]   |         ~~~
[INFO] [stdout] help: consider importing this struct
[INFO] [stdout]   |
[INFO] [stdout] 2 + use karna::math::Vec2;
[INFO] [stdout]   |
[INFO] [stdout] 
[INFO] [stdout] error[E0433]: failed to resolve: use of undeclared type `Vec2`
[INFO] [stdout]  --> src/math/vec2.rs:153:19
[INFO] [stdout]   |
[INFO] [stdout] 6 | assert_eq!(a + b, Vec2::new(4.0, 6.0));
[INFO] [stdout]   |                   ^^^^ use of undeclared type `Vec2`
[INFO] [stdout]   |
[INFO] [stdout] help: a struct with a similar name exists
[INFO] [stdout]   |
[INFO] [stdout] 6 | assert_eq!(a + b, Vec::new(4.0, 6.0));
[INFO] [stdout]   |                   ~~~
[INFO] [stdout] help: consider importing this struct
[INFO] [stdout]   |
[INFO] [stdout] 2 + use karna::math::Vec2;
[INFO] [stdout]   |
[INFO] [stdout] 
[INFO] [stdout] error: aborting due to 3 previous errors
[INFO] [stdout] 
[INFO] [stdout] For more information about this error, try `rustc --explain E0433`.
[INFO] [stdout] Couldn't compile the test.
[INFO] [stdout] ---- src/math/vec2.rs - math::vec2::(f32,f32) (line 136) stdout ----
[INFO] [stdout] error[E0433]: failed to resolve: use of undeclared type `Vec2`
[INFO] [stdout]  --> src/math/vec2.rs:137:11
[INFO] [stdout]   |
[INFO] [stdout] 3 | let vec = Vec2::new(1.0, 2.0);
[INFO] [stdout]   |           ^^^^ use of undeclared type `Vec2`
[INFO] [stdout]   |
[INFO] [stdout] help: a struct with a similar name exists
[INFO] [stdout]   |
[INFO] [stdout] 3 | let vec = Vec::new(1.0, 2.0);
[INFO] [stdout]   |           ~~~
[INFO] [stdout] help: consider importing this struct
[INFO] [stdout]   |
[INFO] [stdout] 2 + use karna::math::Vec2;
[INFO] [stdout]   |
[INFO] [stdout] 
[INFO] [stdout] error: aborting due to 1 previous error
[INFO] [stdout] 
[INFO] [stdout] For more information about this error, try `rustc --explain E0433`.
[INFO] [stdout] Couldn't compile the test.
[INFO] [stdout] ---- src/math/interpolation.rs - math::interpolation::lerp (line 15) stdout ----
[INFO] [stdout] error[E0432]: unresolved import `karna::math::lerp`
[INFO] [stdout]  --> src/math/interpolation.rs:17:5
[INFO] [stdout]   |
[INFO] [stdout] 5 | use karna::math::lerp;
[INFO] [stdout]   |     ^^^^^^^^^^^^^^^^^ no `lerp` in `math`
[INFO] [stdout] 
[INFO] [stdout] error: aborting due to 1 previous error
[INFO] [stdout] 
[INFO] [stdout] For more information about this error, try `rustc --explain E0432`.
[INFO] [stdout] Couldn't compile the test.
[INFO] [stdout] ---- src/math/interpolation.rs - math::interpolation::Tween (line 327) stdout ----
[INFO] [stdout] error[E0433]: failed to resolve: use of undeclared type `Vec2`
[INFO] [stdout]  --> src/math/interpolation.rs:328:13
[INFO] [stdout]   |
[INFO] [stdout] 3 | let start = Vec2::new(0.0, 0.0);
[INFO] [stdout]   |             ^^^^ use of undeclared type `Vec2`
[INFO] [stdout]   |
[INFO] [stdout] help: a struct with a similar name exists
[INFO] [stdout]   |
[INFO] [stdout] 3 | let start = Vec::new(0.0, 0.0);
[INFO] [stdout]   |             ~~~
[INFO] [stdout] help: consider importing this struct
[INFO] [stdout]   |
[INFO] [stdout] 2 + use karna::math::Vec2;
[INFO] [stdout]   |
[INFO] [stdout] 
[INFO] [stdout] error[E0433]: failed to resolve: use of undeclared type `Vec2`
[INFO] [stdout]  --> src/math/interpolation.rs:329:11
[INFO] [stdout]   |
[INFO] [stdout] 4 | let end = Vec2::new(100.0, 100.0);
[INFO] [stdout]   |           ^^^^ use of undeclared type `Vec2`
[INFO] [stdout]   |
[INFO] [stdout] help: a struct with a similar name exists
[INFO] [stdout]   |
[INFO] [stdout] 4 | let end = Vec::new(100.0, 100.0);
[INFO] [stdout]   |           ~~~
[INFO] [stdout] help: consider importing this struct
[INFO] [stdout]   |
[INFO] [stdout] 2 + use karna::math::Vec2;
[INFO] [stdout]   |
[INFO] [stdout] 
[INFO] [stdout] error[E0433]: failed to resolve: use of undeclared type `Tween`
[INFO] [stdout]  --> src/math/interpolation.rs:331:17
[INFO] [stdout]   |
[INFO] [stdout] 6 | let mut tween = Tween::new(start, end, Duration::from_secs(2), Easing::InOutQuad);
[INFO] [stdout]   |                 ^^^^^ use of undeclared type `Tween`
[INFO] [stdout]   |
[INFO] [stdout] help: consider importing this struct
[INFO] [stdout]   |
[INFO] [stdout] 2 + use karna::math::Tween;
[INFO] [stdout]   |
[INFO] [stdout] 
[INFO] [stdout] error[E0433]: failed to resolve: use of undeclared type `Duration`
[INFO] [stdout]  --> src/math/interpolation.rs:331:40
[INFO] [stdout]   |
[INFO] [stdout] 6 | let mut tween = Tween::new(start, end, Duration::from_secs(2), Easing::InOutQuad);
[INFO] [stdout]   |                                        ^^^^^^^^ use of undeclared type `Duration`
[INFO] [stdout]   |
[INFO] [stdout] help: consider importing this struct
[INFO] [stdout]   |
[INFO] [stdout] 2 + use std::time::Duration;
[INFO] [stdout]   |
[INFO] [stdout] 
[INFO] [stdout] error[E0433]: failed to resolve: use of undeclared type `Easing`
[INFO] [stdout]  --> src/math/interpolation.rs:331:64
[INFO] [stdout]   |
[INFO] [stdout] 6 | let mut tween = Tween::new(start, end, Duration::from_secs(2), Easing::InOutQuad);
[INFO] [stdout]   |                                                                ^^^^^^ use of undeclared type `Easing`
[INFO] [stdout]   |
[INFO] [stdout] help: consider importing this enum
[INFO] [stdout]   |
[INFO] [stdout] 2 + use karna::math::Easing;
[INFO] [stdout]   |
[INFO] [stdout] 
[INFO] [stdout] error[E0425]: cannot find value `delta` in this scope
[INFO] [stdout]  --> src/math/interpolation.rs:334:28
[INFO] [stdout]   |
[INFO] [stdout] 9 |    let pos = tween.move_by(delta);
[INFO] [stdout]   |                            ^^^^^ not found in this scope
[INFO] [stdout] 
[INFO] [stdout] error: aborting due to 6 previous errors
[INFO] [stdout] 
[INFO] [stdout] Some errors have detailed explanations: E0425, E0433.
[INFO] [stdout] For more information about an error, try `rustc --explain E0425`.
[INFO] [stdout] Couldn't compile the test.
[INFO] [stdout] ---- src/math/vec2.rs - math::vec2::Vec2 (line 168) stdout ----
[INFO] [stdout] error[E0433]: failed to resolve: use of undeclared type `Vec2`
[INFO] [stdout]  --> src/math/vec2.rs:169:13
[INFO] [stdout]   |
[INFO] [stdout] 3 | let mut a = Vec2::new(1.0, 2.0);
[INFO] [stdout]   |             ^^^^ use of undeclared type `Vec2`
[INFO] [stdout]   |
[INFO] [stdout] help: a struct with a similar name exists
[INFO] [stdout]   |
[INFO] [stdout] 3 | let mut a = Vec::new(1.0, 2.0);
[INFO] [stdout]   |             ~~~
[INFO] [stdout] help: consider importing this struct
[INFO] [stdout]   |
[INFO] [stdout] 2 + use karna::math::Vec2;
[INFO] [stdout]   |
[INFO] [stdout] 
[INFO] [stdout] error[E0433]: failed to resolve: use of undeclared type `Vec2`
[INFO] [stdout]  --> src/math/vec2.rs:170:9
[INFO] [stdout]   |
[INFO] [stdout] 4 | let b = Vec2::new(3.0, 4.0);
[INFO] [stdout]   |         ^^^^ use of undeclared type `Vec2`
[INFO] [stdout]   |
[INFO] [stdout] help: a struct with a similar name exists
[INFO] [stdout]   |
[INFO] [stdout] 4 | let b = Vec::new(3.0, 4.0);
[INFO] [stdout]   |         ~~~
[INFO] [stdout] help: consider importing this struct
[INFO] [stdout]   |
[INFO] [stdout] 2 + use karna::math::Vec2;
[INFO] [stdout]   |
[INFO] [stdout] 
[INFO] [stdout] error[E0433]: failed to resolve: use of undeclared type `Vec2`
[INFO] [stdout]  --> src/math/vec2.rs:174:15
[INFO] [stdout]   |
[INFO] [stdout] 8 | assert_eq!(a, Vec2::new(4.0, 6.0));
[INFO] [stdout]   |               ^^^^ use of undeclared type `Vec2`
[INFO] [stdout]   |
[INFO] [stdout] help: a struct with a similar name exists
[INFO] [stdout]   |
[INFO] [stdout] 8 | assert_eq!(a, Vec::new(4.0, 6.0));
[INFO] [stdout]   |               ~~~
[INFO] [stdout] help: consider importing this struct
[INFO] [stdout]   |
[INFO] [stdout] 2 + use karna::math::Vec2;
[INFO] [stdout]   |
[INFO] [stdout] 
[INFO] [stdout] error: aborting due to 3 previous errors
[INFO] [stdout] 
[INFO] [stdout] For more information about this error, try `rustc --explain E0433`.
[INFO] [stdout] Couldn't compile the test.
[INFO] [stdout] ---- src/math/vec2.rs - math::vec2::Vec2 (line 225) stdout ----
[INFO] [stdout] error[E0433]: failed to resolve: use of undeclared type `Vec2`
[INFO] [stdout]  --> src/math/vec2.rs:226:9
[INFO] [stdout]   |
[INFO] [stdout] 3 | let a = Vec2::new(5.0, 6.0);
[INFO] [stdout]   |         ^^^^ use of undeclared type `Vec2`
[INFO] [stdout]   |
[INFO] [stdout] help: a struct with a similar name exists
[INFO] [stdout]   |
[INFO] [stdout] 3 | let a = Vec::new(5.0, 6.0);
[INFO] [stdout]   |         ~~~
[INFO] [stdout] help: consider importing this struct
[INFO] [stdout]   |
[INFO] [stdout] 2 + use karna::math::Vec2;
[INFO] [stdout]   |
[INFO] [stdout] 
[INFO] [stdout] error[E0433]: failed to resolve: use of undeclared type `Vec2`
[INFO] [stdout]  --> src/math/vec2.rs:227:9
[INFO] [stdout]   |
[INFO] [stdout] 4 | let b = Vec2::new(3.0, 4.0);
[INFO] [stdout]   |         ^^^^ use of undeclared type `Vec2`
[INFO] [stdout]   |
[INFO] [stdout] help: a struct with a similar name exists
[INFO] [stdout]   |
[INFO] [stdout] 4 | let b = Vec::new(3.0, 4.0);
[INFO] [stdout]   |         ~~~
[INFO] [stdout] help: consider importing this struct
[INFO] [stdout]   |
[INFO] [stdout] 2 + use karna::math::Vec2;
[INFO] [stdout]   |
[INFO] [stdout] 
[INFO] [stdout] error[E0433]: failed to resolve: use of undeclared type `Vec2`
[INFO] [stdout]  --> src/math/vec2.rs:229:19
[INFO] [stdout]   |
[INFO] [stdout] 6 | assert_eq!(a - b, Vec2::new(2.0, 2.0));
[INFO] [stdout]   |                   ^^^^ use of undeclared type `Vec2`
[INFO] [stdout]   |
[INFO] [stdout] help: a struct with a similar name exists
[INFO] [stdout]   |
[INFO] [stdout] 6 | assert_eq!(a - b, Vec::new(2.0, 2.0));
[INFO] [stdout]   |                   ~~~
[INFO] [stdout] help: consider importing this struct
[INFO] [stdout]   |
[INFO] [stdout] 2 + use karna::math::Vec2;
[INFO] [stdout]   |
[INFO] [stdout] 
[INFO] [stdout] error: aborting due to 3 previous errors
[INFO] [stdout] 
[INFO] [stdout] For more information about this error, try `rustc --explain E0433`.
[INFO] [stdout] Couldn't compile the test.
[INFO] [stdout] ---- src/math/vec2.rs - math::vec2::Vec2 (line 206) stdout ----
[INFO] [stdout] error[E0433]: failed to resolve: use of undeclared type `Vec2`
[INFO] [stdout]  --> src/math/vec2.rs:207:13
[INFO] [stdout]   |
[INFO] [stdout] 3 | let mut a = Vec2::new(1.0, 2.0);
[INFO] [stdout]   |             ^^^^ use of undeclared type `Vec2`
[INFO] [stdout]   |
[INFO] [stdout] help: a struct with a similar name exists
[INFO] [stdout]   |
[INFO] [stdout] 3 | let mut a = Vec::new(1.0, 2.0);
[INFO] [stdout]   |             ~~~
[INFO] [stdout] help: consider importing this struct
[INFO] [stdout]   |
[INFO] [stdout] 2 + use karna::math::Vec2;
[INFO] [stdout]   |
[INFO] [stdout] 
[INFO] [stdout] error[E0433]: failed to resolve: use of undeclared type `Vec2`
[INFO] [stdout]  --> src/math/vec2.rs:212:15
[INFO] [stdout]   |
[INFO] [stdout] 8 | assert_eq!(a, Vec2::new(4.0, 5.0));
[INFO] [stdout]   |               ^^^^ use of undeclared type `Vec2`
[INFO] [stdout]   |
[INFO] [stdout] help: a struct with a similar name exists
[INFO] [stdout]   |
[INFO] [stdout] 8 | assert_eq!(a, Vec::new(4.0, 5.0));
[INFO] [stdout]   |               ~~~
[INFO] [stdout] help: consider importing this struct
[INFO] [stdout]   |
[INFO] [stdout] 2 + use karna::math::Vec2;
[INFO] [stdout]   |
[INFO] [stdout] 
[INFO] [stdout] error: aborting due to 2 previous errors
[INFO] [stdout] 
[INFO] [stdout] For more information about this error, try `rustc --explain E0433`.
[INFO] [stdout] Couldn't compile the test.
[INFO] [stdout] ---- src/math/vec2.rs - math::vec2::Vec2 (line 187) stdout ----
[INFO] [stdout] error[E0433]: failed to resolve: use of undeclared type `Vec2`
[INFO] [stdout]  --> src/math/vec2.rs:188:9
[INFO] [stdout]   |
[INFO] [stdout] 3 | let a = Vec2::new(1.0, 2.0);
[INFO] [stdout]   |         ^^^^ use of undeclared type `Vec2`
[INFO] [stdout]   |
[INFO] [stdout] help: a struct with a similar name exists
[INFO] [stdout]   |
[INFO] [stdout] 3 | let a = Vec::new(1.0, 2.0);
[INFO] [stdout]   |         ~~~
[INFO] [stdout] help: consider importing this struct
[INFO] [stdout]   |
[INFO] [stdout] 2 + use karna::math::Vec2;
[INFO] [stdout]   |
[INFO] [stdout] 
[INFO] [stdout] error[E0433]: failed to resolve: use of undeclared type `Vec2`
[INFO] [stdout]  --> src/math/vec2.rs:191:19
[INFO] [stdout]   |
[INFO] [stdout] 6 | assert_eq!(a + b, Vec2::new(4.0, 5.0));
[INFO] [stdout]   |                   ^^^^ use of undeclared type `Vec2`
[INFO] [stdout]   |
[INFO] [stdout] help: a struct with a similar name exists
[INFO] [stdout]   |
[INFO] [stdout] 6 | assert_eq!(a + b, Vec::new(4.0, 5.0));
[INFO] [stdout]   |                   ~~~
[INFO] [stdout] help: consider importing this struct
[INFO] [stdout]   |
[INFO] [stdout] 2 + use karna::math::Vec2;
[INFO] [stdout]   |
[INFO] [stdout] 
[INFO] [stdout] error: aborting due to 2 previous errors
[INFO] [stdout] 
[INFO] [stdout] For more information about this error, try `rustc --explain E0433`.
[INFO] [stdout] Couldn't compile the test.
[INFO] [stdout] ---- src/math/vec2.rs - math::vec2::Vec2 (line 282) stdout ----
[INFO] [stdout] error[E0433]: failed to resolve: use of undeclared type `Vec2`
[INFO] [stdout]  --> src/math/vec2.rs:283:13
[INFO] [stdout]   |
[INFO] [stdout] 3 | let mut a = Vec2::new(5.0, 6.0);
[INFO] [stdout]   |             ^^^^ use of undeclared type `Vec2`
[INFO] [stdout]   |
[INFO] [stdout] help: a struct with a similar name exists
[INFO] [stdout]   |
[INFO] [stdout] 3 | let mut a = Vec::new(5.0, 6.0);
[INFO] [stdout]   |             ~~~
[INFO] [stdout] help: consider importing this struct
[INFO] [stdout]   |
[INFO] [stdout] 2 + use karna::math::Vec2;
[INFO] [stdout]   |
[INFO] [stdout] 
[INFO] [stdout] error[E0433]: failed to resolve: use of undeclared type `Vec2`
[INFO] [stdout]  --> src/math/vec2.rs:288:15
[INFO] [stdout]   |
[INFO] [stdout] 8 | assert_eq!(a, Vec2::new(2.0, 3.0));
[INFO] [stdout]   |               ^^^^ use of undeclared type `Vec2`
[INFO] [stdout]   |
[INFO] [stdout] help: a struct with a similar name exists
[INFO] [stdout]   |
[INFO] [stdout] 8 | assert_eq!(a, Vec::new(2.0, 3.0));
[INFO] [stdout]   |               ~~~
[INFO] [stdout] help: consider importing this struct
[INFO] [stdout]   |
[INFO] [stdout] 2 + use karna::math::Vec2;
[INFO] [stdout]   |
[INFO] [stdout] 
[INFO] [stdout] error: aborting due to 2 previous errors
[INFO] [stdout] 
[INFO] [stdout] For more information about this error, try `rustc --explain E0433`.
[INFO] [stdout] Couldn't compile the test.
[INFO] [stdout] ---- src/math/vec2.rs - math::vec2::Vec2 (line 244) stdout ----
[INFO] [stdout] error[E0433]: failed to resolve: use of undeclared type `Vec2`
[INFO] [stdout]  --> src/math/vec2.rs:245:13
[INFO] [stdout]   |
[INFO] [stdout] 3 | let mut a = Vec2::new(5.0, 6.0);
[INFO] [stdout]   |             ^^^^ use of undeclared type `Vec2`
[INFO] [stdout]   |
[INFO] [stdout] help: a struct with a similar name exists
[INFO] [stdout]   |
[INFO] [stdout] 3 | let mut a = Vec::new(5.0, 6.0);
[INFO] [stdout]   |             ~~~
[INFO] [stdout] help: consider importing this struct
[INFO] [stdout]   |
[INFO] [stdout] 2 + use karna::math::Vec2;
[INFO] [stdout]   |
[INFO] [stdout] 
[INFO] [stdout] error[E0433]: failed to resolve: use of undeclared type `Vec2`
[INFO] [stdout]  --> src/math/vec2.rs:246:9
[INFO] [stdout]   |
[INFO] [stdout] 4 | let b = Vec2::new(3.0, 4.0);
[INFO] [stdout]   |         ^^^^ use of undeclared type `Vec2`
[INFO] [stdout]   |
[INFO] [stdout] help: a struct with a similar name exists
[INFO] [stdout]   |
[INFO] [stdout] 4 | let b = Vec::new(3.0, 4.0);
[INFO] [stdout]   |         ~~~
[INFO] [stdout] help: consider importing this struct
[INFO] [stdout]   |
[INFO] [stdout] 2 + use karna::math::Vec2;
[INFO] [stdout]   |
[INFO] [stdout] 
[INFO] [stdout] error[E0433]: failed to resolve: use of undeclared type `Vec2`
[INFO] [stdout]  --> src/math/vec2.rs:250:15
[INFO] [stdout]   |
[INFO] [stdout] 8 | assert_eq!(a, Vec2::new(2.0, 2.0));
[INFO] [stdout]   |               ^^^^ use of undeclared type `Vec2`
[INFO] [stdout]   |
[INFO] [stdout] help: a struct with a similar name exists
[INFO] [stdout]   |
[INFO] [stdout] 8 | assert_eq!(a, Vec::new(2.0, 2.0));
[INFO] [stdout]   |               ~~~
[INFO] [stdout] help: consider importing this struct
[INFO] [stdout]   |
[INFO] [stdout] 2 + use karna::math::Vec2;
[INFO] [stdout]   |
[INFO] [stdout] 
[INFO] [stdout] error: aborting due to 3 previous errors
[INFO] [stdout] 
[INFO] [stdout] For more information about this error, try `rustc --explain E0433`.
[INFO] [stdout] Couldn't compile the test.
[INFO] [stdout] ---- src/math/vec2.rs - math::vec2::Vec2 (line 263) stdout ----
[INFO] [stdout] error[E0433]: failed to resolve: use of undeclared type `Vec2`
[INFO] [stdout]  --> src/math/vec2.rs:264:9
[INFO] [stdout]   |
[INFO] [stdout] 3 | let a = Vec2::new(5.0, 6.0);
[INFO] [stdout]   |         ^^^^ use of undeclared type `Vec2`
[INFO] [stdout]   |
[INFO] [stdout] help: a struct with a similar name exists
[INFO] [stdout]   |
[INFO] [stdout] 3 | let a = Vec::new(5.0, 6.0);
[INFO] [stdout]   |         ~~~
[INFO] [stdout] help: consider importing this struct
[INFO] [stdout]   |
[INFO] [stdout] 2 + use karna::math::Vec2;
[INFO] [stdout]   |
[INFO] [stdout] 
[INFO] [stdout] error[E0433]: failed to resolve: use of undeclared type `Vec2`
[INFO] [stdout]  --> src/math/vec2.rs:267:19
[INFO] [stdout]   |
[INFO] [stdout] 6 | assert_eq!(a - b, Vec2::new(2.0, 3.0));
[INFO] [stdout]   |                   ^^^^ use of undeclared type `Vec2`
[INFO] [stdout]   |
[INFO] [stdout] help: a struct with a similar name exists
[INFO] [stdout]   |
[INFO] [stdout] 6 | assert_eq!(a - b, Vec::new(2.0, 3.0));
[INFO] [stdout]   |                   ~~~
[INFO] [stdout] help: consider importing this struct
[INFO] [stdout]   |
[INFO] [stdout] 2 + use karna::math::Vec2;
[INFO] [stdout]   |
[INFO] [stdout] 
[INFO] [stdout] error: aborting due to 2 previous errors
[INFO] [stdout] 
[INFO] [stdout] For more information about this error, try `rustc --explain E0433`.
[INFO] [stdout] Couldn't compile the test.
[INFO] [stdout] ---- src/math/vec2.rs - math::vec2::Vec2 (line 301) stdout ----
[INFO] [stdout] error[E0433]: failed to resolve: use of undeclared type `Vec2`
[INFO] [stdout]  --> src/math/vec2.rs:302:9
[INFO] [stdout]   |
[INFO] [stdout] 3 | let a = Vec2::new(2.0, 3.0);
[INFO] [stdout]   |         ^^^^ use of undeclared type `Vec2`
[INFO] [stdout]   |
[INFO] [stdout] help: a struct with a similar name exists
[INFO] [stdout]   |
[INFO] [stdout] 3 | let a = Vec::new(2.0, 3.0);
[INFO] [stdout]   |         ~~~
[INFO] [stdout] help: consider importing this struct
[INFO] [stdout]   |
[INFO] [stdout] 2 + use karna::math::Vec2;
[INFO] [stdout]   |
[INFO] [stdout] 
[INFO] [stdout] error[E0433]: failed to resolve: use of undeclared type `Vec2`
[INFO] [stdout]  --> src/math/vec2.rs:303:9
[INFO] [stdout]   |
[INFO] [stdout] 4 | let b = Vec2::new(4.0, 5.0);
[INFO] [stdout]   |         ^^^^ use of undeclared type `Vec2`
[INFO] [stdout]   |
[INFO] [stdout] help: a struct with a similar name exists
[INFO] [stdout]   |
[INFO] [stdout] 4 | let b = Vec::new(4.0, 5.0);
[INFO] [stdout]   |         ~~~
[INFO] [stdout] help: consider importing this struct
[INFO] [stdout]   |
[INFO] [stdout] 2 + use karna::math::Vec2;
[INFO] [stdout]   |
[INFO] [stdout] 
[INFO] [stdout] error[E0433]: failed to resolve: use of undeclared type `Vec2`
[INFO] [stdout]  --> src/math/vec2.rs:305:19
[INFO] [stdout]   |
[INFO] [stdout] 6 | assert_eq!(a * b, Vec2::new(8.0, 15.0));
[INFO] [stdout]   |                   ^^^^ use of undeclared type `Vec2`
[INFO] [stdout]   |
[INFO] [stdout] help: a struct with a similar name exists
[INFO] [stdout]   |
[INFO] [stdout] 6 | assert_eq!(a * b, Vec::new(8.0, 15.0));
[INFO] [stdout]   |                   ~~~
[INFO] [stdout] help: consider importing this struct
[INFO] [stdout]   |
[INFO] [stdout] 2 + use karna::math::Vec2;
[INFO] [stdout]   |
[INFO] [stdout] 
[INFO] [stdout] error: aborting due to 3 previous errors
[INFO] [stdout] 
[INFO] [stdout] For more information about this error, try `rustc --explain E0433`.
[INFO] [stdout] Couldn't compile the test.
[INFO] [stdout] ---- src/math/vec2.rs - math::vec2::Vec2 (line 320) stdout ----
[INFO] [stdout] error[E0433]: failed to resolve: use of undeclared type `Vec2`
[INFO] [stdout]  --> src/math/vec2.rs:321:13
[INFO] [stdout]   |
[INFO] [stdout] 3 | let mut a = Vec2::new(2.0, 3.0);
[INFO] [stdout]   |             ^^^^ use of undeclared type `Vec2`
[INFO] [stdout]   |
[INFO] [stdout] help: a struct with a similar name exists
[INFO] [stdout]   |
[INFO] [stdout] 3 | let mut a = Vec::new(2.0, 3.0);
[INFO] [stdout]   |             ~~~
[INFO] [stdout] help: consider importing this struct
[INFO] [stdout]   |
[INFO] [stdout] 2 + use karna::math::Vec2;
[INFO] [stdout]   |
[INFO] [stdout] 
[INFO] [stdout] error[E0433]: failed to resolve: use of undeclared type `Vec2`
[INFO] [stdout]  --> src/math/vec2.rs:322:9
[INFO] [stdout]   |
[INFO] [stdout] 4 | let b = Vec2::new(4.0, 5.0);
[INFO] [stdout]   |         ^^^^ use of undeclared type `Vec2`
[INFO] [stdout]   |
[INFO] [stdout] help: a struct with a similar name exists
[INFO] [stdout]   |
[INFO] [stdout] 4 | let b = Vec::new(4.0, 5.0);
[INFO] [stdout]   |         ~~~
[INFO] [stdout] help: consider importing this struct
[INFO] [stdout]   |
[INFO] [stdout] 2 + use karna::math::Vec2;
[INFO] [stdout]   |
[INFO] [stdout] 
[INFO] [stdout] error[E0433]: failed to resolve: use of undeclared type `Vec2`
[INFO] [stdout]  --> src/math/vec2.rs:326:15
[INFO] [stdout]   |
[INFO] [stdout] 8 | assert_eq!(a, Vec2::new(8.0, 15.0));
[INFO] [stdout]   |               ^^^^ use of undeclared type `Vec2`
[INFO] [stdout]   |
[INFO] [stdout] help: a struct with a similar name exists
[INFO] [stdout]   |
[INFO] [stdout] 8 | assert_eq!(a, Vec::new(8.0, 15.0));
[INFO] [stdout]   |               ~~~
[INFO] [stdout] help: consider importing this struct
[INFO] [stdout]   |
[INFO] [stdout] 2 + use karna::math::Vec2;
[INFO] [stdout]   |
[INFO] [stdout] 
[INFO] [stdout] error: aborting due to 3 previous errors
[INFO] [stdout] 
[INFO] [stdout] For more information about this error, try `rustc --explain E0433`.
[INFO] [stdout] Couldn't compile the test.
[INFO] [stdout] ---- src/math/vec2.rs - math::vec2::Vec2 (line 377) stdout ----
[INFO] [stdout] error[E0433]: failed to resolve: use of undeclared type `Vec2`
[INFO] [stdout]  --> src/math/vec2.rs:378:9
[INFO] [stdout]   |
[INFO] [stdout] 3 | let a = Vec2::new(8.0, 12.0);
[INFO] [stdout]   |         ^^^^ use of undeclared type `Vec2`
[INFO] [stdout]   |
[INFO] [stdout] help: a struct with a similar name exists
[INFO] [stdout]   |
[INFO] [stdout] 3 | let a = Vec::new(8.0, 12.0);
[INFO] [stdout]   |         ~~~
[INFO] [stdout] help: consider importing this struct
[INFO] [stdout]   |
[INFO] [stdout] 2 + use karna::math::Vec2;
[INFO] [stdout]   |
[INFO] [stdout] 
[INFO] [stdout] error[E0433]: failed to resolve: use of undeclared type `Vec2`
[INFO] [stdout]  --> src/math/vec2.rs:379:9
[INFO] [stdout]   |
[INFO] [stdout] 4 | let b = Vec2::new(4.0, 3.0);
[INFO] [stdout]   |         ^^^^ use of undeclared type `Vec2`
[INFO] [stdout]   |
[INFO] [stdout] help: a struct with a similar name exists
[INFO] [stdout]   |
[INFO] [stdout] 4 | let b = Vec::new(4.0, 3.0);
[INFO] [stdout]   |         ~~~
[INFO] [stdout] help: consider importing this struct
[INFO] [stdout]   |
[INFO] [stdout] 2 + use karna::math::Vec2;
[INFO] [stdout]   |
[INFO] [stdout] 
[INFO] [stdout] error[E0433]: failed to resolve: use of undeclared type `Vec2`
[INFO] [stdout]  --> src/math/vec2.rs:381:19
[INFO] [stdout]   |
[INFO] [stdout] 6 | assert_eq!(a / b, Vec2::new(2.0, 4.0));
[INFO] [stdout]   |                   ^^^^ use of undeclared type `Vec2`
[INFO] [stdout]   |
[INFO] [stdout] help: a struct with a similar name exists
[INFO] [stdout]   |
[INFO] [stdout] 6 | assert_eq!(a / b, Vec::new(2.0, 4.0));
[INFO] [stdout]   |                   ~~~
[INFO] [stdout] help: consider importing this struct
[INFO] [stdout]   |
[INFO] [stdout] 2 + use karna::math::Vec2;
[INFO] [stdout]   |
[INFO] [stdout] 
[INFO] [stdout] error: aborting due to 3 previous errors
[INFO] [stdout] 
[INFO] [stdout] For more information about this error, try `rustc --explain E0433`.
[INFO] [stdout] Couldn't compile the test.
[INFO] [stdout] ---- src/math/vec2.rs - math::vec2::Vec2 (line 358) stdout ----
[INFO] [stdout] error[E0433]: failed to resolve: use of undeclared type `Vec2`
[INFO] [stdout]  --> src/math/vec2.rs:359:13
[INFO] [stdout]   |
[INFO] [stdout] 3 | let mut a = Vec2::new(2.0, 3.0);
[INFO] [stdout]   |             ^^^^ use of undeclared type `Vec2`
[INFO] [stdout]   |
[INFO] [stdout] help: a struct with a similar name exists
[INFO] [stdout]   |
[INFO] [stdout] 3 | let mut a = Vec::new(2.0, 3.0);
[INFO] [stdout]   |             ~~~
[INFO] [stdout] help: consider importing this struct
[INFO] [stdout]   |
[INFO] [stdout] 2 + use karna::math::Vec2;
[INFO] [stdout]   |
[INFO] [stdout] 
[INFO] [stdout] error[E0433]: failed to resolve: use of undeclared type `Vec2`
[INFO] [stdout]  --> src/math/vec2.rs:364:15
[INFO] [stdout]   |
[INFO] [stdout] 8 | assert_eq!(a, Vec2::new(8.0, 12.0));
[INFO] [stdout]   |               ^^^^ use of undeclared type `Vec2`
[INFO] [stdout]   |
[INFO] [stdout] help: a struct with a similar name exists
[INFO] [stdout]   |
[INFO] [stdout] 8 | assert_eq!(a, Vec::new(8.0, 12.0));
[INFO] [stdout]   |               ~~~
[INFO] [stdout] help: consider importing this struct
[INFO] [stdout]   |
[INFO] [stdout] 2 + use karna::math::Vec2;
[INFO] [stdout]   |
[INFO] [stdout] 
[INFO] [stdout] error: aborting due to 2 previous errors
[INFO] [stdout] 
[INFO] [stdout] For more information about this error, try `rustc --explain E0433`.
[INFO] [stdout] Couldn't compile the test.
[INFO] [stdout] ---- src/math/vec2.rs - math::vec2::Vec2 (line 339) stdout ----
[INFO] [stdout] error[E0433]: failed to resolve: use of undeclared type `Vec2`
[INFO] [stdout]  --> src/math/vec2.rs:340:9
[INFO] [stdout]   |
[INFO] [stdout] 3 | let a = Vec2::new(2.0, 3.0);
[INFO] [stdout]   |         ^^^^ use of undeclared type `Vec2`
[INFO] [stdout]   |
[INFO] [stdout] help: a struct with a similar name exists
[INFO] [stdout]   |
[INFO] [stdout] 3 | let a = Vec::new(2.0, 3.0);
[INFO] [stdout]   |         ~~~
[INFO] [stdout] help: consider importing this struct
[INFO] [stdout]   |
[INFO] [stdout] 2 + use karna::math::Vec2;
[INFO] [stdout]   |
[INFO] [stdout] 
[INFO] [stdout] error[E0433]: failed to resolve: use of undeclared type `Vec2`
[INFO] [stdout]  --> src/math/vec2.rs:343:19
[INFO] [stdout]   |
[INFO] [stdout] 6 | assert_eq!(a * b, Vec2::new(8.0, 12.0));
[INFO] [stdout]   |                   ^^^^ use of undeclared type `Vec2`
[INFO] [stdout]   |
[INFO] [stdout] help: a struct with a similar name exists
[INFO] [stdout]   |
[INFO] [stdout] 6 | assert_eq!(a * b, Vec::new(8.0, 12.0));
[INFO] [stdout]   |                   ~~~
[INFO] [stdout] help: consider importing this struct
[INFO] [stdout]   |
[INFO] [stdout] 2 + use karna::math::Vec2;
[INFO] [stdout]   |
[INFO] [stdout] 
[INFO] [stdout] error: aborting due to 2 previous errors
[INFO] [stdout] 
[INFO] [stdout] For more information about this error, try `rustc --explain E0433`.
[INFO] [stdout] Couldn't compile the test.
[INFO] [stdout] ---- src/math/vec2.rs - math::vec2::Vec2 (line 452) stdout ----
[INFO] [stdout] error[E0433]: failed to resolve: use of undeclared type `Vec2`
[INFO] [stdout]  --> src/math/vec2.rs:453:13
[INFO] [stdout]   |
[INFO] [stdout] 3 | let mut a = Vec2::new(8.0, 12.0);
[INFO] [stdout]   |             ^^^^ use of undeclared type `Vec2`
[INFO] [stdout]   |
[INFO] [stdout] help: a struct with a similar name exists
[INFO] [stdout]   |
[INFO] [stdout] 3 | let mut a = Vec::new(8.0, 12.0);
[INFO] [stdout]   |             ~~~
[INFO] [stdout] help: consider importing this struct
[INFO] [stdout]   |
[INFO] [stdout] 2 + use karna::math::Vec2;
[INFO] [stdout]   |
[INFO] [stdout] 
[INFO] [stdout] error[E0433]: failed to resolve: use of undeclared type `Vec2`
[INFO] [stdout]  --> src/math/vec2.rs:458:15
[INFO] [stdout]   |
[INFO] [stdout] 8 | assert_eq!(a, Vec2::new(2.0, 3.0));
[INFO] [stdout]   |               ^^^^ use of undeclared type `Vec2`
[INFO] [stdout]   |
[INFO] [stdout] help: a struct with a similar name exists
[INFO] [stdout]   |
[INFO] [stdout] 8 | assert_eq!(a, Vec::new(2.0, 3.0));
[INFO] [stdout]   |               ~~~
[INFO] [stdout] help: consider importing this struct
[INFO] [stdout]   |
[INFO] [stdout] 2 + use karna::math::Vec2;
[INFO] [stdout]   |
[INFO] [stdout] 
[INFO] [stdout] error: aborting due to 2 previous errors
[INFO] [stdout] 
[INFO] [stdout] For more information about this error, try `rustc --explain E0433`.
[INFO] [stdout] Couldn't compile the test.
[INFO] [stdout] ---- src/math/vec2.rs - math::vec2::Vec2 (line 402) stdout ----
[INFO] [stdout] error[E0433]: failed to resolve: use of undeclared type `Vec2`
[INFO] [stdout]  --> src/math/vec2.rs:403:13
[INFO] [stdout]   |
[INFO] [stdout] 3 | let mut a = Vec2::new(8.0, 12.0);
[INFO] [stdout]   |             ^^^^ use of undeclared type `Vec2`
[INFO] [stdout]   |
[INFO] [stdout] help: a struct with a similar name exists
[INFO] [stdout]   |
[INFO] [stdout] 3 | let mut a = Vec::new(8.0, 12.0);
[INFO] [stdout]   |             ~~~
[INFO] [stdout] help: consider importing this struct
[INFO] [stdout]   |
[INFO] [stdout] 2 + use karna::math::Vec2;
[INFO] [stdout]   |
[INFO] [stdout] 
[INFO] [stdout] error[E0433]: failed to resolve: use of undeclared type `Vec2`
[INFO] [stdout]  --> src/math/vec2.rs:404:9
[INFO] [stdout]   |
[INFO] [stdout] 4 | let b = Vec2::new(4.0, 3.0);
[INFO] [stdout]   |         ^^^^ use of undeclared type `Vec2`
[INFO] [stdout]   |
[INFO] [stdout] help: a struct with a similar name exists
[INFO] [stdout]   |
[INFO] [stdout] 4 | let b = Vec::new(4.0, 3.0);
[INFO] [stdout]   |         ~~~
[INFO] [stdout] help: consider importing this struct
[INFO] [stdout]   |
[INFO] [stdout] 2 + use karna::math::Vec2;
[INFO] [stdout]   |
[INFO] [stdout] 
[INFO] [stdout] error[E0433]: failed to resolve: use of undeclared type `Vec2`
[INFO] [stdout]  --> src/math/vec2.rs:408:15
[INFO] [stdout]   |
[INFO] [stdout] 8 | assert_eq!(a, Vec2::new(2.0, 4.0));
[INFO] [stdout]   |               ^^^^ use of undeclared type `Vec2`
[INFO] [stdout]   |
[INFO] [stdout] help: a struct with a similar name exists
[INFO] [stdout]   |
[INFO] [stdout] 8 | assert_eq!(a, Vec::new(2.0, 4.0));
[INFO] [stdout]   |               ~~~
[INFO] [stdout] help: consider importing this struct
[INFO] [stdout]   |
[INFO] [stdout] 2 + use karna::math::Vec2;
[INFO] [stdout]   |
[INFO] [stdout] 
[INFO] [stdout] error: aborting due to 3 previous errors
[INFO] [stdout] 
[INFO] [stdout] For more information about this error, try `rustc --explain E0433`.
[INFO] [stdout] Couldn't compile the test.
[INFO] [stdout] ---- src/math/vec2.rs - math::vec2::Vec2 (line 427) stdout ----
[INFO] [stdout] error[E0433]: failed to resolve: use of undeclared type `Vec2`
[INFO] [stdout]  --> src/math/vec2.rs:428:9
[INFO] [stdout]   |
[INFO] [stdout] 3 | let a = Vec2::new(8.0, 12.0);
[INFO] [stdout]   |         ^^^^ use of undeclared type `Vec2`
[INFO] [stdout]   |
[INFO] [stdout] help: a struct with a similar name exists
[INFO] [stdout]   |
[INFO] [stdout] 3 | let a = Vec::new(8.0, 12.0);
[INFO] [stdout]   |         ~~~
[INFO] [stdout] help: consider importing this struct
[INFO] [stdout]   |
[INFO] [stdout] 2 + use karna::math::Vec2;
[INFO] [stdout]   |
[INFO] [stdout] 
[INFO] [stdout] error[E0433]: failed to resolve: use of undeclared type `Vec2`
[INFO] [stdout]  --> src/math/vec2.rs:431:19
[INFO] [stdout]   |
[INFO] [stdout] 6 | assert_eq!(a / b, Vec2::new(2.0, 3.0));
[INFO] [stdout]   |                   ^^^^ use of undeclared type `Vec2`
[INFO] [stdout]   |
[INFO] [stdout] help: a struct with a similar name exists
[INFO] [stdout]   |
[INFO] [stdout] 6 | assert_eq!(a / b, Vec::new(2.0, 3.0));
[INFO] [stdout]   |                   ~~~
[INFO] [stdout] help: consider importing this struct
[INFO] [stdout]   |
[INFO] [stdout] 2 + use karna::math::Vec2;
[INFO] [stdout]   |
[INFO] [stdout] 
[INFO] [stdout] error: aborting due to 2 previous errors
[INFO] [stdout] 
[INFO] [stdout] For more information about this error, try `rustc --explain E0433`.
[INFO] [stdout] Couldn't compile the test.
[INFO] [stdout] ---- src/math/vec2.rs - math::vec2::Vec2::dot (line 66) stdout ----
[INFO] [stdout] error[E0433]: failed to resolve: use of undeclared type `Vec2`
[INFO] [stdout]  --> src/math/vec2.rs:67:9
[INFO] [stdout]   |
[INFO] [stdout] 3 | let a = Vec2::new(1.0, 2.0);
[INFO] [stdout]   |         ^^^^ use of undeclared type `Vec2`
[INFO] [stdout]   |
[INFO] [stdout] help: a struct with a similar name exists
[INFO] [stdout]   |
[INFO] [stdout] 3 | let a = Vec::new(1.0, 2.0);
[INFO] [stdout]   |         ~~~
[INFO] [stdout] help: consider importing this struct
[INFO] [stdout]   |
[INFO] [stdout] 2 + use karna::math::Vec2;
[INFO] [stdout]   |
[INFO] [stdout] 
[INFO] [stdout] error[E0433]: failed to resolve: use of undeclared type `Vec2`
[INFO] [stdout]  --> src/math/vec2.rs:68:9
[INFO] [stdout]   |
[INFO] [stdout] 4 | let b = Vec2::new(3.0, 4.0);
[INFO] [stdout]   |         ^^^^ use of undeclared type `Vec2`
[INFO] [stdout]   |
[INFO] [stdout] help: a struct with a similar name exists
[INFO] [stdout]   |
[INFO] [stdout] 4 | let b = Vec::new(3.0, 4.0);
[INFO] [stdout]   |         ~~~
[INFO] [stdout] help: consider importing this struct
[INFO] [stdout]   |
[INFO] [stdout] 2 + use karna::math::Vec2;
[INFO] [stdout]   |
[INFO] [stdout] 
[INFO] [stdout] error: aborting due to 2 previous errors
[INFO] [stdout] 
[INFO] [stdout] For more information about this error, try `rustc --explain E0433`.
[INFO] [stdout] Couldn't compile the test.
[INFO] [stdout] ---- src/math/vec2.rs - math::vec2::f32 (line 477) stdout ----
[INFO] [stdout] error[E0433]: failed to resolve: use of undeclared type `Vec2`
[INFO] [stdout]  --> src/math/vec2.rs:479:9
[INFO] [stdout]   |
[INFO] [stdout] 4 | let b = Vec2::new(1.0, 2.0);
[INFO] [stdout]   |         ^^^^ use of undeclared type `Vec2`
[INFO] [stdout]   |
[INFO] [stdout] help: a struct with a similar name exists
[INFO] [stdout]   |
[INFO] [stdout] 4 | let b = Vec::new(1.0, 2.0);
[INFO] [stdout]   |         ~~~
[INFO] [stdout] help: consider importing this struct
[INFO] [stdout]   |
[INFO] [stdout] 2 + use karna::math::Vec2;
[INFO] [stdout]   |
[INFO] [stdout] 
[INFO] [stdout] error[E0433]: failed to resolve: use of undeclared type `Vec2`
[INFO] [stdout]  --> src/math/vec2.rs:481:19
[INFO] [stdout]   |
[INFO] [stdout] 6 | assert_eq!(a + b, Vec2::new(4.0, 5.0));
[INFO] [stdout]   |                   ^^^^ use of undeclared type `Vec2`
[INFO] [stdout]   |
[INFO] [stdout] help: a struct with a similar name exists
[INFO] [stdout]   |
[INFO] [stdout] 6 | assert_eq!(a + b, Vec::new(4.0, 5.0));
[INFO] [stdout]   |                   ~~~
[INFO] [stdout] help: consider importing this struct
[INFO] [stdout]   |
[INFO] [stdout] 2 + use karna::math::Vec2;
[INFO] [stdout]   |
[INFO] [stdout] 
[INFO] [stdout] error: aborting due to 2 previous errors
[INFO] [stdout] 
[INFO] [stdout] For more information about this error, try `rustc --explain E0433`.
[INFO] [stdout] Couldn't compile the test.
[INFO] [stdout] ---- src/math/vec2.rs - math::vec2::f32 (line 496) stdout ----
[INFO] [stdout] error[E0433]: failed to resolve: use of undeclared type `Vec2`
[INFO] [stdout]  --> src/math/vec2.rs:498:9
[INFO] [stdout]   |
[INFO] [stdout] 4 | let b = Vec2::new(1.0, 2.0);
[INFO] [stdout]   |         ^^^^ use of undeclared type `Vec2`
[INFO] [stdout]   |
[INFO] [stdout] help: a struct with a similar name exists
[INFO] [stdout]   |
[INFO] [stdout] 4 | let b = Vec::new(1.0, 2.0);
[INFO] [stdout]   |         ~~~
[INFO] [stdout] help: consider importing this struct
[INFO] [stdout]   |
[INFO] [stdout] 2 + use karna::math::Vec2;
[INFO] [stdout]   |
[INFO] [stdout] 
[INFO] [stdout] error[E0433]: failed to resolve: use of undeclared type `Vec2`
[INFO] [stdout]  --> src/math/vec2.rs:500:19
[INFO] [stdout]   |
[INFO] [stdout] 6 | assert_eq!(a - b, Vec2::new(2.0, 1.0));
[INFO] [stdout]   |                   ^^^^ use of undeclared type `Vec2`
[INFO] [stdout]   |
[INFO] [stdout] help: a struct with a similar name exists
[INFO] [stdout]   |
[INFO] [stdout] 6 | assert_eq!(a - b, Vec::new(2.0, 1.0));
[INFO] [stdout]   |                   ~~~
[INFO] [stdout] help: consider importing this struct
[INFO] [stdout]   |
[INFO] [stdout] 2 + use karna::math::Vec2;
[INFO] [stdout]   |
[INFO] [stdout] 
[INFO] [stdout] error: aborting due to 2 previous errors
[INFO] [stdout] 
[INFO] [stdout] For more information about this error, try `rustc --explain E0433`.
[INFO] [stdout] Couldn't compile the test.
[INFO] [stdout] ---- src/math/vec2.rs - math::vec2::f32 (line 515) stdout ----
[INFO] [stdout] error[E0433]: failed to resolve: use of undeclared type `Vec2`
[INFO] [stdout]  --> src/math/vec2.rs:517:9
[INFO] [stdout]   |
[INFO] [stdout] 4 | let b = Vec2::new(1.0, 2.0);
[INFO] [stdout]   |         ^^^^ use of undeclared type `Vec2`
[INFO] [stdout]   |
[INFO] [stdout] help: a struct with a similar name exists
[INFO] [stdout]   |
[INFO] [stdout] 4 | let b = Vec::new(1.0, 2.0);
[INFO] [stdout]   |         ~~~
[INFO] [stdout] help: consider importing this struct
[INFO] [stdout]   |
[INFO] [stdout] 2 + use karna::math::Vec2;
[INFO] [stdout]   |
[INFO] [stdout] 
[INFO] [stdout] error[E0433]: failed to resolve: use of undeclared type `Vec2`
[INFO] [stdout]  --> src/math/vec2.rs:519:19
[INFO] [stdout]   |
[INFO] [stdout] 6 | assert_eq!(a * b, Vec2::new(3.0, 6.0));
[INFO] [stdout]   |                   ^^^^ use of undeclared type `Vec2`
[INFO] [stdout]   |
[INFO] [stdout] help: a struct with a similar name exists
[INFO] [stdout]   |
[INFO] [stdout] 6 | assert_eq!(a * b, Vec::new(3.0, 6.0));
[INFO] [stdout]   |                   ~~~
[INFO] [stdout] help: consider importing this struct
[INFO] [stdout]   |
[INFO] [stdout] 2 + use karna::math::Vec2;
[INFO] [stdout]   |
[INFO] [stdout] 
[INFO] [stdout] error: aborting due to 2 previous errors
[INFO] [stdout] 
[INFO] [stdout] For more information about this error, try `rustc --explain E0433`.
[INFO] [stdout] Couldn't compile the test.
[INFO] [stdout] ---- src/math/vec2.rs - math::vec2::f32 (line 534) stdout ----
[INFO] [stdout] error[E0433]: failed to resolve: use of undeclared type `Vec2`
[INFO] [stdout]  --> src/math/vec2.rs:536:9
[INFO] [stdout]   |
[INFO] [stdout] 4 | let b = Vec2::new(1.0, 2.0);
[INFO] [stdout]   |         ^^^^ use of undeclared type `Vec2`
[INFO] [stdout]   |
[INFO] [stdout] help: a struct with a similar name exists
[INFO] [stdout]   |
[INFO] [stdout] 4 | let b = Vec::new(1.0, 2.0);
[INFO] [stdout]   |         ~~~
[INFO] [stdout] help: consider importing this struct
[INFO] [stdout]   |
[INFO] [stdout] 2 + use karna::math::Vec2;
[INFO] [stdout]   |
[INFO] [stdout] 
[INFO] [stdout] error[E0433]: failed to resolve: use of undeclared type `Vec2`
[INFO] [stdout]  --> src/math/vec2.rs:538:19
[INFO] [stdout]   |
[INFO] [stdout] 6 | assert_eq!(a / b, Vec2::new(3.0, 1.5));
[INFO] [stdout]   |                   ^^^^ use of undeclared type `Vec2`
[INFO] [stdout]   |
[INFO] [stdout] help: a struct with a similar name exists
[INFO] [stdout]   |
[INFO] [stdout] 6 | assert_eq!(a / b, Vec::new(3.0, 1.5));
[INFO] [stdout]   |                   ~~~
[INFO] [stdout] help: consider importing this struct
[INFO] [stdout]   |
[INFO] [stdout] 2 + use karna::math::Vec2;
[INFO] [stdout]   |
[INFO] [stdout] 
[INFO] [stdout] error: aborting due to 2 previous errors
[INFO] [stdout] 
[INFO] [stdout] For more information about this error, try `rustc --explain E0433`.
[INFO] [stdout] Couldn't compile the test.
[INFO] [stdout] ---- src/math/vec3.rs - math::vec3::Vec3 (line 210) stdout ----
[INFO] [stdout] error[E0433]: failed to resolve: use of undeclared type `Vec3`
[INFO] [stdout]  --> src/math/vec3.rs:211:9
[INFO] [stdout]   |
[INFO] [stdout] 3 | let a = Vec3::new(1.0, 2.0, 3.0);
[INFO] [stdout]   |         ^^^^ use of undeclared type `Vec3`
[INFO] [stdout]   |
[INFO] [stdout] help: a struct with a similar name exists
[INFO] [stdout]   |
[INFO] [stdout] 3 | let a = Vec::new(1.0, 2.0, 3.0);
[INFO] [stdout]   |         ~~~
[INFO] [stdout] help: consider importing this struct
[INFO] [stdout]   |
[INFO] [stdout] 2 + use karna::math::Vec3;
[INFO] [stdout]   |
[INFO] [stdout] 
[INFO] [stdout] error[E0433]: failed to resolve: use of undeclared type `Vec3`
[INFO] [stdout]  --> src/math/vec3.rs:212:9
[INFO] [stdout]   |
[INFO] [stdout] 4 | let b = Vec3::new(4.0, 5.0, 6.0);
[INFO] [stdout]   |         ^^^^ use of undeclared type `Vec3`
[INFO] [stdout]   |
[INFO] [stdout] help: a struct with a similar name exists
[INFO] [stdout]   |
[INFO] [stdout] 4 | let b = Vec::new(4.0, 5.0, 6.0);
[INFO] [stdout]   |         ~~~
[INFO] [stdout] help: consider importing this struct
[INFO] [stdout]   |
[INFO] [stdout] 2 + use karna::math::Vec3;
[INFO] [stdout]   |
[INFO] [stdout] 
[INFO] [stdout] error[E0433]: failed to resolve: use of undeclared type `Vec3`
[INFO] [stdout]  --> src/math/vec3.rs:214:19
[INFO] [stdout]   |
[INFO] [stdout] 6 | assert_eq!(a + b, Vec3::new(5.0, 7.0, 9.0));
[INFO] [stdout]   |                   ^^^^ use of undeclared type `Vec3`
[INFO] [stdout]   |
[INFO] [stdout] help: a struct with a similar name exists
[INFO] [stdout]   |
[INFO] [stdout] 6 | assert_eq!(a + b, Vec::new(5.0, 7.0, 9.0));
[INFO] [stdout]   |                   ~~~
[INFO] [stdout] help: consider importing this struct
[INFO] [stdout]   |
[INFO] [stdout] 2 + use karna::math::Vec3;
[INFO] [stdout]   |
[INFO] [stdout] 
[INFO] [stdout] error: aborting due to 3 previous errors
[INFO] [stdout] 
[INFO] [stdout] For more information about this error, try `rustc --explain E0433`.
[INFO] [stdout] Couldn't compile the test.
[INFO] [stdout] ---- src/math/vec3.rs - math::vec3::(f32,f32,f32) (line 196) stdout ----
[INFO] [stdout] error[E0433]: failed to resolve: use of undeclared type `Vec3`
[INFO] [stdout]  --> src/math/vec3.rs:197:9
[INFO] [stdout]   |
[INFO] [stdout] 3 | let a = Vec3::new(1.0, 2.0, 3.0);
[INFO] [stdout]   |         ^^^^ use of undeclared type `Vec3`
[INFO] [stdout]   |
[INFO] [stdout] help: a struct with a similar name exists
[INFO] [stdout]   |
[INFO] [stdout] 3 | let a = Vec::new(1.0, 2.0, 3.0);
[INFO] [stdout]   |         ~~~
[INFO] [stdout] help: consider importing this struct
[INFO] [stdout]   |
[INFO] [stdout] 2 + use karna::math::Vec3;
[INFO] [stdout]   |
[INFO] [stdout] 
[INFO] [stdout] error: aborting due to 1 previous error
[INFO] [stdout] 
[INFO] [stdout] For more information about this error, try `rustc --explain E0433`.
[INFO] [stdout] Couldn't compile the test.
[INFO] [stdout] ---- src/math/vec3.rs - math::vec3::Vec3 (line 230) stdout ----
[INFO] [stdout] error[E0433]: failed to resolve: use of undeclared type `Vec3`
[INFO] [stdout]  --> src/math/vec3.rs:231:13
[INFO] [stdout]   |
[INFO] [stdout] 3 | let mut a = Vec3::new(1.0, 2.0, 3.0);
[INFO] [stdout]   |             ^^^^ use of undeclared type `Vec3`
[INFO] [stdout]   |
[INFO] [stdout] help: a struct with a similar name exists
[INFO] [stdout]   |
[INFO] [stdout] 3 | let mut a = Vec::new(1.0, 2.0, 3.0);
[INFO] [stdout]   |             ~~~
[INFO] [stdout] help: consider importing this struct
[INFO] [stdout]   |
[INFO] [stdout] 2 + use karna::math::Vec3;
[INFO] [stdout]   |
[INFO] [stdout] 
[INFO] [stdout] error[E0433]: failed to resolve: use of undeclared type `Vec3`
[INFO] [stdout]  --> src/math/vec3.rs:232:9
[INFO] [stdout]   |
[INFO] [stdout] 4 | let b = Vec3::new(4.0, 5.0, 6.0);
[INFO] [stdout]   |         ^^^^ use of undeclared type `Vec3`
[INFO] [stdout]   |
[INFO] [stdout] help: a struct with a similar name exists
[INFO] [stdout]   |
[INFO] [stdout] 4 | let b = Vec::new(4.0, 5.0, 6.0);
[INFO] [stdout]   |         ~~~
[INFO] [stdout] help: consider importing this struct
[INFO] [stdout]   |
[INFO] [stdout] 2 + use karna::math::Vec3;
[INFO] [stdout]   |
[INFO] [stdout] 
[INFO] [stdout] error[E0433]: failed to resolve: use of undeclared type `Vec3`
[INFO] [stdout]  --> src/math/vec3.rs:236:15
[INFO] [stdout]   |
[INFO] [stdout] 8 | assert_eq!(a, Vec3::new(5.0, 7.0, 9.0));
[INFO] [stdout]   |               ^^^^ use of undeclared type `Vec3`
[INFO] [stdout]   |
[INFO] [stdout] help: a struct with a similar name exists
[INFO] [stdout]   |
[INFO] [stdout] 8 | assert_eq!(a, Vec::new(5.0, 7.0, 9.0));
[INFO] [stdout]   |               ~~~
[INFO] [stdout] help: consider importing this struct
[INFO] [stdout]   |
[INFO] [stdout] 2 + use karna::math::Vec3;
[INFO] [stdout]   |
[INFO] [stdout] 
[INFO] [stdout] error: aborting due to 3 previous errors
[INFO] [stdout] 
[INFO] [stdout] For more information about this error, try `rustc --explain E0433`.
[INFO] [stdout] Couldn't compile the test.
[INFO] [stdout] ---- src/math/vec3.rs - math::vec3::Vec3 (line 178) stdout ----
[INFO] [stdout] error[E0433]: failed to resolve: use of undeclared type `Vec3`
[INFO] [stdout]  --> src/math/vec3.rs:180:9
[INFO] [stdout]   |
[INFO] [stdout] 4 | let b = Vec3::from(a);
[INFO] [stdout]   |         ^^^^ use of undeclared type `Vec3`
[INFO] [stdout]   |
[INFO] [stdout] help: a struct with a similar name exists
[INFO] [stdout]   |
[INFO] [stdout] 4 | let b = Vec::from(a);
[INFO] [stdout]   |         ~~~
[INFO] [stdout] help: consider importing this struct
[INFO] [stdout]   |
[INFO] [stdout] 2 + use karna::math::Vec3;
[INFO] [stdout]   |
[INFO] [stdout] 
[INFO] [stdout] error[E0433]: failed to resolve: use of undeclared type `Vec3`
[INFO] [stdout]  --> src/math/vec3.rs:182:15
[INFO] [stdout]   |
[INFO] [stdout] 6 | assert_eq!(b, Vec3::new(1.0, 2.0, 3.0));
[INFO] [stdout]   |               ^^^^ use of undeclared type `Vec3`
[INFO] [stdout]   |
[INFO] [stdout] help: a struct with a similar name exists
[INFO] [stdout]   |
[INFO] [stdout] 6 | assert_eq!(b, Vec::new(1.0, 2.0, 3.0));
[INFO] [stdout]   |               ~~~
[INFO] [stdout] help: consider importing this struct
[INFO] [stdout]   |
[INFO] [stdout] 2 + use karna::math::Vec3;
[INFO] [stdout]   |
[INFO] [stdout] 
[INFO] [stdout] error: aborting due to 2 previous errors
[INFO] [stdout] 
[INFO] [stdout] For more information about this error, try `rustc --explain E0433`.
[INFO] [stdout] Couldn't compile the test.
[INFO] [stdout] ---- src/math/vec3.rs - math::vec3::Vec3 (line 250) stdout ----
[INFO] [stdout] error[E0433]: failed to resolve: use of undeclared type `Vec3`
[INFO] [stdout]  --> src/math/vec3.rs:251:9
[INFO] [stdout]   |
[INFO] [stdout] 3 | let a = Vec3::new(1.0, 2.0, 3.0);
[INFO] [stdout]   |         ^^^^ use of undeclared type `Vec3`
[INFO] [stdout]   |
[INFO] [stdout] help: a struct with a similar name exists
[INFO] [stdout]   |
[INFO] [stdout] 3 | let a = Vec::new(1.0, 2.0, 3.0);
[INFO] [stdout]   |         ~~~
[INFO] [stdout] help: consider importing this struct
[INFO] [stdout]   |
[INFO] [stdout] 2 + use karna::math::Vec3;
[INFO] [stdout]   |
[INFO] [stdout] 
[INFO] [stdout] error[E0433]: failed to resolve: use of undeclared type `Vec3`
[INFO] [stdout]  --> src/math/vec3.rs:254:19
[INFO] [stdout]   |
[INFO] [stdout] 6 | assert_eq!(a + b, Vec3::new(5.0, 6.0, 7.0));
[INFO] [stdout]   |                   ^^^^ use of undeclared type `Vec3`
[INFO] [stdout]   |
[INFO] [stdout] help: a struct with a similar name exists
[INFO] [stdout]   |
[INFO] [stdout] 6 | assert_eq!(a + b, Vec::new(5.0, 6.0, 7.0));
[INFO] [stdout]   |                   ~~~
[INFO] [stdout] help: consider importing this struct
[INFO] [stdout]   |
[INFO] [stdout] 2 + use karna::math::Vec3;
[INFO] [stdout]   |
[INFO] [stdout] 
[INFO] [stdout] error: aborting due to 2 previous errors
[INFO] [stdout] 
[INFO] [stdout] For more information about this error, try `rustc --explain E0433`.
[INFO] [stdout] Couldn't compile the test.
[INFO] [stdout] ---- src/math/vec3.rs - math::vec3::Vec3 (line 290) stdout ----
[INFO] [stdout] error[E0433]: failed to resolve: use of undeclared type `Vec3`
[INFO] [stdout]  --> src/math/vec3.rs:291:9
[INFO] [stdout]   |
[INFO] [stdout] 3 | let a = Vec3::new(5.0, 7.0, 9.0);
[INFO] [stdout]   |         ^^^^ use of undeclared type `Vec3`
[INFO] [stdout]   |
[INFO] [stdout] help: a struct with a similar name exists
[INFO] [stdout]   |
[INFO] [stdout] 3 | let a = Vec::new(5.0, 7.0, 9.0);
[INFO] [stdout]   |         ~~~
[INFO] [stdout] help: consider importing this struct
[INFO] [stdout]   |
[INFO] [stdout] 2 + use karna::math::Vec3;
[INFO] [stdout]   |
[INFO] [stdout] 
[INFO] [stdout] error[E0433]: failed to resolve: use of undeclared type `Vec3`
[INFO] [stdout]  --> src/math/vec3.rs:292:9
[INFO] [stdout]   |
[INFO] [stdout] 4 | let b = Vec3::new(1.0, 2.0, 3.0);
[INFO] [stdout]   |         ^^^^ use of undeclared type `Vec3`
[INFO] [stdout]   |
[INFO] [stdout] help: a struct with a similar name exists
[INFO] [stdout]   |
[INFO] [stdout] 4 | let b = Vec::new(1.0, 2.0, 3.0);
[INFO] [stdout]   |         ~~~
[INFO] [stdout] help: consider importing this struct
[INFO] [stdout]   |
[INFO] [stdout] 2 + use karna::math::Vec3;
[INFO] [stdout]   |
[INFO] [stdout] 
[INFO] [stdout] error[E0433]: failed to resolve: use of undeclared type `Vec3`
[INFO] [stdout]  --> src/math/vec3.rs:294:19
[INFO] [stdout]   |
[INFO] [stdout] 6 | assert_eq!(a - b, Vec3::new(4.0, 5.0, 6.0));
[INFO] [stdout]   |                   ^^^^ use of undeclared type `Vec3`
[INFO] [stdout]   |
[INFO] [stdout] help: a struct with a similar name exists
[INFO] [stdout]   |
[INFO] [stdout] 6 | assert_eq!(a - b, Vec::new(4.0, 5.0, 6.0));
[INFO] [stdout]   |                   ~~~
[INFO] [stdout] help: consider importing this struct
[INFO] [stdout]   |
[INFO] [stdout] 2 + use karna::math::Vec3;
[INFO] [stdout]   |
[INFO] [stdout] 
[INFO] [stdout] error: aborting due to 3 previous errors
[INFO] [stdout] 
[INFO] [stdout] For more information about this error, try `rustc --explain E0433`.
[INFO] [stdout] Couldn't compile the test.
[INFO] [stdout] ---- src/math/vec3.rs - math::vec3::Vec3 (line 270) stdout ----
[INFO] [stdout] error[E0433]: failed to resolve: use of undeclared type `Vec3`
[INFO] [stdout]  --> src/math/vec3.rs:271:13
[INFO] [stdout]   |
[INFO] [stdout] 3 | let mut a = Vec3::new(1.0, 2.0, 3.0);
[INFO] [stdout]   |             ^^^^ use of undeclared type `Vec3`
[INFO] [stdout]   |
[INFO] [stdout] help: a struct with a similar name exists
[INFO] [stdout]   |
[INFO] [stdout] 3 | let mut a = Vec::new(1.0, 2.0, 3.0);
[INFO] [stdout]   |             ~~~
[INFO] [stdout] help: consider importing this struct
[INFO] [stdout]   |
[INFO] [stdout] 2 + use karna::math::Vec3;
[INFO] [stdout]   |
[INFO] [stdout] 
[INFO] [stdout] error[E0433]: failed to resolve: use of undeclared type `Vec3`
[INFO] [stdout]  --> src/math/vec3.rs:276:15
[INFO] [stdout]   |
[INFO] [stdout] 8 | assert_eq!(a, Vec3::new(5.0, 6.0, 7.0));
[INFO] [stdout]   |               ^^^^ use of undeclared type `Vec3`
[INFO] [stdout]   |
[INFO] [stdout] help: a struct with a similar name exists
[INFO] [stdout]   |
[INFO] [stdout] 8 | assert_eq!(a, Vec::new(5.0, 6.0, 7.0));
[INFO] [stdout]   |               ~~~
[INFO] [stdout] help: consider importing this struct
[INFO] [stdout]   |
[INFO] [stdout] 2 + use karna::math::Vec3;
[INFO] [stdout]   |
[INFO] [stdout] 
[INFO] [stdout] error: aborting due to 2 previous errors
[INFO] [stdout] 
[INFO] [stdout] For more information about this error, try `rustc --explain E0433`.
[INFO] [stdout] Couldn't compile the test.
[INFO] [stdout] ---- src/math/vec3.rs - math::vec3::Vec3 (line 310) stdout ----
[INFO] [stdout] error[E0433]: failed to resolve: use of undeclared type `Vec3`
[INFO] [stdout]  --> src/math/vec3.rs:311:13
[INFO] [stdout]   |
[INFO] [stdout] 3 | let mut a = Vec3::new(5.0, 7.0, 9.0);
[INFO] [stdout]   |             ^^^^ use of undeclared type `Vec3`
[INFO] [stdout]   |
[INFO] [stdout] help: a struct with a similar name exists
[INFO] [stdout]   |
[INFO] [stdout] 3 | let mut a = Vec::new(5.0, 7.0, 9.0);
[INFO] [stdout]   |             ~~~
[INFO] [stdout] help: consider importing this struct
[INFO] [stdout]   |
[INFO] [stdout] 2 + use karna::math::Vec3;
[INFO] [stdout]   |
[INFO] [stdout] 
[INFO] [stdout] error[E0433]: failed to resolve: use of undeclared type `Vec3`
[INFO] [stdout]  --> src/math/vec3.rs:312:9
[INFO] [stdout]   |
[INFO] [stdout] 4 | let b = Vec3::new(1.0, 2.0, 3.0);
[INFO] [stdout]   |         ^^^^ use of undeclared type `Vec3`
[INFO] [stdout]   |
[INFO] [stdout] help: a struct with a similar name exists
[INFO] [stdout]   |
[INFO] [stdout] 4 | let b = Vec::new(1.0, 2.0, 3.0);
[INFO] [stdout]   |         ~~~
[INFO] [stdout] help: consider importing this struct
[INFO] [stdout]   |
[INFO] [stdout] 2 + use karna::math::Vec3;
[INFO] [stdout]   |
[INFO] [stdout] 
[INFO] [stdout] error[E0433]: failed to resolve: use of undeclared type `Vec3`
[INFO] [stdout]  --> src/math/vec3.rs:316:15
[INFO] [stdout]   |
[INFO] [stdout] 8 | assert_eq!(a, Vec3::new(4.0, 5.0, 6.0));
[INFO] [stdout]   |               ^^^^ use of undeclared type `Vec3`
[INFO] [stdout]   |
[INFO] [stdout] help: a struct with a similar name exists
[INFO] [stdout]   |
[INFO] [stdout] 8 | assert_eq!(a, Vec::new(4.0, 5.0, 6.0));
[INFO] [stdout]   |               ~~~
[INFO] [stdout] help: consider importing this struct
[INFO] [stdout]   |
[INFO] [stdout] 2 + use karna::math::Vec3;
[INFO] [stdout]   |
[INFO] [stdout] 
[INFO] [stdout] error: aborting due to 3 previous errors
[INFO] [stdout] 
[INFO] [stdout] For more information about this error, try `rustc --explain E0433`.
[INFO] [stdout] Couldn't compile the test.
[INFO] [stdout] ---- src/math/vec3.rs - math::vec3::Vec3 (line 350) stdout ----
[INFO] [stdout] error[E0433]: failed to resolve: use of undeclared type `Vec3`
[INFO] [stdout]  --> src/math/vec3.rs:351:13
[INFO] [stdout]   |
[INFO] [stdout] 3 | let mut a = Vec3::new(5.0, 7.0, 9.0);
[INFO] [stdout]   |             ^^^^ use of undeclared type `Vec3`
[INFO] [stdout]   |
[INFO] [stdout] help: a struct with a similar name exists
[INFO] [stdout]   |
[INFO] [stdout] 3 | let mut a = Vec::new(5.0, 7.0, 9.0);
[INFO] [stdout]   |             ~~~
[INFO] [stdout] help: consider importing this struct
[INFO] [stdout]   |
[INFO] [stdout] 2 + use karna::math::Vec3;
[INFO] [stdout]   |
[INFO] [stdout] 
[INFO] [stdout] error[E0433]: failed to resolve: use of undeclared type `Vec3`
[INFO] [stdout]  --> src/math/vec3.rs:356:15
[INFO] [stdout]   |
[INFO] [stdout] 8 | assert_eq!(a, Vec3::new(4.0, 6.0, 8.0));
[INFO] [stdout]   |               ^^^^ use of undeclared type `Vec3`
[INFO] [stdout]   |
[INFO] [stdout] help: a struct with a similar name exists
[INFO] [stdout]   |
[INFO] [stdout] 8 | assert_eq!(a, Vec::new(4.0, 6.0, 8.0));
[INFO] [stdout]   |               ~~~
[INFO] [stdout] help: consider importing this struct
[INFO] [stdout]   |
[INFO] [stdout] 2 + use karna::math::Vec3;
[INFO] [stdout]   |
[INFO] [stdout] 
[INFO] [stdout] error: aborting due to 2 previous errors
[INFO] [stdout] 
[INFO] [stdout] For more information about this error, try `rustc --explain E0433`.
[INFO] [stdout] Couldn't compile the test.
[INFO] [stdout] ---- src/math/vec3.rs - math::vec3::Vec3 (line 330) stdout ----
[INFO] [stdout] error[E0433]: failed to resolve: use of undeclared type `Vec3`
[INFO] [stdout]  --> src/math/vec3.rs:331:9
[INFO] [stdout]   |
[INFO] [stdout] 3 | let a = Vec3::new(5.0, 7.0, 9.0);
[INFO] [stdout]   |         ^^^^ use of undeclared type `Vec3`
[INFO] [stdout]   |
[INFO] [stdout] help: a struct with a similar name exists
[INFO] [stdout]   |
[INFO] [stdout] 3 | let a = Vec::new(5.0, 7.0, 9.0);
[INFO] [stdout]   |         ~~~
[INFO] [stdout] help: consider importing this struct
[INFO] [stdout]   |
[INFO] [stdout] 2 + use karna::math::Vec3;
[INFO] [stdout]   |
[INFO] [stdout] 
[INFO] [stdout] error[E0433]: failed to resolve: use of undeclared type `Vec3`
[INFO] [stdout]  --> src/math/vec3.rs:334:19
[INFO] [stdout]   |
[INFO] [stdout] 6 | assert_eq!(a - b, Vec3::new(4.0, 6.0, 8.0));
[INFO] [stdout]   |                   ^^^^ use of undeclared type `Vec3`
[INFO] [stdout]   |
[INFO] [stdout] help: a struct with a similar name exists
[INFO] [stdout]   |
[INFO] [stdout] 6 | assert_eq!(a - b, Vec::new(4.0, 6.0, 8.0));
[INFO] [stdout]   |                   ~~~
[INFO] [stdout] help: consider importing this struct
[INFO] [stdout]   |
[INFO] [stdout] 2 + use karna::math::Vec3;
[INFO] [stdout]   |
[INFO] [stdout] 
[INFO] [stdout] error: aborting due to 2 previous errors
[INFO] [stdout] 
[INFO] [stdout] For more information about this error, try `rustc --explain E0433`.
[INFO] [stdout] Couldn't compile the test.
[INFO] [stdout] ---- src/math/vec3.rs - math::vec3::Vec3 (line 410) stdout ----
[INFO] [stdout] error[E0433]: failed to resolve: use of undeclared type `Vec3`
[INFO] [stdout]  --> src/math/vec3.rs:411:9
[INFO] [stdout]   |
[INFO] [stdout] 3 | let a = Vec3::new(1.0, 2.0, 3.0);
[INFO] [stdout]   |         ^^^^ use of undeclared type `Vec3`
[INFO] [stdout]   |
[INFO] [stdout] help: a struct with a similar name exists
[INFO] [stdout]   |
[INFO] [stdout] 3 | let a = Vec::new(1.0, 2.0, 3.0);
[INFO] [stdout]   |         ~~~
[INFO] [stdout] help: consider importing this struct
[INFO] [stdout]   |
[INFO] [stdout] 2 + use karna::math::Vec3;
[INFO] [stdout]   |
[INFO] [stdout] 
[INFO] [stdout] error[E0433]: failed to resolve: use of undeclared type `Vec3`
[INFO] [stdout]  --> src/math/vec3.rs:414:19
[INFO] [stdout]   |
[INFO] [stdout] 6 | assert_eq!(a * b, Vec3::new(4.0, 8.0, 12.0));
[INFO] [stdout]   |                   ^^^^ use of undeclared type `Vec3`
[INFO] [stdout]   |
[INFO] [stdout] help: a struct with a similar name exists
[INFO] [stdout]   |
[INFO] [stdout] 6 | assert_eq!(a * b, Vec::new(4.0, 8.0, 12.0));
[INFO] [stdout]   |                   ~~~
[INFO] [stdout] help: consider importing this struct
[INFO] [stdout]   |
[INFO] [stdout] 2 + use karna::math::Vec3;
[INFO] [stdout]   |
[INFO] [stdout] 
[INFO] [stdout] error: aborting due to 2 previous errors
[INFO] [stdout] 
[INFO] [stdout] For more information about this error, try `rustc --explain E0433`.
[INFO] [stdout] Couldn't compile the test.
[INFO] [stdout] ---- src/math/vec3.rs - math::vec3::Vec3 (line 430) stdout ----
[INFO] [stdout] error[E0433]: failed to resolve: use of undeclared type `Vec3`
[INFO] [stdout]  --> src/math/vec3.rs:431:13
[INFO] [stdout]   |
[INFO] [stdout] 3 | let mut a = Vec3::new(1.0, 2.0, 3.0);
[INFO] [stdout]   |             ^^^^ use of undeclared type `Vec3`
[INFO] [stdout]   |
[INFO] [stdout] help: a struct with a similar name exists
[INFO] [stdout]   |
[INFO] [stdout] 3 | let mut a = Vec::new(1.0, 2.0, 3.0);
[INFO] [stdout]   |             ~~~
[INFO] [stdout] help: consider importing this struct
[INFO] [stdout]   |
[INFO] [stdout] 2 + use karna::math::Vec3;
[INFO] [stdout]   |
[INFO] [stdout] 
[INFO] [stdout] error[E0433]: failed to resolve: use of undeclared type `Vec3`
[INFO] [stdout]  --> src/math/vec3.rs:436:15
[INFO] [stdout]   |
[INFO] [stdout] 8 | assert_eq!(a, Vec3::new(4.0, 8.0, 12.0));
[INFO] [stdout]   |               ^^^^ use of undeclared type `Vec3`
[INFO] [stdout]   |
[INFO] [stdout] help: a struct with a similar name exists
[INFO] [stdout]   |
[INFO] [stdout] 8 | assert_eq!(a, Vec::new(4.0, 8.0, 12.0));
[INFO] [stdout]   |               ~~~
[INFO] [stdout] help: consider importing this struct
[INFO] [stdout]   |
[INFO] [stdout] 2 + use karna::math::Vec3;
[INFO] [stdout]   |
[INFO] [stdout] 
[INFO] [stdout] error: aborting due to 2 previous errors
[INFO] [stdout] 
[INFO] [stdout] For more information about this error, try `rustc --explain E0433`.
[INFO] [stdout] Couldn't compile the test.
[INFO] [stdout] ---- src/math/vec3.rs - math::vec3::Vec3 (line 370) stdout ----
[INFO] [stdout] error[E0433]: failed to resolve: use of undeclared type `Vec3`
[INFO] [stdout]  --> src/math/vec3.rs:371:9
[INFO] [stdout]   |
[INFO] [stdout] 3 | let a = Vec3::new(1.0, 2.0, 3.0);
[INFO] [stdout]   |         ^^^^ use of undeclared type `Vec3`
[INFO] [stdout]   |
[INFO] [stdout] help: a struct with a similar name exists
[INFO] [stdout]   |
[INFO] [stdout] 3 | let a = Vec::new(1.0, 2.0, 3.0);
[INFO] [stdout]   |         ~~~
[INFO] [stdout] help: consider importing this struct
[INFO] [stdout]   |
[INFO] [stdout] 2 + use karna::math::Vec3;
[INFO] [stdout]   |
[INFO] [stdout] 
[INFO] [stdout] error[E0433]: failed to resolve: use of undeclared type `Vec3`
[INFO] [stdout]  --> src/math/vec3.rs:372:9
[INFO] [stdout]   |
[INFO] [stdout] 4 | let b = Vec3::new(4.0, 5.0, 6.0);
[INFO] [stdout]   |         ^^^^ use of undeclared type `Vec3`
[INFO] [stdout]   |
[INFO] [stdout] help: a struct with a similar name exists
[INFO] [stdout]   |
[INFO] [stdout] 4 | let b = Vec::new(4.0, 5.0, 6.0);
[INFO] [stdout]   |         ~~~
[INFO] [stdout] help: consider importing this struct
[INFO] [stdout]   |
[INFO] [stdout] 2 + use karna::math::Vec3;
[INFO] [stdout]   |
[INFO] [stdout] 
[INFO] [stdout] error[E0433]: failed to resolve: use of undeclared type `Vec3`
[INFO] [stdout]  --> src/math/vec3.rs:374:19
[INFO] [stdout]   |
[INFO] [stdout] 6 | assert_eq!(a * b, Vec3::new(4.0, 10.0, 18.0));
[INFO] [stdout]   |                   ^^^^ use of undeclared type `Vec3`
[INFO] [stdout]   |
[INFO] [stdout] help: a struct with a similar name exists
[INFO] [stdout]   |
[INFO] [stdout] 6 | assert_eq!(a * b, Vec::new(4.0, 10.0, 18.0));
[INFO] [stdout]   |                   ~~~
[INFO] [stdout] help: consider importing this struct
[INFO] [stdout]   |
[INFO] [stdout] 2 + use karna::math::Vec3;
[INFO] [stdout]   |
[INFO] [stdout] 
[INFO] [stdout] error: aborting due to 3 previous errors
[INFO] [stdout] 
[INFO] [stdout] For more information about this error, try `rustc --explain E0433`.
[INFO] [stdout] Couldn't compile the test.
[INFO] [stdout] ---- src/math/vec3.rs - math::vec3::Vec3 (line 502) stdout ----
[INFO] [stdout] error[E0433]: failed to resolve: use of undeclared type `Vec3`
[INFO] [stdout]  --> src/math/vec3.rs:503:9
[INFO] [stdout]   |
[INFO] [stdout] 3 | let a = Vec3::new(4.0, 9.0, 16.0);
[INFO] [stdout]   |         ^^^^ use of undeclared type `Vec3`
[INFO] [stdout]   |
[INFO] [stdout] help: a struct with a similar name exists
[INFO] [stdout]   |
[INFO] [stdout] 3 | let a = Vec::new(4.0, 9.0, 16.0);
[INFO] [stdout]   |         ~~~
[INFO] [stdout] help: consider importing this struct
[INFO] [stdout]   |
[INFO] [stdout] 2 + use karna::math::Vec3;
[INFO] [stdout]   |
[INFO] [stdout] 
[INFO] [stdout] error[E0433]: failed to resolve: use of undeclared type `Vec3`
[INFO] [stdout]  --> src/math/vec3.rs:506:19
[INFO] [stdout]   |
[INFO] [stdout] 6 | assert_eq!(a / b, Vec3::new(2.0, 4.5, 8.0));
[INFO] [stdout]   |                   ^^^^ use of undeclared type `Vec3`
[INFO] [stdout]   |
[INFO] [stdout] help: a struct with a similar name exists
[INFO] [stdout]   |
[INFO] [stdout] 6 | assert_eq!(a / b, Vec::new(2.0, 4.5, 8.0));
[INFO] [stdout]   |                   ~~~
[INFO] [stdout] help: consider importing this struct
[INFO] [stdout]   |
[INFO] [stdout] 2 + use karna::math::Vec3;
[INFO] [stdout]   |
[INFO] [stdout] 
[INFO] [stdout] error: aborting due to 2 previous errors
[INFO] [stdout] 
[INFO] [stdout] For more information about this error, try `rustc --explain E0433`.
[INFO] [stdout] Couldn't compile the test.
[INFO] [stdout] ---- src/math/vec3.rs - math::vec3::Vec3 (line 450) stdout ----
[INFO] [stdout] error[E0433]: failed to resolve: use of undeclared type `Vec3`
[INFO] [stdout]  --> src/math/vec3.rs:451:9
[INFO] [stdout]   |
[INFO] [stdout] 3 | let a = Vec3::new(4.0, 9.0, 16.0);
[INFO] [stdout]   |         ^^^^ use of undeclared type `Vec3`
[INFO] [stdout]   |
[INFO] [stdout] help: a struct with a similar name exists
[INFO] [stdout]   |
[INFO] [stdout] 3 | let a = Vec::new(4.0, 9.0, 16.0);
[INFO] [stdout]   |         ~~~
[INFO] [stdout] help: consider importing this struct
[INFO] [stdout]   |
[INFO] [stdout] 2 + use karna::math::Vec3;
[INFO] [stdout]   |
[INFO] [stdout] 
[INFO] [stdout] error[E0433]: failed to resolve: use of undeclared type `Vec3`
[INFO] [stdout]  --> src/math/vec3.rs:452:9
[INFO] [stdout]   |
[INFO] [stdout] 4 | let b = Vec3::new(2.0, 3.0, 4.0);
[INFO] [stdout]   |         ^^^^ use of undeclared type `Vec3`
[INFO] [stdout]   |
[INFO] [stdout] help: a struct with a similar name exists
[INFO] [stdout]   |
[INFO] [stdout] 4 | let b = Vec::new(2.0, 3.0, 4.0);
[INFO] [stdout]   |         ~~~
[INFO] [stdout] help: consider importing this struct
[INFO] [stdout]   |
[INFO] [stdout] 2 + use karna::math::Vec3;
[INFO] [stdout]   |
[INFO] [stdout] 
[INFO] [stdout] error[E0433]: failed to resolve: use of undeclared type `Vec3`
[INFO] [stdout]  --> src/math/vec3.rs:454:19
[INFO] [stdout]   |
[INFO] [stdout] 6 | assert_eq!(a / b, Vec3::new(2.0, 3.0, 4.0));
[INFO] [stdout]   |                   ^^^^ use of undeclared type `Vec3`
[INFO] [stdout]   |
[INFO] [stdout] help: a struct with a similar name exists
[INFO] [stdout]   |
[INFO] [stdout] 6 | assert_eq!(a / b, Vec::new(2.0, 3.0, 4.0));
[INFO] [stdout]   |                   ~~~
[INFO] [stdout] help: consider importing this struct
[INFO] [stdout]   |
[INFO] [stdout] 2 + use karna::math::Vec3;
[INFO] [stdout]   |
[INFO] [stdout] 
[INFO] [stdout] error: aborting due to 3 previous errors
[INFO] [stdout] 
[INFO] [stdout] For more information about this error, try `rustc --explain E0433`.
[INFO] [stdout] Couldn't compile the test.
[INFO] [stdout] ---- src/math/vec3.rs - math::vec3::Vec3 (line 390) stdout ----
[INFO] [stdout] error[E0433]: failed to resolve: use of undeclared type `Vec3`
[INFO] [stdout]  --> src/math/vec3.rs:391:13
[INFO] [stdout]   |
[INFO] [stdout] 3 | let mut a = Vec3::new(1.0, 2.0, 3.0);
[INFO] [stdout]   |             ^^^^ use of undeclared type `Vec3`
[INFO] [stdout]   |
[INFO] [stdout] help: a struct with a similar name exists
[INFO] [stdout]   |
[INFO] [stdout] 3 | let mut a = Vec::new(1.0, 2.0, 3.0);
[INFO] [stdout]   |             ~~~
[INFO] [stdout] help: consider importing this struct
[INFO] [stdout]   |
[INFO] [stdout] 2 + use karna::math::Vec3;
[INFO] [stdout]   |
[INFO] [stdout] 
[INFO] [stdout] error[E0433]: failed to resolve: use of undeclared type `Vec3`
[INFO] [stdout]  --> src/math/vec3.rs:392:9
[INFO] [stdout]   |
[INFO] [stdout] 4 | let b = Vec3::new(4.0, 5.0, 6.0);
[INFO] [stdout]   |         ^^^^ use of undeclared type `Vec3`
[INFO] [stdout]   |
[INFO] [stdout] help: a struct with a similar name exists
[INFO] [stdout]   |
[INFO] [stdout] 4 | let b = Vec::new(4.0, 5.0, 6.0);
[INFO] [stdout]   |         ~~~
[INFO] [stdout] help: consider importing this struct
[INFO] [stdout]   |
[INFO] [stdout] 2 + use karna::math::Vec3;
[INFO] [stdout]   |
[INFO] [stdout] 
[INFO] [stdout] error[E0433]: failed to resolve: use of undeclared type `Vec3`
[INFO] [stdout]  --> src/math/vec3.rs:396:15
[INFO] [stdout]   |
[INFO] [stdout] 8 | assert_eq!(a, Vec3::new(4.0, 10.0, 18.0));
[INFO] [stdout]   |               ^^^^ use of undeclared type `Vec3`
[INFO] [stdout]   |
[INFO] [stdout] help: a struct with a similar name exists
[INFO] [stdout]   |
[INFO] [stdout] 8 | assert_eq!(a, Vec::new(4.0, 10.0, 18.0));
[INFO] [stdout]   |               ~~~
[INFO] [stdout] help: consider importing this struct
[INFO] [stdout]   |
[INFO] [stdout] 2 + use karna::math::Vec3;
[INFO] [stdout]   |
[INFO] [stdout] 
[INFO] [stdout] error: aborting due to 3 previous errors
[INFO] [stdout] 
[INFO] [stdout] For more information about this error, try `rustc --explain E0433`.
[INFO] [stdout] Couldn't compile the test.
[INFO] [stdout] ---- src/math/vec3.rs - math::vec3::Vec3 (line 476) stdout ----
[INFO] [stdout] error[E0433]: failed to resolve: use of undeclared type `Vec3`
[INFO] [stdout]  --> src/math/vec3.rs:477:13
[INFO] [stdout]   |
[INFO] [stdout] 3 | let mut a = Vec3::new(4.0, 9.0, 16.0);
[INFO] [stdout]   |             ^^^^ use of undeclared type `Vec3`
[INFO] [stdout]   |
[INFO] [stdout] help: a struct with a similar name exists
[INFO] [stdout]   |
[INFO] [stdout] 3 | let mut a = Vec::new(4.0, 9.0, 16.0);
[INFO] [stdout]   |             ~~~
[INFO] [stdout] help: consider importing this struct
[INFO] [stdout]   |
[INFO] [stdout] 2 + use karna::math::Vec3;
[INFO] [stdout]   |
[INFO] [stdout] 
[INFO] [stdout] error[E0433]: failed to resolve: use of undeclared type `Vec3`
[INFO] [stdout]  --> src/math/vec3.rs:478:9
[INFO] [stdout]   |
[INFO] [stdout] 4 | let b = Vec3::new(2.0, 3.0, 4.0);
[INFO] [stdout]   |         ^^^^ use of undeclared type `Vec3`
[INFO] [stdout]   |
[INFO] [stdout] help: a struct with a similar name exists
[INFO] [stdout]   |
[INFO] [stdout] 4 | let b = Vec::new(2.0, 3.0, 4.0);
[INFO] [stdout]   |         ~~~
[INFO] [stdout] help: consider importing this struct
[INFO] [stdout]   |
[INFO] [stdout] 2 + use karna::math::Vec3;
[INFO] [stdout]   |
[INFO] [stdout] 
[INFO] [stdout] error[E0433]: failed to resolve: use of undeclared type `Vec3`
[INFO] [stdout]  --> src/math/vec3.rs:482:15
[INFO] [stdout]   |
[INFO] [stdout] 8 | assert_eq!(a, Vec3::new(2.0, 3.0, 4.0));
[INFO] [stdout]   |               ^^^^ use of undeclared type `Vec3`
[INFO] [stdout]   |
[INFO] [stdout] help: a struct with a similar name exists
[INFO] [stdout]   |
[INFO] [stdout] 8 | assert_eq!(a, Vec::new(2.0, 3.0, 4.0));
[INFO] [stdout]   |               ~~~
[INFO] [stdout] help: consider importing this struct
[INFO] [stdout]   |
[INFO] [stdout] 2 + use karna::math::Vec3;
[INFO] [stdout]   |
[INFO] [stdout] 
[INFO] [stdout] error: aborting due to 3 previous errors
[INFO] [stdout] 
[INFO] [stdout] For more information about this error, try `rustc --explain E0433`.
[INFO] [stdout] Couldn't compile the test.
[INFO] [stdout] ---- src/math/vec3.rs - math::vec3::f32 (line 594) stdout ----
[INFO] [stdout] error[E0433]: failed to resolve: use of undeclared type `Vec3`
[INFO] [stdout]  --> src/math/vec3.rs:596:9
[INFO] [stdout]   |
[INFO] [stdout] 4 | let b = Vec3::new(1.0, 2.0, 3.0);
[INFO] [stdout]   |         ^^^^ use of undeclared type `Vec3`
[INFO] [stdout]   |
[INFO] [stdout] help: a struct with a similar name exists
[INFO] [stdout]   |
[INFO] [stdout] 4 | let b = Vec::new(1.0, 2.0, 3.0);
[INFO] [stdout]   |         ~~~
[INFO] [stdout] help: consider importing this struct
[INFO] [stdout]   |
[INFO] [stdout] 2 + use karna::math::Vec3;
[INFO] [stdout]   |
[INFO] [stdout] 
[INFO] [stdout] error[E0433]: failed to resolve: use of undeclared type `Vec3`
[INFO] [stdout]  --> src/math/vec3.rs:598:19
[INFO] [stdout]   |
[INFO] [stdout] 6 | assert_eq!(a * b, Vec3::new(4.0, 8.0, 12.0));
[INFO] [stdout]   |                   ^^^^ use of undeclared type `Vec3`
[INFO] [stdout]   |
[INFO] [stdout] help: a struct with a similar name exists
[INFO] [stdout]   |
[INFO] [stdout] 6 | assert_eq!(a * b, Vec::new(4.0, 8.0, 12.0));
[INFO] [stdout]   |                   ~~~
[INFO] [stdout] help: consider importing this struct
[INFO] [stdout]   |
[INFO] [stdout] 2 + use karna::math::Vec3;
[INFO] [stdout]   |
[INFO] [stdout] 
[INFO] [stdout] error: aborting due to 2 previous errors
[INFO] [stdout] 
[INFO] [stdout] For more information about this error, try `rustc --explain E0433`.
[INFO] [stdout] Couldn't compile the test.
[INFO] [stdout] ---- src/math/vec3.rs - math::vec3::f32 (line 614) stdout ----
[INFO] [stdout] error[E0433]: failed to resolve: use of undeclared type `Vec3`
[INFO] [stdout]  --> src/math/vec3.rs:616:9
[INFO] [stdout]   |
[INFO] [stdout] 4 | let b = Vec3::new(2.0, 4.0, 8.0);
[INFO] [stdout]   |         ^^^^ use of undeclared type `Vec3`
[INFO] [stdout]   |
[INFO] [stdout] help: a struct with a similar name exists
[INFO] [stdout]   |
[INFO] [stdout] 4 | let b = Vec::new(2.0, 4.0, 8.0);
[INFO] [stdout]   |         ~~~
[INFO] [stdout] help: consider importing this struct
[INFO] [stdout]   |
[INFO] [stdout] 2 + use karna::math::Vec3;
[INFO] [stdout]   |
[INFO] [stdout] 
[INFO] [stdout] error[E0433]: failed to resolve: use of undeclared type `Vec3`
[INFO] [stdout]  --> src/math/vec3.rs:618:19
[INFO] [stdout]   |
[INFO] [stdout] 6 | assert_eq!(a / b, Vec3::new(4.0, 2.0, 1.0));
[INFO] [stdout]   |                   ^^^^ use of undeclared type `Vec3`
[INFO] [stdout]   |
[INFO] [stdout] help: a struct with a similar name exists
[INFO] [stdout]   |
[INFO] [stdout] 6 | assert_eq!(a / b, Vec::new(4.0, 2.0, 1.0));
[INFO] [stdout]   |                   ~~~
[INFO] [stdout] help: consider importing this struct
[INFO] [stdout]   |
[INFO] [stdout] 2 + use karna::math::Vec3;
[INFO] [stdout]   |
[INFO] [stdout] 
[INFO] [stdout] error: aborting due to 2 previous errors
[INFO] [stdout] 
[INFO] [stdout] For more information about this error, try `rustc --explain E0433`.
[INFO] [stdout] Couldn't compile the test.
[INFO] [stdout] ---- src/math/vec3.rs - math::vec3::f32 (line 574) stdout ----
[INFO] [stdout] error[E0433]: failed to resolve: use of undeclared type `Vec3`
[INFO] [stdout]  --> src/math/vec3.rs:576:9
[INFO] [stdout]   |
[INFO] [stdout] 4 | let b = Vec3::new(1.0, 2.0, 3.0);
[INFO] [stdout]   |         ^^^^ use of undeclared type `Vec3`
[INFO] [stdout]   |
[INFO] [stdout] help: a struct with a similar name exists
[INFO] [stdout]   |
[INFO] [stdout] 4 | let b = Vec::new(1.0, 2.0, 3.0);
[INFO] [stdout]   |         ~~~
[INFO] [stdout] help: consider importing this struct
[INFO] [stdout]   |
[INFO] [stdout] 2 + use karna::math::Vec3;
[INFO] [stdout]   |
[INFO] [stdout] 
[INFO] [stdout] error[E0433]: failed to resolve: use of undeclared type `Vec3`
[INFO] [stdout]  --> src/math/vec3.rs:578:19
[INFO] [stdout]   |
[INFO] [stdout] 6 | assert_eq!(a - b, Vec3::new(3.0, 2.0, 1.0));
[INFO] [stdout]   |                   ^^^^ use of undeclared type `Vec3`
[INFO] [stdout]   |
[INFO] [stdout] help: a struct with a similar name exists
[INFO] [stdout]   |
[INFO] [stdout] 6 | assert_eq!(a - b, Vec::new(3.0, 2.0, 1.0));
[INFO] [stdout]   |                   ~~~
[INFO] [stdout] help: consider importing this struct
[INFO] [stdout]   |
[INFO] [stdout] 2 + use karna::math::Vec3;
[INFO] [stdout]   |
[INFO] [stdout] 
[INFO] [stdout] error: aborting due to 2 previous errors
[INFO] [stdout] 
[INFO] [stdout] For more information about this error, try `rustc --explain E0433`.
[INFO] [stdout] Couldn't compile the test.
[INFO] [stdout] ---- src/math/vec3.rs - math::vec3::Vec3 (line 528) stdout ----
[INFO] [stdout] error[E0433]: failed to resolve: use of undeclared type `Vec3`
[INFO] [stdout]  --> src/math/vec3.rs:529:13
[INFO] [stdout]   |
[INFO] [stdout] 3 | let mut a = Vec3::new(4.0, 9.0, 16.0);
[INFO] [stdout]   |             ^^^^ use of undeclared type `Vec3`
[INFO] [stdout]   |
[INFO] [stdout] help: a struct with a similar name exists
[INFO] [stdout]   |
[INFO] [stdout] 3 | let mut a = Vec::new(4.0, 9.0, 16.0);
[INFO] [stdout]   |             ~~~
[INFO] [stdout] help: consider importing this struct
[INFO] [stdout]   |
[INFO] [stdout] 2 + use karna::math::Vec3;
[INFO] [stdout]   |
[INFO] [stdout] 
[INFO] [stdout] error[E0433]: failed to resolve: use of undeclared type `Vec3`
[INFO] [stdout]  --> src/math/vec3.rs:534:15
[INFO] [stdout]   |
[INFO] [stdout] 8 | assert_eq!(a, Vec3::new(2.0, 4.5, 8.0));
[INFO] [stdout]   |               ^^^^ use of undeclared type `Vec3`
[INFO] [stdout]   |
[INFO] [stdout] help: a struct with a similar name exists
[INFO] [stdout]   |
[INFO] [stdout] 8 | assert_eq!(a, Vec::new(2.0, 4.5, 8.0));
[INFO] [stdout]   |               ~~~
[INFO] [stdout] help: consider importing this struct
[INFO] [stdout]   |
[INFO] [stdout] 2 + use karna::math::Vec3;
[INFO] [stdout]   |
[INFO] [stdout] 
[INFO] [stdout] error: aborting due to 2 previous errors
[INFO] [stdout] 
[INFO] [stdout] For more information about this error, try `rustc --explain E0433`.
[INFO] [stdout] Couldn't compile the test.
[INFO] [stdout] ---- src/math/vec3.rs - math::vec3::Vec3::dot (line 95) stdout ----
[INFO] [stdout] error[E0433]: failed to resolve: use of undeclared type `Vec3`
[INFO] [stdout]  --> src/math/vec3.rs:96:9
[INFO] [stdout]   |
[INFO] [stdout] 3 | let a = Vec3::new(1.0, 2.0, 3.0);
[INFO] [stdout]   |         ^^^^ use of undeclared type `Vec3`
[INFO] [stdout]   |
[INFO] [stdout] help: a struct with a similar name exists
[INFO] [stdout]   |
[INFO] [stdout] 3 | let a = Vec::new(1.0, 2.0, 3.0);
[INFO] [stdout]   |         ~~~
[INFO] [stdout] help: consider importing this struct
[INFO] [stdout]   |
[INFO] [stdout] 2 + use karna::math::Vec3;
[INFO] [stdout]   |
[INFO] [stdout] 
[INFO] [stdout] error[E0433]: failed to resolve: use of undeclared type `Vec3`
[INFO] [stdout]  --> src/math/vec3.rs:97:9
[INFO] [stdout]   |
[INFO] [stdout] 4 | let b = Vec3::new(4.0, 5.0, 6.0);
[INFO] [stdout]   |         ^^^^ use of undeclared type `Vec3`
[INFO] [stdout]   |
[INFO] [stdout] help: a struct with a similar name exists
[INFO] [stdout]   |
[INFO] [stdout] 4 | let b = Vec::new(4.0, 5.0, 6.0);
[INFO] [stdout]   |         ~~~
[INFO] [stdout] help: consider importing this struct
[INFO] [stdout]   |
[INFO] [stdout] 2 + use karna::math::Vec3;
[INFO] [stdout]   |
[INFO] [stdout] 
[INFO] [stdout] error: aborting due to 2 previous errors
[INFO] [stdout] 
[INFO] [stdout] For more information about this error, try `rustc --explain E0433`.
[INFO] [stdout] Couldn't compile the test.
[INFO] [stdout] ---- src/math/vec4.rs - math::vec4::(f32,f32,f32,f32) (line 45) stdout ----
[INFO] [stdout] error[E0433]: failed to resolve: use of undeclared type `Vec4`
[INFO] [stdout]  --> src/math/vec4.rs:46:9
[INFO] [stdout]   |
[INFO] [stdout] 3 | let a = Vec4::new(1.0, 2.0, 3.0, 4.0);
[INFO] [stdout]   |         ^^^^ use of undeclared type `Vec4`
[INFO] [stdout]   |
[INFO] [stdout] help: a struct with a similar name exists
[INFO] [stdout]   |
[INFO] [stdout] 3 | let a = Vec::new(1.0, 2.0, 3.0, 4.0);
[INFO] [stdout]   |         ~~~
[INFO] [stdout] help: consider importing this struct
[INFO] [stdout]   |
[INFO] [stdout] 2 + use karna::math::Vec4;
[INFO] [stdout]   |
[INFO] [stdout] 
[INFO] [stdout] error: aborting due to 1 previous error
[INFO] [stdout] 
[INFO] [stdout] For more information about this error, try `rustc --explain E0433`.
[INFO] [stdout] Couldn't compile the test.
[INFO] [stdout] ---- src/math/vec4.rs - math::vec4::Vec4 (line 32) stdout ----
[INFO] [stdout] error[E0433]: failed to resolve: use of undeclared type `Vec4`
[INFO] [stdout]  --> src/math/vec4.rs:34:9
[INFO] [stdout]   |
[INFO] [stdout] 4 | let b = Vec4::from(a);
[INFO] [stdout]   |         ^^^^ use of undeclared type `Vec4`
[INFO] [stdout]   |
[INFO] [stdout] help: a struct with a similar name exists
[INFO] [stdout]   |
[INFO] [stdout] 4 | let b = Vec::from(a);
[INFO] [stdout]   |         ~~~
[INFO] [stdout] help: consider importing this struct
[INFO] [stdout]   |
[INFO] [stdout] 2 + use karna::math::Vec4;
[INFO] [stdout]   |
[INFO] [stdout] 
[INFO] [stdout] error[E0433]: failed to resolve: use of undeclared type `Vec4`
[INFO] [stdout]  --> src/math/vec4.rs:36:15
[INFO] [stdout]   |
[INFO] [stdout] 6 | assert_eq!(b, Vec4::new(1.0, 2.0, 3.0, 4.0));
[INFO] [stdout]   |               ^^^^ use of undeclared type `Vec4`
[INFO] [stdout]   |
[INFO] [stdout] help: a struct with a similar name exists
[INFO] [stdout]   |
[INFO] [stdout] 6 | assert_eq!(b, Vec::new(1.0, 2.0, 3.0, 4.0));
[INFO] [stdout]   |               ~~~
[INFO] [stdout] help: consider importing this struct
[INFO] [stdout]   |
[INFO] [stdout] 2 + use karna::math::Vec4;
[INFO] [stdout]   |
[INFO] [stdout] 
[INFO] [stdout] error: aborting due to 2 previous errors
[INFO] [stdout] 
[INFO] [stdout] For more information about this error, try `rustc --explain E0433`.
[INFO] [stdout] Couldn't compile the test.
[INFO] [stdout] ---- src/math/vec3.rs - math::vec3::f32 (line 554) stdout ----
[INFO] [stdout] error[E0433]: failed to resolve: use of undeclared type `Vec3`
[INFO] [stdout]  --> src/math/vec3.rs:556:9
[INFO] [stdout]   |
[INFO] [stdout] 4 | let b = Vec3::new(1.0, 2.0, 3.0);
[INFO] [stdout]   |         ^^^^ use of undeclared type `Vec3`
[INFO] [stdout]   |
[INFO] [stdout] help: a struct with a similar name exists
[INFO] [stdout]   |
[INFO] [stdout] 4 | let b = Vec::new(1.0, 2.0, 3.0);
[INFO] [stdout]   |         ~~~
[INFO] [stdout] help: consider importing this struct
[INFO] [stdout]   |
[INFO] [stdout] 2 + use karna::math::Vec3;
[INFO] [stdout]   |
[INFO] [stdout] 
[INFO] [stdout] error[E0433]: failed to resolve: use of undeclared type `Vec3`
[INFO] [stdout]  --> src/math/vec3.rs:558:19
[INFO] [stdout]   |
[INFO] [stdout] 6 | assert_eq!(a + b, Vec3::new(5.0, 6.0, 7.0));
[INFO] [stdout]   |                   ^^^^ use of undeclared type `Vec3`
[INFO] [stdout]   |
[INFO] [stdout] help: a struct with a similar name exists
[INFO] [stdout]   |
[INFO] [stdout] 6 | assert_eq!(a + b, Vec::new(5.0, 6.0, 7.0));
[INFO] [stdout]   |                   ~~~
[INFO] [stdout] help: consider importing this struct
[INFO] [stdout]   |
[INFO] [stdout] 2 + use karna::math::Vec3;
[INFO] [stdout]   |
[INFO] [stdout] 
[INFO] [stdout] error: aborting due to 2 previous errors
[INFO] [stdout] 
[INFO] [stdout] For more information about this error, try `rustc --explain E0433`.
[INFO] [stdout] Couldn't compile the test.
[INFO] [stdout] 
[INFO] [stdout] failures:
[INFO] [stdout]     src/math/interpolation.rs - math::interpolation::Tween (line 327)
[INFO] [stdout]     src/math/interpolation.rs - math::interpolation::lerp (line 15)
[INFO] [stdout]     src/math/vec2.rs - math::vec2::(f32,f32) (line 136)
[INFO] [stdout]     src/math/vec2.rs - math::vec2::Vec2 (line 120)
[INFO] [stdout]     src/math/vec2.rs - math::vec2::Vec2 (line 149)
[INFO] [stdout]     src/math/vec2.rs - math::vec2::Vec2 (line 168)
[INFO] [stdout]     src/math/vec2.rs - math::vec2::Vec2 (line 187)
[INFO] [stdout]     src/math/vec2.rs - math::vec2::Vec2 (line 206)
[INFO] [stdout]     src/math/vec2.rs - math::vec2::Vec2 (line 225)
[INFO] [stdout]     src/math/vec2.rs - math::vec2::Vec2 (line 244)
[INFO] [stdout]     src/math/vec2.rs - math::vec2::Vec2 (line 263)
[INFO] [stdout]     src/math/vec2.rs - math::vec2::Vec2 (line 282)
[INFO] [stdout]     src/math/vec2.rs - math::vec2::Vec2 (line 301)
[INFO] [stdout]     src/math/vec2.rs - math::vec2::Vec2 (line 320)
[INFO] [stdout]     src/math/vec2.rs - math::vec2::Vec2 (line 339)
[INFO] [stdout]     src/math/vec2.rs - math::vec2::Vec2 (line 358)
[INFO] [stdout]     src/math/vec2.rs - math::vec2::Vec2 (line 377)
[INFO] [stdout]     src/math/vec2.rs - math::vec2::Vec2 (line 402)
[INFO] [stdout]     src/math/vec2.rs - math::vec2::Vec2 (line 427)
[INFO] [stdout]     src/math/vec2.rs - math::vec2::Vec2 (line 452)
[INFO] [stdout]     src/math/vec2.rs - math::vec2::Vec2::dot (line 66)
[INFO] [stdout]     src/math/vec2.rs - math::vec2::f32 (line 477)
[INFO] [stdout]     src/math/vec2.rs - math::vec2::f32 (line 496)
[INFO] [stdout]     src/math/vec2.rs - math::vec2::f32 (line 515)
[INFO] [stdout]     src/math/vec2.rs - math::vec2::f32 (line 534)
[INFO] [stdout]     src/math/vec3.rs - math::vec3::(f32,f32,f32) (line 196)
[INFO] [stdout]     src/math/vec3.rs - math::vec3::Vec3 (line 178)
[INFO] [stdout]     src/math/vec3.rs - math::vec3::Vec3 (line 210)
[INFO] [stdout]     src/math/vec3.rs - math::vec3::Vec3 (line 230)
[INFO] [stdout]     src/math/vec3.rs - math::vec3::Vec3 (line 250)
[INFO] [stdout]     src/math/vec3.rs - math::vec3::Vec3 (line 270)
[INFO] [stdout]     src/math/vec3.rs - math::vec3::Vec3 (line 290)
[INFO] [stdout]     src/math/vec3.rs - math::vec3::Vec3 (line 310)
[INFO] [stdout]     src/math/vec3.rs - math::vec3::Vec3 (line 330)
[INFO] [stdout]     src/math/vec3.rs - math::vec3::Vec3 (line 350)
[INFO] [stdout]     src/math/vec3.rs - math::vec3::Vec3 (line 370)
[INFO] [stdout]     src/math/vec3.rs - math::vec3::Vec3 (line 390)
[INFO] [stdout]     src/math/vec3.rs - math::vec3::Vec3 (line 410)
[INFO] [stdout]     src/math/vec3.rs - math::vec3::Vec3 (line 430)
[INFO] [stdout]     src/math/vec3.rs - math::vec3::Vec3 (line 450)
[INFO] [stdout]     src/math/vec3.rs - math::vec3::Vec3 (line 476)
[INFO] [stdout]     src/math/vec3.rs - math::vec3::Vec3 (line 502)
[INFO] [stdout]     src/math/vec3.rs - math::vec3::Vec3 (line 528)
[INFO] [stdout]     src/math/vec3.rs - math::vec3::Vec3::dot (line 95)
[INFO] [stdout]     src/math/vec3.rs - math::vec3::f32 (line 554)
[INFO] [stdout]     src/math/vec3.rs - math::vec3::f32 (line 574)
[INFO] [stdout]     src/math/vec3.rs - math::vec3::f32 (line 594)
[INFO] [stdout]     src/math/vec3.rs - math::vec3::f32 (line 614)
[INFO] [stdout]     src/math/vec4.rs - math::vec4::(f32,f32,f32,f32) (line 45)
[INFO] [stdout]     src/math/vec4.rs - math::vec4::Vec4 (line 32)
[INFO] [stdout] 
[INFO] [stdout] test result: FAILED. 3 passed; 50 failed; 0 ignored; 0 measured; 0 filtered out; finished in 5.08s
[INFO] [stdout] 
[INFO] [stderr] error: doctest failed, to rerun pass `--doc`
[INFO] running `Command { std: "docker" "inspect" "ac190a11083575633b436053a7cf9f9a12a75e5bbee6efce3b6b8202557b239f", kill_on_drop: false }`
[INFO] running `Command { std: "docker" "rm" "-f" "ac190a11083575633b436053a7cf9f9a12a75e5bbee6efce3b6b8202557b239f", kill_on_drop: false }`
[INFO] [stdout] ac190a11083575633b436053a7cf9f9a12a75e5bbee6efce3b6b8202557b239f
