[INFO] cloning repository https://github.com/saulvaldelvira/http-server
[INFO] running `Command { std: "git" "-c" "credential.helper=" "-c" "credential.helper=/workspace/cargo-home/bin/git-credential-null" "clone" "--bare" "https://github.com/saulvaldelvira/http-server" "/workspace/cache/git-repos/https%3A%2F%2Fgithub.com%2Fsaulvaldelvira%2Fhttp-server", kill_on_drop: false }`
[INFO] [stderr] Cloning into bare repository '/workspace/cache/git-repos/https%3A%2F%2Fgithub.com%2Fsaulvaldelvira%2Fhttp-server'...
[INFO] running `Command { std: "git" "rev-parse" "HEAD", kill_on_drop: false }`
[INFO] [stdout] 168fad2ddba4f1a952182091c1fffe0b61097d95
[INFO] testing saulvaldelvira/http-server against nightly-2025-01-18 for randomize-layout-2
[INFO] running `Command { std: "git" "clone" "/workspace/cache/git-repos/https%3A%2F%2Fgithub.com%2Fsaulvaldelvira%2Fhttp-server" "/workspace/builds/worker-0-tc1/source", kill_on_drop: false }`
[INFO] [stderr] Cloning into '/workspace/builds/worker-0-tc1/source'...
[INFO] [stderr] done.
[INFO] validating manifest of git repo https://github.com/saulvaldelvira/http-server on toolchain nightly-2025-01-18
[INFO] running `Command { std: CARGO_HOME="/workspace/cargo-home" RUSTUP_HOME="/workspace/rustup-home" "/workspace/cargo-home/bin/cargo" "+nightly-2025-01-18" "metadata" "--manifest-path" "Cargo.toml" "--no-deps", kill_on_drop: false }`
[INFO] started tweaking git repo https://github.com/saulvaldelvira/http-server
[INFO] finished tweaking git repo https://github.com/saulvaldelvira/http-server
[INFO] tweaked toml for git repo https://github.com/saulvaldelvira/http-server written to /workspace/builds/worker-0-tc1/source/Cargo.toml
[INFO] running `Command { std: CARGO_HOME="/workspace/cargo-home" RUSTUP_HOME="/workspace/rustup-home" "/workspace/cargo-home/bin/cargo" "+nightly-2025-01-18" "generate-lockfile" "--manifest-path" "Cargo.toml", kill_on_drop: false }`
[INFO] [stderr]     Blocking waiting for file lock on package cache
[INFO] [stderr]     Updating crates.io index
[INFO] [stderr]     Updating git repository `https://github.com/saulvaldelvira/rb64`
[INFO] [stderr]     Updating git repository `https://github.com/saulvaldelvira/builders`
[INFO] [stderr]     Updating git repository `https://github.com/saulvaldelvira/regexpr`
[INFO] [stderr]     Updating git repository `https://github.com/saulvaldelvira/delay-init`
[INFO] [stderr]     Updating git repository `https://github.com/saulvaldelvira/json.rs`
[INFO] [stderr]     Updating git repository `https://github.com/saulvaldelvira/job-pool`
[INFO] [stderr]     Updating git repository `https://github.com/saulvaldelvira/dbg-unreachable`
[INFO] [stderr]      Locking 59 packages to latest compatible versions
[INFO] [stderr]       Adding cbindgen v0.24.5 (available: v0.28.0)
[INFO] running `Command { std: CARGO_HOME="/workspace/cargo-home" RUSTUP_HOME="/workspace/rustup-home" "/workspace/cargo-home/bin/cargo" "+nightly-2025-01-18" "fetch" "--manifest-path" "Cargo.toml", kill_on_drop: false }`
[INFO] [stderr]     Blocking waiting for file lock on package cache
[INFO] [stderr]     Blocking waiting for file lock on package cache
[INFO] [stderr]  Downloading crates ...
[INFO] [stderr]   Downloaded cbindgen v0.24.5
[INFO] running `Command { std: "docker" "create" "-v" "/var/lib/crater-agent-workspace/builds/worker-0-tc1/target:/opt/rustwide/target:rw,Z" "-v" "/var/lib/crater-agent-workspace/builds/worker-0-tc1/source:/opt/rustwide/workdir:ro,Z" "-v" "/var/lib/crater-agent-workspace/cargo-home:/opt/rustwide/cargo-home:ro,Z" "-v" "/var/lib/crater-agent-workspace/rustup-home:/opt/rustwide/rustup-home:ro,Z" "-e" "SOURCE_DIR=/opt/rustwide/workdir" "-e" "CARGO_TARGET_DIR=/opt/rustwide/target" "-e" "CARGO_HOME=/opt/rustwide/cargo-home" "-e" "RUSTUP_HOME=/opt/rustwide/rustup-home" "-w" "/opt/rustwide/workdir" "-m" "1610612736" "--user" "0:0" "--network" "none" "ghcr.io/rust-lang/crates-build-env/linux@sha256:819108c5571ea2e421544af4d832f968d213c87fbe3707a016657f43d2f853bc" "/opt/rustwide/cargo-home/bin/cargo" "+nightly-2025-01-18" "metadata" "--no-deps" "--format-version=1", kill_on_drop: false }`
[INFO] [stdout] 17ec8b7a088ed2c015144f363489dfea8a4c8ee5c352c372c62debe2502e6e11
[INFO] running `Command { std: "docker" "start" "-a" "17ec8b7a088ed2c015144f363489dfea8a4c8ee5c352c372c62debe2502e6e11", kill_on_drop: false }`
[INFO] running `Command { std: "docker" "inspect" "17ec8b7a088ed2c015144f363489dfea8a4c8ee5c352c372c62debe2502e6e11", kill_on_drop: false }`
[INFO] running `Command { std: "docker" "rm" "-f" "17ec8b7a088ed2c015144f363489dfea8a4c8ee5c352c372c62debe2502e6e11", kill_on_drop: false }`
[INFO] [stdout] 17ec8b7a088ed2c015144f363489dfea8a4c8ee5c352c372c62debe2502e6e11
[INFO] running `Command { std: "docker" "create" "-v" "/var/lib/crater-agent-workspace/builds/worker-0-tc1/target:/opt/rustwide/target:rw,Z" "-v" "/var/lib/crater-agent-workspace/builds/worker-0-tc1/source:/opt/rustwide/workdir:ro,Z" "-v" "/var/lib/crater-agent-workspace/cargo-home:/opt/rustwide/cargo-home:ro,Z" "-v" "/var/lib/crater-agent-workspace/rustup-home:/opt/rustwide/rustup-home:ro,Z" "-e" "SOURCE_DIR=/opt/rustwide/workdir" "-e" "CARGO_TARGET_DIR=/opt/rustwide/target" "-e" "CARGO_INCREMENTAL=0" "-e" "RUST_BACKTRACE=full" "-e" "RUSTFLAGS=--cap-lints=forbid" "-e" "RUSTDOCFLAGS=--cap-lints=forbid" "-e" "CARGO_HOME=/opt/rustwide/cargo-home" "-e" "RUSTUP_HOME=/opt/rustwide/rustup-home" "-w" "/opt/rustwide/workdir" "-m" "1610612736" "--user" "0:0" "--network" "none" "ghcr.io/rust-lang/crates-build-env/linux@sha256:819108c5571ea2e421544af4d832f968d213c87fbe3707a016657f43d2f853bc" "/opt/rustwide/cargo-home/bin/cargo" "+nightly-2025-01-18" "build" "--frozen" "--message-format=json", kill_on_drop: false }`
[INFO] [stdout] de6e4e4bef86408680c6e60ce0f27b77f7d2808f7a9c02a3100911382a58ed0d
[INFO] running `Command { std: "docker" "start" "-a" "de6e4e4bef86408680c6e60ce0f27b77f7d2808f7a9c02a3100911382a58ed0d", kill_on_drop: false }`
[INFO] [stderr]    Compiling proc-macro2 v1.0.93
[INFO] [stderr]    Compiling unicode-ident v1.0.14
[INFO] [stderr]    Compiling url-utils v0.1.2 (/opt/rustwide/workdir/src/url)
[INFO] [stderr]    Compiling regexpr v0.3.3 (https://github.com/saulvaldelvira/regexpr#ab1a493e)
[INFO] [stderr]    Compiling rb64 v0.2.0 (https://github.com/saulvaldelvira/rb64#22156d63)
[INFO] [stderr]    Compiling jsonrs v1.0.0 (https://github.com/saulvaldelvira/json.rs#b860da99)
[INFO] [stderr]    Compiling dbg_unreachable v0.1.2 (https://github.com/saulvaldelvira/dbg-unreachable#b3bad4db)
[INFO] [stderr]    Compiling job-pool v0.1.9 (https://github.com/saulvaldelvira/job-pool#49ccf002)
[INFO] [stderr]    Compiling rmime v0.1.6 (/opt/rustwide/workdir/src/mime)
[INFO] [stderr]    Compiling rhtml v0.1.6 (/opt/rustwide/workdir/src/html)
[INFO] [stderr]    Compiling delay_init v0.2.0 (https://github.com/saulvaldelvira/delay-init#3950a001)
[INFO] [stderr]    Compiling quote v1.0.38
[INFO] [stderr]    Compiling syn v2.0.96
[INFO] [stderr]    Compiling builders v0.2.0 (https://github.com/saulvaldelvira/builders#82dbb0bf)
[INFO] [stderr]    Compiling http-utils v0.1.2 (/opt/rustwide/workdir/src/http)
[INFO] [stderr]    Compiling http-srv v0.3.2 (/opt/rustwide/workdir)
[INFO] [stderr]     Finished `dev` profile [unoptimized + debuginfo] target(s) in 7.03s
[INFO] running `Command { std: "docker" "inspect" "de6e4e4bef86408680c6e60ce0f27b77f7d2808f7a9c02a3100911382a58ed0d", kill_on_drop: false }`
[INFO] running `Command { std: "docker" "rm" "-f" "de6e4e4bef86408680c6e60ce0f27b77f7d2808f7a9c02a3100911382a58ed0d", kill_on_drop: false }`
[INFO] [stdout] de6e4e4bef86408680c6e60ce0f27b77f7d2808f7a9c02a3100911382a58ed0d
[INFO] running `Command { std: "docker" "create" "-v" "/var/lib/crater-agent-workspace/builds/worker-0-tc1/target:/opt/rustwide/target:rw,Z" "-v" "/var/lib/crater-agent-workspace/builds/worker-0-tc1/source:/opt/rustwide/workdir:ro,Z" "-v" "/var/lib/crater-agent-workspace/cargo-home:/opt/rustwide/cargo-home:ro,Z" "-v" "/var/lib/crater-agent-workspace/rustup-home:/opt/rustwide/rustup-home:ro,Z" "-e" "SOURCE_DIR=/opt/rustwide/workdir" "-e" "CARGO_TARGET_DIR=/opt/rustwide/target" "-e" "CARGO_INCREMENTAL=0" "-e" "RUST_BACKTRACE=full" "-e" "RUSTFLAGS=--cap-lints=forbid" "-e" "RUSTDOCFLAGS=--cap-lints=forbid" "-e" "CARGO_HOME=/opt/rustwide/cargo-home" "-e" "RUSTUP_HOME=/opt/rustwide/rustup-home" "-w" "/opt/rustwide/workdir" "-m" "1610612736" "--user" "0:0" "--network" "none" "ghcr.io/rust-lang/crates-build-env/linux@sha256:819108c5571ea2e421544af4d832f968d213c87fbe3707a016657f43d2f853bc" "/opt/rustwide/cargo-home/bin/cargo" "+nightly-2025-01-18" "test" "--frozen" "--no-run" "--message-format=json", kill_on_drop: false }`
[INFO] [stdout] faf4de835d444708024603bce36985716bd4624147530ee91dfee52f00792fef
[INFO] running `Command { std: "docker" "start" "-a" "faf4de835d444708024603bce36985716bd4624147530ee91dfee52f00792fef", kill_on_drop: false }`
[INFO] [stderr]    Compiling http-srv v0.3.2 (/opt/rustwide/workdir)
[INFO] [stderr]     Finished `test` profile [unoptimized + debuginfo] target(s) in 0.84s
[INFO] running `Command { std: "docker" "inspect" "faf4de835d444708024603bce36985716bd4624147530ee91dfee52f00792fef", kill_on_drop: false }`
[INFO] running `Command { std: "docker" "rm" "-f" "faf4de835d444708024603bce36985716bd4624147530ee91dfee52f00792fef", kill_on_drop: false }`
[INFO] [stdout] faf4de835d444708024603bce36985716bd4624147530ee91dfee52f00792fef
[INFO] running `Command { std: "docker" "create" "-v" "/var/lib/crater-agent-workspace/builds/worker-0-tc1/target:/opt/rustwide/target:rw,Z" "-v" "/var/lib/crater-agent-workspace/builds/worker-0-tc1/source:/opt/rustwide/workdir:ro,Z" "-v" "/var/lib/crater-agent-workspace/cargo-home:/opt/rustwide/cargo-home:ro,Z" "-v" "/var/lib/crater-agent-workspace/rustup-home:/opt/rustwide/rustup-home:ro,Z" "-e" "SOURCE_DIR=/opt/rustwide/workdir" "-e" "CARGO_TARGET_DIR=/opt/rustwide/target" "-e" "CARGO_INCREMENTAL=0" "-e" "RUST_BACKTRACE=full" "-e" "RUSTFLAGS=--cap-lints=forbid" "-e" "RUSTDOCFLAGS=--cap-lints=forbid" "-e" "CARGO_HOME=/opt/rustwide/cargo-home" "-e" "RUSTUP_HOME=/opt/rustwide/rustup-home" "-w" "/opt/rustwide/workdir" "-m" "1610612736" "--user" "0:0" "--network" "none" "ghcr.io/rust-lang/crates-build-env/linux@sha256:819108c5571ea2e421544af4d832f968d213c87fbe3707a016657f43d2f853bc" "/opt/rustwide/cargo-home/bin/cargo" "+nightly-2025-01-18" "test" "--frozen", kill_on_drop: false }`
[INFO] [stdout] 3efe8743770d2e6aab2ce32dbdbe7c47ef92bbf06a526f8b8a1e353015c88f69
[INFO] running `Command { std: "docker" "start" "-a" "3efe8743770d2e6aab2ce32dbdbe7c47ef92bbf06a526f8b8a1e353015c88f69", kill_on_drop: false }`
[INFO] [stderr]     Finished `test` profile [unoptimized + debuginfo] target(s) in 0.08s
[INFO] [stderr]      Running unittests src/lib.rs (/opt/rustwide/target/debug/deps/http_srv-52912c9824903f9f)
[INFO] [stdout] 
[INFO] [stdout] running 6 tests
[INFO] [stdout] test client::config::test::valid_args ... ok
[INFO] [stdout] test server::config::test::missing ... ok
[INFO] [stdout] test client::config::test::unknown ... ok
[INFO] [stdout] test server::config::test::unknown ... ok
[INFO] [stderr]      Running unittests src/bin/client.rs (/opt/rustwide/target/debug/deps/http_client-0b24981f7ec2face)
[INFO] [stdout] test server::config::test::valid_args ... ok
[INFO] [stdout] test server::config::test::parse_error ... ok
[INFO] [stdout] 
[INFO] [stdout] test result: ok. 6 passed; 0 failed; 0 ignored; 0 measured; 0 filtered out; finished in 0.01s
[INFO] [stdout] 
[INFO] [stdout] 
[INFO] [stdout] running 0 tests
[INFO] [stdout] 
[INFO] [stdout] test result: ok. 0 passed; 0 failed; 0 ignored; 0 measured; 0 filtered out; finished in 0.00s
[INFO] [stdout] 
[INFO] [stderr]      Running unittests src/bin/server.rs (/opt/rustwide/target/debug/deps/http_srv-5f6946a7ac337217)
[INFO] [stdout] 
[INFO] [stdout] running 0 tests
[INFO] [stdout] 
[INFO] [stdout] test result: ok. 0 passed; 0 failed; 0 ignored; 0 measured; 0 filtered out; finished in 0.00s
[INFO] [stdout] 
[INFO] [stderr]    Doc-tests http_srv
[INFO] [stdout] 
[INFO] [stdout] running 3 tests
[INFO] [stdout] test src/lib.rs - (line 6) - compile ... ok
[INFO] [stdout] test src/server/mod.rs - server::HttpServer (line 23) - compile ... FAILED
[INFO] [stdout] test src/server/config.rs - server::config::ServerConfig (line 56) ... ok
[INFO] [stdout] 
[INFO] [stdout] failures:
[INFO] [stdout] 
[INFO] [stdout] ---- src/server/mod.rs - server::HttpServer (line 23) stdout ----
[INFO] [stdout] error[E0603]: module `request` is private
[INFO] [stdout]   --> src/server/mod.rs:27:15
[INFO] [stdout]    |
[INFO] [stdout] 7  | use http_srv::request::handler::Handler;
[INFO] [stdout]    |               ^^^^^^^ private module
[INFO] [stdout]    |
[INFO] [stdout] note: the module `request` is defined here
[INFO] [stdout]   --> /opt/rustwide/workdir/src/lib.rs:51:5
[INFO] [stdout]    |
[INFO] [stdout] 51 | use prelude::*;
[INFO] [stdout]    |     ^^^^^^^
[INFO] [stdout] help: consider importing this module instead
[INFO] [stdout]    |
[INFO] [stdout] 7  | use http::request::handler::Handler;
[INFO] [stdout]    |     ~~~~~~~~~~~~~~~~~~~~~~
[INFO] [stdout] help: import `request` directly
[INFO] [stdout]    |
[INFO] [stdout] 7  | use http::request;
[INFO] [stdout]    |     ~~~~~~~~~~~~~
[INFO] [stdout] 
[INFO] [stdout] error[E0603]: module `request` is private
[INFO] [stdout]   --> src/server/mod.rs:28:15
[INFO] [stdout]    |
[INFO] [stdout] 8  | use http_srv::request::HttpRequest;
[INFO] [stdout]    |               ^^^^^^^ private module
[INFO] [stdout]    |
[INFO] [stdout] note: the module `request` is defined here
[INFO] [stdout]   --> /opt/rustwide/workdir/src/lib.rs:51:5
[INFO] [stdout]    |
[INFO] [stdout] 51 | use prelude::*;
[INFO] [stdout]    |     ^^^^^^^
[INFO] [stdout] help: consider importing this module instead
[INFO] [stdout]    |
[INFO] [stdout] 8  | use http::request::HttpRequest;
[INFO] [stdout]    |     ~~~~~~~~~~~~~
[INFO] [stdout] help: import `request` directly
[INFO] [stdout]    |
[INFO] [stdout] 8  | use http::request;
[INFO] [stdout]    |     ~~~~~~~~~~~~~
[INFO] [stdout] 
[INFO] [stdout] error: aborting due to 2 previous errors
[INFO] [stdout] 
[INFO] [stdout] For more information about this error, try `rustc --explain E0603`.
[INFO] [stdout] Couldn't compile the test.
[INFO] [stdout] 
[INFO] [stdout] failures:
[INFO] [stdout]     src/server/mod.rs - server::HttpServer (line 23)
[INFO] [stdout] 
[INFO] [stdout] test result: FAILED. 2 passed; 1 failed; 0 ignored; 0 measured; 0 filtered out; finished in 0.23s
[INFO] [stdout] 
[INFO] [stderr] error: doctest failed, to rerun pass `--doc`
[INFO] running `Command { std: "docker" "inspect" "3efe8743770d2e6aab2ce32dbdbe7c47ef92bbf06a526f8b8a1e353015c88f69", kill_on_drop: false }`
[INFO] running `Command { std: "docker" "rm" "-f" "3efe8743770d2e6aab2ce32dbdbe7c47ef92bbf06a526f8b8a1e353015c88f69", kill_on_drop: false }`
[INFO] [stdout] 3efe8743770d2e6aab2ce32dbdbe7c47ef92bbf06a526f8b8a1e353015c88f69
