[INFO] cloning repository https://github.com/sathwikmatsa/Handmade3DRenderer
[INFO] running `Command { std: "git" "-c" "credential.helper=" "-c" "credential.helper=/workspace/cargo-home/bin/git-credential-null" "clone" "--bare" "https://github.com/sathwikmatsa/Handmade3DRenderer" "/workspace/cache/git-repos/https%3A%2F%2Fgithub.com%2Fsathwikmatsa%2FHandmade3DRenderer", kill_on_drop: false }`
[INFO] [stderr] Cloning into bare repository '/workspace/cache/git-repos/https%3A%2F%2Fgithub.com%2Fsathwikmatsa%2FHandmade3DRenderer'...
[INFO] running `Command { std: "git" "rev-parse" "HEAD", kill_on_drop: false }`
[INFO] [stdout] 3b7ab426480f646f0cd41cd59ecedf9dc160f621
[INFO] testing sathwikmatsa/Handmade3DRenderer against nightly-2025-01-18 for randomize-layout-2
[INFO] running `Command { std: "git" "clone" "/workspace/cache/git-repos/https%3A%2F%2Fgithub.com%2Fsathwikmatsa%2FHandmade3DRenderer" "/workspace/builds/worker-0-tc1/source", kill_on_drop: false }`
[INFO] [stderr] Cloning into '/workspace/builds/worker-0-tc1/source'...
[INFO] [stderr] done.
[INFO] validating manifest of git repo https://github.com/sathwikmatsa/Handmade3DRenderer on toolchain nightly-2025-01-18
[INFO] running `Command { std: CARGO_HOME="/workspace/cargo-home" RUSTUP_HOME="/workspace/rustup-home" "/workspace/cargo-home/bin/cargo" "+nightly-2025-01-18" "metadata" "--manifest-path" "Cargo.toml" "--no-deps", kill_on_drop: false }`
[INFO] started tweaking git repo https://github.com/sathwikmatsa/Handmade3DRenderer
[INFO] finished tweaking git repo https://github.com/sathwikmatsa/Handmade3DRenderer
[INFO] tweaked toml for git repo https://github.com/sathwikmatsa/Handmade3DRenderer written to /workspace/builds/worker-0-tc1/source/Cargo.toml
[INFO] crate git repo https://github.com/sathwikmatsa/Handmade3DRenderer already has a lockfile, it will not be regenerated
[INFO] running `Command { std: CARGO_HOME="/workspace/cargo-home" RUSTUP_HOME="/workspace/rustup-home" "/workspace/cargo-home/bin/cargo" "+nightly-2025-01-18" "fetch" "--manifest-path" "Cargo.toml", kill_on_drop: false }`
[INFO] [stderr]     Blocking waiting for file lock on package cache
[INFO] [stderr]     Blocking waiting for file lock on package cache
[INFO] [stderr]  Downloading crates ...
[INFO] [stderr]   Downloaded indicatif v0.12.0
[INFO] [stderr]   Downloaded console v0.9.0
[INFO] running `Command { std: "docker" "create" "-v" "/var/lib/crater-agent-workspace/builds/worker-0-tc1/target:/opt/rustwide/target:rw,Z" "-v" "/var/lib/crater-agent-workspace/builds/worker-0-tc1/source:/opt/rustwide/workdir:ro,Z" "-v" "/var/lib/crater-agent-workspace/cargo-home:/opt/rustwide/cargo-home:ro,Z" "-v" "/var/lib/crater-agent-workspace/rustup-home:/opt/rustwide/rustup-home:ro,Z" "-e" "SOURCE_DIR=/opt/rustwide/workdir" "-e" "CARGO_TARGET_DIR=/opt/rustwide/target" "-e" "CARGO_HOME=/opt/rustwide/cargo-home" "-e" "RUSTUP_HOME=/opt/rustwide/rustup-home" "-w" "/opt/rustwide/workdir" "-m" "1610612736" "--user" "0:0" "--network" "none" "ghcr.io/rust-lang/crates-build-env/linux@sha256:819108c5571ea2e421544af4d832f968d213c87fbe3707a016657f43d2f853bc" "/opt/rustwide/cargo-home/bin/cargo" "+nightly-2025-01-18" "metadata" "--no-deps" "--format-version=1", kill_on_drop: false }`
[INFO] [stdout] 12d2309593e144be5292862a91cbf495bb56df4b996e23376cf7e7d0db947b8f
[INFO] running `Command { std: "docker" "start" "-a" "12d2309593e144be5292862a91cbf495bb56df4b996e23376cf7e7d0db947b8f", kill_on_drop: false }`
[INFO] running `Command { std: "docker" "inspect" "12d2309593e144be5292862a91cbf495bb56df4b996e23376cf7e7d0db947b8f", kill_on_drop: false }`
[INFO] running `Command { std: "docker" "rm" "-f" "12d2309593e144be5292862a91cbf495bb56df4b996e23376cf7e7d0db947b8f", kill_on_drop: false }`
[INFO] [stdout] 12d2309593e144be5292862a91cbf495bb56df4b996e23376cf7e7d0db947b8f
[INFO] running `Command { std: "docker" "create" "-v" "/var/lib/crater-agent-workspace/builds/worker-0-tc1/target:/opt/rustwide/target:rw,Z" "-v" "/var/lib/crater-agent-workspace/builds/worker-0-tc1/source:/opt/rustwide/workdir:ro,Z" "-v" "/var/lib/crater-agent-workspace/cargo-home:/opt/rustwide/cargo-home:ro,Z" "-v" "/var/lib/crater-agent-workspace/rustup-home:/opt/rustwide/rustup-home:ro,Z" "-e" "SOURCE_DIR=/opt/rustwide/workdir" "-e" "CARGO_TARGET_DIR=/opt/rustwide/target" "-e" "CARGO_INCREMENTAL=0" "-e" "RUST_BACKTRACE=full" "-e" "RUSTFLAGS=--cap-lints=forbid" "-e" "RUSTDOCFLAGS=--cap-lints=forbid" "-e" "CARGO_HOME=/opt/rustwide/cargo-home" "-e" "RUSTUP_HOME=/opt/rustwide/rustup-home" "-w" "/opt/rustwide/workdir" "-m" "1610612736" "--user" "0:0" "--network" "none" "ghcr.io/rust-lang/crates-build-env/linux@sha256:819108c5571ea2e421544af4d832f968d213c87fbe3707a016657f43d2f853bc" "/opt/rustwide/cargo-home/bin/cargo" "+nightly-2025-01-18" "build" "--frozen" "--message-format=json", kill_on_drop: false }`
[INFO] [stdout] 4630d8a7146120396286afc54d0543c7fb348366cef9e9cb8189bb811ccd50ec
[INFO] running `Command { std: "docker" "start" "-a" "4630d8a7146120396286afc54d0543c7fb348366cef9e9cb8189bb811ccd50ec", kill_on_drop: false }`
[INFO] [stderr]    Compiling semver-parser v0.7.0
[INFO] [stderr]    Compiling lazy_static v1.4.0
[INFO] [stderr]    Compiling libc v0.2.62
[INFO] [stderr]    Compiling arrayvec v0.4.11
[INFO] [stderr]    Compiling cfg-if v0.1.9
[INFO] [stderr]    Compiling nodrop v0.1.13
[INFO] [stderr]    Compiling scopeguard v1.0.0
[INFO] [stderr]    Compiling rayon-core v1.6.0
[INFO] [stderr]    Compiling regex-syntax v0.6.12
[INFO] [stderr]    Compiling either v1.5.3
[INFO] [stderr]    Compiling unicode-width v0.1.6
[INFO] [stderr]    Compiling number_prefix v0.3.0
[INFO] [stderr]    Compiling crossbeam-utils v0.6.6
[INFO] [stderr]    Compiling semver v0.9.0
[INFO] [stderr]    Compiling crossbeam-queue v0.1.2
[INFO] [stderr]    Compiling rustc_version v0.2.3
[INFO] [stderr]    Compiling num_cpus v1.10.1
[INFO] [stderr]    Compiling termios v0.3.1
[INFO] [stderr]    Compiling clicolors-control v1.0.1
[INFO] [stderr]    Compiling memoffset v0.5.1
[INFO] [stderr]    Compiling crossbeam-epoch v0.7.2
[INFO] [stderr]    Compiling crossbeam-deque v0.7.1
[INFO] [stderr]    Compiling regex v1.3.1
[INFO] [stderr]    Compiling rayon v1.2.0
[INFO] [stderr]    Compiling console v0.9.0
[INFO] [stderr]    Compiling indicatif v0.12.0
[INFO] [stderr]    Compiling Handmade3DRenderer v0.1.0 (/opt/rustwide/workdir)
[INFO] [stdout] warning: creating a shared reference to mutable static is discouraged
[INFO] [stdout]   --> src/object.rs:12:14
[INFO] [stdout]    |
[INFO] [stdout] 12 |     unsafe { ID.fetch_add(1, atomic::Ordering::SeqCst) }
[INFO] [stdout]    |              ^^^^^^^^^^^^^^^^^^^^^^^^^^^^^^^^^^^^^^^^^ shared reference to mutable static
[INFO] [stdout]    |
[INFO] [stdout]    = note: for more information, see <https://doc.rust-lang.org/nightly/edition-guide/rust-2024/static-mut-references.html>
[INFO] [stdout]    = note: shared references to mutable statics are dangerous; it's undefined behavior if the static is mutated or if a mutable reference is created for it while the shared reference lives
[INFO] [stdout]    = note: `#[warn(static_mut_refs)]` on by default
[INFO] [stdout] 
[INFO] [stdout] 
[INFO] [stderr]     Finished `dev` profile [unoptimized + debuginfo] target(s) in 7.51s
[INFO] running `Command { std: "docker" "inspect" "4630d8a7146120396286afc54d0543c7fb348366cef9e9cb8189bb811ccd50ec", kill_on_drop: false }`
[INFO] running `Command { std: "docker" "rm" "-f" "4630d8a7146120396286afc54d0543c7fb348366cef9e9cb8189bb811ccd50ec", kill_on_drop: false }`
[INFO] [stdout] 4630d8a7146120396286afc54d0543c7fb348366cef9e9cb8189bb811ccd50ec
[INFO] running `Command { std: "docker" "create" "-v" "/var/lib/crater-agent-workspace/builds/worker-0-tc1/target:/opt/rustwide/target:rw,Z" "-v" "/var/lib/crater-agent-workspace/builds/worker-0-tc1/source:/opt/rustwide/workdir:ro,Z" "-v" "/var/lib/crater-agent-workspace/cargo-home:/opt/rustwide/cargo-home:ro,Z" "-v" "/var/lib/crater-agent-workspace/rustup-home:/opt/rustwide/rustup-home:ro,Z" "-e" "SOURCE_DIR=/opt/rustwide/workdir" "-e" "CARGO_TARGET_DIR=/opt/rustwide/target" "-e" "CARGO_INCREMENTAL=0" "-e" "RUST_BACKTRACE=full" "-e" "RUSTFLAGS=--cap-lints=forbid" "-e" "RUSTDOCFLAGS=--cap-lints=forbid" "-e" "CARGO_HOME=/opt/rustwide/cargo-home" "-e" "RUSTUP_HOME=/opt/rustwide/rustup-home" "-w" "/opt/rustwide/workdir" "-m" "1610612736" "--user" "0:0" "--network" "none" "ghcr.io/rust-lang/crates-build-env/linux@sha256:819108c5571ea2e421544af4d832f968d213c87fbe3707a016657f43d2f853bc" "/opt/rustwide/cargo-home/bin/cargo" "+nightly-2025-01-18" "test" "--frozen" "--no-run" "--message-format=json", kill_on_drop: false }`
[INFO] [stdout] c44b0dee14a6c9f4cdde6cd8f84ba6b13fb387c861907821bc1f4a16638772ec
[INFO] running `Command { std: "docker" "start" "-a" "c44b0dee14a6c9f4cdde6cd8f84ba6b13fb387c861907821bc1f4a16638772ec", kill_on_drop: false }`
[INFO] [stdout] warning: creating a shared reference to mutable static is discouraged
[INFO] [stdout]   --> src/object.rs:12:14
[INFO] [stdout]    |
[INFO] [stdout] 12 |     unsafe { ID.fetch_add(1, atomic::Ordering::SeqCst) }
[INFO] [stdout]    |              ^^^^^^^^^^^^^^^^^^^^^^^^^^^^^^^^^^^^^^^^^ shared reference to mutable static
[INFO] [stdout]    |
[INFO] [stdout]    = note: for more information, see <https://doc.rust-lang.org/nightly/edition-guide/rust-2024/static-mut-references.html>
[INFO] [stdout]    = note: shared references to mutable statics are dangerous; it's undefined behavior if the static is mutated or if a mutable reference is created for it while the shared reference lives
[INFO] [stdout]    = note: `#[warn(static_mut_refs)]` on by default
[INFO] [stdout] 
[INFO] [stdout] 
[INFO] [stderr]    Compiling Handmade3DRenderer v0.1.0 (/opt/rustwide/workdir)
[INFO] [stdout] warning: ambiguous glob re-exports
[INFO] [stdout]   --> src/lib.rs:9:9
[INFO] [stdout]    |
[INFO] [stdout] 9  | pub use color::*;
[INFO] [stdout]    |         ^^^^^^^^ the name `tests` in the type namespace is first re-exported here
[INFO] [stdout] ...
[INFO] [stdout] 33 | pub use plane::*;
[INFO] [stdout]    |         -------- but the name `tests` in the type namespace is also re-exported here
[INFO] [stdout]    |
[INFO] [stdout]    = note: `#[warn(ambiguous_glob_reexports)]` on by default
[INFO] [stdout] 
[INFO] [stdout] 
[INFO] [stdout] warning: creating a shared reference to mutable static is discouraged
[INFO] [stdout]   --> src/object.rs:12:14
[INFO] [stdout]    |
[INFO] [stdout] 12 |     unsafe { ID.fetch_add(1, atomic::Ordering::SeqCst) }
[INFO] [stdout]    |              ^^^^^^^^^^^^^^^^^^^^^^^^^^^^^^^^^^^^^^^^^ shared reference to mutable static
[INFO] [stdout]    |
[INFO] [stdout]    = note: for more information, see <https://doc.rust-lang.org/nightly/edition-guide/rust-2024/static-mut-references.html>
[INFO] [stdout]    = note: shared references to mutable statics are dangerous; it's undefined behavior if the static is mutated or if a mutable reference is created for it while the shared reference lives
[INFO] [stdout]    = note: `#[warn(static_mut_refs)]` on by default
[INFO] [stdout] 
[INFO] [stdout] 
[INFO] [stderr]     Finished `test` profile [unoptimized + debuginfo] target(s) in 2.55s
[INFO] running `Command { std: "docker" "inspect" "c44b0dee14a6c9f4cdde6cd8f84ba6b13fb387c861907821bc1f4a16638772ec", kill_on_drop: false }`
[INFO] running `Command { std: "docker" "rm" "-f" "c44b0dee14a6c9f4cdde6cd8f84ba6b13fb387c861907821bc1f4a16638772ec", kill_on_drop: false }`
[INFO] [stdout] c44b0dee14a6c9f4cdde6cd8f84ba6b13fb387c861907821bc1f4a16638772ec
[INFO] running `Command { std: "docker" "create" "-v" "/var/lib/crater-agent-workspace/builds/worker-0-tc1/target:/opt/rustwide/target:rw,Z" "-v" "/var/lib/crater-agent-workspace/builds/worker-0-tc1/source:/opt/rustwide/workdir:ro,Z" "-v" "/var/lib/crater-agent-workspace/cargo-home:/opt/rustwide/cargo-home:ro,Z" "-v" "/var/lib/crater-agent-workspace/rustup-home:/opt/rustwide/rustup-home:ro,Z" "-e" "SOURCE_DIR=/opt/rustwide/workdir" "-e" "CARGO_TARGET_DIR=/opt/rustwide/target" "-e" "CARGO_INCREMENTAL=0" "-e" "RUST_BACKTRACE=full" "-e" "RUSTFLAGS=--cap-lints=forbid" "-e" "RUSTDOCFLAGS=--cap-lints=forbid" "-e" "CARGO_HOME=/opt/rustwide/cargo-home" "-e" "RUSTUP_HOME=/opt/rustwide/rustup-home" "-w" "/opt/rustwide/workdir" "-m" "1610612736" "--user" "0:0" "--network" "none" "ghcr.io/rust-lang/crates-build-env/linux@sha256:819108c5571ea2e421544af4d832f968d213c87fbe3707a016657f43d2f853bc" "/opt/rustwide/cargo-home/bin/cargo" "+nightly-2025-01-18" "test" "--frozen", kill_on_drop: false }`
[INFO] [stdout] 40c210415f76aded118169c423914a842391c7caa77215246b7e5187b54b5d6b
[INFO] running `Command { std: "docker" "start" "-a" "40c210415f76aded118169c423914a842391c7caa77215246b7e5187b54b5d6b", kill_on_drop: false }`
[INFO] [stderr] warning: creating a shared reference to mutable static is discouraged
[INFO] [stderr]   --> src/object.rs:12:14
[INFO] [stderr]    |
[INFO] [stderr] 12 |     unsafe { ID.fetch_add(1, atomic::Ordering::SeqCst) }
[INFO] [stderr]    |              ^^^^^^^^^^^^^^^^^^^^^^^^^^^^^^^^^^^^^^^^^ shared reference to mutable static
[INFO] [stderr]    |
[INFO] [stderr]    = note: for more information, see <https://doc.rust-lang.org/nightly/edition-guide/rust-2024/static-mut-references.html>
[INFO] [stderr]    = note: shared references to mutable statics are dangerous; it's undefined behavior if the static is mutated or if a mutable reference is created for it while the shared reference lives
[INFO] [stderr]    = note: `#[warn(static_mut_refs)]` on by default
[INFO] [stderr] 
[INFO] [stderr] warning: ambiguous glob re-exports
[INFO] [stderr]   --> src/lib.rs:9:9
[INFO] [stderr]    |
[INFO] [stderr] 9  | pub use color::*;
[INFO] [stderr]    |         ^^^^^^^^ the name `tests` in the type namespace is first re-exported here
[INFO] [stderr] ...
[INFO] [stderr] 33 | pub use plane::*;
[INFO] [stderr]    |         -------- but the name `tests` in the type namespace is also re-exported here
[INFO] [stderr]    |
[INFO] [stderr]    = note: `#[warn(ambiguous_glob_reexports)]` on by default
[INFO] [stderr] 
[INFO] [stderr] warning: `Handmade3DRenderer` (lib) generated 1 warning
[INFO] [stderr] warning: `Handmade3DRenderer` (lib test) generated 2 warnings (1 duplicate)
[INFO] [stderr]     Finished `test` profile [unoptimized + debuginfo] target(s) in 0.04s
[INFO] [stderr]      Running unittests src/lib.rs (/opt/rustwide/target/debug/deps/Handmade3DRenderer-7fd7ff180c582d30)
[INFO] [stdout] 
[INFO] [stdout] running 96 tests
[INFO] [stdout] test canvas::tests::set_pixel_in_canvas ... ok
[INFO] [stdout] test color::tests::multiplying_color_with_scalar ... ok
[INFO] [stdout] test color::tests::multiplying_colors ... ok
[INFO] [stdout] test color::tests::create_color_pixel ... ok
[INFO] [stdout] test canvas::tests::create_canvas ... ok
[INFO] [stdout] test color::tests::adding_colors ... ok
[INFO] [stdout] test color::tests::subtracting_colors ... ok
[INFO] [stdout] test intersection::tests::compute_state_of_hit_inside_object ... ok
[INFO] [stdout] test intersection::tests::precompute_reflectv ... ok
[INFO] [stdout] test camera::tests::pixel_size ... ok
[INFO] [stdout] test camera::tests::compute_ray_for_pixel ... ok
[INFO] [stdout] test camera::tests::create_camera ... ok
[INFO] [stdout] test intersection::tests::create_intersection_object ... ok
[INFO] [stdout] test material::tests::lighting_light_offset_eye_surface ... ok
[INFO] [stdout] test material::tests::lighting_light_eye_offset_surface ... ok
[INFO] [stdout] test intersection::tests::precompute_intersection_state ... ok
[INFO] [stdout] test intersection::tests::hit_should_offset_point ... ok
[INFO] [stdout] test light::tests::create_light_source ... ok
[INFO] [stdout] test material::tests::lighting_eye_in_path_of_reflectionv ... ok
[INFO] [stdout] test material::tests::lighting_light_behind_surface ... ok
[INFO] [stdout] test matrix::tests::arbitrary_view_transformation ... ok
[INFO] [stdout] test matrix::tests::default_orientation ... ok
[INFO] [stdout] test matrix::tests::det_2x2 ... ok
[INFO] [stdout] test material::tests::lighting_with_pattern_applied ... ok
[INFO] [stdout] test material::tests::create_material ... ok
[INFO] [stdout] test matrix::tests::create_matrix ... ok
[INFO] [stdout] test material::tests::lighting_light_eye_surface ... ok
[INFO] [stdout] test matrix::tests::determinant_large ... ok
[INFO] [stdout] test matrix::tests::matrix_multiplication ... ok
[INFO] [stdout] test matrix::tests::identity_matrix ... ok
[INFO] [stdout] test matrix::tests::multiply_with_vector ... ok
[INFO] [stdout] test matrix::tests::matrix_inverse ... ok
[INFO] [stdout] test pattern::tests::ring_pattern ... ok
[INFO] [stdout] test pattern::tests::gradient_pattern ... ok
[INFO] [stdout] test material::tests::lighting_with_surface_in_shadow ... ok
[INFO] [stdout] test matrix::tests::cofactor ... ok
[INFO] [stdout] test matrix::tests::matrix_transpose ... ok
[INFO] [stdout] test pattern::tests::checkers_pattern ... ok
[INFO] [stdout] test matrix::tests::minor ... ok
[INFO] [stdout] test pattern::tests::create_stripe_pattern ... ok
[INFO] [stdout] test matrix::tests::sub_matrix ... ok
[INFO] [stdout] test matrix::tests::view_tranformation_move_world ... ok
[INFO] [stdout] test matrix::tests::view_transformation_pos_z ... ok
[INFO] [stdout] test matrix::tests::indexing_matrix ... ok
[INFO] [stdout] test matrix::tests::matrix_equality ... ok
[INFO] [stdout] test pattern::tests::stripes_with_pattern_transformation ... ok
[INFO] [stdout] test ray::tests::position_of_ray ... ok
[INFO] [stdout] test sphere::tests::normal_is_normalized ... ok
[INFO] [stdout] test sphere::tests::create_spheres ... ok
[INFO] [stdout] test sphere::tests::default_transform ... ok
[INFO] [stdout] test ray::tests::translating_ray ... ok
[INFO] [stdout] test pattern::tests::stripes_with_obj_transformation ... ok
[INFO] [stdout] test ray::tests::scaling_ray ... ok
[INFO] [stdout] test plane::tests::plane_normal ... ok
[INFO] [stdout] test ray::tests::create_ray ... ok
[INFO] [stdout] test sphere::tests::change_transformation ... ok
[INFO] [stdout] test sphere::tests::sphere_material ... ok
[INFO] [stdout] test vec3::tests::adding_vec3 ... ok
[INFO] [stdout] test vec3::tests::compare_f32 ... ok
[INFO] [stdout] test sphere::tests::normal_on_y ... ok
[INFO] [stdout] test vec3::tests::cross_product ... ok
[INFO] [stdout] test vec3::tests::dividing_by_scalar ... ok
[INFO] [stdout] test sphere::tests::normal_on_non_axial ... ok
[INFO] [stdout] test pattern::tests::stripes_with_obj_pattern_transformation ... ok
[INFO] [stdout] test sphere::tests::normal_on_transformed_sphere ... ok
[INFO] [stdout] test sphere::tests::normal_on_translated_sphere ... ok
[INFO] [stdout] test sphere::tests::normal_on_x ... ok
[INFO] [stdout] test sphere::tests::normal_on_z ... ok
[INFO] [stdout] test vec3::tests::dot_product ... ok
[INFO] [stdout] test vec3::tests::magnitude_of_vector ... ok
[INFO] [stdout] test world::tests::limit_recursion ... ok
[INFO] [stdout] test world::tests::not_collinear_no_shadow ... ok
[INFO] [stdout] test world::tests::obj_behind_point ... ok
[INFO] [stdout] test world::tests::obj_between_point_and_light ... ok
[INFO] [stdout] test world::tests::obj_behind_light ... ok
[INFO] [stdout] test vec3::tests::multiplying_with_scalar ... ok
[INFO] [stdout] test vec3::tests::negating_vec3 ... ok
[INFO] [stdout] test vec3::tests::normalize_vector ... ok
[INFO] [stdout] test vec3::tests::reflecting_vector ... ok
[INFO] [stdout] test vec3::tests::subtracting_vec3 ... ok
[INFO] [stdout] test world::tests::ray_hits ... ok
[INFO] [stdout] test camera::tests::render_image ... ok
[INFO] [stdout] test world::tests::create_world ... ok
[INFO] [stdout] test world::tests::default_world ... ok
[INFO] [stdout] test world::tests::intersect_with_ray ... ok
[INFO] [stdout] test world::tests::shading_intersection ... ok
[INFO] [stdout] test world::tests::strike_non_reflective_surface ... ok
[INFO] [stdout] test world::tests::intersection_behind_ray ... ok
[INFO] [stdout] test world::tests::shade_hit_intersection ... ok
[INFO] [stdout] test world::tests::strike_reflective_surface ... ok
[INFO] [stdout] test world::tests::shade_hit_with_reflective_material ... ok
[INFO] [stdout] test world::tests::shading_intersection_inside ... ok
[INFO] [stdout] test world::tests::ray_misses ... ok
[INFO] [stdout] test canvas::tests::canvas_to_ppm ... FAILED
[INFO] [stdout] test world::tests::avoid_infinite_recursion ... ok
[INFO] [stdout] test pattern::tests::get_color_at_point ... FAILED
[INFO] [stdout] 
[INFO] [stdout] failures:
[INFO] [stdout] 
[INFO] [stdout] ---- canvas::tests::canvas_to_ppm stdout ----
[INFO] [stdout] 
[INFO] [stdout] thread 'canvas::tests::canvas_to_ppm' panicked at src/canvas.rs:73:47:
[INFO] [stdout] Unable to create file: Os { code: 30, kind: ReadOnlyFilesystem, message: "Read-only file system" }
[INFO] [stdout] stack backtrace:
[INFO] [stdout]    0:     0x61b358c5e19a - std::backtrace_rs::backtrace::libunwind::trace::hb059275cfc8d6126
[INFO] [stdout]                                at /rustc/6067b36314ab5eb2eb47cecc464545ba58e1ad24/library/std/src/../../backtrace/src/backtrace/libunwind.rs:116:5
[INFO] [stdout]    1:     0x61b358c5e19a - std::backtrace_rs::backtrace::trace_unsynchronized::h2da071e4327ce3ee
[INFO] [stdout]                                at /rustc/6067b36314ab5eb2eb47cecc464545ba58e1ad24/library/std/src/../../backtrace/src/backtrace/mod.rs:66:5
[INFO] [stdout]    2:     0x61b358c5e19a - std::sys::backtrace::_print_fmt::h842a1474e6f8d23f
[INFO] [stdout]                                at /rustc/6067b36314ab5eb2eb47cecc464545ba58e1ad24/library/std/src/sys/backtrace.rs:66:9
[INFO] [stdout]    3:     0x61b358c5e19a - <std::sys::backtrace::BacktraceLock::print::DisplayBacktrace as core::fmt::Display>::fmt::h71a62eb3b9696b12
[INFO] [stdout]                                at /rustc/6067b36314ab5eb2eb47cecc464545ba58e1ad24/library/std/src/sys/backtrace.rs:39:26
[INFO] [stdout]    4:     0x61b358c86783 - core::fmt::rt::Argument::fmt::hdb6b616786b41dc1
[INFO] [stdout]                                at /rustc/6067b36314ab5eb2eb47cecc464545ba58e1ad24/library/core/src/fmt/rt.rs:177:76
[INFO] [stdout]    5:     0x61b358c86783 - core::fmt::write::h2cc1698af7e2d686
[INFO] [stdout]                                at /rustc/6067b36314ab5eb2eb47cecc464545ba58e1ad24/library/core/src/fmt/mod.rs:1440:21
[INFO] [stdout]    6:     0x61b358c5ac03 - std::io::Write::write_fmt::hab1b4cd059a79022
[INFO] [stdout]                                at /rustc/6067b36314ab5eb2eb47cecc464545ba58e1ad24/library/std/src/io/mod.rs:1887:15
[INFO] [stdout]    7:     0x61b358c5dfe2 - std::sys::backtrace::BacktraceLock::print::h147fe35b4ea13b08
[INFO] [stdout]                                at /rustc/6067b36314ab5eb2eb47cecc464545ba58e1ad24/library/std/src/sys/backtrace.rs:42:9
[INFO] [stdout]    8:     0x61b358c5f5bf - std::panicking::default_hook::{{closure}}::hbd44223dbdc0d208
[INFO] [stdout]                                at /rustc/6067b36314ab5eb2eb47cecc464545ba58e1ad24/library/std/src/panicking.rs:298:22
[INFO] [stdout]    9:     0x61b358c5f3d8 - std::panicking::default_hook::h20f81eb0576efcec
[INFO] [stdout]                                at /rustc/6067b36314ab5eb2eb47cecc464545ba58e1ad24/library/std/src/panicking.rs:322:9
[INFO] [stdout]   10:     0x61b358b3a313 - <alloc::boxed::Box<F,A> as core::ops::function::Fn<Args>>::call::hdb53814c496a4d34
[INFO] [stdout]                                at /rustc/6067b36314ab5eb2eb47cecc464545ba58e1ad24/library/alloc/src/boxed.rs:2027:9
[INFO] [stdout]   11:     0x61b358b3a313 - test::test_main::{{closure}}::hc0a4963c59427c24
[INFO] [stdout]                                at /rustc/6067b36314ab5eb2eb47cecc464545ba58e1ad24/library/test/src/lib.rs:134:21
[INFO] [stdout]   12:     0x61b358c600b3 - <alloc::boxed::Box<F,A> as core::ops::function::Fn<Args>>::call::h591b2225413a77e9
[INFO] [stdout]                                at /rustc/6067b36314ab5eb2eb47cecc464545ba58e1ad24/library/alloc/src/boxed.rs:2027:9
[INFO] [stdout]   13:     0x61b358c600b3 - std::panicking::rust_panic_with_hook::h625eea43051b2edc
[INFO] [stdout]                                at /rustc/6067b36314ab5eb2eb47cecc464545ba58e1ad24/library/std/src/panicking.rs:839:13
[INFO] [stdout]   14:     0x61b358c5fd6a - std::panicking::begin_panic_handler::{{closure}}::h4f9159cfbc3f6bd3
[INFO] [stdout]                                at /rustc/6067b36314ab5eb2eb47cecc464545ba58e1ad24/library/std/src/panicking.rs:704:13
[INFO] [stdout]   15:     0x61b358c5e699 - std::sys::backtrace::__rust_end_short_backtrace::h0390abce48353151
[INFO] [stdout]                                at /rustc/6067b36314ab5eb2eb47cecc464545ba58e1ad24/library/std/src/sys/backtrace.rs:168:18
[INFO] [stdout]   16:     0x61b358c5f9fd - rust_begin_unwind
[INFO] [stdout]                                at /rustc/6067b36314ab5eb2eb47cecc464545ba58e1ad24/library/std/src/panicking.rs:695:5
[INFO] [stdout]   17:     0x61b358c84700 - core::panicking::panic_fmt::h9e7c637e9e5f29c9
[INFO] [stdout]                                at /rustc/6067b36314ab5eb2eb47cecc464545ba58e1ad24/library/core/src/panicking.rs:75:14
[INFO] [stdout]   18:     0x61b358c84b76 - core::result::unwrap_failed::h7979f09313fe1849
[INFO] [stdout]                                at /rustc/6067b36314ab5eb2eb47cecc464545ba58e1ad24/library/core/src/result.rs:1704:5
[INFO] [stdout]   19:     0x61b358ae327d - core::result::Result<T,E>::expect::h0396b7d31c8dfd5c
[INFO] [stdout]                                at /rustc/6067b36314ab5eb2eb47cecc464545ba58e1ad24/library/core/src/result.rs:1061:23
[INFO] [stdout]   20:     0x61b358af8633 - Handmade3DRenderer::canvas::Canvas::save_as_ppm::hd4c18210c3b5d861
[INFO] [stdout]                                at /opt/rustwide/workdir/src/canvas.rs:73:24
[INFO] [stdout]   21:     0x61b358adc024 - Handmade3DRenderer::canvas::tests::canvas_to_ppm::h2d110e6bdd85e875
[INFO] [stdout]                                at /opt/rustwide/workdir/src/canvas.rs:110:9
[INFO] [stdout]   22:     0x61b358adbe87 - Handmade3DRenderer::canvas::tests::canvas_to_ppm::{{closure}}::hb2b9463dad71362a
[INFO] [stdout]                                at /opt/rustwide/workdir/src/canvas.rs:100:23
[INFO] [stdout]   23:     0x61b358adfad6 - core::ops::function::FnOnce::call_once::h1eca5554d78ed927
[INFO] [stdout]                                at /rustc/6067b36314ab5eb2eb47cecc464545ba58e1ad24/library/core/src/ops/function.rs:250:5
[INFO] [stdout]   24:     0x61b358b3fa6b - core::ops::function::FnOnce::call_once::he27718dfdd183f43
[INFO] [stdout]                                at /rustc/6067b36314ab5eb2eb47cecc464545ba58e1ad24/library/core/src/ops/function.rs:250:5
[INFO] [stdout]   25:     0x61b358b3fa6b - test::__rust_begin_short_backtrace::h4e84902998457a5d
[INFO] [stdout]                                at /rustc/6067b36314ab5eb2eb47cecc464545ba58e1ad24/library/test/src/lib.rs:632:18
[INFO] [stdout]   26:     0x61b358b3e9a3 - test::run_test_in_process::{{closure}}::h7176fd18fc1feca0
[INFO] [stdout]                                at /rustc/6067b36314ab5eb2eb47cecc464545ba58e1ad24/library/test/src/lib.rs:655:60
[INFO] [stdout]   27:     0x61b358b3e9a3 - <core::panic::unwind_safe::AssertUnwindSafe<F> as core::ops::function::FnOnce<()>>::call_once::hf79cff2a624d8cf7
[INFO] [stdout]                                at /rustc/6067b36314ab5eb2eb47cecc464545ba58e1ad24/library/core/src/panic/unwind_safe.rs:272:9
[INFO] [stdout]   28:     0x61b358b3e9a3 - std::panicking::try::do_call::h3da0561d9ab99c25
[INFO] [stdout]                                at /rustc/6067b36314ab5eb2eb47cecc464545ba58e1ad24/library/std/src/panicking.rs:587:40
[INFO] [stdout]   29:     0x61b358b3e9a3 - std::panicking::try::h41c9fa508bc61df6
[INFO] [stdout]                                at /rustc/6067b36314ab5eb2eb47cecc464545ba58e1ad24/library/std/src/panicking.rs:550:19
[INFO] [stdout]   30:     0x61b358b3e9a3 - std::panic::catch_unwind::h6b3ff07bb5afad93
[INFO] [stdout]                                at /rustc/6067b36314ab5eb2eb47cecc464545ba58e1ad24/library/std/src/panic.rs:358:14
[INFO] [stdout]   31:     0x61b358b3e9a3 - test::run_test_in_process::hc7253dd11b39b9f4
[INFO] [stdout]                                at /rustc/6067b36314ab5eb2eb47cecc464545ba58e1ad24/library/test/src/lib.rs:655:27
[INFO] [stdout]   32:     0x61b358b3e9a3 - test::run_test::{{closure}}::hfb2007f8649c30bb
[INFO] [stdout]                                at /rustc/6067b36314ab5eb2eb47cecc464545ba58e1ad24/library/test/src/lib.rs:576:43
[INFO] [stdout]   33:     0x61b358b01a85 - test::run_test::{{closure}}::h56a17aa7a282a9f4
[INFO] [stdout]                                at /rustc/6067b36314ab5eb2eb47cecc464545ba58e1ad24/library/test/src/lib.rs:606:41
[INFO] [stdout]   34:     0x61b358b01a85 - std::sys::backtrace::__rust_begin_short_backtrace::hd2d2d2fb8e8c6aac
[INFO] [stdout]                                at /rustc/6067b36314ab5eb2eb47cecc464545ba58e1ad24/library/std/src/sys/backtrace.rs:152:18
[INFO] [stdout]   35:     0x61b358b0536a - std::thread::Builder::spawn_unchecked_::{{closure}}::{{closure}}::h4faa3f9db6133423
[INFO] [stdout]                                at /rustc/6067b36314ab5eb2eb47cecc464545ba58e1ad24/library/std/src/thread/mod.rs:559:17
[INFO] [stdout]   36:     0x61b358b0536a - <core::panic::unwind_safe::AssertUnwindSafe<F> as core::ops::function::FnOnce<()>>::call_once::hf2e855a36a4ea846
[INFO] [stdout]                                at /rustc/6067b36314ab5eb2eb47cecc464545ba58e1ad24/library/core/src/panic/unwind_safe.rs:272:9
[INFO] [stdout]   37:     0x61b358b0536a - std::panicking::try::do_call::h2f73af3616c35465
[INFO] [stdout]                                at /rustc/6067b36314ab5eb2eb47cecc464545ba58e1ad24/library/std/src/panicking.rs:587:40
[INFO] [stdout]   38:     0x61b358b0536a - std::panicking::try::hd1660ce9efadef5a
[INFO] [stdout]                                at /rustc/6067b36314ab5eb2eb47cecc464545ba58e1ad24/library/std/src/panicking.rs:550:19
[INFO] [stdout]   39:     0x61b358b0536a - std::panic::catch_unwind::h5ee8d7823b8ca744
[INFO] [stdout]                                at /rustc/6067b36314ab5eb2eb47cecc464545ba58e1ad24/library/std/src/panic.rs:358:14
[INFO] [stdout]   40:     0x61b358b0536a - std::thread::Builder::spawn_unchecked_::{{closure}}::h53c3a1894dce8407
[INFO] [stdout]                                at /rustc/6067b36314ab5eb2eb47cecc464545ba58e1ad24/library/std/src/thread/mod.rs:557:30
[INFO] [stdout]   41:     0x61b358b0536a - core::ops::function::FnOnce::call_once{{vtable.shim}}::h048ce291ad4f62bf
[INFO] [stdout]                                at /rustc/6067b36314ab5eb2eb47cecc464545ba58e1ad24/library/core/src/ops/function.rs:250:5
[INFO] [stdout]   42:     0x61b358c641db - <alloc::boxed::Box<F,A> as core::ops::function::FnOnce<Args>>::call_once::ha52bedf99a3b4981
[INFO] [stdout]                                at /rustc/6067b36314ab5eb2eb47cecc464545ba58e1ad24/library/alloc/src/boxed.rs:2013:9
[INFO] [stdout]   43:     0x61b358c641db - <alloc::boxed::Box<F,A> as core::ops::function::FnOnce<Args>>::call_once::h567748934d80ccf8
[INFO] [stdout]                                at /rustc/6067b36314ab5eb2eb47cecc464545ba58e1ad24/library/alloc/src/boxed.rs:2013:9
[INFO] [stdout]   44:     0x61b358c641db - std::sys::pal::unix::thread::Thread::new::thread_start::h2d970728ae887adc
[INFO] [stdout]                                at /rustc/6067b36314ab5eb2eb47cecc464545ba58e1ad24/library/std/src/sys/pal/unix/thread.rs:106:17
[INFO] [stdout]   45:     0x713a33cc1ac3 - <unknown>
[INFO] [stdout]   46:     0x713a33d52a04 - clone
[INFO] [stdout]   47:                0x0 - <unknown>
[INFO] [stdout] 
[INFO] [stdout] ---- pattern::tests::get_color_at_point stdout ----
[INFO] [stdout] 
[INFO] [stdout] thread 'pattern::tests::get_color_at_point' panicked at src/pattern.rs:128:9:
[INFO] [stdout] assertion `left == right` failed
[INFO] [stdout]   left: Color { red: 1.0, green: 1.0, blue: 1.0 }
[INFO] [stdout]  right: Color { red: 0.0, green: 0.0, blue: 0.0 }
[INFO] [stdout] stack backtrace:
[INFO] [stdout]    0:     0x61b358c5e19a - std::backtrace_rs::backtrace::libunwind::trace::hb059275cfc8d6126
[INFO] [stdout]                                at /rustc/6067b36314ab5eb2eb47cecc464545ba58e1ad24/library/std/src/../../backtrace/src/backtrace/libunwind.rs:116:5
[INFO] [stdout]    1:     0x61b358c5e19a - std::backtrace_rs::backtrace::trace_unsynchronized::h2da071e4327ce3ee
[INFO] [stdout]                                at /rustc/6067b36314ab5eb2eb47cecc464545ba58e1ad24/library/std/src/../../backtrace/src/backtrace/mod.rs:66:5
[INFO] [stdout]    2:     0x61b358c5e19a - std::sys::backtrace::_print_fmt::h842a1474e6f8d23f
[INFO] [stdout]                                at /rustc/6067b36314ab5eb2eb47cecc464545ba58e1ad24/library/std/src/sys/backtrace.rs:66:9
[INFO] [stdout]    3:     0x61b358c5e19a - <std::sys::backtrace::BacktraceLock::print::DisplayBacktrace as core::fmt::Display>::fmt::h71a62eb3b9696b12
[INFO] [stdout]                                at /rustc/6067b36314ab5eb2eb47cecc464545ba58e1ad24/library/std/src/sys/backtrace.rs:39:26
[INFO] [stdout]    4:     0x61b358c86783 - core::fmt::rt::Argument::fmt::hdb6b616786b41dc1
[INFO] [stdout]                                at /rustc/6067b36314ab5eb2eb47cecc464545ba58e1ad24/library/core/src/fmt/rt.rs:177:76
[INFO] [stdout]    5:     0x61b358c86783 - core::fmt::write::h2cc1698af7e2d686
[INFO] [stdout]                                at /rustc/6067b36314ab5eb2eb47cecc464545ba58e1ad24/library/core/src/fmt/mod.rs:1440:21
[INFO] [stdout]    6:     0x61b358c5ac03 - std::io::Write::write_fmt::hab1b4cd059a79022
[INFO] [stdout]                                at /rustc/6067b36314ab5eb2eb47cecc464545ba58e1ad24/library/std/src/io/mod.rs:1887:15
[INFO] [stdout]    7:     0x61b358c5dfe2 - std::sys::backtrace::BacktraceLock::print::h147fe35b4ea13b08
[INFO] [stdout]                                at /rustc/6067b36314ab5eb2eb47cecc464545ba58e1ad24/library/std/src/sys/backtrace.rs:42:9
[INFO] [stdout]    8:     0x61b358c5f5bf - std::panicking::default_hook::{{closure}}::hbd44223dbdc0d208
[INFO] [stdout]                                at /rustc/6067b36314ab5eb2eb47cecc464545ba58e1ad24/library/std/src/panicking.rs:298:22
[INFO] [stdout]    9:     0x61b358c5f3d8 - std::panicking::default_hook::h20f81eb0576efcec
[INFO] [stdout]                                at /rustc/6067b36314ab5eb2eb47cecc464545ba58e1ad24/library/std/src/panicking.rs:322:9
[INFO] [stdout]   10:     0x61b358b3a313 - <alloc::boxed::Box<F,A> as core::ops::function::Fn<Args>>::call::hdb53814c496a4d34
[INFO] [stdout]                                at /rustc/6067b36314ab5eb2eb47cecc464545ba58e1ad24/library/alloc/src/boxed.rs:2027:9
[INFO] [stdout]   11:     0x61b358b3a313 - test::test_main::{{closure}}::hc0a4963c59427c24
[INFO] [stdout]                                at /rustc/6067b36314ab5eb2eb47cecc464545ba58e1ad24/library/test/src/lib.rs:134:21
[INFO] [stdout]   12:     0x61b358c600b3 - <alloc::boxed::Box<F,A> as core::ops::function::Fn<Args>>::call::h591b2225413a77e9
[INFO] [stdout]                                at /rustc/6067b36314ab5eb2eb47cecc464545ba58e1ad24/library/alloc/src/boxed.rs:2027:9
[INFO] [stdout]   13:     0x61b358c600b3 - std::panicking::rust_panic_with_hook::h625eea43051b2edc
[INFO] [stdout]                                at /rustc/6067b36314ab5eb2eb47cecc464545ba58e1ad24/library/std/src/panicking.rs:839:13
[INFO] [stdout]   14:     0x61b358c5fd6a - std::panicking::begin_panic_handler::{{closure}}::h4f9159cfbc3f6bd3
[INFO] [stdout]                                at /rustc/6067b36314ab5eb2eb47cecc464545ba58e1ad24/library/std/src/panicking.rs:704:13
[INFO] [stdout]   15:     0x61b358c5e699 - std::sys::backtrace::__rust_end_short_backtrace::h0390abce48353151
[INFO] [stdout]                                at /rustc/6067b36314ab5eb2eb47cecc464545ba58e1ad24/library/std/src/sys/backtrace.rs:168:18
[INFO] [stdout]   16:     0x61b358c5f9fd - rust_begin_unwind
[INFO] [stdout]                                at /rustc/6067b36314ab5eb2eb47cecc464545ba58e1ad24/library/std/src/panicking.rs:695:5
[INFO] [stdout]   17:     0x61b358c84700 - core::panicking::panic_fmt::h9e7c637e9e5f29c9
[INFO] [stdout]                                at /rustc/6067b36314ab5eb2eb47cecc464545ba58e1ad24/library/core/src/panicking.rs:75:14
[INFO] [stdout]   18:     0x61b358c84af2 - core::panicking::assert_failed_inner::h538bec7c1374cd9c
[INFO] [stdout]   19:     0x61b358af77f5 - core::panicking::assert_failed::h6622000164ac3025
[INFO] [stdout]                                at /rustc/6067b36314ab5eb2eb47cecc464545ba58e1ad24/library/core/src/panicking.rs:364:5
[INFO] [stdout]   20:     0x61b358af2d4a - Handmade3DRenderer::pattern::tests::get_color_at_point::h7ba1bc28a4022350
[INFO] [stdout]                                at /opt/rustwide/workdir/src/pattern.rs:128:9
[INFO] [stdout]   21:     0x61b358af27d7 - Handmade3DRenderer::pattern::tests::get_color_at_point::{{closure}}::hb3bad3127e0452fb
[INFO] [stdout]                                at /opt/rustwide/workdir/src/pattern.rs:116:28
[INFO] [stdout]   22:     0x61b358ae0c36 - core::ops::function::FnOnce::call_once::hd153e26b771f172f
[INFO] [stdout]                                at /rustc/6067b36314ab5eb2eb47cecc464545ba58e1ad24/library/core/src/ops/function.rs:250:5
[INFO] [stdout]   23:     0x61b358b3fa6b - core::ops::function::FnOnce::call_once::he27718dfdd183f43
[INFO] [stdout]                                at /rustc/6067b36314ab5eb2eb47cecc464545ba58e1ad24/library/core/src/ops/function.rs:250:5
[INFO] [stdout]   24:     0x61b358b3fa6b - test::__rust_begin_short_backtrace::h4e84902998457a5d
[INFO] [stdout]                                at /rustc/6067b36314ab5eb2eb47cecc464545ba58e1ad24/library/test/src/lib.rs:632:18
[INFO] [stdout]   25:     0x61b358b3e9a3 - test::run_test_in_process::{{closure}}::h7176fd18fc1feca0
[INFO] [stdout]                                at /rustc/6067b36314ab5eb2eb47cecc464545ba58e1ad24/library/test/src/lib.rs:655:60
[INFO] [stdout]   26:     0x61b358b3e9a3 - <core::panic::unwind_safe::AssertUnwindSafe<F> as core::ops::function::FnOnce<()>>::call_once::hf79cff2a624d8cf7
[INFO] [stdout]                                at /rustc/6067b36314ab5eb2eb47cecc464545ba58e1ad24/library/core/src/panic/unwind_safe.rs:272:9
[INFO] [stdout]   27:     0x61b358b3e9a3 - std::panicking::try::do_call::h3da0561d9ab99c25
[INFO] [stdout]                                at /rustc/6067b36314ab5eb2eb47cecc464545ba58e1ad24/library/std/src/panicking.rs:587:40
[INFO] [stdout]   28:     0x61b358b3e9a3 - std::panicking::try::h41c9fa508bc61df6
[INFO] [stdout]                                at /rustc/6067b36314ab5eb2eb47cecc464545ba58e1ad24/library/std/src/panicking.rs:550:19
[INFO] [stdout]   29:     0x61b358b3e9a3 - std::panic::catch_unwind::h6b3ff07bb5afad93
[INFO] [stdout]                                at /rustc/6067b36314ab5eb2eb47cecc464545ba58e1ad24/library/std/src/panic.rs:358:14
[INFO] [stdout]   30:     0x61b358b3e9a3 - test::run_test_in_process::hc7253dd11b39b9f4
[INFO] [stdout]                                at /rustc/6067b36314ab5eb2eb47cecc464545ba58e1ad24/library/test/src/lib.rs:655:27
[INFO] [stdout]   31:     0x61b358b3e9a3 - test::run_test::{{closure}}::hfb2007f8649c30bb
[INFO] [stdout]                                at /rustc/6067b36314ab5eb2eb47cecc464545ba58e1ad24/library/test/src/lib.rs:576:43
[INFO] [stdout]   32:     0x61b358b01a85 - test::run_test::{{closure}}::h56a17aa7a282a9f4
[INFO] [stdout]                                at /rustc/6067b36314ab5eb2eb47cecc464545ba58e1ad24/library/test/src/lib.rs:606:41
[INFO] [stdout]   33:     0x61b358b01a85 - std::sys::backtrace::__rust_begin_short_backtrace::hd2d2d2fb8e8c6aac
[INFO] [stdout]                                at /rustc/6067b36314ab5eb2eb47cecc464545ba58e1ad24/library/std/src/sys/backtrace.rs:152:18
[INFO] [stdout]   34:     0x61b358b0536a - std::thread::Builder::spawn_unchecked_::{{closure}}::{{closure}}::h4faa3f9db6133423
[INFO] [stdout]                                at /rustc/6067b36314ab5eb2eb47cecc464545ba58e1ad24/library/std/src/thread/mod.rs:559:17
[INFO] [stdout]   35:     0x61b358b0536a - <core::panic::unwind_safe::AssertUnwindSafe<F> as core::ops::function::FnOnce<()>>::call_once::hf2e855a36a4ea846
[INFO] [stdout]                                at /rustc/6067b36314ab5eb2eb47cecc464545ba58e1ad24/library/core/src/panic/unwind_safe.rs:272:9
[INFO] [stdout]   36:     0x61b358b0536a - std::panicking::try::do_call::h2f73af3616c35465
[INFO] [stdout]                                at /rustc/6067b36314ab5eb2eb47cecc464545ba58e1ad24/library/std/src/panicking.rs:587:40
[INFO] [stdout]   37:     0x61b358b0536a - std::panicking::try::hd1660ce9efadef5a
[INFO] [stdout]                                at /rustc/6067b36314ab5eb2eb47cecc464545ba58e1ad24/library/std/src/panicking.rs:550:19
[INFO] [stdout]   38:     0x61b358b0536a - std::panic::catch_unwind::h5ee8d7823b8ca744
[INFO] [stdout]                                at /rustc/6067b36314ab5eb2eb47cecc464545ba58e1ad24/library/std/src/panic.rs:358:14
[INFO] [stdout]   39:     0x61b358b0536a - std::thread::Builder::spawn_unchecked_::{{closure}}::h53c3a1894dce8407
[INFO] [stdout]                                at /rustc/6067b36314ab5eb2eb47cecc464545ba58e1ad24/library/std/src/thread/mod.rs:557:30
[INFO] [stdout]   40:     0x61b358b0536a - core::ops::function::FnOnce::call_once{{vtable.shim}}::h048ce291ad4f62bf
[INFO] [stdout]                                at /rustc/6067b36314ab5eb2eb47cecc464545ba58e1ad24/library/core/src/ops/function.rs:250:5
[INFO] [stdout]   41:     0x61b358c641db - <alloc::boxed::Box<F,A> as core::ops::function::FnOnce<Args>>::call_once::ha52bedf99a3b4981
[INFO] [stdout]                                at /rustc/6067b36314ab5eb2eb47cecc464545ba58e1ad24/library/alloc/src/boxed.rs:2013:9
[INFO] [stdout]   42:     0x61b358c641db - <alloc::boxed::Box<F,A> as core::ops::function::FnOnce<Args>>::call_once::h567748934d80ccf8
[INFO] [stdout]                                at /rustc/6067b36314ab5eb2eb47cecc464545ba58e1ad24/library/alloc/src/boxed.rs:2013:9
[INFO] [stdout]   43:     0x61b358c641db - std::sys::pal::unix::thread::Thread::new::thread_start::h2d970728ae887adc
[INFO] [stdout]                                at /rustc/6067b36314ab5eb2eb47cecc464545ba58e1ad24/library/std/src/sys/pal/unix/thread.rs:106:17
[INFO] [stdout]   44:     0x713a33cc1ac3 - <unknown>
[INFO] [stdout]   45:     0x713a33d52a04 - clone
[INFO] [stdout]   46:                0x0 - <unknown>
[INFO] [stdout] 
[INFO] [stdout] 
[INFO] [stdout] failures:
[INFO] [stdout]     canvas::tests::canvas_to_ppm
[INFO] [stdout]     pattern::tests::get_color_at_point
[INFO] [stdout] 
[INFO] [stdout] test result: FAILED. 94 passed; 2 failed; 0 ignored; 0 measured; 0 filtered out; finished in 0.12s
[INFO] [stdout] 
[INFO] [stderr] error: test failed, to rerun pass `--lib`
[INFO] running `Command { std: "docker" "inspect" "40c210415f76aded118169c423914a842391c7caa77215246b7e5187b54b5d6b", kill_on_drop: false }`
[INFO] running `Command { std: "docker" "rm" "-f" "40c210415f76aded118169c423914a842391c7caa77215246b7e5187b54b5d6b", kill_on_drop: false }`
[INFO] [stdout] 40c210415f76aded118169c423914a842391c7caa77215246b7e5187b54b5d6b
