[INFO] cloning repository https://github.com/sampalekos96/snapfaas
[INFO] running `Command { std: "git" "-c" "credential.helper=" "-c" "credential.helper=/workspace/cargo-home/bin/git-credential-null" "clone" "--bare" "https://github.com/sampalekos96/snapfaas" "/workspace/cache/git-repos/https%3A%2F%2Fgithub.com%2Fsampalekos96%2Fsnapfaas", kill_on_drop: false }`
[INFO] [stderr] Cloning into bare repository '/workspace/cache/git-repos/https%3A%2F%2Fgithub.com%2Fsampalekos96%2Fsnapfaas'...
[INFO] running `Command { std: "git" "rev-parse" "HEAD", kill_on_drop: false }`
[INFO] [stdout] a64d151c6d611f3005e58182cf68a419a7771536
[INFO] testing sampalekos96/snapfaas against nightly-2025-01-18 for randomize-layout-2
[INFO] running `Command { std: "git" "clone" "/workspace/cache/git-repos/https%3A%2F%2Fgithub.com%2Fsampalekos96%2Fsnapfaas" "/workspace/builds/worker-2-tc1/source", kill_on_drop: false }`
[INFO] [stderr] Cloning into '/workspace/builds/worker-2-tc1/source'...
[INFO] [stderr] done.
[INFO] validating manifest of git repo https://github.com/sampalekos96/snapfaas on toolchain nightly-2025-01-18
[INFO] running `Command { std: CARGO_HOME="/workspace/cargo-home" RUSTUP_HOME="/workspace/rustup-home" "/workspace/cargo-home/bin/cargo" "+nightly-2025-01-18" "metadata" "--manifest-path" "Cargo.toml" "--no-deps", kill_on_drop: false }`
[INFO] removed /workspace/builds/worker-2-tc1/source/rust-toolchain
[INFO] started tweaking git repo https://github.com/sampalekos96/snapfaas
[INFO] finished tweaking git repo https://github.com/sampalekos96/snapfaas
[INFO] tweaked toml for git repo https://github.com/sampalekos96/snapfaas written to /workspace/builds/worker-2-tc1/source/Cargo.toml
[INFO] crate git repo https://github.com/sampalekos96/snapfaas already has a lockfile, it will not be regenerated
[INFO] running `Command { std: CARGO_HOME="/workspace/cargo-home" RUSTUP_HOME="/workspace/rustup-home" "/workspace/cargo-home/bin/cargo" "+nightly-2025-01-18" "fetch" "--manifest-path" "Cargo.toml", kill_on_drop: false }`
[INFO] [stderr]     Updating crates.io index
[INFO] [stderr]     Updating git repository `https://github.com/princeton-sns/firecracker`
[INFO] [stderr]     Updating git repository `https://github.com/tan-yue/labeled`
[INFO] [stderr]     Updating git repository `https://github.com/princeton-sns/kvm-bindings`
[INFO] [stderr]  Downloading crates ...
[INFO] [stderr]   Downloaded timerfd v1.3.0
[INFO] [stderr]   Downloaded json-patch v0.2.6
[INFO] [stderr]   Downloaded iana-time-zone v0.1.44
[INFO] [stderr]   Downloaded lmdb-rkv-sys v0.11.2
[INFO] [stderr]   Downloaded jwt v0.15.0
[INFO] [stderr]   Downloaded github-types v0.1.1
[INFO] [stderr]   Downloaded rouille v3.5.0
[INFO] [stderr]   Downloaded serde_yaml v0.9.9
[INFO] [stderr]   Downloaded deflate v0.9.1
[INFO] [stderr]   Downloaded tiny_http v0.8.2
[INFO] [stderr]   Downloaded cgroups v0.1.0
[INFO] [stderr]   Downloaded ctrlc v3.2.3
[INFO] [stderr]   Downloaded libc v0.2.131
[INFO] [stderr]   Downloaded epoll v4.0.1
[INFO] [stderr]   Downloaded unsafe-libyaml v0.2.2
[INFO] [stderr]   Downloaded lmdb-rkv v0.14.0
[INFO] running `Command { std: "docker" "create" "-v" "/var/lib/crater-agent-workspace/builds/worker-2-tc1/target:/opt/rustwide/target:rw,Z" "-v" "/var/lib/crater-agent-workspace/builds/worker-2-tc1/source:/opt/rustwide/workdir:ro,Z" "-v" "/var/lib/crater-agent-workspace/cargo-home:/opt/rustwide/cargo-home:ro,Z" "-v" "/var/lib/crater-agent-workspace/rustup-home:/opt/rustwide/rustup-home:ro,Z" "-e" "SOURCE_DIR=/opt/rustwide/workdir" "-e" "CARGO_TARGET_DIR=/opt/rustwide/target" "-e" "CARGO_HOME=/opt/rustwide/cargo-home" "-e" "RUSTUP_HOME=/opt/rustwide/rustup-home" "-w" "/opt/rustwide/workdir" "-m" "1610612736" "--user" "0:0" "--network" "none" "ghcr.io/rust-lang/crates-build-env/linux@sha256:819108c5571ea2e421544af4d832f968d213c87fbe3707a016657f43d2f853bc" "/opt/rustwide/cargo-home/bin/cargo" "+nightly-2025-01-18" "metadata" "--no-deps" "--format-version=1", kill_on_drop: false }`
[INFO] [stdout] 06013f0f706f56f7e12541860700f68aafcc78aa95e53d0bf4b328d085285dcb
[INFO] running `Command { std: "docker" "start" "-a" "06013f0f706f56f7e12541860700f68aafcc78aa95e53d0bf4b328d085285dcb", kill_on_drop: false }`
[INFO] running `Command { std: "docker" "inspect" "06013f0f706f56f7e12541860700f68aafcc78aa95e53d0bf4b328d085285dcb", kill_on_drop: false }`
[INFO] running `Command { std: "docker" "rm" "-f" "06013f0f706f56f7e12541860700f68aafcc78aa95e53d0bf4b328d085285dcb", kill_on_drop: false }`
[INFO] [stdout] 06013f0f706f56f7e12541860700f68aafcc78aa95e53d0bf4b328d085285dcb
[INFO] running `Command { std: "docker" "create" "-v" "/var/lib/crater-agent-workspace/builds/worker-2-tc1/target:/opt/rustwide/target:rw,Z" "-v" "/var/lib/crater-agent-workspace/builds/worker-2-tc1/source:/opt/rustwide/workdir:ro,Z" "-v" "/var/lib/crater-agent-workspace/cargo-home:/opt/rustwide/cargo-home:ro,Z" "-v" "/var/lib/crater-agent-workspace/rustup-home:/opt/rustwide/rustup-home:ro,Z" "-e" "SOURCE_DIR=/opt/rustwide/workdir" "-e" "CARGO_TARGET_DIR=/opt/rustwide/target" "-e" "CARGO_INCREMENTAL=0" "-e" "RUST_BACKTRACE=full" "-e" "RUSTFLAGS=--cap-lints=forbid" "-e" "RUSTDOCFLAGS=--cap-lints=forbid" "-e" "CARGO_HOME=/opt/rustwide/cargo-home" "-e" "RUSTUP_HOME=/opt/rustwide/rustup-home" "-w" "/opt/rustwide/workdir" "-m" "1610612736" "--user" "0:0" "--network" "none" "ghcr.io/rust-lang/crates-build-env/linux@sha256:819108c5571ea2e421544af4d832f968d213c87fbe3707a016657f43d2f853bc" "/opt/rustwide/cargo-home/bin/cargo" "+nightly-2025-01-18" "build" "--frozen" "--message-format=json", kill_on_drop: false }`
[INFO] [stdout] c4b22ab590f9804d6547694366182bffd980b32bbf47cb0a5c56c3668d1caf0a
[INFO] running `Command { std: "docker" "start" "-a" "c4b22ab590f9804d6547694366182bffd980b32bbf47cb0a5c56c3668d1caf0a", kill_on_drop: false }`
[INFO] [stderr]    Compiling libc v0.2.131
[INFO] [stderr]    Compiling autocfg v1.1.0
[INFO] [stderr]    Compiling proc-macro2 v1.0.43
[INFO] [stderr]    Compiling quote v1.0.21
[INFO] [stderr]    Compiling unicode-ident v1.0.3
[INFO] [stderr]    Compiling cfg-if v1.0.0
[INFO] [stderr]    Compiling syn v1.0.99
[INFO] [stderr]    Compiling serde_derive v1.0.143
[INFO] [stderr]    Compiling serde v1.0.143
[INFO] [stderr]    Compiling log v0.4.17
[INFO] [stderr]    Compiling version_check v0.9.4
[INFO] [stderr]    Compiling itoa v1.0.3
[INFO] [stderr]    Compiling memchr v2.5.0
[INFO] [stderr]    Compiling cc v1.0.73
[INFO] [stderr]    Compiling bitflags v1.3.2
[INFO] [stderr]    Compiling pkg-config v0.3.25
[INFO] [stderr]    Compiling bytes v1.2.1
[INFO] [stderr]    Compiling ryu v1.0.11
[INFO] [stderr]    Compiling once_cell v1.13.0
[INFO] [stderr]    Compiling serde_json v1.0.83
[INFO] [stderr]    Compiling typenum v1.15.0
[INFO] [stderr]    Compiling hashbrown v0.12.3
[INFO] [stderr]    Compiling lazy_static v1.4.0
[INFO] [stderr]    Compiling pin-project-lite v0.2.9
[INFO] [stderr]    Compiling either v1.7.0
[INFO] [stderr]    Compiling futures-core v0.3.23
[INFO] [stderr]    Compiling iana-time-zone v0.1.44
[INFO] [stderr]    Compiling anyhow v1.0.61
[INFO] [stderr]    Compiling httparse v1.7.1
[INFO] [stderr]    Compiling fnv v1.0.7
[INFO] [stderr]    Compiling num-traits v0.2.15
[INFO] [stderr]    Compiling indexmap v1.9.1
[INFO] [stderr]    Compiling generic-array v0.14.6
[INFO] [stderr]    Compiling num-integer v0.1.45
[INFO] [stderr]    Compiling unicase v2.6.0
[INFO] [stderr]    Compiling tokio v1.20.1
[INFO] [stderr]    Compiling slab v0.4.7
[INFO] [stderr]    Compiling futures-task v0.3.23
[INFO] [stderr]    Compiling foreign-types-shared v0.1.1
[INFO] [stderr]    Compiling matches v0.1.9
[INFO] [stderr]    Compiling io-lifetimes v0.6.1
[INFO] [stderr]    Compiling openssl v0.10.41
[INFO] [stderr]    Compiling tinyvec_macros v0.1.0
[INFO] [stderr]    Compiling tinyvec v1.6.0
[INFO] [stderr]    Compiling foreign-types v0.3.2
[INFO] [stderr]    Compiling itertools v0.10.3
[INFO] [stderr]    Compiling http v0.2.8
[INFO] [stderr]    Compiling tracing-core v0.1.29
[INFO] [stderr]    Compiling percent-encoding v2.1.0
[INFO] [stderr]    Compiling remove_dir_all v0.5.3
[INFO] [stderr]    Compiling rustix v0.34.8
[INFO] [stderr]    Compiling futures-util v0.3.23
[INFO] [stderr]    Compiling fastrand v1.8.0
[INFO] [stderr]    Compiling tracing v0.1.36
[INFO] [stderr]    Compiling form_urlencoded v1.0.1
[INFO] [stderr]    Compiling aho-corasick v0.7.18
[INFO] [stderr]    Compiling mime_guess v2.0.4
[INFO] [stderr]    Compiling linux-raw-sys v0.0.46
[INFO] [stderr]    Compiling pin-utils v0.1.0
[INFO] [stderr]    Compiling unicode-bidi v0.3.8
[INFO] [stderr]    Compiling openssl-sys v0.9.75
[INFO] [stderr]    Compiling futures-sink v0.3.23
[INFO] [stderr]    Compiling futures-channel v0.3.23
[INFO] [stderr]    Compiling regex-syntax v0.6.27
[INFO] [stderr]    Compiling futures-io v0.3.23
[INFO] [stderr]    Compiling native-tls v0.2.10
[INFO] [stderr]    Compiling byteorder v1.2.1
[INFO] [stderr]    Compiling micro_http v0.1.0 (https://github.com/princeton-sns/firecracker?rev=5b64f6a9ee00da992b23c3654fcdb53dd845975f#5b64f6a9)
[INFO] [stderr]    Compiling unicode-segmentation v1.9.0
[INFO] [stderr]    Compiling try-lock v0.2.3
[INFO] [stderr]    Compiling fixedbitset v0.4.2
[INFO] [stderr]    Compiling openssl-probe v0.1.5
[INFO] [stderr]    Compiling num_cpus v1.13.1
[INFO] [stderr]    Compiling sys_util v0.1.0 (https://github.com/princeton-sns/firecracker?rev=5b64f6a9ee00da992b23c3654fcdb53dd845975f#5b64f6a9)
[INFO] [stderr]    Compiling time v0.1.44
[INFO] [stderr]    Compiling signal-hook-registry v1.4.0
[INFO] [stderr]    Compiling mio v0.8.4
[INFO] [stderr]    Compiling socket2 v0.4.4
[INFO] [stderr]    Compiling getrandom v0.2.7
[INFO] [stderr]    Compiling tempfile v3.3.0
[INFO] [stderr]    Compiling which v4.2.5
[INFO] [stderr]    Compiling unicode-normalization v0.1.21
[INFO] [stderr]    Compiling rand_core v0.6.3
[INFO] [stderr]    Compiling prost-build v0.9.0
[INFO] [stderr]    Compiling net_gen v0.1.0 (https://github.com/princeton-sns/firecracker?rev=5b64f6a9ee00da992b23c3654fcdb53dd845975f#5b64f6a9)
[INFO] [stderr]    Compiling mime v0.3.16
[INFO] [stderr]    Compiling ppv-lite86 v0.2.16
[INFO] [stderr]    Compiling idna v0.2.3
[INFO] [stderr]    Compiling heck v0.3.3
[INFO] [stderr]    Compiling fc_util v0.1.0 (https://github.com/princeton-sns/firecracker?rev=5b64f6a9ee00da992b23c3654fcdb53dd845975f#5b64f6a9)
[INFO] [stderr]    Compiling petgraph v0.6.2
[INFO] [stderr]    Compiling want v0.3.0
[INFO] [stderr]    Compiling http-body v0.4.5
[INFO] [stderr]    Compiling lmdb-rkv-sys v0.11.2
[INFO] [stderr]    Compiling base64 v0.13.0
[INFO] [stderr]    Compiling multimap v0.8.3
[INFO] [stderr]    Compiling cpufeatures v0.2.2
[INFO] [stderr]    Compiling encoding_rs v0.8.31
[INFO] [stderr]    Compiling crossbeam-utils v0.8.11
[INFO] [stderr]    Compiling rand_chacha v0.3.1
[INFO] [stderr]    Compiling httpdate v1.0.2
[INFO] [stderr]    Compiling tower-service v0.3.2
[INFO] [stderr]    Compiling crypto-common v0.1.6
[INFO] [stderr]    Compiling block-buffer v0.10.2
[INFO] [stderr]    Compiling atty v0.2.14
[INFO] [stderr]    Compiling epoll v4.0.1
[INFO] [stderr]    Compiling virtio_gen v0.1.0 (https://github.com/princeton-sns/firecracker?rev=5b64f6a9ee00da992b23c3654fcdb53dd845975f#5b64f6a9)
[INFO] [stderr]    Compiling unicode-width v0.1.9
[INFO] [stderr]    Compiling linked-hash-map v0.5.6
[INFO] [stderr]    Compiling arch_gen v0.1.0 (https://github.com/princeton-sns/firecracker?rev=5b64f6a9ee00da992b23c3654fcdb53dd845975f#5b64f6a9)
[INFO] [stderr]    Compiling textwrap v0.11.0
[INFO] [stderr]    Compiling regex v1.6.0
[INFO] [stderr]    Compiling digest v0.10.3
[INFO] [stderr]    Compiling nix v0.25.0
[INFO] [stderr]    Compiling url v2.2.2
[INFO] [stderr]    Compiling rand v0.8.5
[INFO] [stderr]    Compiling yaml-rust v0.4.5
[INFO] [stderr]    Compiling seccomp v0.1.0 (https://github.com/princeton-sns/firecracker?rev=5b64f6a9ee00da992b23c3654fcdb53dd845975f#5b64f6a9)
[INFO] [stderr]    Compiling ipnet v2.5.0
[INFO] [stderr]    Compiling humantime v2.1.0
[INFO] [stderr]    Compiling strsim v0.8.0
[INFO] [stderr]    Compiling vec_map v0.8.2
[INFO] [stderr]    Compiling ansi_term v0.12.1
[INFO] [stderr]    Compiling termcolor v1.1.3
[INFO] [stderr]    Compiling futures v0.1.31
[INFO] [stderr]    Compiling timerfd v1.3.0
[INFO] [stderr]    Compiling crossbeam-channel v0.5.6
[INFO] [stderr]    Compiling clap v2.34.0
[INFO] [stderr]    Compiling ctrlc v3.2.3
[INFO] [stderr]    Compiling sha2 v0.10.2
[INFO] [stderr]    Compiling signal-hook v0.1.17
[INFO] [stderr]    Compiling env_logger v0.9.0
[INFO] [stderr]    Compiling cgroups v0.1.0
[INFO] [stderr]    Compiling lmdb-rkv v0.14.0
[INFO] [stderr]    Compiling glob v0.3.0
[INFO] [stderr]    Compiling hex v0.4.3
[INFO] [stderr]    Compiling lock_api v0.4.7
[INFO] [stderr]    Compiling proc-macro2 v0.4.30
[INFO] [stderr]    Compiling parking_lot_core v0.9.3
[INFO] [stderr]    Compiling unicode-xid v0.1.0
[INFO] [stderr]    Compiling smallvec v1.9.0
[INFO] [stderr]    Compiling scopeguard v1.1.0
[INFO] [stderr]    Compiling crc32fast v1.3.2
[INFO] [stderr]    Compiling syn v0.15.44
[INFO] [stderr]    Compiling alloc-no-stdlib v2.0.3
[INFO] [stderr]    Compiling alloc-stdlib v0.2.1
[INFO] [stderr]    Compiling digest v0.9.0
[INFO] [stderr]    Compiling safemem v0.3.3
[INFO] [stderr]    Compiling subtle v2.4.1
[INFO] [stderr]    Compiling brotli-decompressor v2.3.2
[INFO] [stderr]    Compiling block-buffer v0.9.0
[INFO] [stderr]    Compiling crypto-mac v0.11.1
[INFO] [stderr]    Compiling buf_redux v0.8.4
[INFO] [stderr]    Compiling ring v0.16.20
[INFO] [stderr]    Compiling twoway v0.1.8
[INFO] [stderr]    Compiling gzip-header v0.3.0
[INFO] [stderr]    Compiling sha1_smol v1.0.0
[INFO] [stderr]    Compiling quick-error v1.2.3
[INFO] [stderr]    Compiling num_threads v0.1.6
[INFO] [stderr]    Compiling parking_lot v0.12.1
[INFO] [stderr]    Compiling adler32 v1.2.0
[INFO] [stderr]    Compiling ascii v1.0.0
[INFO] [stderr]    Compiling chunked_transfer v1.4.0
[INFO] [stderr]    Compiling unsafe-libyaml v0.2.2
[INFO] [stderr]    Compiling opaque-debug v0.3.0
[INFO] [stderr]    Compiling multipart v0.18.0
[INFO] [stderr]    Compiling sha2 v0.9.9
[INFO] [stderr]    Compiling deflate v0.9.1
[INFO] [stderr]    Compiling scheduled-thread-pool v0.2.6
[INFO] [stderr]    Compiling quote v0.6.13
[INFO] [stderr]    Compiling r2d2 v0.8.10
[INFO] [stderr]    Compiling sha1 v0.6.1
[INFO] [stderr]    Compiling time v0.3.13
[INFO] [stderr]    Compiling hmac v0.11.0
[INFO] [stderr]    Compiling threadpool v1.8.1
[INFO] [stderr]    Compiling filetime v0.2.17
[INFO] [stderr]    Compiling spin v0.5.2
[INFO] [stderr]    Compiling untrusted v0.7.1
[INFO] [stderr]    Compiling hex v0.3.2
[INFO] [stderr]    Compiling httpserver v0.1.0 (/opt/rustwide/workdir/frontends/httpserver)
[INFO] [stderr]    Compiling dotenv v0.15.0
[INFO] [stderr]    Compiling brotli v3.3.4
[INFO] [stderr]    Compiling tokio-macros v1.8.0
[INFO] [stderr]    Compiling openssl-macros v0.1.0
[INFO] [stderr]    Compiling prost-derive v0.9.0
[INFO] [stderr]    Compiling prost v0.9.0
[INFO] [stderr]    Compiling prost-types v0.9.0
[INFO] [stderr]    Compiling derive_more v0.14.1
[INFO] [stderr]    Compiling snapfaas v0.1.0 (/opt/rustwide/workdir/snapfaas)
[INFO] [stderr]    Compiling tokio-util v0.7.3
[INFO] [stderr]    Compiling tokio-native-tls v0.3.0
[INFO] [stderr]    Compiling h2 v0.3.13
[INFO] [stderr]    Compiling chrono v0.4.22
[INFO] [stderr]    Compiling memory_model v0.1.0 (https://github.com/princeton-sns/firecracker?rev=5b64f6a9ee00da992b23c3654fcdb53dd845975f#5b64f6a9)
[INFO] [stderr]    Compiling kvm-bindings v0.1.1 (https://github.com/princeton-sns/kvm-bindings?branch=master#6a54c0ae)
[INFO] [stderr]    Compiling net_util v0.1.0 (https://github.com/princeton-sns/firecracker?rev=5b64f6a9ee00da992b23c3654fcdb53dd845975f#5b64f6a9)
[INFO] [stderr]    Compiling serde_urlencoded v0.7.1
[INFO] [stderr]    Compiling serde_yaml v0.8.26
[INFO] [stderr]    Compiling labeled v0.1.0 (https://github.com/tan-yue/labeled?rev=8d9fb2069e1ac7eb111f05d657af4427db600219#8d9fb206)
[INFO] [stderr]    Compiling serde_yaml v0.9.9
[INFO] [stderr]    Compiling kernel v0.1.0 (https://github.com/princeton-sns/firecracker?rev=5b64f6a9ee00da992b23c3654fcdb53dd845975f#5b64f6a9)
[INFO] [stderr]    Compiling hyper v0.14.20
[INFO] [stderr]    Compiling treediff v3.0.2
[INFO] [stderr]    Compiling jwt v0.15.0
[INFO] [stderr]    Compiling json-patch v0.2.6
[INFO] [stderr]    Compiling logger v0.1.0 (https://github.com/princeton-sns/firecracker?rev=5b64f6a9ee00da992b23c3654fcdb53dd845975f#5b64f6a9)
[INFO] [stderr]    Compiling tiny_http v0.8.2
[INFO] [stderr]    Compiling github-types v0.1.1
[INFO] [stderr]    Compiling kvm v0.1.0 (https://github.com/princeton-sns/firecracker?rev=5b64f6a9ee00da992b23c3654fcdb53dd845975f#5b64f6a9)
[INFO] [stderr]    Compiling cpuid v0.1.0 (https://github.com/princeton-sns/firecracker?rev=5b64f6a9ee00da992b23c3654fcdb53dd845975f#5b64f6a9)
[INFO] [stderr]    Compiling arch v0.1.0 (https://github.com/princeton-sns/firecracker?rev=5b64f6a9ee00da992b23c3654fcdb53dd845975f#5b64f6a9)
[INFO] [stderr]    Compiling rate_limiter v0.1.0 (https://github.com/princeton-sns/firecracker?rev=5b64f6a9ee00da992b23c3654fcdb53dd845975f#5b64f6a9)
[INFO] [stderr]    Compiling mmds v0.1.0 (https://github.com/princeton-sns/firecracker?rev=5b64f6a9ee00da992b23c3654fcdb53dd845975f#5b64f6a9)
[INFO] [stderr]    Compiling rouille v3.5.0
[INFO] [stderr]    Compiling dumbo v0.1.0 (https://github.com/princeton-sns/firecracker?rev=5b64f6a9ee00da992b23c3654fcdb53dd845975f#5b64f6a9)
[INFO] [stderr]    Compiling devices v0.1.0 (https://github.com/princeton-sns/firecracker?rev=5b64f6a9ee00da992b23c3654fcdb53dd845975f#5b64f6a9)
[INFO] [stderr]    Compiling vmm v0.1.0 (https://github.com/princeton-sns/firecracker?rev=5b64f6a9ee00da992b23c3654fcdb53dd845975f#5b64f6a9)
[INFO] [stderr]    Compiling hyper-tls v0.5.0
[INFO] [stderr]    Compiling reqwest v0.11.11
[INFO] [stdout] warning: unused doc comment
[INFO] [stdout]    --> snapfaas/src/vm.rs:163:13
[INFO] [stdout]     |
[INFO] [stdout] 163 |             /// Starting label with public secrecy and integrity has app-name
[INFO] [stdout]     |             ^^^^^^^^^^^^^^^^^^^^^^^^^^^^^^^^^^^^^^^^^^^^^^^^^^^^^^^^^^^^^^^^^
[INFO] [stdout] 164 |             current_label: DCLabel::new(true, [[function_name.clone()]]),
[INFO] [stdout]     |             ------------------------------------------------------------ rustdoc does not generate documentation for expression fields
[INFO] [stdout]     |
[INFO] [stdout]     = help: use `//` for a plain comment
[INFO] [stdout]     = note: `#[warn(unused_doc_comments)]` on by default
[INFO] [stdout] 
[INFO] [stdout] 
[INFO] [stdout] warning: calls to `std::mem::drop` with a reference instead of an owned value does nothing
[INFO] [stdout]    --> snapfaas/src/resource_manager.rs:223:21
[INFO] [stdout]     |
[INFO] [stdout] 223 |                     drop(vm); // Just being explicit here, not strictly necessary
[INFO] [stdout]     |                     ^^^^^--^
[INFO] [stdout]     |                          |
[INFO] [stdout]     |                          argument has type `&mut vm::Vm`
[INFO] [stdout]     |
[INFO] [stdout]     = note: `#[warn(dropping_references)]` on by default
[INFO] [stdout] help: use `let _ = ...` to ignore the expression or result
[INFO] [stdout]     |
[INFO] [stdout] 223 -                     drop(vm); // Just being explicit here, not strictly necessary
[INFO] [stdout] 223 +                     let _ = vm; // Just being explicit here, not strictly necessary
[INFO] [stdout]     |
[INFO] [stdout] 
[INFO] [stdout] 
[INFO] [stderr]    Compiling webfront v0.1.0 (/opt/rustwide/workdir/frontends/webfront)
[INFO] [stderr]    Compiling webhook v0.1.0 (/opt/rustwide/workdir/frontends/webhook)
[INFO] [stderr]     Finished `dev` profile [unoptimized + debuginfo] target(s) in 1m 31s
[INFO] [stderr] warning: the following packages contain code that will be rejected by a future version of Rust: buf_redux v0.8.4, multipart v0.18.0
[INFO] [stderr] note: to see what the problems were, use the option `--future-incompat-report`, or run `cargo report future-incompatibilities --id 1`
[INFO] running `Command { std: "docker" "inspect" "c4b22ab590f9804d6547694366182bffd980b32bbf47cb0a5c56c3668d1caf0a", kill_on_drop: false }`
[INFO] running `Command { std: "docker" "rm" "-f" "c4b22ab590f9804d6547694366182bffd980b32bbf47cb0a5c56c3668d1caf0a", kill_on_drop: false }`
[INFO] [stdout] c4b22ab590f9804d6547694366182bffd980b32bbf47cb0a5c56c3668d1caf0a
[INFO] running `Command { std: "docker" "create" "-v" "/var/lib/crater-agent-workspace/builds/worker-2-tc1/target:/opt/rustwide/target:rw,Z" "-v" "/var/lib/crater-agent-workspace/builds/worker-2-tc1/source:/opt/rustwide/workdir:ro,Z" "-v" "/var/lib/crater-agent-workspace/cargo-home:/opt/rustwide/cargo-home:ro,Z" "-v" "/var/lib/crater-agent-workspace/rustup-home:/opt/rustwide/rustup-home:ro,Z" "-e" "SOURCE_DIR=/opt/rustwide/workdir" "-e" "CARGO_TARGET_DIR=/opt/rustwide/target" "-e" "CARGO_INCREMENTAL=0" "-e" "RUST_BACKTRACE=full" "-e" "RUSTFLAGS=--cap-lints=forbid" "-e" "RUSTDOCFLAGS=--cap-lints=forbid" "-e" "CARGO_HOME=/opt/rustwide/cargo-home" "-e" "RUSTUP_HOME=/opt/rustwide/rustup-home" "-w" "/opt/rustwide/workdir" "-m" "1610612736" "--user" "0:0" "--network" "none" "ghcr.io/rust-lang/crates-build-env/linux@sha256:819108c5571ea2e421544af4d832f968d213c87fbe3707a016657f43d2f853bc" "/opt/rustwide/cargo-home/bin/cargo" "+nightly-2025-01-18" "test" "--frozen" "--no-run" "--message-format=json", kill_on_drop: false }`
[INFO] [stdout] ac59188e2ef499e132a6d8ee723eeff94e42f660d39e36aa08b15c25d0487d15
[INFO] running `Command { std: "docker" "start" "-a" "ac59188e2ef499e132a6d8ee723eeff94e42f660d39e36aa08b15c25d0487d15", kill_on_drop: false }`
[INFO] [stdout] warning: unused doc comment
[INFO] [stdout]    --> snapfaas/src/vm.rs:163:13
[INFO] [stdout]     |
[INFO] [stdout] 163 |             /// Starting label with public secrecy and integrity has app-name
[INFO] [stdout]     |             ^^^^^^^^^^^^^^^^^^^^^^^^^^^^^^^^^^^^^^^^^^^^^^^^^^^^^^^^^^^^^^^^^
[INFO] [stdout] 164 |             current_label: DCLabel::new(true, [[function_name.clone()]]),
[INFO] [stdout]     |             ------------------------------------------------------------ rustdoc does not generate documentation for expression fields
[INFO] [stdout]     |
[INFO] [stdout]     = help: use `//` for a plain comment
[INFO] [stdout]     = note: `#[warn(unused_doc_comments)]` on by default
[INFO] [stdout] 
[INFO] [stdout] 
[INFO] [stdout] warning: calls to `std::mem::drop` with a reference instead of an owned value does nothing
[INFO] [stdout]    --> snapfaas/src/resource_manager.rs:223:21
[INFO] [stdout]     |
[INFO] [stdout] 223 |                     drop(vm); // Just being explicit here, not strictly necessary
[INFO] [stdout]     |                     ^^^^^--^
[INFO] [stdout]     |                          |
[INFO] [stdout]     |                          argument has type `&mut vm::Vm`
[INFO] [stdout]     |
[INFO] [stdout]     = note: `#[warn(dropping_references)]` on by default
[INFO] [stdout] help: use `let _ = ...` to ignore the expression or result
[INFO] [stdout]     |
[INFO] [stdout] 223 -                     drop(vm); // Just being explicit here, not strictly necessary
[INFO] [stdout] 223 +                     let _ = vm; // Just being explicit here, not strictly necessary
[INFO] [stdout]     |
[INFO] [stdout] 
[INFO] [stdout] 
[INFO] [stderr]    Compiling snapfaas v0.1.0 (/opt/rustwide/workdir/snapfaas)
[INFO] [stderr]    Compiling httpserver v0.1.0 (/opt/rustwide/workdir/frontends/httpserver)
[INFO] [stderr]    Compiling webhook v0.1.0 (/opt/rustwide/workdir/frontends/webhook)
[INFO] [stderr]    Compiling webfront v0.1.0 (/opt/rustwide/workdir/frontends/webfront)
[INFO] [stdout] warning: unused doc comment
[INFO] [stdout]    --> snapfaas/src/vm.rs:163:13
[INFO] [stdout]     |
[INFO] [stdout] 163 |             /// Starting label with public secrecy and integrity has app-name
[INFO] [stdout]     |             ^^^^^^^^^^^^^^^^^^^^^^^^^^^^^^^^^^^^^^^^^^^^^^^^^^^^^^^^^^^^^^^^^
[INFO] [stdout] 164 |             current_label: DCLabel::new(true, [[function_name.clone()]]),
[INFO] [stdout]     |             ------------------------------------------------------------ rustdoc does not generate documentation for expression fields
[INFO] [stdout]     |
[INFO] [stdout]     = help: use `//` for a plain comment
[INFO] [stdout]     = note: `#[warn(unused_doc_comments)]` on by default
[INFO] [stdout] 
[INFO] [stdout] 
[INFO] [stdout] warning: calls to `std::mem::drop` with a reference instead of an owned value does nothing
[INFO] [stdout]    --> snapfaas/src/resource_manager.rs:223:21
[INFO] [stdout]     |
[INFO] [stdout] 223 |                     drop(vm); // Just being explicit here, not strictly necessary
[INFO] [stdout]     |                     ^^^^^--^
[INFO] [stdout]     |                          |
[INFO] [stdout]     |                          argument has type `&mut vm::Vm`
[INFO] [stdout]     |
[INFO] [stdout]     = note: `#[warn(dropping_references)]` on by default
[INFO] [stdout] help: use `let _ = ...` to ignore the expression or result
[INFO] [stdout]     |
[INFO] [stdout] 223 -                     drop(vm); // Just being explicit here, not strictly necessary
[INFO] [stdout] 223 +                     let _ = vm; // Just being explicit here, not strictly necessary
[INFO] [stdout]     |
[INFO] [stdout] 
[INFO] [stdout] 
[INFO] [stderr]     Finished `test` profile [unoptimized + debuginfo] target(s) in 4.92s
[INFO] [stderr] warning: the following packages contain code that will be rejected by a future version of Rust: buf_redux v0.8.4, multipart v0.18.0
[INFO] [stderr] note: to see what the problems were, use the option `--future-incompat-report`, or run `cargo report future-incompatibilities --id 1`
[INFO] running `Command { std: "docker" "inspect" "ac59188e2ef499e132a6d8ee723eeff94e42f660d39e36aa08b15c25d0487d15", kill_on_drop: false }`
[INFO] running `Command { std: "docker" "rm" "-f" "ac59188e2ef499e132a6d8ee723eeff94e42f660d39e36aa08b15c25d0487d15", kill_on_drop: false }`
[INFO] [stdout] ac59188e2ef499e132a6d8ee723eeff94e42f660d39e36aa08b15c25d0487d15
[INFO] running `Command { std: "docker" "create" "-v" "/var/lib/crater-agent-workspace/builds/worker-2-tc1/target:/opt/rustwide/target:rw,Z" "-v" "/var/lib/crater-agent-workspace/builds/worker-2-tc1/source:/opt/rustwide/workdir:ro,Z" "-v" "/var/lib/crater-agent-workspace/cargo-home:/opt/rustwide/cargo-home:ro,Z" "-v" "/var/lib/crater-agent-workspace/rustup-home:/opt/rustwide/rustup-home:ro,Z" "-e" "SOURCE_DIR=/opt/rustwide/workdir" "-e" "CARGO_TARGET_DIR=/opt/rustwide/target" "-e" "CARGO_INCREMENTAL=0" "-e" "RUST_BACKTRACE=full" "-e" "RUSTFLAGS=--cap-lints=forbid" "-e" "RUSTDOCFLAGS=--cap-lints=forbid" "-e" "CARGO_HOME=/opt/rustwide/cargo-home" "-e" "RUSTUP_HOME=/opt/rustwide/rustup-home" "-w" "/opt/rustwide/workdir" "-m" "1610612736" "--user" "0:0" "--network" "none" "ghcr.io/rust-lang/crates-build-env/linux@sha256:819108c5571ea2e421544af4d832f968d213c87fbe3707a016657f43d2f853bc" "/opt/rustwide/cargo-home/bin/cargo" "+nightly-2025-01-18" "test" "--frozen", kill_on_drop: false }`
[INFO] [stdout] 874eb537f9b4c4dc1ca130f3235f3df98d3527a1a3feded475ae6661d894bdf5
[INFO] running `Command { std: "docker" "start" "-a" "874eb537f9b4c4dc1ca130f3235f3df98d3527a1a3feded475ae6661d894bdf5", kill_on_drop: false }`
[INFO] [stderr] warning: unused doc comment
[INFO] [stderr]    --> snapfaas/src/vm.rs:163:13
[INFO] [stderr]     |
[INFO] [stderr] 163 |             /// Starting label with public secrecy and integrity has app-name
[INFO] [stderr]     |             ^^^^^^^^^^^^^^^^^^^^^^^^^^^^^^^^^^^^^^^^^^^^^^^^^^^^^^^^^^^^^^^^^
[INFO] [stderr] 164 |             current_label: DCLabel::new(true, [[function_name.clone()]]),
[INFO] [stderr]     |             ------------------------------------------------------------ rustdoc does not generate documentation for expression fields
[INFO] [stderr]     |
[INFO] [stderr]     = help: use `//` for a plain comment
[INFO] [stderr]     = note: `#[warn(unused_doc_comments)]` on by default
[INFO] [stderr] 
[INFO] [stderr] warning: calls to `std::mem::drop` with a reference instead of an owned value does nothing
[INFO] [stderr]    --> snapfaas/src/resource_manager.rs:223:21
[INFO] [stderr]     |
[INFO] [stderr] 223 |                     drop(vm); // Just being explicit here, not strictly necessary
[INFO] [stderr]     |                     ^^^^^--^
[INFO] [stderr]     |                          |
[INFO] [stderr]     |                          argument has type `&mut vm::Vm`
[INFO] [stderr]     |
[INFO] [stderr]     = note: `#[warn(dropping_references)]` on by default
[INFO] [stderr] help: use `let _ = ...` to ignore the expression or result
[INFO] [stderr]     |
[INFO] [stderr] 223 -                     drop(vm); // Just being explicit here, not strictly necessary
[INFO] [stderr] 223 +                     let _ = vm; // Just being explicit here, not strictly necessary
[INFO] [stderr]     |
[INFO] [stderr] 
[INFO] [stderr] warning: `snapfaas` (lib) generated 2 warnings
[INFO] [stderr] warning: `snapfaas` (lib test) generated 2 warnings (2 duplicates)
[INFO] [stderr]     Finished `test` profile [unoptimized + debuginfo] target(s) in 0.26s
[INFO] [stderr] warning: the following packages contain code that will be rejected by a future version of Rust: buf_redux v0.8.4, multipart v0.18.0
[INFO] [stderr] note: to see what the problems were, use the option `--future-incompat-report`, or run `cargo report future-incompatibilities --id 1`
[INFO] [stdout] 
[INFO] [stderr]      Running unittests src/lib.rs (/opt/rustwide/target/debug/deps/httpserver-734e97b853dae1a0)
[INFO] [stdout] running 0 tests
[INFO] [stdout] 
[INFO] [stdout] test result: ok. 0 passed; 0 failed; 0 ignored; 0 measured; 0 filtered out; finished in 0.00s
[INFO] [stdout] 
[INFO] [stderr]      Running unittests src/lib.rs (/opt/rustwide/target/debug/deps/snapfaas-517391eee5931a34)
[INFO] [stdout] 
[INFO] [stdout] running 4 tests
[INFO] [stdout] test labeled_fs::tests::test_storage_create_dir_list_fail ... FAILED
[INFO] [stdout] test labeled_fs::tests::test_storage_create_file_write_read ... FAILED
[INFO] [stdout] test metrics::tests::test_manual_flush ... ok
[INFO] [stdout] test metrics::tests::test_timed_flush ... ok
[INFO] [stdout] 
[INFO] [stdout] failures:
[INFO] [stdout] 
[INFO] [stdout] ---- labeled_fs::tests::test_storage_create_dir_list_fail stdout ----
[INFO] [stdout] 
[INFO] [stdout] thread 'labeled_fs::tests::test_storage_create_dir_list_fail' panicked at snapfaas/src/labeled_fs/mod.rs:23:14:
[INFO] [stdout] called `Result::unwrap()` on an `Err` value: Other(2)
[INFO] [stdout] stack backtrace:
[INFO] [stdout]    0:     0x60f5e79c778a - std::backtrace_rs::backtrace::libunwind::trace::hb059275cfc8d6126
[INFO] [stdout]                                at /rustc/6067b36314ab5eb2eb47cecc464545ba58e1ad24/library/std/src/../../backtrace/src/backtrace/libunwind.rs:116:5
[INFO] [stdout]    1:     0x60f5e79c778a - std::backtrace_rs::backtrace::trace_unsynchronized::h2da071e4327ce3ee
[INFO] [stdout]                                at /rustc/6067b36314ab5eb2eb47cecc464545ba58e1ad24/library/std/src/../../backtrace/src/backtrace/mod.rs:66:5
[INFO] [stdout]    2:     0x60f5e79c778a - std::sys::backtrace::_print_fmt::h842a1474e6f8d23f
[INFO] [stdout]                                at /rustc/6067b36314ab5eb2eb47cecc464545ba58e1ad24/library/std/src/sys/backtrace.rs:66:9
[INFO] [stdout]    3:     0x60f5e79c778a - <std::sys::backtrace::BacktraceLock::print::DisplayBacktrace as core::fmt::Display>::fmt::h71a62eb3b9696b12
[INFO] [stdout]                                at /rustc/6067b36314ab5eb2eb47cecc464545ba58e1ad24/library/std/src/sys/backtrace.rs:39:26
[INFO] [stdout]    4:     0x60f5e79ef533 - core::fmt::rt::Argument::fmt::hdb6b616786b41dc1
[INFO] [stdout]                                at /rustc/6067b36314ab5eb2eb47cecc464545ba58e1ad24/library/core/src/fmt/rt.rs:177:76
[INFO] [stdout]    5:     0x60f5e79ef533 - core::fmt::write::h2cc1698af7e2d686
[INFO] [stdout]                                at /rustc/6067b36314ab5eb2eb47cecc464545ba58e1ad24/library/core/src/fmt/mod.rs:1440:21
[INFO] [stdout]    6:     0x60f5e79c4043 - std::io::Write::write_fmt::hab1b4cd059a79022
[INFO] [stdout]                                at /rustc/6067b36314ab5eb2eb47cecc464545ba58e1ad24/library/std/src/io/mod.rs:1887:15
[INFO] [stdout]    7:     0x60f5e79c75d2 - std::sys::backtrace::BacktraceLock::print::h147fe35b4ea13b08
[INFO] [stdout]                                at /rustc/6067b36314ab5eb2eb47cecc464545ba58e1ad24/library/std/src/sys/backtrace.rs:42:9
[INFO] [stdout]    8:     0x60f5e79c8baf - std::panicking::default_hook::{{closure}}::hbd44223dbdc0d208
[INFO] [stdout]                                at /rustc/6067b36314ab5eb2eb47cecc464545ba58e1ad24/library/std/src/panicking.rs:298:22
[INFO] [stdout]    9:     0x60f5e79c89c8 - std::panicking::default_hook::h20f81eb0576efcec
[INFO] [stdout]                                at /rustc/6067b36314ab5eb2eb47cecc464545ba58e1ad24/library/std/src/panicking.rs:322:9
[INFO] [stdout]   10:     0x60f5e78ef183 - <alloc::boxed::Box<F,A> as core::ops::function::Fn<Args>>::call::hdb53814c496a4d34
[INFO] [stdout]                                at /rustc/6067b36314ab5eb2eb47cecc464545ba58e1ad24/library/alloc/src/boxed.rs:2027:9
[INFO] [stdout]   11:     0x60f5e78ef183 - test::test_main::{{closure}}::hc0a4963c59427c24
[INFO] [stdout]                                at /rustc/6067b36314ab5eb2eb47cecc464545ba58e1ad24/library/test/src/lib.rs:134:21
[INFO] [stdout]   12:     0x60f5e79c96a3 - <alloc::boxed::Box<F,A> as core::ops::function::Fn<Args>>::call::h591b2225413a77e9
[INFO] [stdout]                                at /rustc/6067b36314ab5eb2eb47cecc464545ba58e1ad24/library/alloc/src/boxed.rs:2027:9
[INFO] [stdout]   13:     0x60f5e79c96a3 - std::panicking::rust_panic_with_hook::h625eea43051b2edc
[INFO] [stdout]                                at /rustc/6067b36314ab5eb2eb47cecc464545ba58e1ad24/library/std/src/panicking.rs:839:13
[INFO] [stdout]   14:     0x60f5e79c935a - std::panicking::begin_panic_handler::{{closure}}::h4f9159cfbc3f6bd3
[INFO] [stdout]                                at /rustc/6067b36314ab5eb2eb47cecc464545ba58e1ad24/library/std/src/panicking.rs:704:13
[INFO] [stdout]   15:     0x60f5e79c7c89 - std::sys::backtrace::__rust_end_short_backtrace::h0390abce48353151
[INFO] [stdout]                                at /rustc/6067b36314ab5eb2eb47cecc464545ba58e1ad24/library/std/src/sys/backtrace.rs:168:18
[INFO] [stdout]   16:     0x60f5e79c8fed - rust_begin_unwind
[INFO] [stdout]                                at /rustc/6067b36314ab5eb2eb47cecc464545ba58e1ad24/library/std/src/panicking.rs:695:5
[INFO] [stdout]   17:     0x60f5e79edf10 - core::panicking::panic_fmt::h9e7c637e9e5f29c9
[INFO] [stdout]                                at /rustc/6067b36314ab5eb2eb47cecc464545ba58e1ad24/library/core/src/panicking.rs:75:14
[INFO] [stdout]   18:     0x60f5e79ee386 - core::result::unwrap_failed::h7979f09313fe1849
[INFO] [stdout]                                at /rustc/6067b36314ab5eb2eb47cecc464545ba58e1ad24/library/core/src/result.rs:1704:5
[INFO] [stdout]   19:     0x60f5e78a30d6 - core::result::Result<T,E>::unwrap::h186e5a274605cee8
[INFO] [stdout]                                at /rustc/6067b36314ab5eb2eb47cecc464545ba58e1ad24/library/core/src/result.rs:1109:23
[INFO] [stdout]   20:     0x60f5e78a30d6 - <snapfaas::labeled_fs::DBENV as core::ops::deref::Deref>::deref::__static_ref_initialize::hae8f57fd7fc2fb6b
[INFO] [stdout]                                at /opt/rustwide/workdir/snapfaas/src/labeled_fs/mod.rs:20:21
[INFO] [stdout]   21:     0x60f5e78a30d6 - core::ops::function::FnOnce::call_once::hc3f039a786c6c45f
[INFO] [stdout]                                at /rustc/6067b36314ab5eb2eb47cecc464545ba58e1ad24/library/core/src/ops/function.rs:250:5
[INFO] [stdout]   22:     0x60f5e7896d5f - lazy_static::lazy::Lazy<T>::get::{{closure}}::hea8e55a39a0ebb30
[INFO] [stdout]                                at /opt/rustwide/cargo-home/registry/src/index.crates.io-1949cf8c6b5b557f/lazy_static-1.4.0/src/inline_lazy.rs:31:29
[INFO] [stdout]   23:     0x60f5e7897e38 - std::sync::poison::once::Once::call_once::{{closure}}::h03792068a43561c4
[INFO] [stdout]                                at /rustc/6067b36314ab5eb2eb47cecc464545ba58e1ad24/library/std/src/sync/poison/once.rs:158:41
[INFO] [stdout]   24:     0x60f5e79d1a54 - std::sys::sync::once::futex::Once::call::h815b83ce02d0388e
[INFO] [stdout]                                at /rustc/6067b36314ab5eb2eb47cecc464545ba58e1ad24/library/std/src/sys/sync/once/futex.rs:176:21
[INFO] [stdout]   25:     0x60f5e7897da4 - std::sync::poison::once::Once::call_once::h97047bcdfe72d665
[INFO] [stdout]                                at /rustc/6067b36314ab5eb2eb47cecc464545ba58e1ad24/library/std/src/sync/poison/once.rs:158:9
[INFO] [stdout]   26:     0x60f5e78a0d0f - lazy_static::lazy::Lazy<T>::get::ha8f4da2c8cf4846c
[INFO] [stdout]                                at /opt/rustwide/cargo-home/registry/src/index.crates.io-1949cf8c6b5b557f/lazy_static-1.4.0/src/inline_lazy.rs:30:9
[INFO] [stdout]   27:     0x60f5e78a0d0f - <snapfaas::labeled_fs::DBENV as core::ops::deref::Deref>::deref::__stability::h353b4848b846c1d2
[INFO] [stdout]                                at /opt/rustwide/cargo-home/registry/src/index.crates.io-1949cf8c6b5b557f/lazy_static-1.4.0/src/lib.rs:142:21
[INFO] [stdout]   28:     0x60f5e78a0d0f - <snapfaas::labeled_fs::DBENV as core::ops::deref::Deref>::deref::h1ee9b10ce72af5b2
[INFO] [stdout]                                at /opt/rustwide/cargo-home/registry/src/index.crates.io-1949cf8c6b5b557f/lazy_static-1.4.0/src/lib.rs:144:17
[INFO] [stdout]   29:     0x60f5e789e1f2 - snapfaas::labeled_fs::create_common::h8a95a0cde4c22871
[INFO] [stdout]                                at /opt/rustwide/workdir/snapfaas/src/labeled_fs/mod.rs:174:14
[INFO] [stdout]   30:     0x60f5e789c7b9 - snapfaas::labeled_fs::create_dir::hc1a2225146ecc4db
[INFO] [stdout]                                at /opt/rustwide/workdir/snapfaas/src/labeled_fs/mod.rs:89:5
[INFO] [stdout]   31:     0x60f5e7894838 - snapfaas::labeled_fs::tests::test_storage_create_dir_list_fail::h06d44d91288386e9
[INFO] [stdout]                                at /opt/rustwide/workdir/snapfaas/src/labeled_fs/mod.rs:205:17
[INFO] [stdout]   32:     0x60f5e78946f7 - snapfaas::labeled_fs::tests::test_storage_create_dir_list_fail::{{closure}}::h4c6d24311b54fcd8
[INFO] [stdout]                                at /opt/rustwide/workdir/snapfaas/src/labeled_fs/mod.rs:201:43
[INFO] [stdout]   33:     0x60f5e78a2f56 - core::ops::function::FnOnce::call_once::ha1c48f68d9502a2d
[INFO] [stdout]                                at /rustc/6067b36314ab5eb2eb47cecc464545ba58e1ad24/library/core/src/ops/function.rs:250:5
[INFO] [stdout]   34:     0x60f5e78f48db - core::ops::function::FnOnce::call_once::he27718dfdd183f43
[INFO] [stdout]                                at /rustc/6067b36314ab5eb2eb47cecc464545ba58e1ad24/library/core/src/ops/function.rs:250:5
[INFO] [stdout]   35:     0x60f5e78f48db - test::__rust_begin_short_backtrace::h4e84902998457a5d
[INFO] [stdout]                                at /rustc/6067b36314ab5eb2eb47cecc464545ba58e1ad24/library/test/src/lib.rs:632:18
[INFO] [stdout]   36:     0x60f5e78f3813 - test::run_test_in_process::{{closure}}::h7176fd18fc1feca0
[INFO] [stdout]                                at /rustc/6067b36314ab5eb2eb47cecc464545ba58e1ad24/library/test/src/lib.rs:655:60
[INFO] [stdout]   37:     0x60f5e78f3813 - <core::panic::unwind_safe::AssertUnwindSafe<F> as core::ops::function::FnOnce<()>>::call_once::hf79cff2a624d8cf7
[INFO] [stdout]                                at /rustc/6067b36314ab5eb2eb47cecc464545ba58e1ad24/library/core/src/panic/unwind_safe.rs:272:9
[INFO] [stdout]   38:     0x60f5e78f3813 - std::panicking::try::do_call::h3da0561d9ab99c25
[INFO] [stdout]                                at /rustc/6067b36314ab5eb2eb47cecc464545ba58e1ad24/library/std/src/panicking.rs:587:40
[INFO] [stdout]   39:     0x60f5e78f3813 - std::panicking::try::h41c9fa508bc61df6
[INFO] [stdout]                                at /rustc/6067b36314ab5eb2eb47cecc464545ba58e1ad24/library/std/src/panicking.rs:550:19
[INFO] [stdout]   40:     0x60f5e78f3813 - std::panic::catch_unwind::h6b3ff07bb5afad93
[INFO] [stdout]                                at /rustc/6067b36314ab5eb2eb47cecc464545ba58e1ad24/library/std/src/panic.rs:358:14
[INFO] [stdout]   41:     0x60f5e78f3813 - test::run_test_in_process::hc7253dd11b39b9f4
[INFO] [stdout]                                at /rustc/6067b36314ab5eb2eb47cecc464545ba58e1ad24/library/test/src/lib.rs:655:27
[INFO] [stdout]   42:     0x60f5e78f3813 - test::run_test::{{closure}}::hfb2007f8649c30bb
[INFO] [stdout]                                at /rustc/6067b36314ab5eb2eb47cecc464545ba58e1ad24/library/test/src/lib.rs:576:43
[INFO] [stdout]   43:     0x60f5e78b68f5 - test::run_test::{{closure}}::h56a17aa7a282a9f4
[INFO] [stdout]                                at /rustc/6067b36314ab5eb2eb47cecc464545ba58e1ad24/library/test/src/lib.rs:606:41
[INFO] [stdout]   44:     0x60f5e78b68f5 - std::sys::backtrace::__rust_begin_short_backtrace::hd2d2d2fb8e8c6aac
[INFO] [stdout]                                at /rustc/6067b36314ab5eb2eb47cecc464545ba58e1ad24/library/std/src/sys/backtrace.rs:152:18
[INFO] [stdout]   45:     0x60f5e78ba1da - std::thread::Builder::spawn_unchecked_::{{closure}}::{{closure}}::h4faa3f9db6133423
[INFO] [stdout]                                at /rustc/6067b36314ab5eb2eb47cecc464545ba58e1ad24/library/std/src/thread/mod.rs:559:17
[INFO] [stdout]   46:     0x60f5e78ba1da - <core::panic::unwind_safe::AssertUnwindSafe<F> as core::ops::function::FnOnce<()>>::call_once::hf2e855a36a4ea846
[INFO] [stdout]                                at /rustc/6067b36314ab5eb2eb47cecc464545ba58e1ad24/library/core/src/panic/unwind_safe.rs:272:9
[INFO] [stdout]   47:     0x60f5e78ba1da - std::panicking::try::do_call::h2f73af3616c35465
[INFO] [stdout]                                at /rustc/6067b36314ab5eb2eb47cecc464545ba58e1ad24/library/std/src/panicking.rs:587:40
[INFO] [stdout]   48:     0x60f5e78ba1da - std::panicking::try::hd1660ce9efadef5a
[INFO] [stdout]                                at /rustc/6067b36314ab5eb2eb47cecc464545ba58e1ad24/library/std/src/panicking.rs:550:19
[INFO] [stdout]   49:     0x60f5e78ba1da - std::panic::catch_unwind::h5ee8d7823b8ca744
[INFO] [stdout]                                at /rustc/6067b36314ab5eb2eb47cecc464545ba58e1ad24/library/std/src/panic.rs:358:14
[INFO] [stdout]   50:     0x60f5e78ba1da - std::thread::Builder::spawn_unchecked_::{{closure}}::h53c3a1894dce8407
[INFO] [stdout]                                at /rustc/6067b36314ab5eb2eb47cecc464545ba58e1ad24/library/std/src/thread/mod.rs:557:30
[INFO] [stdout]   51:     0x60f5e78ba1da - core::ops::function::FnOnce::call_once{{vtable.shim}}::h048ce291ad4f62bf
[INFO] [stdout]                                at /rustc/6067b36314ab5eb2eb47cecc464545ba58e1ad24/library/core/src/ops/function.rs:250:5
[INFO] [stdout]   52:     0x60f5e79cd6cb - <alloc::boxed::Box<F,A> as core::ops::function::FnOnce<Args>>::call_once::ha52bedf99a3b4981
[INFO] [stdout]                                at /rustc/6067b36314ab5eb2eb47cecc464545ba58e1ad24/library/alloc/src/boxed.rs:2013:9
[INFO] [stdout]   53:     0x60f5e79cd6cb - <alloc::boxed::Box<F,A> as core::ops::function::FnOnce<Args>>::call_once::h567748934d80ccf8
[INFO] [stdout]                                at /rustc/6067b36314ab5eb2eb47cecc464545ba58e1ad24/library/alloc/src/boxed.rs:2013:9
[INFO] [stdout]   54:     0x60f5e79cd6cb - std::sys::pal::unix::thread::Thread::new::thread_start::h2d970728ae887adc
[INFO] [stdout]                                at /rustc/6067b36314ab5eb2eb47cecc464545ba58e1ad24/library/std/src/sys/pal/unix/thread.rs:106:17
[INFO] [stdout]   55:     0x72f6adfe0ac3 - <unknown>
[INFO] [stdout]   56:     0x72f6ae071a04 - clone
[INFO] [stdout]   57:                0x0 - <unknown>
[INFO] [stdout] 
[INFO] [stdout] ---- labeled_fs::tests::test_storage_create_file_write_read stdout ----
[INFO] [stdout] 
[INFO] [stdout] thread 'labeled_fs::tests::test_storage_create_file_write_read' panicked at /opt/rustwide/cargo-home/registry/src/index.crates.io-1949cf8c6b5b557f/lazy_static-1.4.0/src/inline_lazy.rs:30:16:
[INFO] [stdout] Once instance has previously been poisoned
[INFO] [stdout] stack backtrace:
[INFO] [stdout]    0:     0x60f5e79c778a - std::backtrace_rs::backtrace::libunwind::trace::hb059275cfc8d6126
[INFO] [stdout]                                at /rustc/6067b36314ab5eb2eb47cecc464545ba58e1ad24/library/std/src/../../backtrace/src/backtrace/libunwind.rs:116:5
[INFO] [stdout]    1:     0x60f5e79c778a - std::backtrace_rs::backtrace::trace_unsynchronized::h2da071e4327ce3ee
[INFO] [stdout]                                at /rustc/6067b36314ab5eb2eb47cecc464545ba58e1ad24/library/std/src/../../backtrace/src/backtrace/mod.rs:66:5
[INFO] [stdout]    2:     0x60f5e79c778a - std::sys::backtrace::_print_fmt::h842a1474e6f8d23f
[INFO] [stdout]                                at /rustc/6067b36314ab5eb2eb47cecc464545ba58e1ad24/library/std/src/sys/backtrace.rs:66:9
[INFO] [stdout]    3:     0x60f5e79c778a - <std::sys::backtrace::BacktraceLock::print::DisplayBacktrace as core::fmt::Display>::fmt::h71a62eb3b9696b12
[INFO] [stdout]                                at /rustc/6067b36314ab5eb2eb47cecc464545ba58e1ad24/library/std/src/sys/backtrace.rs:39:26
[INFO] [stdout]    4:     0x60f5e79ef533 - core::fmt::rt::Argument::fmt::hdb6b616786b41dc1
[INFO] [stdout]                                at /rustc/6067b36314ab5eb2eb47cecc464545ba58e1ad24/library/core/src/fmt/rt.rs:177:76
[INFO] [stdout]    5:     0x60f5e79ef533 - core::fmt::write::h2cc1698af7e2d686
[INFO] [stdout]                                at /rustc/6067b36314ab5eb2eb47cecc464545ba58e1ad24/library/core/src/fmt/mod.rs:1440:21
[INFO] [stdout]    6:     0x60f5e79c4043 - std::io::Write::write_fmt::hab1b4cd059a79022
[INFO] [stdout]                                at /rustc/6067b36314ab5eb2eb47cecc464545ba58e1ad24/library/std/src/io/mod.rs:1887:15
[INFO] [stdout]    7:     0x60f5e79c75d2 - std::sys::backtrace::BacktraceLock::print::h147fe35b4ea13b08
[INFO] [stdout]                                at /rustc/6067b36314ab5eb2eb47cecc464545ba58e1ad24/library/std/src/sys/backtrace.rs:42:9
[INFO] [stdout]    8:     0x60f5e79c8baf - std::panicking::default_hook::{{closure}}::hbd44223dbdc0d208
[INFO] [stdout]                                at /rustc/6067b36314ab5eb2eb47cecc464545ba58e1ad24/library/std/src/panicking.rs:298:22
[INFO] [stdout]    9:     0x60f5e79c89c8 - std::panicking::default_hook::h20f81eb0576efcec
[INFO] [stdout]                                at /rustc/6067b36314ab5eb2eb47cecc464545ba58e1ad24/library/std/src/panicking.rs:322:9
[INFO] [stdout]   10:     0x60f5e78ef183 - <alloc::boxed::Box<F,A> as core::ops::function::Fn<Args>>::call::hdb53814c496a4d34
[INFO] [stdout]                                at /rustc/6067b36314ab5eb2eb47cecc464545ba58e1ad24/library/alloc/src/boxed.rs:2027:9
[INFO] [stdout]   11:     0x60f5e78ef183 - test::test_main::{{closure}}::hc0a4963c59427c24
[INFO] [stdout]                                at /rustc/6067b36314ab5eb2eb47cecc464545ba58e1ad24/library/test/src/lib.rs:134:21
[INFO] [stdout]   12:     0x60f5e79c96a3 - <alloc::boxed::Box<F,A> as core::ops::function::Fn<Args>>::call::h591b2225413a77e9
[INFO] [stdout]                                at /rustc/6067b36314ab5eb2eb47cecc464545ba58e1ad24/library/alloc/src/boxed.rs:2027:9
[INFO] [stdout]   13:     0x60f5e79c96a3 - std::panicking::rust_panic_with_hook::h625eea43051b2edc
[INFO] [stdout]                                at /rustc/6067b36314ab5eb2eb47cecc464545ba58e1ad24/library/std/src/panicking.rs:839:13
[INFO] [stdout]   14:     0x60f5e79c9326 - std::panicking::begin_panic_handler::{{closure}}::h4f9159cfbc3f6bd3
[INFO] [stdout]                                at /rustc/6067b36314ab5eb2eb47cecc464545ba58e1ad24/library/std/src/panicking.rs:697:13
[INFO] [stdout]   15:     0x60f5e79c7c89 - std::sys::backtrace::__rust_end_short_backtrace::h0390abce48353151
[INFO] [stdout]                                at /rustc/6067b36314ab5eb2eb47cecc464545ba58e1ad24/library/std/src/sys/backtrace.rs:168:18
[INFO] [stdout]   16:     0x60f5e79c8fed - rust_begin_unwind
[INFO] [stdout]                                at /rustc/6067b36314ab5eb2eb47cecc464545ba58e1ad24/library/std/src/panicking.rs:695:5
[INFO] [stdout]   17:     0x60f5e79edf10 - core::panicking::panic_fmt::h9e7c637e9e5f29c9
[INFO] [stdout]                                at /rustc/6067b36314ab5eb2eb47cecc464545ba58e1ad24/library/core/src/panicking.rs:75:14
[INFO] [stdout]   18:     0x60f5e79d1b63 - std::sys::sync::once::futex::Once::call::h815b83ce02d0388e
[INFO] [stdout]                                at /rustc/6067b36314ab5eb2eb47cecc464545ba58e1ad24/library/std/src/sys/sync/once/futex.rs:148:21
[INFO] [stdout]   19:     0x60f5e7897da4 - std::sync::poison::once::Once::call_once::h97047bcdfe72d665
[INFO] [stdout]                                at /rustc/6067b36314ab5eb2eb47cecc464545ba58e1ad24/library/std/src/sync/poison/once.rs:158:9
[INFO] [stdout]   20:     0x60f5e78a0d0f - lazy_static::lazy::Lazy<T>::get::ha8f4da2c8cf4846c
[INFO] [stdout]                                at /opt/rustwide/cargo-home/registry/src/index.crates.io-1949cf8c6b5b557f/lazy_static-1.4.0/src/inline_lazy.rs:30:9
[INFO] [stdout]   21:     0x60f5e78a0d0f - <snapfaas::labeled_fs::DBENV as core::ops::deref::Deref>::deref::__stability::h353b4848b846c1d2
[INFO] [stdout]                                at /opt/rustwide/cargo-home/registry/src/index.crates.io-1949cf8c6b5b557f/lazy_static-1.4.0/src/lib.rs:142:21
[INFO] [stdout]   22:     0x60f5e78a0d0f - <snapfaas::labeled_fs::DBENV as core::ops::deref::Deref>::deref::h1ee9b10ce72af5b2
[INFO] [stdout]                                at /opt/rustwide/cargo-home/registry/src/index.crates.io-1949cf8c6b5b557f/lazy_static-1.4.0/src/lib.rs:144:17
[INFO] [stdout]   23:     0x60f5e789e1f2 - snapfaas::labeled_fs::create_common::h8a95a0cde4c22871
[INFO] [stdout]                                at /opt/rustwide/workdir/snapfaas/src/labeled_fs/mod.rs:174:14
[INFO] [stdout]   24:     0x60f5e789c7b9 - snapfaas::labeled_fs::create_dir::hc1a2225146ecc4db
[INFO] [stdout]                                at /opt/rustwide/workdir/snapfaas/src/labeled_fs/mod.rs:89:5
[INFO] [stdout]   25:     0x60f5e78959bc - snapfaas::labeled_fs::tests::test_storage_create_file_write_read::h6378f3dac59688ae
[INFO] [stdout]                                at /opt/rustwide/workdir/snapfaas/src/labeled_fs/mod.rs:247:17
[INFO] [stdout]   26:     0x60f5e7895897 - snapfaas::labeled_fs::tests::test_storage_create_file_write_read::{{closure}}::he3beba931e7289fc
[INFO] [stdout]                                at /opt/rustwide/workdir/snapfaas/src/labeled_fs/mod.rs:243:45
[INFO] [stdout]   27:     0x60f5e78a2f96 - core::ops::function::FnOnce::call_once::haa303fc6b1502577
[INFO] [stdout]                                at /rustc/6067b36314ab5eb2eb47cecc464545ba58e1ad24/library/core/src/ops/function.rs:250:5
[INFO] [stdout]   28:     0x60f5e78f48db - core::ops::function::FnOnce::call_once::he27718dfdd183f43
[INFO] [stdout]                                at /rustc/6067b36314ab5eb2eb47cecc464545ba58e1ad24/library/core/src/ops/function.rs:250:5
[INFO] [stdout]   29:     0x60f5e78f48db - test::__rust_begin_short_backtrace::h4e84902998457a5d
[INFO] [stdout]                                at /rustc/6067b36314ab5eb2eb47cecc464545ba58e1ad24/library/test/src/lib.rs:632:18
[INFO] [stdout]   30:     0x60f5e78f3813 - test::run_test_in_process::{{closure}}::h7176fd18fc1feca0
[INFO] [stdout]                                at /rustc/6067b36314ab5eb2eb47cecc464545ba58e1ad24/library/test/src/lib.rs:655:60
[INFO] [stdout]   31:     0x60f5e78f3813 - <core::panic::unwind_safe::AssertUnwindSafe<F> as core::ops::function::FnOnce<()>>::call_once::hf79cff2a624d8cf7
[INFO] [stdout]                                at /rustc/6067b36314ab5eb2eb47cecc464545ba58e1ad24/library/core/src/panic/unwind_safe.rs:272:9
[INFO] [stdout]   32:     0x60f5e78f3813 - std::panicking::try::do_call::h3da0561d9ab99c25
[INFO] [stdout]                                at /rustc/6067b36314ab5eb2eb47cecc464545ba58e1ad24/library/std/src/panicking.rs:587:40
[INFO] [stdout]   33:     0x60f5e78f3813 - std::panicking::try::h41c9fa508bc61df6
[INFO] [stdout]                                at /rustc/6067b36314ab5eb2eb47cecc464545ba58e1ad24/library/std/src/panicking.rs:550:19
[INFO] [stdout]   34:     0x60f5e78f3813 - std::panic::catch_unwind::h6b3ff07bb5afad93
[INFO] [stdout]                                at /rustc/6067b36314ab5eb2eb47cecc464545ba58e1ad24/library/std/src/panic.rs:358:14
[INFO] [stdout]   35:     0x60f5e78f3813 - test::run_test_in_process::hc7253dd11b39b9f4
[INFO] [stdout]                                at /rustc/6067b36314ab5eb2eb47cecc464545ba58e1ad24/library/test/src/lib.rs:655:27
[INFO] [stdout]   36:     0x60f5e78f3813 - test::run_test::{{closure}}::hfb2007f8649c30bb
[INFO] [stdout]                                at /rustc/6067b36314ab5eb2eb47cecc464545ba58e1ad24/library/test/src/lib.rs:576:43
[INFO] [stdout]   37:     0x60f5e78b68f5 - test::run_test::{{closure}}::h56a17aa7a282a9f4
[INFO] [stdout]                                at /rustc/6067b36314ab5eb2eb47cecc464545ba58e1ad24/library/test/src/lib.rs:606:41
[INFO] [stdout]   38:     0x60f5e78b68f5 - std::sys::backtrace::__rust_begin_short_backtrace::hd2d2d2fb8e8c6aac
[INFO] [stdout]                                at /rustc/6067b36314ab5eb2eb47cecc464545ba58e1ad24/library/std/src/sys/backtrace.rs:152:18
[INFO] [stdout]   39:     0x60f5e78ba1da - std::thread::Builder::spawn_unchecked_::{{closure}}::{{closure}}::h4faa3f9db6133423
[INFO] [stdout]                                at /rustc/6067b36314ab5eb2eb47cecc464545ba58e1ad24/library/std/src/thread/mod.rs:559:17
[INFO] [stdout]   40:     0x60f5e78ba1da - <core::panic::unwind_safe::AssertUnwindSafe<F> as core::ops::function::FnOnce<()>>::call_once::hf2e855a36a4ea846
[INFO] [stdout]                                at /rustc/6067b36314ab5eb2eb47cecc464545ba58e1ad24/library/core/src/panic/unwind_safe.rs:272:9
[INFO] [stdout]   41:     0x60f5e78ba1da - std::panicking::try::do_call::h2f73af3616c35465
[INFO] [stdout]                                at /rustc/6067b36314ab5eb2eb47cecc464545ba58e1ad24/library/std/src/panicking.rs:587:40
[INFO] [stdout]   42:     0x60f5e78ba1da - std::panicking::try::hd1660ce9efadef5a
[INFO] [stdout]                                at /rustc/6067b36314ab5eb2eb47cecc464545ba58e1ad24/library/std/src/panicking.rs:550:19
[INFO] [stdout]   43:     0x60f5e78ba1da - std::panic::catch_unwind::h5ee8d7823b8ca744
[INFO] [stdout]                                at /rustc/6067b36314ab5eb2eb47cecc464545ba58e1ad24/library/std/src/panic.rs:358:14
[INFO] [stdout]   44:     0x60f5e78ba1da - std::thread::Builder::spawn_unchecked_::{{closure}}::h53c3a1894dce8407
[INFO] [stdout]                                at /rustc/6067b36314ab5eb2eb47cecc464545ba58e1ad24/library/std/src/thread/mod.rs:557:30
[INFO] [stdout]   45:     0x60f5e78ba1da - core::ops::function::FnOnce::call_once{{vtable.shim}}::h048ce291ad4f62bf
[INFO] [stdout]                                at /rustc/6067b36314ab5eb2eb47cecc464545ba58e1ad24/library/core/src/ops/function.rs:250:5
[INFO] [stdout]   46:     0x60f5e79cd6cb - <alloc::boxed::Box<F,A> as core::ops::function::FnOnce<Args>>::call_once::ha52bedf99a3b4981
[INFO] [stdout]                                at /rustc/6067b36314ab5eb2eb47cecc464545ba58e1ad24/library/alloc/src/boxed.rs:2013:9
[INFO] [stdout]   47:     0x60f5e79cd6cb - <alloc::boxed::Box<F,A> as core::ops::function::FnOnce<Args>>::call_once::h567748934d80ccf8
[INFO] [stdout]                                at /rustc/6067b36314ab5eb2eb47cecc464545ba58e1ad24/library/alloc/src/boxed.rs:2013:9
[INFO] [stdout]   48:     0x60f5e79cd6cb - std::sys::pal::unix::thread::Thread::new::thread_start::h2d970728ae887adc
[INFO] [stdout]                                at /rustc/6067b36314ab5eb2eb47cecc464545ba58e1ad24/library/std/src/sys/pal/unix/thread.rs:106:17
[INFO] [stdout]   49:     0x72f6adfe0ac3 - <unknown>
[INFO] [stdout]   50:     0x72f6ae071a04 - clone
[INFO] [stdout]   51:                0x0 - <unknown>
[INFO] [stdout] 
[INFO] [stdout] 
[INFO] [stdout] failures:
[INFO] [stdout]     labeled_fs::tests::test_storage_create_dir_list_fail
[INFO] [stdout]     labeled_fs::tests::test_storage_create_file_write_read
[INFO] [stdout] 
[INFO] [stdout] test result: FAILED. 2 passed; 2 failed; 0 ignored; 0 measured; 0 filtered out; finished in 7.00s
[INFO] [stdout] 
[INFO] [stderr] error: test failed, to rerun pass `-p snapfaas --lib`
[INFO] running `Command { std: "docker" "inspect" "874eb537f9b4c4dc1ca130f3235f3df98d3527a1a3feded475ae6661d894bdf5", kill_on_drop: false }`
[INFO] running `Command { std: "docker" "rm" "-f" "874eb537f9b4c4dc1ca130f3235f3df98d3527a1a3feded475ae6661d894bdf5", kill_on_drop: false }`
[INFO] [stdout] 874eb537f9b4c4dc1ca130f3235f3df98d3527a1a3feded475ae6661d894bdf5
