[INFO] cloning repository https://github.com/s-ylide/cpuex2022-7-compiler
[INFO] running `Command { std: "git" "-c" "credential.helper=" "-c" "credential.helper=/workspace/cargo-home/bin/git-credential-null" "clone" "--bare" "https://github.com/s-ylide/cpuex2022-7-compiler" "/workspace/cache/git-repos/https%3A%2F%2Fgithub.com%2Fs-ylide%2Fcpuex2022-7-compiler", kill_on_drop: false }`
[INFO] [stderr] Cloning into bare repository '/workspace/cache/git-repos/https%3A%2F%2Fgithub.com%2Fs-ylide%2Fcpuex2022-7-compiler'...
[INFO] running `Command { std: "git" "rev-parse" "HEAD", kill_on_drop: false }`
[INFO] [stdout] 87dd9b8cb19d3dcd46577e23d7f040ee21fbc2e8
[INFO] testing s-ylide/cpuex2022-7-compiler against nightly-2025-01-18+rustflags=-Zrandomize-layout for randomize-layout-2
[INFO] running `Command { std: "git" "clone" "/workspace/cache/git-repos/https%3A%2F%2Fgithub.com%2Fs-ylide%2Fcpuex2022-7-compiler" "/workspace/builds/worker-1-tc2/source", kill_on_drop: false }`
[INFO] [stderr] Cloning into '/workspace/builds/worker-1-tc2/source'...
[INFO] [stderr] done.
[INFO] validating manifest of git repo https://github.com/s-ylide/cpuex2022-7-compiler on toolchain nightly-2025-01-18
[INFO] running `Command { std: CARGO_HOME="/workspace/cargo-home" RUSTUP_HOME="/workspace/rustup-home" "/workspace/cargo-home/bin/cargo" "+nightly-2025-01-18" "metadata" "--manifest-path" "Cargo.toml" "--no-deps", kill_on_drop: false }`
[INFO] removed /workspace/builds/worker-1-tc2/source/rust-toolchain.toml
[INFO] started tweaking git repo https://github.com/s-ylide/cpuex2022-7-compiler
[INFO] finished tweaking git repo https://github.com/s-ylide/cpuex2022-7-compiler
[INFO] tweaked toml for git repo https://github.com/s-ylide/cpuex2022-7-compiler written to /workspace/builds/worker-1-tc2/source/Cargo.toml
[INFO] crate git repo https://github.com/s-ylide/cpuex2022-7-compiler already has a lockfile, it will not be regenerated
[INFO] running `Command { std: CARGO_HOME="/workspace/cargo-home" RUSTUP_HOME="/workspace/rustup-home" "/workspace/cargo-home/bin/cargo" "+nightly-2025-01-18" "fetch" "--manifest-path" "Cargo.toml", kill_on_drop: false }`
[INFO] [stderr]     Blocking waiting for file lock on package cache
[INFO] running `Command { std: "docker" "create" "-v" "/var/lib/crater-agent-workspace/builds/worker-1-tc2/target:/opt/rustwide/target:rw,Z" "-v" "/var/lib/crater-agent-workspace/builds/worker-1-tc2/source:/opt/rustwide/workdir:ro,Z" "-v" "/var/lib/crater-agent-workspace/cargo-home:/opt/rustwide/cargo-home:ro,Z" "-v" "/var/lib/crater-agent-workspace/rustup-home:/opt/rustwide/rustup-home:ro,Z" "-e" "SOURCE_DIR=/opt/rustwide/workdir" "-e" "CARGO_TARGET_DIR=/opt/rustwide/target" "-e" "CARGO_HOME=/opt/rustwide/cargo-home" "-e" "RUSTUP_HOME=/opt/rustwide/rustup-home" "-w" "/opt/rustwide/workdir" "-m" "1610612736" "--user" "0:0" "--network" "none" "ghcr.io/rust-lang/crates-build-env/linux@sha256:819108c5571ea2e421544af4d832f968d213c87fbe3707a016657f43d2f853bc" "/opt/rustwide/cargo-home/bin/cargo" "+nightly-2025-01-18" "metadata" "--no-deps" "--format-version=1", kill_on_drop: false }`
[INFO] [stdout] 433ba2aa6f5bcb8703e1b66453319e7cf2ae9db8d675f390829f223dd37cf1a2
[INFO] running `Command { std: "docker" "start" "-a" "433ba2aa6f5bcb8703e1b66453319e7cf2ae9db8d675f390829f223dd37cf1a2", kill_on_drop: false }`
[INFO] running `Command { std: "docker" "inspect" "433ba2aa6f5bcb8703e1b66453319e7cf2ae9db8d675f390829f223dd37cf1a2", kill_on_drop: false }`
[INFO] running `Command { std: "docker" "rm" "-f" "433ba2aa6f5bcb8703e1b66453319e7cf2ae9db8d675f390829f223dd37cf1a2", kill_on_drop: false }`
[INFO] [stdout] 433ba2aa6f5bcb8703e1b66453319e7cf2ae9db8d675f390829f223dd37cf1a2
[INFO] running `Command { std: "docker" "create" "-v" "/var/lib/crater-agent-workspace/builds/worker-1-tc2/target:/opt/rustwide/target:rw,Z" "-v" "/var/lib/crater-agent-workspace/builds/worker-1-tc2/source:/opt/rustwide/workdir:ro,Z" "-v" "/var/lib/crater-agent-workspace/cargo-home:/opt/rustwide/cargo-home:ro,Z" "-v" "/var/lib/crater-agent-workspace/rustup-home:/opt/rustwide/rustup-home:ro,Z" "-e" "SOURCE_DIR=/opt/rustwide/workdir" "-e" "CARGO_TARGET_DIR=/opt/rustwide/target" "-e" "CARGO_INCREMENTAL=0" "-e" "RUST_BACKTRACE=full" "-e" "RUSTFLAGS=--cap-lints=forbid -Zrandomize-layout" "-e" "RUSTDOCFLAGS=--cap-lints=forbid" "-e" "CARGO_HOME=/opt/rustwide/cargo-home" "-e" "RUSTUP_HOME=/opt/rustwide/rustup-home" "-w" "/opt/rustwide/workdir" "-m" "1610612736" "--user" "0:0" "--network" "none" "ghcr.io/rust-lang/crates-build-env/linux@sha256:819108c5571ea2e421544af4d832f968d213c87fbe3707a016657f43d2f853bc" "/opt/rustwide/cargo-home/bin/cargo" "+nightly-2025-01-18" "build" "--frozen" "--message-format=json", kill_on_drop: false }`
[INFO] [stdout] 818c6c6bedac24ff01ae1118e507ae250ec12d692c432e8bedcfe610771ef528
[INFO] running `Command { std: "docker" "start" "-a" "818c6c6bedac24ff01ae1118e507ae250ec12d692c432e8bedcfe610771ef528", kill_on_drop: false }`
[INFO] [stderr]    Compiling autocfg v1.1.0
[INFO] [stderr]    Compiling cfg-if v1.0.0
[INFO] [stderr]    Compiling proc-macro2 v1.0.66
[INFO] [stderr]    Compiling unicode-ident v1.0.5
[INFO] [stderr]    Compiling libc v0.2.135
[INFO] [stderr]    Compiling memchr v2.5.0
[INFO] [stderr]    Compiling scopeguard v1.1.0
[INFO] [stderr]    Compiling log v0.4.17
[INFO] [stderr]    Compiling syn v1.0.102
[INFO] [stderr]    Compiling parking_lot_core v0.9.3
[INFO] [stderr]    Compiling once_cell v1.16.0
[INFO] [stderr]    Compiling smallvec v1.10.0
[INFO] [stderr]    Compiling crunchy v0.2.2
[INFO] [stderr]    Compiling util v0.1.0 (/opt/rustwide/workdir/util)
[INFO] [stderr]    Compiling either v1.8.0
[INFO] [stderr]    Compiling hashbrown v0.12.3
[INFO] [stderr]    Compiling proc-macro2 v0.4.30
[INFO] [stderr]    Compiling regex-syntax v0.6.27
[INFO] [stderr]    Compiling tiny-keccak v2.0.2
[INFO] [stderr]    Compiling span v0.1.0 (/opt/rustwide/workdir/span)
[INFO] [stderr]    Compiling siphasher v0.3.10
[INFO] [stderr]    Compiling precomputed-hash v0.1.1
[INFO] [stderr]    Compiling fixedbitset v0.4.2
[INFO] [stderr]    Compiling new_debug_unreachable v1.0.4
[INFO] [stderr]    Compiling unicode-xid v0.1.0
[INFO] [stderr]    Compiling ty v0.1.0 (/opt/rustwide/workdir/ty)
[INFO] [stderr]    Compiling bit-vec v0.6.3
[INFO] [stderr]    Compiling ena v0.14.0
[INFO] [stderr]    Compiling num-traits v0.2.15
[INFO] [stderr]    Compiling lock_api v0.4.9
[INFO] [stderr]    Compiling indexmap v1.9.1
[INFO] [stderr]    Compiling bit-set v0.5.3
[INFO] [stderr]    Compiling itertools v0.10.5
[INFO] [stderr]    Compiling diff v0.1.13
[INFO] [stderr]    Compiling phf_shared v0.10.0
[INFO] [stderr]    Compiling bit-vec v0.4.4
[INFO] [stderr]    Compiling syn v0.15.44
[INFO] [stderr]    Compiling thiserror v1.0.37
[INFO] [stderr]    Compiling unicode-xid v0.2.4
[INFO] [stderr]    Compiling pico-args v0.4.2
[INFO] [stderr]    Compiling bit-set v0.4.0
[INFO] [stderr]    Compiling quote v0.6.13
[INFO] [stderr]    Compiling vec_map v0.6.0
[INFO] [stderr]    Compiling peg-runtime v0.8.1
[INFO] [stderr]    Compiling redfa v0.0.2
[INFO] [stderr]    Compiling lalr v0.0.2
[INFO] [stderr]    Compiling lalrpop-util v0.19.8
[INFO] [stderr]    Compiling crossbeam-utils v0.8.14
[INFO] [stderr]    Compiling aho-corasick v0.7.19
[INFO] [stderr]    Compiling quote v1.0.33
[INFO] [stderr]    Compiling dirs-sys-next v0.1.2
[INFO] [stderr]    Compiling atty v0.2.14
[INFO] [stderr]    Compiling memoffset v0.7.1
[INFO] [stderr]    Compiling version_check v0.9.4
[INFO] [stderr]    Compiling crossbeam-epoch v0.9.13
[INFO] [stderr]    Compiling serde v1.0.188
[INFO] [stderr]    Compiling radium v0.7.0
[INFO] [stderr]    Compiling dirs-next v2.0.0
[INFO] [stderr]    Compiling term v0.7.0
[INFO] [stderr]    Compiling petgraph v0.6.2
[INFO] [stderr]    Compiling ordered-float v3.4.0
[INFO] [stderr]    Compiling parking_lot v0.12.1
[INFO] [stderr]    Compiling syn v2.0.29
[INFO] [stderr]    Compiling peg-macros v0.8.1
[INFO] [stderr]    Compiling io-lifetimes v1.0.3
[INFO] [stderr]    Compiling tap v1.0.1
[INFO] [stderr]    Compiling wyz v0.5.1
[INFO] [stderr]    Compiling string_cache v0.8.4
[INFO] [stderr]    Compiling ascii-canvas v3.0.0
[INFO] [stderr]    Compiling ast v0.1.0 (/opt/rustwide/workdir/ast)
[INFO] [stderr]    Compiling proc-macro-error-attr v1.0.4
[INFO] [stderr]    Compiling funty v2.0.0
[INFO] [stderr]    Compiling regex v1.6.0
[INFO] [stderr]    Compiling rayon-core v1.10.1
[INFO] [stderr]    Compiling rustix v0.36.5
[INFO] [stderr]    Compiling crossbeam-channel v0.5.6
[INFO] [stderr]    Compiling num_cpus v1.14.0
[INFO] [stderr]    Compiling proc-macro-error v1.0.4
[INFO] [stderr]    Compiling crossbeam-deque v0.8.2
[INFO] [stderr]    Compiling typedefs v0.1.0 (/opt/rustwide/workdir/typedefs)
[INFO] [stderr]    Compiling ir_asm_ast_isa1st v0.1.0 (/opt/rustwide/workdir/ir_asm_ast_isa1st)
[INFO] [stderr]    Compiling linux-raw-sys v0.1.4
[INFO] [stderr]    Compiling bitflags v1.3.2
[INFO] [stderr]    Compiling os_str_bytes v6.3.1
[INFO] [stderr]    Compiling heck v0.4.0
[INFO] [stderr]    Compiling termcolor v1.1.3
[INFO] [stderr]    Compiling serde_json v1.0.91
[INFO] [stderr]    Compiling clap_lex v0.3.0
[INFO] [stderr]    Compiling bitvec v1.0.1
[INFO] [stderr]    Compiling humantime v2.1.0
[INFO] [stderr]    Compiling peg v0.8.1
[INFO] [stderr]    Compiling yansi-term v0.1.2
[INFO] [stderr]    Compiling strsim v0.10.0
[INFO] [stderr]    Compiling itoa v1.0.5
[INFO] [stderr]    Compiling ryu v1.0.12
[INFO] [stderr]    Compiling unicode-width v0.1.10
[INFO] [stderr]    Compiling annotate-snippets v0.9.1
[INFO] [stderr]    Compiling lalrpop v0.19.8
[INFO] [stderr]    Compiling rayon v1.6.0
[INFO] [stderr]    Compiling is-terminal v0.4.1
[INFO] [stderr]    Compiling plex v0.2.5
[INFO] [stderr]    Compiling serde_derive v1.0.188
[INFO] [stderr]    Compiling thiserror-impl v1.0.37
[INFO] [stderr]    Compiling clap_derive v4.1.0
[INFO] [stderr]    Compiling env_logger v0.10.0
[INFO] [stderr]    Compiling ir_asm_parser_isa1st v0.1.0 (/opt/rustwide/workdir/ir_asm_parser_isa1st)
[INFO] [stderr]    Compiling clap v4.1.1
[INFO] [stdout] warning: elided lifetime has a name
[INFO] [stdout]    --> ir_asm_parser_isa1st/src/parser.rs:598:12
[INFO] [stdout]     |
[INFO] [stdout] 595 | pub fn verify_instr_call<'input>(
[INFO] [stdout]     |                          ------ lifetime `'input` declared here
[INFO] [stdout] ...
[INFO] [stdout] 598 | ) -> Result<Instr<Offset<Label>, Label>> {
[INFO] [stdout]     |            ^ this elided lifetime gets resolved as `'input`
[INFO] [stdout]     |
[INFO] [stdout]     = note: `#[warn(elided_named_lifetimes)]` on by default
[INFO] [stdout] 
[INFO] [stdout] 
[INFO] [stdout] warning: elided lifetime has a name
[INFO] [stdout]    --> ir_asm_parser_isa1st/src/parser.rs:598:26
[INFO] [stdout]     |
[INFO] [stdout] 595 | pub fn verify_instr_call<'input>(
[INFO] [stdout]     |                          ------ lifetime `'input` declared here
[INFO] [stdout] ...
[INFO] [stdout] 598 | ) -> Result<Instr<Offset<Label>, Label>> {
[INFO] [stdout]     |                          ^^^^^ this elided lifetime gets resolved as `'input`
[INFO] [stdout] 
[INFO] [stdout] 
[INFO] [stdout] warning: elided lifetime has a name
[INFO] [stdout]    --> ir_asm_parser_isa1st/src/parser.rs:598:34
[INFO] [stdout]     |
[INFO] [stdout] 595 | pub fn verify_instr_call<'input>(
[INFO] [stdout]     |                          ------ lifetime `'input` declared here
[INFO] [stdout] ...
[INFO] [stdout] 598 | ) -> Result<Instr<Offset<Label>, Label>> {
[INFO] [stdout]     |                                  ^^^^^ this elided lifetime gets resolved as `'input`
[INFO] [stdout] 
[INFO] [stdout] 
[INFO] [stderr]    Compiling multimap v0.8.3
[INFO] [stderr]    Compiling debug_symbol v0.1.0 (/opt/rustwide/workdir/debug_symbol)
[INFO] [stderr]    Compiling parser v0.1.0 (/opt/rustwide/workdir/parser)
[INFO] [stderr]    Compiling pervasives v0.1.0 (/opt/rustwide/workdir/pervasives)
[INFO] [stderr]    Compiling typing v0.1.0 (/opt/rustwide/workdir/typing)
[INFO] [stderr]    Compiling ir_asm_virtual_ast_isa1st v0.1.0 (/opt/rustwide/workdir/ir_asm_virtual_ast_isa1st)
[INFO] [stderr]    Compiling ir_typed_ast v0.1.0 (/opt/rustwide/workdir/ir_typed_ast)
[INFO] [stderr]    Compiling ir_knorm v0.1.0 (/opt/rustwide/workdir/ir_knorm)
[INFO] [stderr]    Compiling ir_closure v0.1.0 (/opt/rustwide/workdir/ir_closure)
[INFO] [stderr]    Compiling ir_asm_virtual_isa1st v0.1.0 (/opt/rustwide/workdir/ir_asm_virtual_isa1st)
[INFO] [stderr]    Compiling bingen_isa1st v0.1.0 (/opt/rustwide/workdir/bingen_isa1st)
[INFO] [stdout] warning: the feature `option_get_or_insert_default` has been stable since 1.83.0 and no longer requires an attribute to enable
[INFO] [stdout]  --> bingen_isa1st/src/lib.rs:2:12
[INFO] [stdout]   |
[INFO] [stdout] 2 | #![feature(option_get_or_insert_default)]
[INFO] [stdout]   |            ^^^^^^^^^^^^^^^^^^^^^^^^^^^^
[INFO] [stdout]   |
[INFO] [stdout]   = note: `#[warn(stable_features)]` on by default
[INFO] [stdout] 
[INFO] [stdout] 
[INFO] [stdout] warning: associated function `from_const` is never used
[INFO] [stdout]    --> bingen_isa1st/src/lib.rs:573:8
[INFO] [stdout]     |
[INFO] [stdout] 571 | trait FromConst {
[INFO] [stdout]     |       --------- associated function in this trait
[INFO] [stdout] 572 |     type Const;
[INFO] [stdout] 573 |     fn from_const(c: Self::Const) -> Self;
[INFO] [stdout]     |        ^^^^^^^^^^
[INFO] [stdout]     |
[INFO] [stdout]     = note: `#[warn(dead_code)]` on by default
[INFO] [stdout] 
[INFO] [stdout] 
[INFO] [stdout] warning: field `region` is never read
[INFO] [stdout]    --> bingen_isa1st/src/instr.rs:100:9
[INFO] [stdout]     |
[INFO] [stdout] 99  |     Flw {
[INFO] [stdout]     |     --- field in this variant
[INFO] [stdout] 100 |         region: MemRegion,
[INFO] [stdout]     |         ^^^^^^
[INFO] [stdout] 
[INFO] [stdout] 
[INFO] [stdout] warning: field `region` is never read
[INFO] [stdout]    --> bingen_isa1st/src/instr.rs:107:9
[INFO] [stdout]     |
[INFO] [stdout] 106 |     Fsw {
[INFO] [stdout]     |     --- field in this variant
[INFO] [stdout] 107 |         region: MemRegion,
[INFO] [stdout]     |         ^^^^^^
[INFO] [stdout] 
[INFO] [stdout] 
[INFO] [stdout] warning: field `0` is never read
[INFO] [stdout]    --> bingen_isa1st/src/instr.rs:164:16
[INFO] [stdout]     |
[INFO] [stdout] 164 |             Lw(MemRegion),
[INFO] [stdout]     |             -- ^^^^^^^^^
[INFO] [stdout]     |             |
[INFO] [stdout]     |             field in this variant
[INFO] [stdout]     |
[INFO] [stdout] help: consider changing the field to be of unit type to suppress this warning while preserving the field numbering, or remove the field
[INFO] [stdout]     |
[INFO] [stdout] 164 |             Lw(()),
[INFO] [stdout]     |                ~~
[INFO] [stdout] 
[INFO] [stdout] 
[INFO] [stdout] warning: field `0` is never read
[INFO] [stdout]    --> bingen_isa1st/src/instr.rs:171:8
[INFO] [stdout]     |
[INFO] [stdout] 171 |     Sw(MemRegion),
[INFO] [stdout]     |     -- ^^^^^^^^^
[INFO] [stdout]     |     |
[INFO] [stdout]     |     field in this variant
[INFO] [stdout]     |
[INFO] [stdout] help: consider changing the field to be of unit type to suppress this warning while preserving the field numbering, or remove the field
[INFO] [stdout]     |
[INFO] [stdout] 171 |     Sw(()),
[INFO] [stdout]     |        ~~
[INFO] [stdout] 
[INFO] [stdout] 
[INFO] [stderr]    Compiling mincamlc v0.1.0 (/opt/rustwide/workdir/mincamlc)
[INFO] [stderr]     Finished `dev` profile [unoptimized + debuginfo] target(s) in 42.24s
[INFO] [stderr] warning: the following packages contain code that will be rejected by a future version of Rust: lalrpop v0.19.8
[INFO] [stderr] note: to see what the problems were, use the option `--future-incompat-report`, or run `cargo report future-incompatibilities --id 1`
[INFO] running `Command { std: "docker" "inspect" "818c6c6bedac24ff01ae1118e507ae250ec12d692c432e8bedcfe610771ef528", kill_on_drop: false }`
[INFO] running `Command { std: "docker" "rm" "-f" "818c6c6bedac24ff01ae1118e507ae250ec12d692c432e8bedcfe610771ef528", kill_on_drop: false }`
[INFO] [stdout] 818c6c6bedac24ff01ae1118e507ae250ec12d692c432e8bedcfe610771ef528
[INFO] running `Command { std: "docker" "create" "-v" "/var/lib/crater-agent-workspace/builds/worker-1-tc2/target:/opt/rustwide/target:rw,Z" "-v" "/var/lib/crater-agent-workspace/builds/worker-1-tc2/source:/opt/rustwide/workdir:ro,Z" "-v" "/var/lib/crater-agent-workspace/cargo-home:/opt/rustwide/cargo-home:ro,Z" "-v" "/var/lib/crater-agent-workspace/rustup-home:/opt/rustwide/rustup-home:ro,Z" "-e" "SOURCE_DIR=/opt/rustwide/workdir" "-e" "CARGO_TARGET_DIR=/opt/rustwide/target" "-e" "CARGO_INCREMENTAL=0" "-e" "RUST_BACKTRACE=full" "-e" "RUSTFLAGS=--cap-lints=forbid -Zrandomize-layout" "-e" "RUSTDOCFLAGS=--cap-lints=forbid" "-e" "CARGO_HOME=/opt/rustwide/cargo-home" "-e" "RUSTUP_HOME=/opt/rustwide/rustup-home" "-w" "/opt/rustwide/workdir" "-m" "1610612736" "--user" "0:0" "--network" "none" "ghcr.io/rust-lang/crates-build-env/linux@sha256:819108c5571ea2e421544af4d832f968d213c87fbe3707a016657f43d2f853bc" "/opt/rustwide/cargo-home/bin/cargo" "+nightly-2025-01-18" "test" "--frozen" "--no-run" "--message-format=json", kill_on_drop: false }`
[INFO] [stdout] ea715eedcb0d2296811f37b2feec8b50d5565b95d21e887053f81a77fd483ced
[INFO] running `Command { std: "docker" "start" "-a" "ea715eedcb0d2296811f37b2feec8b50d5565b95d21e887053f81a77fd483ced", kill_on_drop: false }`
[INFO] [stdout] warning: elided lifetime has a name
[INFO] [stdout]    --> ir_asm_parser_isa1st/src/parser.rs:598:12
[INFO] [stdout]     |
[INFO] [stdout] 595 | pub fn verify_instr_call<'input>(
[INFO] [stdout]     |                          ------ lifetime `'input` declared here
[INFO] [stdout] ...
[INFO] [stdout] 598 | ) -> Result<Instr<Offset<Label>, Label>> {
[INFO] [stdout]     |            ^ this elided lifetime gets resolved as `'input`
[INFO] [stdout]     |
[INFO] [stdout]     = note: `#[warn(elided_named_lifetimes)]` on by default
[INFO] [stdout] 
[INFO] [stdout] 
[INFO] [stdout] warning: elided lifetime has a name
[INFO] [stdout]    --> ir_asm_parser_isa1st/src/parser.rs:598:26
[INFO] [stdout]     |
[INFO] [stdout] 595 | pub fn verify_instr_call<'input>(
[INFO] [stdout]     |                          ------ lifetime `'input` declared here
[INFO] [stdout] ...
[INFO] [stdout] 598 | ) -> Result<Instr<Offset<Label>, Label>> {
[INFO] [stdout]     |                          ^^^^^ this elided lifetime gets resolved as `'input`
[INFO] [stdout] 
[INFO] [stdout] 
[INFO] [stdout] warning: elided lifetime has a name
[INFO] [stdout]    --> ir_asm_parser_isa1st/src/parser.rs:598:34
[INFO] [stdout]     |
[INFO] [stdout] 595 | pub fn verify_instr_call<'input>(
[INFO] [stdout]     |                          ------ lifetime `'input` declared here
[INFO] [stdout] ...
[INFO] [stdout] 598 | ) -> Result<Instr<Offset<Label>, Label>> {
[INFO] [stdout]     |                                  ^^^^^ this elided lifetime gets resolved as `'input`
[INFO] [stdout] 
[INFO] [stdout] 
[INFO] [stdout] warning: the feature `option_get_or_insert_default` has been stable since 1.83.0 and no longer requires an attribute to enable
[INFO] [stdout]  --> bingen_isa1st/src/lib.rs:2:12
[INFO] [stdout]   |
[INFO] [stdout] 2 | #![feature(option_get_or_insert_default)]
[INFO] [stdout]   |            ^^^^^^^^^^^^^^^^^^^^^^^^^^^^
[INFO] [stdout]   |
[INFO] [stdout]   = note: `#[warn(stable_features)]` on by default
[INFO] [stdout] 
[INFO] [stdout] 
[INFO] [stdout] warning: associated function `from_const` is never used
[INFO] [stdout]    --> bingen_isa1st/src/lib.rs:573:8
[INFO] [stdout]     |
[INFO] [stdout] 571 | trait FromConst {
[INFO] [stdout]     |       --------- associated function in this trait
[INFO] [stdout] 572 |     type Const;
[INFO] [stdout] 573 |     fn from_const(c: Self::Const) -> Self;
[INFO] [stdout]     |        ^^^^^^^^^^
[INFO] [stdout]     |
[INFO] [stdout]     = note: `#[warn(dead_code)]` on by default
[INFO] [stdout] 
[INFO] [stdout] 
[INFO] [stderr]    Compiling mincamlc v0.1.0 (/opt/rustwide/workdir/mincamlc)
[INFO] [stdout] warning: field `region` is never read
[INFO] [stdout]    --> bingen_isa1st/src/instr.rs:100:9
[INFO] [stdout]     |
[INFO] [stdout] 99  |     Flw {
[INFO] [stdout]     |     --- field in this variant
[INFO] [stdout] 100 |         region: MemRegion,
[INFO] [stdout]     |         ^^^^^^
[INFO] [stdout] 
[INFO] [stdout] 
[INFO] [stderr]    Compiling bingen_isa1st v0.1.0 (/opt/rustwide/workdir/bingen_isa1st)
[INFO] [stdout] warning: field `region` is never read
[INFO] [stdout]    --> bingen_isa1st/src/instr.rs:107:9
[INFO] [stdout]     |
[INFO] [stdout] 106 |     Fsw {
[INFO] [stdout]     |     --- field in this variant
[INFO] [stdout] 107 |         region: MemRegion,
[INFO] [stdout]     |         ^^^^^^
[INFO] [stdout] 
[INFO] [stdout] 
[INFO] [stdout] warning: field `0` is never read
[INFO] [stdout]    --> bingen_isa1st/src/instr.rs:164:16
[INFO] [stdout]     |
[INFO] [stdout] 164 |             Lw(MemRegion),
[INFO] [stdout]     |             -- ^^^^^^^^^
[INFO] [stdout]     |             |
[INFO] [stdout]     |             field in this variant
[INFO] [stdout]     |
[INFO] [stdout] help: consider changing the field to be of unit type to suppress this warning while preserving the field numbering, or remove the field
[INFO] [stdout]     |
[INFO] [stdout] 164 |             Lw(()),
[INFO] [stdout]     |                ~~
[INFO] [stdout] 
[INFO] [stdout] 
[INFO] [stdout] warning: field `0` is never read
[INFO] [stdout]    --> bingen_isa1st/src/instr.rs:171:8
[INFO] [stdout]     |
[INFO] [stdout] 171 |     Sw(MemRegion),
[INFO] [stdout]     |     -- ^^^^^^^^^
[INFO] [stdout]     |     |
[INFO] [stdout]     |     field in this variant
[INFO] [stdout]     |
[INFO] [stdout] help: consider changing the field to be of unit type to suppress this warning while preserving the field numbering, or remove the field
[INFO] [stdout]     |
[INFO] [stdout] 171 |     Sw(()),
[INFO] [stdout]     |        ~~
[INFO] [stdout] 
[INFO] [stdout] 
[INFO] [stderr]    Compiling ir_asm_virtual_isa1st v0.1.0 (/opt/rustwide/workdir/ir_asm_virtual_isa1st)
[INFO] [stderr]    Compiling ir_closure v0.1.0 (/opt/rustwide/workdir/ir_closure)
[INFO] [stderr]    Compiling debug_symbol v0.1.0 (/opt/rustwide/workdir/debug_symbol)
[INFO] [stderr]    Compiling ir_knorm v0.1.0 (/opt/rustwide/workdir/ir_knorm)
[INFO] [stderr]    Compiling ir_typed_ast v0.1.0 (/opt/rustwide/workdir/ir_typed_ast)
[INFO] [stderr]    Compiling ir_asm_virtual_ast_isa1st v0.1.0 (/opt/rustwide/workdir/ir_asm_virtual_ast_isa1st)
[INFO] [stderr]    Compiling typing v0.1.0 (/opt/rustwide/workdir/typing)
[INFO] [stderr]    Compiling pervasives v0.1.0 (/opt/rustwide/workdir/pervasives)
[INFO] [stderr]    Compiling parser v0.1.0 (/opt/rustwide/workdir/parser)
[INFO] [stderr]    Compiling ir_asm_parser_isa1st v0.1.0 (/opt/rustwide/workdir/ir_asm_parser_isa1st)
[INFO] [stderr]    Compiling ir_asm_ast_isa1st v0.1.0 (/opt/rustwide/workdir/ir_asm_ast_isa1st)
[INFO] [stderr]    Compiling typedefs v0.1.0 (/opt/rustwide/workdir/typedefs)
[INFO] [stderr]    Compiling ast v0.1.0 (/opt/rustwide/workdir/ast)
[INFO] [stdout] warning: the feature `option_get_or_insert_default` has been stable since 1.83.0 and no longer requires an attribute to enable
[INFO] [stdout]  --> bingen_isa1st/src/lib.rs:2:12
[INFO] [stdout]   |
[INFO] [stdout] 2 | #![feature(option_get_or_insert_default)]
[INFO] [stdout]   |            ^^^^^^^^^^^^^^^^^^^^^^^^^^^^
[INFO] [stdout]   |
[INFO] [stdout]   = note: `#[warn(stable_features)]` on by default
[INFO] [stdout] 
[INFO] [stdout] 
[INFO] [stdout] warning: elided lifetime has a name
[INFO] [stdout]    --> ir_asm_parser_isa1st/src/parser.rs:598:12
[INFO] [stdout]     |
[INFO] [stdout] 595 | pub fn verify_instr_call<'input>(
[INFO] [stdout]     |                          ------ lifetime `'input` declared here
[INFO] [stdout] ...
[INFO] [stdout] 598 | ) -> Result<Instr<Offset<Label>, Label>> {
[INFO] [stdout]     |            ^ this elided lifetime gets resolved as `'input`
[INFO] [stdout]     |
[INFO] [stdout]     = note: `#[warn(elided_named_lifetimes)]` on by default
[INFO] [stdout] 
[INFO] [stdout] 
[INFO] [stdout] warning: elided lifetime has a name
[INFO] [stdout]    --> ir_asm_parser_isa1st/src/parser.rs:598:26
[INFO] [stdout]     |
[INFO] [stdout] 595 | pub fn verify_instr_call<'input>(
[INFO] [stdout]     |                          ------ lifetime `'input` declared here
[INFO] [stdout] ...
[INFO] [stdout] 598 | ) -> Result<Instr<Offset<Label>, Label>> {
[INFO] [stdout]     |                          ^^^^^ this elided lifetime gets resolved as `'input`
[INFO] [stdout] 
[INFO] [stdout] 
[INFO] [stdout] warning: elided lifetime has a name
[INFO] [stdout]    --> ir_asm_parser_isa1st/src/parser.rs:598:34
[INFO] [stdout]     |
[INFO] [stdout] 595 | pub fn verify_instr_call<'input>(
[INFO] [stdout]     |                          ------ lifetime `'input` declared here
[INFO] [stdout] ...
[INFO] [stdout] 598 | ) -> Result<Instr<Offset<Label>, Label>> {
[INFO] [stdout]     |                                  ^^^^^ this elided lifetime gets resolved as `'input`
[INFO] [stdout] 
[INFO] [stdout] 
[INFO] [stderr]    Compiling ty v0.1.0 (/opt/rustwide/workdir/ty)
[INFO] [stderr]    Compiling util v0.1.0 (/opt/rustwide/workdir/util)
[INFO] [stderr]    Compiling span v0.1.0 (/opt/rustwide/workdir/span)
[INFO] [stdout] warning: associated function `from_const` is never used
[INFO] [stdout]    --> bingen_isa1st/src/lib.rs:573:8
[INFO] [stdout]     |
[INFO] [stdout] 571 | trait FromConst {
[INFO] [stdout]     |       --------- associated function in this trait
[INFO] [stdout] 572 |     type Const;
[INFO] [stdout] 573 |     fn from_const(c: Self::Const) -> Self;
[INFO] [stdout]     |        ^^^^^^^^^^
[INFO] [stdout]     |
[INFO] [stdout]     = note: `#[warn(dead_code)]` on by default
[INFO] [stdout] 
[INFO] [stdout] 
[INFO] [stdout] warning: field `region` is never read
[INFO] [stdout]    --> bingen_isa1st/src/instr.rs:100:9
[INFO] [stdout]     |
[INFO] [stdout] 99  |     Flw {
[INFO] [stdout]     |     --- field in this variant
[INFO] [stdout] 100 |         region: MemRegion,
[INFO] [stdout]     |         ^^^^^^
[INFO] [stdout] 
[INFO] [stdout] 
[INFO] [stdout] warning: field `region` is never read
[INFO] [stdout]    --> bingen_isa1st/src/instr.rs:107:9
[INFO] [stdout]     |
[INFO] [stdout] 106 |     Fsw {
[INFO] [stdout]     |     --- field in this variant
[INFO] [stdout] 107 |         region: MemRegion,
[INFO] [stdout]     |         ^^^^^^
[INFO] [stdout] 
[INFO] [stdout] 
[INFO] [stdout] warning: field `0` is never read
[INFO] [stdout]    --> bingen_isa1st/src/instr.rs:164:16
[INFO] [stdout]     |
[INFO] [stdout] 164 |             Lw(MemRegion),
[INFO] [stdout]     |             -- ^^^^^^^^^
[INFO] [stdout]     |             |
[INFO] [stdout]     |             field in this variant
[INFO] [stdout]     |
[INFO] [stdout] help: consider changing the field to be of unit type to suppress this warning while preserving the field numbering, or remove the field
[INFO] [stdout]     |
[INFO] [stdout] 164 |             Lw(()),
[INFO] [stdout]     |                ~~
[INFO] [stdout] 
[INFO] [stdout] 
[INFO] [stdout] warning: field `0` is never read
[INFO] [stdout]    --> bingen_isa1st/src/instr.rs:171:8
[INFO] [stdout]     |
[INFO] [stdout] 171 |     Sw(MemRegion),
[INFO] [stdout]     |     -- ^^^^^^^^^
[INFO] [stdout]     |     |
[INFO] [stdout]     |     field in this variant
[INFO] [stdout]     |
[INFO] [stdout] help: consider changing the field to be of unit type to suppress this warning while preserving the field numbering, or remove the field
[INFO] [stdout]     |
[INFO] [stdout] 171 |     Sw(()),
[INFO] [stdout]     |        ~~
[INFO] [stdout] 
[INFO] [stdout] 
[INFO] [stderr]     Finished `test` profile [unoptimized + debuginfo] target(s) in 2.82s
[INFO] [stderr] warning: the following packages contain code that will be rejected by a future version of Rust: lalrpop v0.19.8
[INFO] [stderr] note: to see what the problems were, use the option `--future-incompat-report`, or run `cargo report future-incompatibilities --id 1`
[INFO] running `Command { std: "docker" "inspect" "ea715eedcb0d2296811f37b2feec8b50d5565b95d21e887053f81a77fd483ced", kill_on_drop: false }`
[INFO] running `Command { std: "docker" "rm" "-f" "ea715eedcb0d2296811f37b2feec8b50d5565b95d21e887053f81a77fd483ced", kill_on_drop: false }`
[INFO] [stdout] ea715eedcb0d2296811f37b2feec8b50d5565b95d21e887053f81a77fd483ced
[INFO] running `Command { std: "docker" "create" "-v" "/var/lib/crater-agent-workspace/builds/worker-1-tc2/target:/opt/rustwide/target:rw,Z" "-v" "/var/lib/crater-agent-workspace/builds/worker-1-tc2/source:/opt/rustwide/workdir:ro,Z" "-v" "/var/lib/crater-agent-workspace/cargo-home:/opt/rustwide/cargo-home:ro,Z" "-v" "/var/lib/crater-agent-workspace/rustup-home:/opt/rustwide/rustup-home:ro,Z" "-e" "SOURCE_DIR=/opt/rustwide/workdir" "-e" "CARGO_TARGET_DIR=/opt/rustwide/target" "-e" "CARGO_INCREMENTAL=0" "-e" "RUST_BACKTRACE=full" "-e" "RUSTFLAGS=--cap-lints=forbid -Zrandomize-layout" "-e" "RUSTDOCFLAGS=--cap-lints=forbid" "-e" "CARGO_HOME=/opt/rustwide/cargo-home" "-e" "RUSTUP_HOME=/opt/rustwide/rustup-home" "-w" "/opt/rustwide/workdir" "-m" "1610612736" "--user" "0:0" "--network" "none" "ghcr.io/rust-lang/crates-build-env/linux@sha256:819108c5571ea2e421544af4d832f968d213c87fbe3707a016657f43d2f853bc" "/opt/rustwide/cargo-home/bin/cargo" "+nightly-2025-01-18" "test" "--frozen", kill_on_drop: false }`
[INFO] [stdout] a53650bd79990c142c5a5a0134c1a7ff6c8cba4eb7a18572541961cabbd1095f
[INFO] running `Command { std: "docker" "start" "-a" "a53650bd79990c142c5a5a0134c1a7ff6c8cba4eb7a18572541961cabbd1095f", kill_on_drop: false }`
[INFO] [stderr] warning: elided lifetime has a name
[INFO] [stderr]    --> ir_asm_parser_isa1st/src/parser.rs:598:12
[INFO] [stderr]     |
[INFO] [stderr] 595 | pub fn verify_instr_call<'input>(
[INFO] [stderr]     |                          ------ lifetime `'input` declared here
[INFO] [stderr] ...
[INFO] [stderr] 598 | ) -> Result<Instr<Offset<Label>, Label>> {
[INFO] [stderr]     |            ^ this elided lifetime gets resolved as `'input`
[INFO] [stderr]     |
[INFO] [stderr]     = note: `#[warn(elided_named_lifetimes)]` on by default
[INFO] [stderr] 
[INFO] [stderr] warning: elided lifetime has a name
[INFO] [stderr]    --> ir_asm_parser_isa1st/src/parser.rs:598:26
[INFO] [stderr]     |
[INFO] [stderr] 595 | pub fn verify_instr_call<'input>(
[INFO] [stderr]     |                          ------ lifetime `'input` declared here
[INFO] [stderr] ...
[INFO] [stderr] 598 | ) -> Result<Instr<Offset<Label>, Label>> {
[INFO] [stderr]     |                          ^^^^^ this elided lifetime gets resolved as `'input`
[INFO] [stderr] 
[INFO] [stderr] warning: elided lifetime has a name
[INFO] [stderr]    --> ir_asm_parser_isa1st/src/parser.rs:598:34
[INFO] [stderr]     |
[INFO] [stderr] 595 | pub fn verify_instr_call<'input>(
[INFO] [stderr]     |                          ------ lifetime `'input` declared here
[INFO] [stderr] ...
[INFO] [stderr] 598 | ) -> Result<Instr<Offset<Label>, Label>> {
[INFO] [stderr]     |                                  ^^^^^ this elided lifetime gets resolved as `'input`
[INFO] [stderr] 
[INFO] [stderr] warning: `ir_asm_parser_isa1st` (lib) generated 3 warnings
[INFO] [stderr] warning: `ir_asm_parser_isa1st` (lib test) generated 3 warnings (3 duplicates)
[INFO] [stderr] warning: the feature `option_get_or_insert_default` has been stable since 1.83.0 and no longer requires an attribute to enable
[INFO] [stderr]  --> bingen_isa1st/src/lib.rs:2:12
[INFO] [stderr]   |
[INFO] [stderr] 2 | #![feature(option_get_or_insert_default)]
[INFO] [stderr]   |            ^^^^^^^^^^^^^^^^^^^^^^^^^^^^
[INFO] [stderr]   |
[INFO] [stderr]   = note: `#[warn(stable_features)]` on by default
[INFO] [stderr] 
[INFO] [stderr] warning: associated function `from_const` is never used
[INFO] [stderr]    --> bingen_isa1st/src/lib.rs:573:8
[INFO] [stderr]     |
[INFO] [stderr] 571 | trait FromConst {
[INFO] [stderr]     |       --------- associated function in this trait
[INFO] [stderr] 572 |     type Const;
[INFO] [stderr] 573 |     fn from_const(c: Self::Const) -> Self;
[INFO] [stderr]     |        ^^^^^^^^^^
[INFO] [stderr]     |
[INFO] [stderr]     = note: `#[warn(dead_code)]` on by default
[INFO] [stderr] 
[INFO] [stderr] warning: field `region` is never read
[INFO] [stderr]    --> bingen_isa1st/src/instr.rs:100:9
[INFO] [stderr]     |
[INFO] [stderr] 99  |     Flw {
[INFO] [stderr]     |     --- field in this variant
[INFO] [stderr] 100 |         region: MemRegion,
[INFO] [stderr]     |         ^^^^^^
[INFO] [stderr] 
[INFO] [stderr] warning: field `region` is never read
[INFO] [stderr]    --> bingen_isa1st/src/instr.rs:107:9
[INFO] [stderr]     |
[INFO] [stderr] 106 |     Fsw {
[INFO] [stderr]     |     --- field in this variant
[INFO] [stderr] 107 |         region: MemRegion,
[INFO] [stderr]     |         ^^^^^^
[INFO] [stderr] 
[INFO] [stderr] warning: field `0` is never read
[INFO] [stderr]    --> bingen_isa1st/src/instr.rs:164:16
[INFO] [stderr]     |
[INFO] [stderr] 164 |             Lw(MemRegion),
[INFO] [stderr]     |             -- ^^^^^^^^^
[INFO] [stderr]     |             |
[INFO] [stderr]     |             field in this variant
[INFO] [stderr]     |
[INFO] [stderr] help: consider changing the field to be of unit type to suppress this warning while preserving the field numbering, or remove the field
[INFO] [stderr]     |
[INFO] [stderr] 164 |             Lw(()),
[INFO] [stderr]     |                ~~
[INFO] [stderr] 
[INFO] [stderr] warning: field `0` is never read
[INFO] [stderr]    --> bingen_isa1st/src/instr.rs:171:8
[INFO] [stderr]     |
[INFO] [stderr] 171 |     Sw(MemRegion),
[INFO] [stderr]     |     -- ^^^^^^^^^
[INFO] [stderr]     |     |
[INFO] [stderr]     |     field in this variant
[INFO] [stderr]     |
[INFO] [stderr] help: consider changing the field to be of unit type to suppress this warning while preserving the field numbering, or remove the field
[INFO] [stderr]     |
[INFO] [stderr] 171 |     Sw(()),
[INFO] [stderr]     |        ~~
[INFO] [stderr] 
[INFO] [stderr] warning: `bingen_isa1st` (lib) generated 6 warnings
[INFO] [stderr] warning: `bingen_isa1st` (lib test) generated 6 warnings (6 duplicates)
[INFO] [stderr]     Finished `test` profile [unoptimized + debuginfo] target(s) in 0.14s
[INFO] [stderr] warning: the following packages contain code that will be rejected by a future version of Rust: lalrpop v0.19.8
[INFO] [stderr] note: to see what the problems were, use the option `--future-incompat-report`, or run `cargo report future-incompatibilities --id 1`
[INFO] [stderr]      Running unittests src/lib.rs (/opt/rustwide/target/debug/deps/ast-ba4fd390d5fe717e)
[INFO] [stderr]      Running unittests src/lib.rs (/opt/rustwide/target/debug/deps/bingen_isa1st-fb7c771cdd1cc7b9)
[INFO] [stdout] 
[INFO] [stdout] running 0 tests
[INFO] [stdout] 
[INFO] [stdout] test result: ok. 0 passed; 0 failed; 0 ignored; 0 measured; 0 filtered out; finished in 0.00s
[INFO] [stdout] 
[INFO] [stdout] 
[INFO] [stdout] running 2 tests
[INFO] [stdout] test bit::tests::test_bit_range_lower ... ok
[INFO] [stdout] test format::tests::test_rinstr_encode ... ok
[INFO] [stdout] 
[INFO] [stdout] test result: ok. 2 passed; 0 failed; 0 ignored; 0 measured; 0 filtered out; finished in 0.00s
[INFO] [stdout] 
[INFO] [stderr]      Running unittests src/lib.rs (/opt/rustwide/target/debug/deps/debug_symbol-66fe55f90c98e3ea)
[INFO] [stderr]      Running unittests src/lib.rs (/opt/rustwide/target/debug/deps/ir_asm_ast_isa1st-aa1d2314df87f30d)
[INFO] [stdout] 
[INFO] [stdout] running 0 tests
[INFO] [stdout] 
[INFO] [stdout] test result: ok. 0 passed; 0 failed; 0 ignored; 0 measured; 0 filtered out; finished in 0.00s
[INFO] [stdout] 
[INFO] [stdout] 
[INFO] [stdout] running 0 tests
[INFO] [stdout] 
[INFO] [stdout] test result: ok. 0 passed; 0 failed; 0 ignored; 0 measured; 0 filtered out; finished in 0.00s
[INFO] [stdout] 
[INFO] [stderr]      Running unittests src/lib.rs (/opt/rustwide/target/debug/deps/ir_asm_parser_isa1st-63b956e3a207e2f8)
[INFO] [stdout] 
[INFO] [stdout] running 6 tests
[INFO] [stdout] test parser::tests::test_get_id_from_abiname ... ok
[INFO] [stdout] test parser::tests::test_parse_instrs ... ok
[INFO] [stdout] test parser::tests::test_parse_label ... ok
[INFO] [stdout] test parser::tests::test_parse_section ... ok
[INFO] [stdout] test tests::test_parse ... ok
[INFO] [stdout] test parser::tests::test_verify_instrs ... ok
[INFO] [stdout] 
[INFO] [stderr]      Running unittests src/lib.rs (/opt/rustwide/target/debug/deps/ir_asm_virtual_ast_isa1st-d7fabd786b45f464)
[INFO] [stdout] test result: ok. 6 passed; 0 failed; 0 ignored; 0 measured; 0 filtered out; finished in 0.00s
[INFO] [stdout] 
[INFO] [stdout] 
[INFO] [stdout] running 0 tests
[INFO] [stdout] 
[INFO] [stdout] test result: ok. 0 passed; 0 failed; 0 ignored; 0 measured; 0 filtered out; finished in 0.00s
[INFO] [stdout] 
[INFO] [stderr]      Running unittests src/lib.rs (/opt/rustwide/target/debug/deps/ir_asm_virtual_isa1st-b78fdaad3cb10244)
[INFO] [stdout] 
[INFO] [stdout] running 1 test
[INFO] [stdout] test cfg::tests::test_back_edge ... ok
[INFO] [stdout] 
[INFO] [stdout] test result: ok. 1 passed; 0 failed; 0 ignored; 0 measured; 0 filtered out; finished in 0.00s
[INFO] [stderr]      Running unittests src/lib.rs (/opt/rustwide/target/debug/deps/ir_closure-8451aeb7897cfc00)
[INFO] [stdout] 
[INFO] [stdout] 
[INFO] [stderr]      Running unittests src/lib.rs (/opt/rustwide/target/debug/deps/ir_knorm-d730aeb0003ced87)
[INFO] [stdout] running 0 tests
[INFO] [stdout] 
[INFO] [stdout] test result: ok. 0 passed; 0 failed; 0 ignored; 0 measured; 0 filtered out; finished in 0.00s
[INFO] [stdout] 
[INFO] [stderr]      Running unittests src/lib.rs (/opt/rustwide/target/debug/deps/ir_typed_ast-813a978983aaaafc)
[INFO] [stdout] 
[INFO] [stdout] running 0 tests
[INFO] [stdout] 
[INFO] [stdout] test result: ok. 0 passed; 0 failed; 0 ignored; 0 measured; 0 filtered out; finished in 0.00s
[INFO] [stdout] 
[INFO] [stdout] 
[INFO] [stdout] running 1 test
[INFO] [stdout] test shortcut_fusion::tests::test_fusion ... ok
[INFO] [stdout] 
[INFO] [stdout] test result: ok. 1 passed; 0 failed; 0 ignored; 0 measured; 0 filtered out; finished in 0.00s
[INFO] [stdout] 
[INFO] [stderr]      Running unittests src/assemble.rs (/opt/rustwide/target/debug/deps/as-5444aa00ece57f7b)
[INFO] [stdout] 
[INFO] [stderr]      Running unittests src/main.rs (/opt/rustwide/target/debug/deps/mincamlc-65a186738b1d3d68)
[INFO] [stdout] running 0 tests
[INFO] [stdout] 
[INFO] [stdout] test result: ok. 0 passed; 0 failed; 0 ignored; 0 measured; 0 filtered out; finished in 0.00s
[INFO] [stdout] 
[INFO] [stderr]      Running unittests src/lib.rs (/opt/rustwide/target/debug/deps/parser-33359a50d7818612)
[INFO] [stdout] 
[INFO] [stdout] running 0 tests
[INFO] [stdout] 
[INFO] [stdout] test result: ok. 0 passed; 0 failed; 0 ignored; 0 measured; 0 filtered out; finished in 0.00s
[INFO] [stdout] 
[INFO] [stdout] 
[INFO] [stdout] running 2 tests
[INFO] [stdout] test parse::tests::test_parse ... ok
[INFO] [stdout] test parse::tests::test_parse_minrt ... FAILED
[INFO] [stdout] 
[INFO] [stdout] failures:
[INFO] [stdout] 
[INFO] [stdout] ---- parse::tests::test_parse_minrt stdout ----
[INFO] [stdout] 
[INFO] [stdout] thread 'parse::tests::test_parse_minrt' panicked at parser/src/parse.rs:76:62:
[INFO] [stdout] called `Result::unwrap()` on an `Err` value: Os { code: 2, kind: NotFound, message: "No such file or directory" }
[INFO] [stdout] stack backtrace:
[INFO] [stdout]    0:     0x5671383effaa - std::backtrace_rs::backtrace::libunwind::trace::hb059275cfc8d6126
[INFO] [stdout]                                at /rustc/6067b36314ab5eb2eb47cecc464545ba58e1ad24/library/std/src/../../backtrace/src/backtrace/libunwind.rs:116:5
[INFO] [stdout]    1:     0x5671383effaa - std::backtrace_rs::backtrace::trace_unsynchronized::h2da071e4327ce3ee
[INFO] [stdout]                                at /rustc/6067b36314ab5eb2eb47cecc464545ba58e1ad24/library/std/src/../../backtrace/src/backtrace/mod.rs:66:5
[INFO] [stdout]    2:     0x5671383effaa - std::sys::backtrace::_print_fmt::h842a1474e6f8d23f
[INFO] [stdout]                                at /rustc/6067b36314ab5eb2eb47cecc464545ba58e1ad24/library/std/src/sys/backtrace.rs:66:9
[INFO] [stdout]    3:     0x5671383effaa - <std::sys::backtrace::BacktraceLock::print::DisplayBacktrace as core::fmt::Display>::fmt::h71a62eb3b9696b12
[INFO] [stdout]                                at /rustc/6067b36314ab5eb2eb47cecc464545ba58e1ad24/library/std/src/sys/backtrace.rs:39:26
[INFO] [stdout]    4:     0x567138419153 - core::fmt::rt::Argument::fmt::hdb6b616786b41dc1
[INFO] [stdout]                                at /rustc/6067b36314ab5eb2eb47cecc464545ba58e1ad24/library/core/src/fmt/rt.rs:177:76
[INFO] [stdout]    5:     0x567138419153 - core::fmt::write::h2cc1698af7e2d686
[INFO] [stdout]                                at /rustc/6067b36314ab5eb2eb47cecc464545ba58e1ad24/library/core/src/fmt/mod.rs:1440:21
[INFO] [stdout]    6:     0x5671383ecb03 - std::io::Write::write_fmt::hab1b4cd059a79022
[INFO] [stdout]                                at /rustc/6067b36314ab5eb2eb47cecc464545ba58e1ad24/library/std/src/io/mod.rs:1887:15
[INFO] [stdout]    7:     0x5671383efdf2 - std::sys::backtrace::BacktraceLock::print::h147fe35b4ea13b08
[INFO] [stdout]                                at /rustc/6067b36314ab5eb2eb47cecc464545ba58e1ad24/library/std/src/sys/backtrace.rs:42:9
[INFO] [stdout]    8:     0x5671383f13cf - std::panicking::default_hook::{{closure}}::hbd44223dbdc0d208
[INFO] [stdout]                                at /rustc/6067b36314ab5eb2eb47cecc464545ba58e1ad24/library/std/src/panicking.rs:298:22
[INFO] [stdout]    9:     0x5671383f11e8 - std::panicking::default_hook::h20f81eb0576efcec
[INFO] [stdout]                                at /rustc/6067b36314ab5eb2eb47cecc464545ba58e1ad24/library/std/src/panicking.rs:322:9
[INFO] [stdout]   10:     0x5671383b1af3 - <alloc::boxed::Box<F,A> as core::ops::function::Fn<Args>>::call::hdb53814c496a4d34
[INFO] [stdout]                                at /rustc/6067b36314ab5eb2eb47cecc464545ba58e1ad24/library/alloc/src/boxed.rs:2027:9
[INFO] [stdout]   11:     0x5671383b1af3 - test::test_main::{{closure}}::hc0a4963c59427c24
[INFO] [stdout]                                at /rustc/6067b36314ab5eb2eb47cecc464545ba58e1ad24/library/test/src/lib.rs:134:21
[INFO] [stdout]   12:     0x5671383f1ec3 - <alloc::boxed::Box<F,A> as core::ops::function::Fn<Args>>::call::h591b2225413a77e9
[INFO] [stdout]                                at /rustc/6067b36314ab5eb2eb47cecc464545ba58e1ad24/library/alloc/src/boxed.rs:2027:9
[INFO] [stdout]   13:     0x5671383f1ec3 - std::panicking::rust_panic_with_hook::h625eea43051b2edc
[INFO] [stdout]                                at /rustc/6067b36314ab5eb2eb47cecc464545ba58e1ad24/library/std/src/panicking.rs:839:13
[INFO] [stdout]   14:     0x5671383f1b7a - std::panicking::begin_panic_handler::{{closure}}::h4f9159cfbc3f6bd3
[INFO] [stdout]                                at /rustc/6067b36314ab5eb2eb47cecc464545ba58e1ad24/library/std/src/panicking.rs:704:13
[INFO] [stdout]   15:     0x5671383f04a9 - std::sys::backtrace::__rust_end_short_backtrace::h0390abce48353151
[INFO] [stdout]                                at /rustc/6067b36314ab5eb2eb47cecc464545ba58e1ad24/library/std/src/sys/backtrace.rs:168:18
[INFO] [stdout]   16:     0x5671383f180d - rust_begin_unwind
[INFO] [stdout]                                at /rustc/6067b36314ab5eb2eb47cecc464545ba58e1ad24/library/std/src/panicking.rs:695:5
[INFO] [stdout]   17:     0x567138417100 - core::panicking::panic_fmt::h9e7c637e9e5f29c9
[INFO] [stdout]                                at /rustc/6067b36314ab5eb2eb47cecc464545ba58e1ad24/library/core/src/panicking.rs:75:14
[INFO] [stdout]   18:     0x567138417546 - core::result::unwrap_failed::h7979f09313fe1849
[INFO] [stdout]                                at /rustc/6067b36314ab5eb2eb47cecc464545ba58e1ad24/library/core/src/result.rs:1704:5
[INFO] [stdout]   19:     0x56713837294d - core::result::Result<T,E>::unwrap::hcd2568e9e6a7daea
[INFO] [stdout]                                at /rustc/6067b36314ab5eb2eb47cecc464545ba58e1ad24/library/core/src/result.rs:1109:23
[INFO] [stdout]   20:     0x56713837294d - parser::parse::tests::test_parse_minrt::h20fce8877f4874f1
[INFO] [stdout]                                at /opt/rustwide/workdir/parser/src/parse.rs:76:19
[INFO] [stdout]   21:     0x5671383728b7 - parser::parse::tests::test_parse_minrt::{{closure}}::h074ce4169bef8935
[INFO] [stdout]                                at /opt/rustwide/workdir/parser/src/parse.rs:75:26
[INFO] [stdout]   22:     0x5671383629a6 - core::ops::function::FnOnce::call_once::h396417377d2af8ce
[INFO] [stdout]                                at /rustc/6067b36314ab5eb2eb47cecc464545ba58e1ad24/library/core/src/ops/function.rs:250:5
[INFO] [stdout]   23:     0x5671383b724b - core::ops::function::FnOnce::call_once::he27718dfdd183f43
[INFO] [stdout]                                at /rustc/6067b36314ab5eb2eb47cecc464545ba58e1ad24/library/core/src/ops/function.rs:250:5
[INFO] [stdout]   24:     0x5671383b724b - test::__rust_begin_short_backtrace::h4e84902998457a5d
[INFO] [stdout]                                at /rustc/6067b36314ab5eb2eb47cecc464545ba58e1ad24/library/test/src/lib.rs:632:18
[INFO] [stdout]   25:     0x5671383b6183 - test::run_test_in_process::{{closure}}::h7176fd18fc1feca0
[INFO] [stdout]                                at /rustc/6067b36314ab5eb2eb47cecc464545ba58e1ad24/library/test/src/lib.rs:655:60
[INFO] [stdout]   26:     0x5671383b6183 - <core::panic::unwind_safe::AssertUnwindSafe<F> as core::ops::function::FnOnce<()>>::call_once::hf79cff2a624d8cf7
[INFO] [stdout]                                at /rustc/6067b36314ab5eb2eb47cecc464545ba58e1ad24/library/core/src/panic/unwind_safe.rs:272:9
[INFO] [stdout]   27:     0x5671383b6183 - std::panicking::try::do_call::h3da0561d9ab99c25
[INFO] [stdout]                                at /rustc/6067b36314ab5eb2eb47cecc464545ba58e1ad24/library/std/src/panicking.rs:587:40
[INFO] [stdout]   28:     0x5671383b6183 - std::panicking::try::h41c9fa508bc61df6
[INFO] [stdout]                                at /rustc/6067b36314ab5eb2eb47cecc464545ba58e1ad24/library/std/src/panicking.rs:550:19
[INFO] [stdout]   29:     0x5671383b6183 - std::panic::catch_unwind::h6b3ff07bb5afad93
[INFO] [stdout]                                at /rustc/6067b36314ab5eb2eb47cecc464545ba58e1ad24/library/std/src/panic.rs:358:14
[INFO] [stdout]   30:     0x5671383b6183 - test::run_test_in_process::hc7253dd11b39b9f4
[INFO] [stdout]                                at /rustc/6067b36314ab5eb2eb47cecc464545ba58e1ad24/library/test/src/lib.rs:655:27
[INFO] [stdout]   31:     0x5671383b6183 - test::run_test::{{closure}}::hfb2007f8649c30bb
[INFO] [stdout]                                at /rustc/6067b36314ab5eb2eb47cecc464545ba58e1ad24/library/test/src/lib.rs:576:43
[INFO] [stdout]   32:     0x567138379265 - test::run_test::{{closure}}::h56a17aa7a282a9f4
[INFO] [stdout]                                at /rustc/6067b36314ab5eb2eb47cecc464545ba58e1ad24/library/test/src/lib.rs:606:41
[INFO] [stdout]   33:     0x567138379265 - std::sys::backtrace::__rust_begin_short_backtrace::hd2d2d2fb8e8c6aac
[INFO] [stdout]                                at /rustc/6067b36314ab5eb2eb47cecc464545ba58e1ad24/library/std/src/sys/backtrace.rs:152:18
[INFO] [stdout]   34:     0x56713837cb4a - std::thread::Builder::spawn_unchecked_::{{closure}}::{{closure}}::h4faa3f9db6133423
[INFO] [stdout]                                at /rustc/6067b36314ab5eb2eb47cecc464545ba58e1ad24/library/std/src/thread/mod.rs:559:17
[INFO] [stdout]   35:     0x56713837cb4a - <core::panic::unwind_safe::AssertUnwindSafe<F> as core::ops::function::FnOnce<()>>::call_once::hf2e855a36a4ea846
[INFO] [stdout]                                at /rustc/6067b36314ab5eb2eb47cecc464545ba58e1ad24/library/core/src/panic/unwind_safe.rs:272:9
[INFO] [stdout]   36:     0x56713837cb4a - std::panicking::try::do_call::h2f73af3616c35465
[INFO] [stdout]                                at /rustc/6067b36314ab5eb2eb47cecc464545ba58e1ad24/library/std/src/panicking.rs:587:40
[INFO] [stdout]   37:     0x56713837cb4a - std::panicking::try::hd1660ce9efadef5a
[INFO] [stdout]                                at /rustc/6067b36314ab5eb2eb47cecc464545ba58e1ad24/library/std/src/panicking.rs:550:19
[INFO] [stdout]   38:     0x56713837cb4a - std::panic::catch_unwind::h5ee8d7823b8ca744
[INFO] [stdout]                                at /rustc/6067b36314ab5eb2eb47cecc464545ba58e1ad24/library/std/src/panic.rs:358:14
[INFO] [stdout]   39:     0x56713837cb4a - std::thread::Builder::spawn_unchecked_::{{closure}}::h53c3a1894dce8407
[INFO] [stdout]                                at /rustc/6067b36314ab5eb2eb47cecc464545ba58e1ad24/library/std/src/thread/mod.rs:557:30
[INFO] [stdout]   40:     0x56713837cb4a - core::ops::function::FnOnce::call_once{{vtable.shim}}::h048ce291ad4f62bf
[INFO] [stdout]                                at /rustc/6067b36314ab5eb2eb47cecc464545ba58e1ad24/library/core/src/ops/function.rs:250:5
[INFO] [stdout]   41:     0x5671383f5dfb - <alloc::boxed::Box<F,A> as core::ops::function::FnOnce<Args>>::call_once::ha52bedf99a3b4981
[INFO] [stdout]                                at /rustc/6067b36314ab5eb2eb47cecc464545ba58e1ad24/library/alloc/src/boxed.rs:2013:9
[INFO] [stdout]   42:     0x5671383f5dfb - <alloc::boxed::Box<F,A> as core::ops::function::FnOnce<Args>>::call_once::h567748934d80ccf8
[INFO] [stdout]                                at /rustc/6067b36314ab5eb2eb47cecc464545ba58e1ad24/library/alloc/src/boxed.rs:2013:9
[INFO] [stdout]   43:     0x5671383f5dfb - std::sys::pal::unix::thread::Thread::new::thread_start::h2d970728ae887adc
[INFO] [stdout]                                at /rustc/6067b36314ab5eb2eb47cecc464545ba58e1ad24/library/std/src/sys/pal/unix/thread.rs:106:17
[INFO] [stdout]   44:     0x744611552ac3 - <unknown>
[INFO] [stdout]   45:     0x7446115e3a04 - clone
[INFO] [stdout]   46:                0x0 - <unknown>
[INFO] [stdout] 
[INFO] [stdout] 
[INFO] [stdout] failures:
[INFO] [stdout]     parse::tests::test_parse_minrt
[INFO] [stdout] 
[INFO] [stdout] test result: FAILED. 1 passed; 1 failed; 0 ignored; 0 measured; 0 filtered out; finished in 0.02s
[INFO] [stdout] 
[INFO] [stderr] error: test failed, to rerun pass `-p parser --lib`
[INFO] running `Command { std: "docker" "inspect" "a53650bd79990c142c5a5a0134c1a7ff6c8cba4eb7a18572541961cabbd1095f", kill_on_drop: false }`
[INFO] running `Command { std: "docker" "rm" "-f" "a53650bd79990c142c5a5a0134c1a7ff6c8cba4eb7a18572541961cabbd1095f", kill_on_drop: false }`
[INFO] [stdout] a53650bd79990c142c5a5a0134c1a7ff6c8cba4eb7a18572541961cabbd1095f
