[INFO] cloning repository https://github.com/rynsy/gameboy
[INFO] running `Command { std: "git" "-c" "credential.helper=" "-c" "credential.helper=/workspace/cargo-home/bin/git-credential-null" "clone" "--bare" "https://github.com/rynsy/gameboy" "/workspace/cache/git-repos/https%3A%2F%2Fgithub.com%2Frynsy%2Fgameboy", kill_on_drop: false }`
[INFO] [stderr] Cloning into bare repository '/workspace/cache/git-repos/https%3A%2F%2Fgithub.com%2Frynsy%2Fgameboy'...
[INFO] running `Command { std: "git" "rev-parse" "HEAD", kill_on_drop: false }`
[INFO] [stdout] 6967188cf4cda5e903b327470b74cf19cb665f24
[INFO] testing rynsy/gameboy against nightly-2025-01-18+rustflags=-Zrandomize-layout for randomize-layout-2
[INFO] running `Command { std: "git" "clone" "/workspace/cache/git-repos/https%3A%2F%2Fgithub.com%2Frynsy%2Fgameboy" "/workspace/builds/worker-6-tc2/source", kill_on_drop: false }`
[INFO] [stderr] Cloning into '/workspace/builds/worker-6-tc2/source'...
[INFO] [stderr] done.
[INFO] validating manifest of git repo https://github.com/rynsy/gameboy on toolchain nightly-2025-01-18
[INFO] running `Command { std: CARGO_HOME="/workspace/cargo-home" RUSTUP_HOME="/workspace/rustup-home" "/workspace/cargo-home/bin/cargo" "+nightly-2025-01-18" "metadata" "--manifest-path" "Cargo.toml" "--no-deps", kill_on_drop: false }`
[INFO] started tweaking git repo https://github.com/rynsy/gameboy
[INFO] finished tweaking git repo https://github.com/rynsy/gameboy
[INFO] tweaked toml for git repo https://github.com/rynsy/gameboy written to /workspace/builds/worker-6-tc2/source/Cargo.toml
[INFO] crate git repo https://github.com/rynsy/gameboy already has a lockfile, it will not be regenerated
[INFO] running `Command { std: CARGO_HOME="/workspace/cargo-home" RUSTUP_HOME="/workspace/rustup-home" "/workspace/cargo-home/bin/cargo" "+nightly-2025-01-18" "fetch" "--manifest-path" "Cargo.toml", kill_on_drop: false }`
[INFO] running `Command { std: "docker" "create" "-v" "/var/lib/crater-agent-workspace/builds/worker-6-tc2/target:/opt/rustwide/target:rw,Z" "-v" "/var/lib/crater-agent-workspace/builds/worker-6-tc2/source:/opt/rustwide/workdir:ro,Z" "-v" "/var/lib/crater-agent-workspace/cargo-home:/opt/rustwide/cargo-home:ro,Z" "-v" "/var/lib/crater-agent-workspace/rustup-home:/opt/rustwide/rustup-home:ro,Z" "-e" "SOURCE_DIR=/opt/rustwide/workdir" "-e" "CARGO_TARGET_DIR=/opt/rustwide/target" "-e" "CARGO_HOME=/opt/rustwide/cargo-home" "-e" "RUSTUP_HOME=/opt/rustwide/rustup-home" "-w" "/opt/rustwide/workdir" "-m" "1610612736" "--user" "0:0" "--network" "none" "ghcr.io/rust-lang/crates-build-env/linux@sha256:819108c5571ea2e421544af4d832f968d213c87fbe3707a016657f43d2f853bc" "/opt/rustwide/cargo-home/bin/cargo" "+nightly-2025-01-18" "metadata" "--no-deps" "--format-version=1", kill_on_drop: false }`
[INFO] [stdout] dcfbd3c4aed02b88d61e36408e310620a12c1e2b97bf2a05cff5d684de25a608
[INFO] running `Command { std: "docker" "start" "-a" "dcfbd3c4aed02b88d61e36408e310620a12c1e2b97bf2a05cff5d684de25a608", kill_on_drop: false }`
[INFO] running `Command { std: "docker" "inspect" "dcfbd3c4aed02b88d61e36408e310620a12c1e2b97bf2a05cff5d684de25a608", kill_on_drop: false }`
[INFO] running `Command { std: "docker" "rm" "-f" "dcfbd3c4aed02b88d61e36408e310620a12c1e2b97bf2a05cff5d684de25a608", kill_on_drop: false }`
[INFO] [stdout] dcfbd3c4aed02b88d61e36408e310620a12c1e2b97bf2a05cff5d684de25a608
[INFO] running `Command { std: "docker" "create" "-v" "/var/lib/crater-agent-workspace/builds/worker-6-tc2/target:/opt/rustwide/target:rw,Z" "-v" "/var/lib/crater-agent-workspace/builds/worker-6-tc2/source:/opt/rustwide/workdir:ro,Z" "-v" "/var/lib/crater-agent-workspace/cargo-home:/opt/rustwide/cargo-home:ro,Z" "-v" "/var/lib/crater-agent-workspace/rustup-home:/opt/rustwide/rustup-home:ro,Z" "-e" "SOURCE_DIR=/opt/rustwide/workdir" "-e" "CARGO_TARGET_DIR=/opt/rustwide/target" "-e" "CARGO_INCREMENTAL=0" "-e" "RUST_BACKTRACE=full" "-e" "RUSTFLAGS=--cap-lints=forbid -Zrandomize-layout" "-e" "RUSTDOCFLAGS=--cap-lints=forbid" "-e" "CARGO_HOME=/opt/rustwide/cargo-home" "-e" "RUSTUP_HOME=/opt/rustwide/rustup-home" "-w" "/opt/rustwide/workdir" "-m" "1610612736" "--user" "0:0" "--network" "none" "ghcr.io/rust-lang/crates-build-env/linux@sha256:819108c5571ea2e421544af4d832f968d213c87fbe3707a016657f43d2f853bc" "/opt/rustwide/cargo-home/bin/cargo" "+nightly-2025-01-18" "build" "--frozen" "--message-format=json", kill_on_drop: false }`
[INFO] [stdout] 0a6a231892071fce7fa426034a8b57bebb5c73a6b03be295f4e28a1e2b6e35d5
[INFO] running `Command { std: "docker" "start" "-a" "0a6a231892071fce7fa426034a8b57bebb5c73a6b03be295f4e28a1e2b6e35d5", kill_on_drop: false }`
[INFO] [stderr]    Compiling gameboy v0.1.0 (/opt/rustwide/workdir)
[INFO] [stdout] warning: unreachable pattern
[INFO] [stdout]    --> src/cpu.rs:975:13
[INFO] [stdout]     |
[INFO] [stdout] 975 |             _ => println!("Dunno what I found"),
[INFO] [stdout]     |             ^ no value can reach this
[INFO] [stdout]     |
[INFO] [stdout] note: multiple earlier patterns match some of the same values
[INFO] [stdout]    --> src/cpu.rs:975:13
[INFO] [stdout]     |
[INFO] [stdout] 443 |             0x00 => {}
[INFO] [stdout]     |             ---- matches some of the same values
[INFO] [stdout] 444 |             0x01 => {
[INFO] [stdout]     |             ---- matches some of the same values
[INFO] [stdout] ...
[INFO] [stdout] 448 |             0x02 => {
[INFO] [stdout]     |             ---- matches some of the same values
[INFO] [stdout] ...
[INFO] [stdout] 451 |             0x03 => {
[INFO] [stdout]     |             ---- matches some of the same values
[INFO] [stdout] ...
[INFO] [stdout] 975 |             _ => println!("Dunno what I found"),
[INFO] [stdout]     |             ^ ...and 252 other patterns collectively make this unreachable
[INFO] [stdout]     = note: `#[warn(unreachable_patterns)]` on by default
[INFO] [stdout] 
[INFO] [stdout] 
[INFO] [stdout] warning: method `set_af` is never used
[INFO] [stdout]   --> src/register.rs:38:12
[INFO] [stdout]    |
[INFO] [stdout] 34 | impl Register {
[INFO] [stdout]    | ------------- method in this implementation
[INFO] [stdout] ...
[INFO] [stdout] 38 |     pub fn set_af(&mut self, val: u16) {
[INFO] [stdout]    |            ^^^^^^
[INFO] [stdout]    |
[INFO] [stdout]    = note: `#[warn(dead_code)]` on by default
[INFO] [stdout] 
[INFO] [stdout] 
[INFO] [stdout] warning: unused return value of `core::num::<impl u16>::wrapping_add` that must be used
[INFO] [stdout]    --> src/cpu.rs:605:17
[INFO] [stdout]     |
[INFO] [stdout] 605 |                 self.reg.sp.wrapping_add(1);
[INFO] [stdout]     |                 ^^^^^^^^^^^^^^^^^^^^^^^^^^^
[INFO] [stdout]     |
[INFO] [stdout]     = note: this returns the result of the operation, without modifying the original
[INFO] [stdout]     = note: `#[warn(unused_must_use)]` on by default
[INFO] [stdout] help: use `let _ = ...` to ignore the resulting value
[INFO] [stdout]     |
[INFO] [stdout] 605 |                 let _ = self.reg.sp.wrapping_add(1);
[INFO] [stdout]     |                 +++++++
[INFO] [stdout] 
[INFO] [stdout] 
[INFO] [stderr]     Finished `dev` profile [unoptimized + debuginfo] target(s) in 0.44s
[INFO] running `Command { std: "docker" "inspect" "0a6a231892071fce7fa426034a8b57bebb5c73a6b03be295f4e28a1e2b6e35d5", kill_on_drop: false }`
[INFO] running `Command { std: "docker" "rm" "-f" "0a6a231892071fce7fa426034a8b57bebb5c73a6b03be295f4e28a1e2b6e35d5", kill_on_drop: false }`
[INFO] [stdout] 0a6a231892071fce7fa426034a8b57bebb5c73a6b03be295f4e28a1e2b6e35d5
[INFO] running `Command { std: "docker" "create" "-v" "/var/lib/crater-agent-workspace/builds/worker-6-tc2/target:/opt/rustwide/target:rw,Z" "-v" "/var/lib/crater-agent-workspace/builds/worker-6-tc2/source:/opt/rustwide/workdir:ro,Z" "-v" "/var/lib/crater-agent-workspace/cargo-home:/opt/rustwide/cargo-home:ro,Z" "-v" "/var/lib/crater-agent-workspace/rustup-home:/opt/rustwide/rustup-home:ro,Z" "-e" "SOURCE_DIR=/opt/rustwide/workdir" "-e" "CARGO_TARGET_DIR=/opt/rustwide/target" "-e" "CARGO_INCREMENTAL=0" "-e" "RUST_BACKTRACE=full" "-e" "RUSTFLAGS=--cap-lints=forbid -Zrandomize-layout" "-e" "RUSTDOCFLAGS=--cap-lints=forbid" "-e" "CARGO_HOME=/opt/rustwide/cargo-home" "-e" "RUSTUP_HOME=/opt/rustwide/rustup-home" "-w" "/opt/rustwide/workdir" "-m" "1610612736" "--user" "0:0" "--network" "none" "ghcr.io/rust-lang/crates-build-env/linux@sha256:819108c5571ea2e421544af4d832f968d213c87fbe3707a016657f43d2f853bc" "/opt/rustwide/cargo-home/bin/cargo" "+nightly-2025-01-18" "test" "--frozen" "--no-run" "--message-format=json", kill_on_drop: false }`
[INFO] [stdout] fe7e2827ebbb219a8bf9b27084c4dae5eee3e691640c286c14d49106ac80cd00
[INFO] running `Command { std: "docker" "start" "-a" "fe7e2827ebbb219a8bf9b27084c4dae5eee3e691640c286c14d49106ac80cd00", kill_on_drop: false }`
[INFO] [stderr]    Compiling gameboy v0.1.0 (/opt/rustwide/workdir)
[INFO] [stdout] warning: unreachable pattern
[INFO] [stdout]    --> src/cpu.rs:975:13
[INFO] [stdout]     |
[INFO] [stdout] 975 |             _ => println!("Dunno what I found"),
[INFO] [stdout]     |             ^ no value can reach this
[INFO] [stdout]     |
[INFO] [stdout] note: multiple earlier patterns match some of the same values
[INFO] [stdout]    --> src/cpu.rs:975:13
[INFO] [stdout]     |
[INFO] [stdout] 443 |             0x00 => {}
[INFO] [stdout]     |             ---- matches some of the same values
[INFO] [stdout] 444 |             0x01 => {
[INFO] [stdout]     |             ---- matches some of the same values
[INFO] [stdout] ...
[INFO] [stdout] 448 |             0x02 => {
[INFO] [stdout]     |             ---- matches some of the same values
[INFO] [stdout] ...
[INFO] [stdout] 451 |             0x03 => {
[INFO] [stdout]     |             ---- matches some of the same values
[INFO] [stdout] ...
[INFO] [stdout] 975 |             _ => println!("Dunno what I found"),
[INFO] [stdout]     |             ^ ...and 252 other patterns collectively make this unreachable
[INFO] [stdout]     = note: `#[warn(unreachable_patterns)]` on by default
[INFO] [stdout] 
[INFO] [stdout] 
[INFO] [stdout] warning: method `set_af` is never used
[INFO] [stdout]   --> src/register.rs:38:12
[INFO] [stdout]    |
[INFO] [stdout] 34 | impl Register {
[INFO] [stdout]    | ------------- method in this implementation
[INFO] [stdout] ...
[INFO] [stdout] 38 |     pub fn set_af(&mut self, val: u16) {
[INFO] [stdout]    |            ^^^^^^
[INFO] [stdout]    |
[INFO] [stdout]    = note: `#[warn(dead_code)]` on by default
[INFO] [stdout] 
[INFO] [stdout] 
[INFO] [stdout] warning: unused return value of `core::num::<impl u16>::wrapping_add` that must be used
[INFO] [stdout]    --> src/cpu.rs:605:17
[INFO] [stdout]     |
[INFO] [stdout] 605 |                 self.reg.sp.wrapping_add(1);
[INFO] [stdout]     |                 ^^^^^^^^^^^^^^^^^^^^^^^^^^^
[INFO] [stdout]     |
[INFO] [stdout]     = note: this returns the result of the operation, without modifying the original
[INFO] [stdout]     = note: `#[warn(unused_must_use)]` on by default
[INFO] [stdout] help: use `let _ = ...` to ignore the resulting value
[INFO] [stdout]     |
[INFO] [stdout] 605 |                 let _ = self.reg.sp.wrapping_add(1);
[INFO] [stdout]     |                 +++++++
[INFO] [stdout] 
[INFO] [stdout] 
[INFO] [stdout] warning: unreachable pattern
[INFO] [stdout]    --> src/cpu.rs:975:13
[INFO] [stdout]     |
[INFO] [stdout] 975 |             _ => println!("Dunno what I found"),
[INFO] [stdout]     |             ^ no value can reach this
[INFO] [stdout]     |
[INFO] [stdout] note: multiple earlier patterns match some of the same values
[INFO] [stdout]    --> src/cpu.rs:975:13
[INFO] [stdout]     |
[INFO] [stdout] 443 |             0x00 => {}
[INFO] [stdout]     |             ---- matches some of the same values
[INFO] [stdout] 444 |             0x01 => {
[INFO] [stdout]     |             ---- matches some of the same values
[INFO] [stdout] ...
[INFO] [stdout] 448 |             0x02 => {
[INFO] [stdout]     |             ---- matches some of the same values
[INFO] [stdout] ...
[INFO] [stdout] 451 |             0x03 => {
[INFO] [stdout]     |             ---- matches some of the same values
[INFO] [stdout] ...
[INFO] [stdout] 975 |             _ => println!("Dunno what I found"),
[INFO] [stdout]     |             ^ ...and 252 other patterns collectively make this unreachable
[INFO] [stdout]     = note: `#[warn(unreachable_patterns)]` on by default
[INFO] [stdout] 
[INFO] [stdout] 
[INFO] [stdout] warning: method `set_af` is never used
[INFO] [stdout]   --> src/register.rs:38:12
[INFO] [stdout]    |
[INFO] [stdout] 34 | impl Register {
[INFO] [stdout]    | ------------- method in this implementation
[INFO] [stdout] ...
[INFO] [stdout] 38 |     pub fn set_af(&mut self, val: u16) {
[INFO] [stdout]    |            ^^^^^^
[INFO] [stdout]    |
[INFO] [stdout]    = note: `#[warn(dead_code)]` on by default
[INFO] [stdout] 
[INFO] [stdout] 
[INFO] [stdout] warning: unused return value of `core::num::<impl u16>::wrapping_add` that must be used
[INFO] [stdout]    --> src/cpu.rs:605:17
[INFO] [stdout]     |
[INFO] [stdout] 605 |                 self.reg.sp.wrapping_add(1);
[INFO] [stdout]     |                 ^^^^^^^^^^^^^^^^^^^^^^^^^^^
[INFO] [stdout]     |
[INFO] [stdout]     = note: this returns the result of the operation, without modifying the original
[INFO] [stdout]     = note: `#[warn(unused_must_use)]` on by default
[INFO] [stdout] help: use `let _ = ...` to ignore the resulting value
[INFO] [stdout]     |
[INFO] [stdout] 605 |                 let _ = self.reg.sp.wrapping_add(1);
[INFO] [stdout]     |                 +++++++
[INFO] [stdout] 
[INFO] [stdout] 
[INFO] [stderr]     Finished `test` profile [unoptimized + debuginfo] target(s) in 0.61s
[INFO] running `Command { std: "docker" "inspect" "fe7e2827ebbb219a8bf9b27084c4dae5eee3e691640c286c14d49106ac80cd00", kill_on_drop: false }`
[INFO] running `Command { std: "docker" "rm" "-f" "fe7e2827ebbb219a8bf9b27084c4dae5eee3e691640c286c14d49106ac80cd00", kill_on_drop: false }`
[INFO] [stdout] fe7e2827ebbb219a8bf9b27084c4dae5eee3e691640c286c14d49106ac80cd00
[INFO] running `Command { std: "docker" "create" "-v" "/var/lib/crater-agent-workspace/builds/worker-6-tc2/target:/opt/rustwide/target:rw,Z" "-v" "/var/lib/crater-agent-workspace/builds/worker-6-tc2/source:/opt/rustwide/workdir:ro,Z" "-v" "/var/lib/crater-agent-workspace/cargo-home:/opt/rustwide/cargo-home:ro,Z" "-v" "/var/lib/crater-agent-workspace/rustup-home:/opt/rustwide/rustup-home:ro,Z" "-e" "SOURCE_DIR=/opt/rustwide/workdir" "-e" "CARGO_TARGET_DIR=/opt/rustwide/target" "-e" "CARGO_INCREMENTAL=0" "-e" "RUST_BACKTRACE=full" "-e" "RUSTFLAGS=--cap-lints=forbid -Zrandomize-layout" "-e" "RUSTDOCFLAGS=--cap-lints=forbid" "-e" "CARGO_HOME=/opt/rustwide/cargo-home" "-e" "RUSTUP_HOME=/opt/rustwide/rustup-home" "-w" "/opt/rustwide/workdir" "-m" "1610612736" "--user" "0:0" "--network" "none" "ghcr.io/rust-lang/crates-build-env/linux@sha256:819108c5571ea2e421544af4d832f968d213c87fbe3707a016657f43d2f853bc" "/opt/rustwide/cargo-home/bin/cargo" "+nightly-2025-01-18" "test" "--frozen", kill_on_drop: false }`
[INFO] [stdout] 5af2dd5184ee8554f7e255235cad1efa53e2ff89d37a62e6e4f4beab579aa67e
[INFO] running `Command { std: "docker" "start" "-a" "5af2dd5184ee8554f7e255235cad1efa53e2ff89d37a62e6e4f4beab579aa67e", kill_on_drop: false }`
[INFO] [stderr] warning: unreachable pattern
[INFO] [stderr]    --> src/cpu.rs:975:13
[INFO] [stderr]     |
[INFO] [stderr] 975 |             _ => println!("Dunno what I found"),
[INFO] [stderr]     |             ^ no value can reach this
[INFO] [stderr]     |
[INFO] [stderr] note: multiple earlier patterns match some of the same values
[INFO] [stderr]    --> src/cpu.rs:975:13
[INFO] [stderr]     |
[INFO] [stderr] 443 |             0x00 => {}
[INFO] [stderr]     |             ---- matches some of the same values
[INFO] [stderr] 444 |             0x01 => {
[INFO] [stderr]     |             ---- matches some of the same values
[INFO] [stderr] ...
[INFO] [stderr] 448 |             0x02 => {
[INFO] [stderr]     |             ---- matches some of the same values
[INFO] [stderr] ...
[INFO] [stderr] 451 |             0x03 => {
[INFO] [stderr]     |             ---- matches some of the same values
[INFO] [stderr] ...
[INFO] [stderr] 975 |             _ => println!("Dunno what I found"),
[INFO] [stderr]     |             ^ ...and 252 other patterns collectively make this unreachable
[INFO] [stderr]     = note: `#[warn(unreachable_patterns)]` on by default
[INFO] [stderr] 
[INFO] [stderr] warning: method `set_af` is never used
[INFO] [stderr]   --> src/register.rs:38:12
[INFO] [stderr]    |
[INFO] [stderr] 34 | impl Register {
[INFO] [stderr]    | ------------- method in this implementation
[INFO] [stderr] ...
[INFO] [stderr] 38 |     pub fn set_af(&mut self, val: u16) {
[INFO] [stderr]    |            ^^^^^^
[INFO] [stderr]    |
[INFO] [stderr]    = note: `#[warn(dead_code)]` on by default
[INFO] [stderr] 
[INFO] [stderr] warning: unused return value of `core::num::<impl u16>::wrapping_add` that must be used
[INFO] [stderr]    --> src/cpu.rs:605:17
[INFO] [stderr]     |
[INFO] [stderr] 605 |                 self.reg.sp.wrapping_add(1);
[INFO] [stderr]     |                 ^^^^^^^^^^^^^^^^^^^^^^^^^^^
[INFO] [stderr]     |
[INFO] [stderr]     = note: this returns the result of the operation, without modifying the original
[INFO] [stderr]     = note: `#[warn(unused_must_use)]` on by default
[INFO] [stderr] help: use `let _ = ...` to ignore the resulting value
[INFO] [stderr]     |
[INFO] [stderr] 605 |                 let _ = self.reg.sp.wrapping_add(1);
[INFO] [stderr]     |                 +++++++
[INFO] [stderr] 
[INFO] [stderr] warning: `gameboy` (lib) generated 3 warnings
[INFO] [stderr] warning: `gameboy` (lib test) generated 3 warnings (3 duplicates)
[INFO] [stderr]     Finished `test` profile [unoptimized + debuginfo] target(s) in 0.03s
[INFO] [stderr]      Running unittests src/lib.rs (/opt/rustwide/target/debug/deps/gameboy-afd57ff23e265c05)
[INFO] [stdout] 
[INFO] [stdout] running 4 tests
[INFO] [stdout] test cpu::tests::test_toggle_flags ... ok
[INFO] [stdout] test mmu::tests::test_write ... ok
[INFO] [stdout] test mmu::tests::test_read ... ok
[INFO] [stdout] test mmu::tests::test_open_file ... FAILED
[INFO] [stderr] error: test failed, to rerun pass `--lib`
[INFO] [stdout] 
[INFO] [stdout] failures:
[INFO] [stdout] 
[INFO] [stdout] ---- mmu::tests::test_open_file stdout ----
[INFO] [stdout] 
[INFO] [stdout] thread 'mmu::tests::test_open_file' panicked at src/mmu.rs:68:48:
[INFO] [stdout] Unable to read file: Os { code: 2, kind: NotFound, message: "No such file or directory" }
[INFO] [stdout] stack backtrace:
[INFO] [stdout]    0:     0x616ab880114a - std::backtrace_rs::backtrace::libunwind::trace::hb059275cfc8d6126
[INFO] [stdout]                                at /rustc/6067b36314ab5eb2eb47cecc464545ba58e1ad24/library/std/src/../../backtrace/src/backtrace/libunwind.rs:116:5
[INFO] [stdout]    1:     0x616ab880114a - std::backtrace_rs::backtrace::trace_unsynchronized::h2da071e4327ce3ee
[INFO] [stdout]                                at /rustc/6067b36314ab5eb2eb47cecc464545ba58e1ad24/library/std/src/../../backtrace/src/backtrace/mod.rs:66:5
[INFO] [stdout]    2:     0x616ab880114a - std::sys::backtrace::_print_fmt::h842a1474e6f8d23f
[INFO] [stdout]                                at /rustc/6067b36314ab5eb2eb47cecc464545ba58e1ad24/library/std/src/sys/backtrace.rs:66:9
[INFO] [stdout]    3:     0x616ab880114a - <std::sys::backtrace::BacktraceLock::print::DisplayBacktrace as core::fmt::Display>::fmt::h71a62eb3b9696b12
[INFO] [stdout]                                at /rustc/6067b36314ab5eb2eb47cecc464545ba58e1ad24/library/std/src/sys/backtrace.rs:39:26
[INFO] [stdout]    4:     0x616ab88286b3 - core::fmt::rt::Argument::fmt::hdb6b616786b41dc1
[INFO] [stdout]                                at /rustc/6067b36314ab5eb2eb47cecc464545ba58e1ad24/library/core/src/fmt/rt.rs:177:76
[INFO] [stdout]    5:     0x616ab88286b3 - core::fmt::write::h2cc1698af7e2d686
[INFO] [stdout]                                at /rustc/6067b36314ab5eb2eb47cecc464545ba58e1ad24/library/core/src/fmt/mod.rs:1440:21
[INFO] [stdout]    6:     0x616ab87fdca3 - std::io::Write::write_fmt::hab1b4cd059a79022
[INFO] [stdout]                                at /rustc/6067b36314ab5eb2eb47cecc464545ba58e1ad24/library/std/src/io/mod.rs:1887:15
[INFO] [stdout]    7:     0x616ab8800f92 - std::sys::backtrace::BacktraceLock::print::h147fe35b4ea13b08
[INFO] [stdout]                                at /rustc/6067b36314ab5eb2eb47cecc464545ba58e1ad24/library/std/src/sys/backtrace.rs:42:9
[INFO] [stdout]    8:     0x616ab880256f - std::panicking::default_hook::{{closure}}::hbd44223dbdc0d208
[INFO] [stdout]                                at /rustc/6067b36314ab5eb2eb47cecc464545ba58e1ad24/library/std/src/panicking.rs:298:22
[INFO] [stdout]    9:     0x616ab8802388 - std::panicking::default_hook::h20f81eb0576efcec
[INFO] [stdout]                                at /rustc/6067b36314ab5eb2eb47cecc464545ba58e1ad24/library/std/src/panicking.rs:322:9
[INFO] [stdout]   10:     0x616ab87caa93 - <alloc::boxed::Box<F,A> as core::ops::function::Fn<Args>>::call::hdb53814c496a4d34
[INFO] [stdout]                                at /rustc/6067b36314ab5eb2eb47cecc464545ba58e1ad24/library/alloc/src/boxed.rs:2027:9
[INFO] [stdout]   11:     0x616ab87caa93 - test::test_main::{{closure}}::hc0a4963c59427c24
[INFO] [stdout]                                at /rustc/6067b36314ab5eb2eb47cecc464545ba58e1ad24/library/test/src/lib.rs:134:21
[INFO] [stdout]   12:     0x616ab8803063 - <alloc::boxed::Box<F,A> as core::ops::function::Fn<Args>>::call::h591b2225413a77e9
[INFO] [stdout]                                at /rustc/6067b36314ab5eb2eb47cecc464545ba58e1ad24/library/alloc/src/boxed.rs:2027:9
[INFO] [stdout]   13:     0x616ab8803063 - std::panicking::rust_panic_with_hook::h625eea43051b2edc
[INFO] [stdout]                                at /rustc/6067b36314ab5eb2eb47cecc464545ba58e1ad24/library/std/src/panicking.rs:839:13
[INFO] [stdout]   14:     0x616ab8802d1a - std::panicking::begin_panic_handler::{{closure}}::h4f9159cfbc3f6bd3
[INFO] [stdout]                                at /rustc/6067b36314ab5eb2eb47cecc464545ba58e1ad24/library/std/src/panicking.rs:704:13
[INFO] [stdout]   15:     0x616ab8801649 - std::sys::backtrace::__rust_end_short_backtrace::h0390abce48353151
[INFO] [stdout]                                at /rustc/6067b36314ab5eb2eb47cecc464545ba58e1ad24/library/std/src/sys/backtrace.rs:168:18
[INFO] [stdout]   16:     0x616ab88029ad - rust_begin_unwind
[INFO] [stdout]                                at /rustc/6067b36314ab5eb2eb47cecc464545ba58e1ad24/library/std/src/panicking.rs:695:5
[INFO] [stdout]   17:     0x616ab8827160 - core::panicking::panic_fmt::h9e7c637e9e5f29c9
[INFO] [stdout]                                at /rustc/6067b36314ab5eb2eb47cecc464545ba58e1ad24/library/core/src/panicking.rs:75:14
[INFO] [stdout]   18:     0x616ab8827506 - core::result::unwrap_failed::h7979f09313fe1849
[INFO] [stdout]                                at /rustc/6067b36314ab5eb2eb47cecc464545ba58e1ad24/library/core/src/result.rs:1704:5
[INFO] [stdout]   19:     0x616ab878e544 - core::result::Result<T,E>::expect::h9660e27abc77846d
[INFO] [stdout]                                at /rustc/6067b36314ab5eb2eb47cecc464545ba58e1ad24/library/core/src/result.rs:1061:23
[INFO] [stdout]   20:     0x616ab878f73b - gameboy::mmu::MMUnit::load_rom::h915d79b833b5a5bb
[INFO] [stdout]                                at /opt/rustwide/workdir/src/mmu.rs:68:33
[INFO] [stdout]   21:     0x616ab87908c0 - gameboy::mmu::tests::test_open_file::hdba12b6c4e065d9b
[INFO] [stdout]                                at /opt/rustwide/workdir/src/mmu.rs:100:9
[INFO] [stdout]   22:     0x616ab8790887 - gameboy::mmu::tests::test_open_file::{{closure}}::h544012d84dc2b356
[INFO] [stdout]                                at /opt/rustwide/workdir/src/mmu.rs:98:24
[INFO] [stdout]   23:     0x616ab878daf6 - core::ops::function::FnOnce::call_once::h76d7fbf4295ba385
[INFO] [stdout]                                at /rustc/6067b36314ab5eb2eb47cecc464545ba58e1ad24/library/core/src/ops/function.rs:250:5
[INFO] [stdout]   24:     0x616ab87d01eb - core::ops::function::FnOnce::call_once::he27718dfdd183f43
[INFO] [stdout]                                at /rustc/6067b36314ab5eb2eb47cecc464545ba58e1ad24/library/core/src/ops/function.rs:250:5
[INFO] [stdout]   25:     0x616ab87d01eb - test::__rust_begin_short_backtrace::h4e84902998457a5d
[INFO] [stdout]                                at /rustc/6067b36314ab5eb2eb47cecc464545ba58e1ad24/library/test/src/lib.rs:632:18
[INFO] [stdout]   26:     0x616ab87cf123 - test::run_test_in_process::{{closure}}::h7176fd18fc1feca0
[INFO] [stdout]                                at /rustc/6067b36314ab5eb2eb47cecc464545ba58e1ad24/library/test/src/lib.rs:655:60
[INFO] [stdout]   27:     0x616ab87cf123 - <core::panic::unwind_safe::AssertUnwindSafe<F> as core::ops::function::FnOnce<()>>::call_once::hf79cff2a624d8cf7
[INFO] [stdout]                                at /rustc/6067b36314ab5eb2eb47cecc464545ba58e1ad24/library/core/src/panic/unwind_safe.rs:272:9
[INFO] [stdout]   28:     0x616ab87cf123 - std::panicking::try::do_call::h3da0561d9ab99c25
[INFO] [stdout]                                at /rustc/6067b36314ab5eb2eb47cecc464545ba58e1ad24/library/std/src/panicking.rs:587:40
[INFO] [stdout]   29:     0x616ab87cf123 - std::panicking::try::h41c9fa508bc61df6
[INFO] [stdout]                                at /rustc/6067b36314ab5eb2eb47cecc464545ba58e1ad24/library/std/src/panicking.rs:550:19
[INFO] [stdout]   30:     0x616ab87cf123 - std::panic::catch_unwind::h6b3ff07bb5afad93
[INFO] [stdout]                                at /rustc/6067b36314ab5eb2eb47cecc464545ba58e1ad24/library/std/src/panic.rs:358:14
[INFO] [stdout]   31:     0x616ab87cf123 - test::run_test_in_process::hc7253dd11b39b9f4
[INFO] [stdout]                                at /rustc/6067b36314ab5eb2eb47cecc464545ba58e1ad24/library/test/src/lib.rs:655:27
[INFO] [stdout]   32:     0x616ab87cf123 - test::run_test::{{closure}}::hfb2007f8649c30bb
[INFO] [stdout]                                at /rustc/6067b36314ab5eb2eb47cecc464545ba58e1ad24/library/test/src/lib.rs:576:43
[INFO] [stdout]   33:     0x616ab8792205 - test::run_test::{{closure}}::h56a17aa7a282a9f4
[INFO] [stdout]                                at /rustc/6067b36314ab5eb2eb47cecc464545ba58e1ad24/library/test/src/lib.rs:606:41
[INFO] [stdout]   34:     0x616ab8792205 - std::sys::backtrace::__rust_begin_short_backtrace::hd2d2d2fb8e8c6aac
[INFO] [stdout]                                at /rustc/6067b36314ab5eb2eb47cecc464545ba58e1ad24/library/std/src/sys/backtrace.rs:152:18
[INFO] [stdout]   35:     0x616ab8795aea - std::thread::Builder::spawn_unchecked_::{{closure}}::{{closure}}::h4faa3f9db6133423
[INFO] [stdout]                                at /rustc/6067b36314ab5eb2eb47cecc464545ba58e1ad24/library/std/src/thread/mod.rs:559:17
[INFO] [stdout]   36:     0x616ab8795aea - <core::panic::unwind_safe::AssertUnwindSafe<F> as core::ops::function::FnOnce<()>>::call_once::hf2e855a36a4ea846
[INFO] [stdout]                                at /rustc/6067b36314ab5eb2eb47cecc464545ba58e1ad24/library/core/src/panic/unwind_safe.rs:272:9
[INFO] [stdout]   37:     0x616ab8795aea - std::panicking::try::do_call::h2f73af3616c35465
[INFO] [stdout]                                at /rustc/6067b36314ab5eb2eb47cecc464545ba58e1ad24/library/std/src/panicking.rs:587:40
[INFO] [stdout]   38:     0x616ab8795aea - std::panicking::try::hd1660ce9efadef5a
[INFO] [stdout]                                at /rustc/6067b36314ab5eb2eb47cecc464545ba58e1ad24/library/std/src/panicking.rs:550:19
[INFO] [stdout]   39:     0x616ab8795aea - std::panic::catch_unwind::h5ee8d7823b8ca744
[INFO] [stdout]                                at /rustc/6067b36314ab5eb2eb47cecc464545ba58e1ad24/library/std/src/panic.rs:358:14
[INFO] [stdout]   40:     0x616ab8795aea - std::thread::Builder::spawn_unchecked_::{{closure}}::h53c3a1894dce8407
[INFO] [stdout]                                at /rustc/6067b36314ab5eb2eb47cecc464545ba58e1ad24/library/std/src/thread/mod.rs:557:30
[INFO] [stdout]   41:     0x616ab8795aea - core::ops::function::FnOnce::call_once{{vtable.shim}}::h048ce291ad4f62bf
[INFO] [stdout]                                at /rustc/6067b36314ab5eb2eb47cecc464545ba58e1ad24/library/core/src/ops/function.rs:250:5
[INFO] [stdout]   42:     0x616ab8806f9b - <alloc::boxed::Box<F,A> as core::ops::function::FnOnce<Args>>::call_once::ha52bedf99a3b4981
[INFO] [stdout]                                at /rustc/6067b36314ab5eb2eb47cecc464545ba58e1ad24/library/alloc/src/boxed.rs:2013:9
[INFO] [stdout]   43:     0x616ab8806f9b - <alloc::boxed::Box<F,A> as core::ops::function::FnOnce<Args>>::call_once::h567748934d80ccf8
[INFO] [stdout]                                at /rustc/6067b36314ab5eb2eb47cecc464545ba58e1ad24/library/alloc/src/boxed.rs:2013:9
[INFO] [stdout]   44:     0x616ab8806f9b - std::sys::pal::unix::thread::Thread::new::thread_start::h2d970728ae887adc
[INFO] [stdout]                                at /rustc/6067b36314ab5eb2eb47cecc464545ba58e1ad24/library/std/src/sys/pal/unix/thread.rs:106:17
[INFO] [stdout]   45:     0x795b1d09bac3 - <unknown>
[INFO] [stdout]   46:     0x795b1d12ca04 - clone
[INFO] [stdout]   47:                0x0 - <unknown>
[INFO] [stdout] 
[INFO] [stdout] 
[INFO] [stdout] failures:
[INFO] [stdout]     mmu::tests::test_open_file
[INFO] [stdout] 
[INFO] [stdout] test result: FAILED. 3 passed; 1 failed; 0 ignored; 0 measured; 0 filtered out; finished in 0.03s
[INFO] [stdout] 
[INFO] running `Command { std: "docker" "inspect" "5af2dd5184ee8554f7e255235cad1efa53e2ff89d37a62e6e4f4beab579aa67e", kill_on_drop: false }`
[INFO] running `Command { std: "docker" "rm" "-f" "5af2dd5184ee8554f7e255235cad1efa53e2ff89d37a62e6e4f4beab579aa67e", kill_on_drop: false }`
[INFO] [stdout] 5af2dd5184ee8554f7e255235cad1efa53e2ff89d37a62e6e4f4beab579aa67e
