[INFO] cloning repository https://github.com/ryan-m-walker/advent-of-code-2024
[INFO] running `Command { std: "git" "-c" "credential.helper=" "-c" "credential.helper=/workspace/cargo-home/bin/git-credential-null" "clone" "--bare" "https://github.com/ryan-m-walker/advent-of-code-2024" "/workspace/cache/git-repos/https%3A%2F%2Fgithub.com%2Fryan-m-walker%2Fadvent-of-code-2024", kill_on_drop: false }`
[INFO] [stderr] Cloning into bare repository '/workspace/cache/git-repos/https%3A%2F%2Fgithub.com%2Fryan-m-walker%2Fadvent-of-code-2024'...
[INFO] running `Command { std: "git" "rev-parse" "HEAD", kill_on_drop: false }`
[INFO] [stdout] a8882bebd2cd5c8674c469b4cdf90c73d807c0d7
[INFO] testing ryan-m-walker/advent-of-code-2024 against nightly-2025-01-18+rustflags=-Zrandomize-layout for randomize-layout-2
[INFO] running `Command { std: "git" "clone" "/workspace/cache/git-repos/https%3A%2F%2Fgithub.com%2Fryan-m-walker%2Fadvent-of-code-2024" "/workspace/builds/worker-3-tc2/source", kill_on_drop: false }`
[INFO] [stderr] Cloning into '/workspace/builds/worker-3-tc2/source'...
[INFO] [stderr] done.
[INFO] validating manifest of git repo https://github.com/ryan-m-walker/advent-of-code-2024 on toolchain nightly-2025-01-18
[INFO] running `Command { std: CARGO_HOME="/workspace/cargo-home" RUSTUP_HOME="/workspace/rustup-home" "/workspace/cargo-home/bin/cargo" "+nightly-2025-01-18" "metadata" "--manifest-path" "Cargo.toml" "--no-deps", kill_on_drop: false }`
[INFO] started tweaking git repo https://github.com/ryan-m-walker/advent-of-code-2024
[INFO] finished tweaking git repo https://github.com/ryan-m-walker/advent-of-code-2024
[INFO] tweaked toml for git repo https://github.com/ryan-m-walker/advent-of-code-2024 written to /workspace/builds/worker-3-tc2/source/Cargo.toml
[INFO] crate git repo https://github.com/ryan-m-walker/advent-of-code-2024 already has a lockfile, it will not be regenerated
[INFO] running `Command { std: CARGO_HOME="/workspace/cargo-home" RUSTUP_HOME="/workspace/rustup-home" "/workspace/cargo-home/bin/cargo" "+nightly-2025-01-18" "fetch" "--manifest-path" "Cargo.toml", kill_on_drop: false }`
[INFO] running `Command { std: "docker" "create" "-v" "/var/lib/crater-agent-workspace/builds/worker-3-tc2/target:/opt/rustwide/target:rw,Z" "-v" "/var/lib/crater-agent-workspace/builds/worker-3-tc2/source:/opt/rustwide/workdir:ro,Z" "-v" "/var/lib/crater-agent-workspace/cargo-home:/opt/rustwide/cargo-home:ro,Z" "-v" "/var/lib/crater-agent-workspace/rustup-home:/opt/rustwide/rustup-home:ro,Z" "-e" "SOURCE_DIR=/opt/rustwide/workdir" "-e" "CARGO_TARGET_DIR=/opt/rustwide/target" "-e" "CARGO_HOME=/opt/rustwide/cargo-home" "-e" "RUSTUP_HOME=/opt/rustwide/rustup-home" "-w" "/opt/rustwide/workdir" "-m" "1610612736" "--user" "0:0" "--network" "none" "ghcr.io/rust-lang/crates-build-env/linux@sha256:819108c5571ea2e421544af4d832f968d213c87fbe3707a016657f43d2f853bc" "/opt/rustwide/cargo-home/bin/cargo" "+nightly-2025-01-18" "metadata" "--no-deps" "--format-version=1", kill_on_drop: false }`
[INFO] [stdout] 7611dbfec8e9c3bdabb87b54540b55fa7bc8b4a073be3bec78e9f135cf04afc1
[INFO] running `Command { std: "docker" "start" "-a" "7611dbfec8e9c3bdabb87b54540b55fa7bc8b4a073be3bec78e9f135cf04afc1", kill_on_drop: false }`
[INFO] running `Command { std: "docker" "inspect" "7611dbfec8e9c3bdabb87b54540b55fa7bc8b4a073be3bec78e9f135cf04afc1", kill_on_drop: false }`
[INFO] running `Command { std: "docker" "rm" "-f" "7611dbfec8e9c3bdabb87b54540b55fa7bc8b4a073be3bec78e9f135cf04afc1", kill_on_drop: false }`
[INFO] [stdout] 7611dbfec8e9c3bdabb87b54540b55fa7bc8b4a073be3bec78e9f135cf04afc1
[INFO] running `Command { std: "docker" "create" "-v" "/var/lib/crater-agent-workspace/builds/worker-3-tc2/target:/opt/rustwide/target:rw,Z" "-v" "/var/lib/crater-agent-workspace/builds/worker-3-tc2/source:/opt/rustwide/workdir:ro,Z" "-v" "/var/lib/crater-agent-workspace/cargo-home:/opt/rustwide/cargo-home:ro,Z" "-v" "/var/lib/crater-agent-workspace/rustup-home:/opt/rustwide/rustup-home:ro,Z" "-e" "SOURCE_DIR=/opt/rustwide/workdir" "-e" "CARGO_TARGET_DIR=/opt/rustwide/target" "-e" "CARGO_INCREMENTAL=0" "-e" "RUST_BACKTRACE=full" "-e" "RUSTFLAGS=--cap-lints=forbid -Zrandomize-layout" "-e" "RUSTDOCFLAGS=--cap-lints=forbid" "-e" "CARGO_HOME=/opt/rustwide/cargo-home" "-e" "RUSTUP_HOME=/opt/rustwide/rustup-home" "-w" "/opt/rustwide/workdir" "-m" "1610612736" "--user" "0:0" "--network" "none" "ghcr.io/rust-lang/crates-build-env/linux@sha256:819108c5571ea2e421544af4d832f968d213c87fbe3707a016657f43d2f853bc" "/opt/rustwide/cargo-home/bin/cargo" "+nightly-2025-01-18" "build" "--frozen" "--message-format=json", kill_on_drop: false }`
[INFO] [stdout] d084c052fceb16ab2975ce93ab69ef1fea941477b5c82721a33f9d8ec7533b54
[INFO] running `Command { std: "docker" "start" "-a" "d084c052fceb16ab2975ce93ab69ef1fea941477b5c82721a33f9d8ec7533b54", kill_on_drop: false }`
[INFO] [stderr]    Compiling lazy_static v1.5.0
[INFO] [stderr]    Compiling day_05 v0.1.0 (/opt/rustwide/workdir/day_05)
[INFO] [stderr]    Compiling day_04 v0.1.0 (/opt/rustwide/workdir/day_04)
[INFO] [stderr]    Compiling day_01 v0.1.0 (/opt/rustwide/workdir/day_01)
[INFO] [stderr]    Compiling day_07 v0.1.0 (/opt/rustwide/workdir/day_07)
[INFO] [stderr]    Compiling day_12 v0.1.0 (/opt/rustwide/workdir/day_12)
[INFO] [stderr]    Compiling day_13 v0.1.0 (/opt/rustwide/workdir/day_13)
[INFO] [stderr]    Compiling day_09 v0.1.0 (/opt/rustwide/workdir/day_09)
[INFO] [stdout] warning: unused import: `std::mem`
[INFO] [stdout]  --> day_09/src/part_1.rs:1:5
[INFO] [stdout]   |
[INFO] [stdout] 1 | use std::mem;
[INFO] [stdout]   |     ^^^^^^^^
[INFO] [stdout]   |
[INFO] [stdout]   = note: `#[warn(unused_imports)]` on by default
[INFO] [stdout] 
[INFO] [stdout] 
[INFO] [stderr]    Compiling colored v2.2.0
[INFO] [stderr]    Compiling day_14 v0.1.0 (/opt/rustwide/workdir/day_14)
[INFO] [stdout] warning: unused imports: `Quad` and `Robot`
[INFO] [stdout]  --> day_14/src/part_1.rs:2:13
[INFO] [stdout]   |
[INFO] [stdout] 2 |     robot::{Quad, Robot},
[INFO] [stdout]   |             ^^^^  ^^^^^
[INFO] [stdout]   |
[INFO] [stdout]   = note: `#[warn(unused_imports)]` on by default
[INFO] [stdout] 
[INFO] [stdout] 
[INFO] [stderr]    Compiling day_02 v0.1.0 (/opt/rustwide/workdir/day_02)
[INFO] [stderr]    Compiling day_06 v0.1.0 (/opt/rustwide/workdir/day_06)
[INFO] [stderr]    Compiling day_08 v0.1.0 (/opt/rustwide/workdir/day_08)
[INFO] [stderr]    Compiling day_15 v0.1.0 (/opt/rustwide/workdir/day_15)
[INFO] [stderr]    Compiling day_11 v0.1.0 (/opt/rustwide/workdir/day_11)
[INFO] [stderr]    Compiling day_10 v0.1.0 (/opt/rustwide/workdir/day_10)
[INFO] [stderr]    Compiling day_03 v0.1.0 (/opt/rustwide/workdir/day_03)
[INFO] [stdout] warning: unreachable pattern
[INFO] [stdout]    --> day_15/src/warehouse.rs:178:13
[INFO] [stdout]     |
[INFO] [stdout] 178 |             _ => false,
[INFO] [stdout]     |             ^ no value can reach this
[INFO] [stdout]     |
[INFO] [stdout] note: multiple earlier patterns match some of the same values
[INFO] [stdout]    --> day_15/src/warehouse.rs:178:13
[INFO] [stdout]     |
[INFO] [stdout] 163 |             Some(Entity::Wall) => false,
[INFO] [stdout]     |             ------------------ matches some of the same values
[INFO] [stdout] 164 |             Some(Entity::Box) => {
[INFO] [stdout]     |             ----------------- matches some of the same values
[INFO] [stdout] ...
[INFO] [stdout] 173 |             None => {
[INFO] [stdout]     |             ---- matches some of the same values
[INFO] [stdout] ...
[INFO] [stdout] 178 |             _ => false,
[INFO] [stdout]     |             ^ collectively making this unreachable
[INFO] [stdout]     = note: `#[warn(unreachable_patterns)]` on by default
[INFO] [stdout] 
[INFO] [stdout] 
[INFO] [stderr]     Finished `dev` profile [unoptimized + debuginfo] target(s) in 4.01s
[INFO] running `Command { std: "docker" "inspect" "d084c052fceb16ab2975ce93ab69ef1fea941477b5c82721a33f9d8ec7533b54", kill_on_drop: false }`
[INFO] running `Command { std: "docker" "rm" "-f" "d084c052fceb16ab2975ce93ab69ef1fea941477b5c82721a33f9d8ec7533b54", kill_on_drop: false }`
[INFO] [stdout] d084c052fceb16ab2975ce93ab69ef1fea941477b5c82721a33f9d8ec7533b54
[INFO] running `Command { std: "docker" "create" "-v" "/var/lib/crater-agent-workspace/builds/worker-3-tc2/target:/opt/rustwide/target:rw,Z" "-v" "/var/lib/crater-agent-workspace/builds/worker-3-tc2/source:/opt/rustwide/workdir:ro,Z" "-v" "/var/lib/crater-agent-workspace/cargo-home:/opt/rustwide/cargo-home:ro,Z" "-v" "/var/lib/crater-agent-workspace/rustup-home:/opt/rustwide/rustup-home:ro,Z" "-e" "SOURCE_DIR=/opt/rustwide/workdir" "-e" "CARGO_TARGET_DIR=/opt/rustwide/target" "-e" "CARGO_INCREMENTAL=0" "-e" "RUST_BACKTRACE=full" "-e" "RUSTFLAGS=--cap-lints=forbid -Zrandomize-layout" "-e" "RUSTDOCFLAGS=--cap-lints=forbid" "-e" "CARGO_HOME=/opt/rustwide/cargo-home" "-e" "RUSTUP_HOME=/opt/rustwide/rustup-home" "-w" "/opt/rustwide/workdir" "-m" "1610612736" "--user" "0:0" "--network" "none" "ghcr.io/rust-lang/crates-build-env/linux@sha256:819108c5571ea2e421544af4d832f968d213c87fbe3707a016657f43d2f853bc" "/opt/rustwide/cargo-home/bin/cargo" "+nightly-2025-01-18" "test" "--frozen" "--no-run" "--message-format=json", kill_on_drop: false }`
[INFO] [stdout] 6c71dec46f770043c5440607dd3241ba2443be4e33bf3ce6900528ada6fa7ee6
[INFO] running `Command { std: "docker" "start" "-a" "6c71dec46f770043c5440607dd3241ba2443be4e33bf3ce6900528ada6fa7ee6", kill_on_drop: false }`
[INFO] [stdout] warning: unreachable pattern
[INFO] [stdout]    --> day_15/src/warehouse.rs:178:13
[INFO] [stdout]     |
[INFO] [stdout] 178 |             _ => false,
[INFO] [stdout]     |             ^ no value can reach this
[INFO] [stdout]     |
[INFO] [stdout] note: multiple earlier patterns match some of the same values
[INFO] [stdout]    --> day_15/src/warehouse.rs:178:13
[INFO] [stdout]     |
[INFO] [stdout] 163 |             Some(Entity::Wall) => false,
[INFO] [stdout]     |             ------------------ matches some of the same values
[INFO] [stdout] 164 |             Some(Entity::Box) => {
[INFO] [stdout]     |             ----------------- matches some of the same values
[INFO] [stdout] ...
[INFO] [stdout] 173 |             None => {
[INFO] [stdout]     |             ---- matches some of the same values
[INFO] [stdout] ...
[INFO] [stdout] 178 |             _ => false,
[INFO] [stdout]     |             ^ collectively making this unreachable
[INFO] [stdout]     = note: `#[warn(unreachable_patterns)]` on by default
[INFO] [stdout] 
[INFO] [stdout] 
[INFO] [stderr]    Compiling day_15 v0.1.0 (/opt/rustwide/workdir/day_15)
[INFO] [stderr]    Compiling day_12 v0.1.0 (/opt/rustwide/workdir/day_12)
[INFO] [stdout] warning: unused imports: `Quad` and `Robot`
[INFO] [stdout]  --> day_14/src/part_1.rs:2:13
[INFO] [stdout]   |
[INFO] [stdout] 2 |     robot::{Quad, Robot},
[INFO] [stdout]   |             ^^^^  ^^^^^
[INFO] [stdout]   |
[INFO] [stdout]   = note: `#[warn(unused_imports)]` on by default
[INFO] [stdout] 
[INFO] [stdout] 
[INFO] [stdout] warning: unused import: `std::mem`
[INFO] [stdout]  --> day_09/src/part_1.rs:1:5
[INFO] [stdout]   |
[INFO] [stdout] 1 | use std::mem;
[INFO] [stdout]   |     ^^^^^^^^
[INFO] [stdout]   |
[INFO] [stdout]   = note: `#[warn(unused_imports)]` on by default
[INFO] [stdout] 
[INFO] [stdout] 
[INFO] [stderr]    Compiling day_03 v0.1.0 (/opt/rustwide/workdir/day_03)
[INFO] [stderr]    Compiling day_05 v0.1.0 (/opt/rustwide/workdir/day_05)
[INFO] [stderr]    Compiling day_04 v0.1.0 (/opt/rustwide/workdir/day_04)
[INFO] [stderr]    Compiling day_10 v0.1.0 (/opt/rustwide/workdir/day_10)
[INFO] [stderr]    Compiling day_11 v0.1.0 (/opt/rustwide/workdir/day_11)
[INFO] [stderr]    Compiling day_06 v0.1.0 (/opt/rustwide/workdir/day_06)
[INFO] [stdout] warning: unreachable pattern
[INFO] [stdout]    --> day_15/src/warehouse.rs:178:13
[INFO] [stdout]     |
[INFO] [stdout] 178 |             _ => false,
[INFO] [stdout]     |             ^ no value can reach this
[INFO] [stdout]     |
[INFO] [stdout] note: multiple earlier patterns match some of the same values
[INFO] [stdout]    --> day_15/src/warehouse.rs:178:13
[INFO] [stdout]     |
[INFO] [stdout] 163 |             Some(Entity::Wall) => false,
[INFO] [stdout]     |             ------------------ matches some of the same values
[INFO] [stdout] 164 |             Some(Entity::Box) => {
[INFO] [stdout]     |             ----------------- matches some of the same values
[INFO] [stdout] ...
[INFO] [stdout] 173 |             None => {
[INFO] [stdout]     |             ---- matches some of the same values
[INFO] [stdout] ...
[INFO] [stdout] 178 |             _ => false,
[INFO] [stdout]     |             ^ collectively making this unreachable
[INFO] [stdout]     = note: `#[warn(unreachable_patterns)]` on by default
[INFO] [stdout] 
[INFO] [stdout] 
[INFO] [stderr]    Compiling day_13 v0.1.0 (/opt/rustwide/workdir/day_13)
[INFO] [stderr]    Compiling day_02 v0.1.0 (/opt/rustwide/workdir/day_02)
[INFO] [stderr]    Compiling day_14 v0.1.0 (/opt/rustwide/workdir/day_14)
[INFO] [stderr]    Compiling day_07 v0.1.0 (/opt/rustwide/workdir/day_07)
[INFO] [stderr]    Compiling day_01 v0.1.0 (/opt/rustwide/workdir/day_01)
[INFO] [stdout] warning: unused imports: `Quad` and `Robot`
[INFO] [stdout]  --> day_14/src/part_1.rs:2:13
[INFO] [stdout]   |
[INFO] [stdout] 2 |     robot::{Quad, Robot},
[INFO] [stdout]   |             ^^^^  ^^^^^
[INFO] [stdout]   |
[INFO] [stdout]   = note: `#[warn(unused_imports)]` on by default
[INFO] [stdout] 
[INFO] [stdout] 
[INFO] [stderr]    Compiling day_08 v0.1.0 (/opt/rustwide/workdir/day_08)
[INFO] [stderr]    Compiling day_09 v0.1.0 (/opt/rustwide/workdir/day_09)
[INFO] [stdout] warning: unused import: `std::fs`
[INFO] [stdout]    --> day_09/src/memory.rs:182:9
[INFO] [stdout]     |
[INFO] [stdout] 182 |     use std::fs;
[INFO] [stdout]     |         ^^^^^^^
[INFO] [stdout]     |
[INFO] [stdout]     = note: `#[warn(unused_imports)]` on by default
[INFO] [stdout] 
[INFO] [stdout] 
[INFO] [stdout] warning: unused import: `std::mem`
[INFO] [stdout]  --> day_09/src/part_1.rs:1:5
[INFO] [stdout]   |
[INFO] [stdout] 1 | use std::mem;
[INFO] [stdout]   |     ^^^^^^^^
[INFO] [stdout] 
[INFO] [stdout] 
[INFO] [stderr]     Finished `test` profile [unoptimized + debuginfo] target(s) in 5.57s
[INFO] running `Command { std: "docker" "inspect" "6c71dec46f770043c5440607dd3241ba2443be4e33bf3ce6900528ada6fa7ee6", kill_on_drop: false }`
[INFO] running `Command { std: "docker" "rm" "-f" "6c71dec46f770043c5440607dd3241ba2443be4e33bf3ce6900528ada6fa7ee6", kill_on_drop: false }`
[INFO] [stdout] 6c71dec46f770043c5440607dd3241ba2443be4e33bf3ce6900528ada6fa7ee6
[INFO] running `Command { std: "docker" "create" "-v" "/var/lib/crater-agent-workspace/builds/worker-3-tc2/target:/opt/rustwide/target:rw,Z" "-v" "/var/lib/crater-agent-workspace/builds/worker-3-tc2/source:/opt/rustwide/workdir:ro,Z" "-v" "/var/lib/crater-agent-workspace/cargo-home:/opt/rustwide/cargo-home:ro,Z" "-v" "/var/lib/crater-agent-workspace/rustup-home:/opt/rustwide/rustup-home:ro,Z" "-e" "SOURCE_DIR=/opt/rustwide/workdir" "-e" "CARGO_TARGET_DIR=/opt/rustwide/target" "-e" "CARGO_INCREMENTAL=0" "-e" "RUST_BACKTRACE=full" "-e" "RUSTFLAGS=--cap-lints=forbid -Zrandomize-layout" "-e" "RUSTDOCFLAGS=--cap-lints=forbid" "-e" "CARGO_HOME=/opt/rustwide/cargo-home" "-e" "RUSTUP_HOME=/opt/rustwide/rustup-home" "-w" "/opt/rustwide/workdir" "-m" "1610612736" "--user" "0:0" "--network" "none" "ghcr.io/rust-lang/crates-build-env/linux@sha256:819108c5571ea2e421544af4d832f968d213c87fbe3707a016657f43d2f853bc" "/opt/rustwide/cargo-home/bin/cargo" "+nightly-2025-01-18" "test" "--frozen", kill_on_drop: false }`
[INFO] [stdout] 3ae8b0ef774b8aa45df0050fb5c568ec7188460d4454fc4ab2f21c4bf66489ab
[INFO] running `Command { std: "docker" "start" "-a" "3ae8b0ef774b8aa45df0050fb5c568ec7188460d4454fc4ab2f21c4bf66489ab", kill_on_drop: false }`
[INFO] [stderr] warning: unreachable pattern
[INFO] [stderr]    --> day_15/src/warehouse.rs:178:13
[INFO] [stderr]     |
[INFO] [stderr] 178 |             _ => false,
[INFO] [stderr]     |             ^ no value can reach this
[INFO] [stderr]     |
[INFO] [stderr] note: multiple earlier patterns match some of the same values
[INFO] [stderr]    --> day_15/src/warehouse.rs:178:13
[INFO] [stderr]     |
[INFO] [stderr] 163 |             Some(Entity::Wall) => false,
[INFO] [stderr]     |             ------------------ matches some of the same values
[INFO] [stderr] 164 |             Some(Entity::Box) => {
[INFO] [stderr]     |             ----------------- matches some of the same values
[INFO] [stderr] ...
[INFO] [stderr] 173 |             None => {
[INFO] [stderr]     |             ---- matches some of the same values
[INFO] [stderr] ...
[INFO] [stderr] 178 |             _ => false,
[INFO] [stderr]     |             ^ collectively making this unreachable
[INFO] [stderr]     = note: `#[warn(unreachable_patterns)]` on by default
[INFO] [stderr] 
[INFO] [stderr] warning: `day_15` (lib) generated 1 warning
[INFO] [stderr] warning: unused import: `std::mem`
[INFO] [stderr]  --> day_09/src/part_1.rs:1:5
[INFO] [stderr]   |
[INFO] [stderr] 1 | use std::mem;
[INFO] [stderr]   |     ^^^^^^^^
[INFO] [stderr]   |
[INFO] [stderr]   = note: `#[warn(unused_imports)]` on by default
[INFO] [stderr] 
[INFO] [stderr] warning: `day_09` (lib) generated 1 warning (run `cargo fix --lib -p day_09` to apply 1 suggestion)
[INFO] [stderr] warning: unused imports: `Quad` and `Robot`
[INFO] [stderr]  --> day_14/src/part_1.rs:2:13
[INFO] [stderr]   |
[INFO] [stderr] 2 |     robot::{Quad, Robot},
[INFO] [stderr]   |             ^^^^  ^^^^^
[INFO] [stderr]   |
[INFO] [stderr]   = note: `#[warn(unused_imports)]` on by default
[INFO] [stderr] 
[INFO] [stderr] warning: `day_14` (lib) generated 1 warning (run `cargo fix --lib -p day_14` to apply 1 suggestion)
[INFO] [stderr] warning: `day_15` (lib test) generated 1 warning (1 duplicate)
[INFO] [stderr] warning: unused import: `std::fs`
[INFO] [stderr]    --> day_09/src/memory.rs:182:9
[INFO] [stderr]     |
[INFO] [stderr] 182 |     use std::fs;
[INFO] [stderr]     |         ^^^^^^^
[INFO] [stderr]     |
[INFO] [stderr]     = note: `#[warn(unused_imports)]` on by default
[INFO] [stderr] 
[INFO] [stderr] warning: unused import: `std::mem`
[INFO] [stderr]  --> day_09/src/part_1.rs:1:5
[INFO] [stderr]   |
[INFO] [stderr] 1 | use std::mem;
[INFO] [stderr]   |     ^^^^^^^^
[INFO] [stderr] 
[INFO] [stderr] warning: `day_14` (lib test) generated 1 warning (1 duplicate)
[INFO] [stderr] warning: `day_09` (lib test) generated 2 warnings (run `cargo fix --lib -p day_09 --tests` to apply 2 suggestions)
[INFO] [stderr]     Finished `test` profile [unoptimized + debuginfo] target(s) in 0.04s
[INFO] [stderr]      Running unittests src/lib.rs (/opt/rustwide/target/debug/deps/day_01-8758b5c4f62d2202)
[INFO] [stdout] 
[INFO] [stdout] running 4 tests
[INFO] [stdout] test part_02::tests::part_2_example_test ... ok
[INFO] [stdout] test part_01::tests::part_1_example_test ... ok
[INFO] [stdout] test part_01::tests::part_1_test ... ok
[INFO] [stderr]      Running unittests src/lib.rs (/opt/rustwide/target/debug/deps/day_02-eb56378d019c1311)
[INFO] [stdout] test part_02::tests::part_2_test ... ok
[INFO] [stdout] 
[INFO] [stdout] test result: ok. 4 passed; 0 failed; 0 ignored; 0 measured; 0 filtered out; finished in 0.06s
[INFO] [stdout] 
[INFO] [stdout] 
[INFO] [stdout] running 5 tests
[INFO] [stdout] test part_2::tests::example_test ... ok
[INFO] [stdout] test helpers::tests::parse_input_works ... ok
[INFO] [stdout] test part_1::tests::example_test ... ok
[INFO] [stdout] test part_2::tests::test ... FAILED
[INFO] [stdout] test part_1::tests::test ... FAILED
[INFO] [stdout] 
[INFO] [stdout] failures:
[INFO] [stdout] 
[INFO] [stdout] ---- part_2::tests::test stdout ----
[INFO] [stdout] 
[INFO] [stdout] thread 'part_2::tests::test' panicked at day_02/src/part_2.rs:41:55:
[INFO] [stdout] called `Result::unwrap()` on an `Err` value: Os { code: 2, kind: NotFound, message: "No such file or directory" }
[INFO] [stdout] stack backtrace:
[INFO] [stdout]    0:     0x5712f92cfeda - std::backtrace_rs::backtrace::libunwind::trace::hb059275cfc8d6126
[INFO] [stdout]                                at /rustc/6067b36314ab5eb2eb47cecc464545ba58e1ad24/library/std/src/../../backtrace/src/backtrace/libunwind.rs:116:5
[INFO] [stdout]    1:     0x5712f92cfeda - std::backtrace_rs::backtrace::trace_unsynchronized::h2da071e4327ce3ee
[INFO] [stdout]                                at /rustc/6067b36314ab5eb2eb47cecc464545ba58e1ad24/library/std/src/../../backtrace/src/backtrace/mod.rs:66:5
[INFO] [stdout]    2:     0x5712f92cfeda - std::sys::backtrace::_print_fmt::h842a1474e6f8d23f
[INFO] [stdout]                                at /rustc/6067b36314ab5eb2eb47cecc464545ba58e1ad24/library/std/src/sys/backtrace.rs:66:9
[INFO] [stdout]    3:     0x5712f92cfeda - <std::sys::backtrace::BacktraceLock::print::DisplayBacktrace as core::fmt::Display>::fmt::h71a62eb3b9696b12
[INFO] [stdout]                                at /rustc/6067b36314ab5eb2eb47cecc464545ba58e1ad24/library/std/src/sys/backtrace.rs:39:26
[INFO] [stdout]    4:     0x5712f92f7683 - core::fmt::rt::Argument::fmt::hdb6b616786b41dc1
[INFO] [stdout]                                at /rustc/6067b36314ab5eb2eb47cecc464545ba58e1ad24/library/core/src/fmt/rt.rs:177:76
[INFO] [stdout]    5:     0x5712f92f7683 - core::fmt::write::h2cc1698af7e2d686
[INFO] [stdout]                                at /rustc/6067b36314ab5eb2eb47cecc464545ba58e1ad24/library/core/src/fmt/mod.rs:1440:21
[INFO] [stdout]    6:     0x5712f92cca33 - std::io::Write::write_fmt::hab1b4cd059a79022
[INFO] [stdout]                                at /rustc/6067b36314ab5eb2eb47cecc464545ba58e1ad24/library/std/src/io/mod.rs:1887:15
[INFO] [stdout]    7:     0x5712f92cfd22 - std::sys::backtrace::BacktraceLock::print::h147fe35b4ea13b08
[INFO] [stdout]                                at /rustc/6067b36314ab5eb2eb47cecc464545ba58e1ad24/library/std/src/sys/backtrace.rs:42:9
[INFO] [stdout]    8:     0x5712f92d12ff - std::panicking::default_hook::{{closure}}::hbd44223dbdc0d208
[INFO] [stdout]                                at /rustc/6067b36314ab5eb2eb47cecc464545ba58e1ad24/library/std/src/panicking.rs:298:22
[INFO] [stdout]    9:     0x5712f92d1118 - std::panicking::default_hook::h20f81eb0576efcec
[INFO] [stdout]                                at /rustc/6067b36314ab5eb2eb47cecc464545ba58e1ad24/library/std/src/panicking.rs:322:9
[INFO] [stdout]   10:     0x5712f92997e3 - <alloc::boxed::Box<F,A> as core::ops::function::Fn<Args>>::call::hdb53814c496a4d34
[INFO] [stdout]                                at /rustc/6067b36314ab5eb2eb47cecc464545ba58e1ad24/library/alloc/src/boxed.rs:2027:9
[INFO] [stdout]   11:     0x5712f92997e3 - test::test_main::{{closure}}::hc0a4963c59427c24
[INFO] [stdout]                                at /rustc/6067b36314ab5eb2eb47cecc464545ba58e1ad24/library/test/src/lib.rs:134:21
[INFO] [stdout]   12:     0x5712f92d1df3 - <alloc::boxed::Box<F,A> as core::ops::function::Fn<Args>>::call::h591b2225413a77e9
[INFO] [stdout]                                at /rustc/6067b36314ab5eb2eb47cecc464545ba58e1ad24/library/alloc/src/boxed.rs:2027:9
[INFO] [stdout]   13:     0x5712f92d1df3 - std::panicking::rust_panic_with_hook::h625eea43051b2edc
[INFO] [stdout]                                at /rustc/6067b36314ab5eb2eb47cecc464545ba58e1ad24/library/std/src/panicking.rs:839:13
[INFO] [stdout]   14:     0x5712f92d1aaa - std::panicking::begin_panic_handler::{{closure}}::h4f9159cfbc3f6bd3
[INFO] [stdout]                                at /rustc/6067b36314ab5eb2eb47cecc464545ba58e1ad24/library/std/src/panicking.rs:704:13
[INFO] [stdout]   15:     0x5712f92d03d9 - std::sys::backtrace::__rust_end_short_backtrace::h0390abce48353151
[INFO] [stdout]                                at /rustc/6067b36314ab5eb2eb47cecc464545ba58e1ad24/library/std/src/sys/backtrace.rs:168:18
[INFO] [stdout]   16:     0x5712f92d173d - rust_begin_unwind
[INFO] [stdout]                                at /rustc/6067b36314ab5eb2eb47cecc464545ba58e1ad24/library/std/src/panicking.rs:695:5
[INFO] [stdout]   17:     0x5712f92f6090 - core::panicking::panic_fmt::h9e7c637e9e5f29c9
[INFO] [stdout]                                at /rustc/6067b36314ab5eb2eb47cecc464545ba58e1ad24/library/core/src/panicking.rs:75:14
[INFO] [stdout]   18:     0x5712f92f64d6 - core::result::unwrap_failed::h7979f09313fe1849
[INFO] [stdout]                                at /rustc/6067b36314ab5eb2eb47cecc464545ba58e1ad24/library/core/src/result.rs:1704:5
[INFO] [stdout]   19:     0x5712f925cd95 - core::result::Result<T,E>::unwrap::h73fe027c86f2804d
[INFO] [stdout]                                at /rustc/6067b36314ab5eb2eb47cecc464545ba58e1ad24/library/core/src/result.rs:1109:23
[INFO] [stdout]   20:     0x5712f925cd95 - day_02::part_2::tests::test::h94ba5dcdd714423d
[INFO] [stdout]                                at /opt/rustwide/workdir/day_02/src/part_2.rs:41:21
[INFO] [stdout]   21:     0x5712f925cd07 - day_02::part_2::tests::test::{{closure}}::hc67dff8b538a73f2
[INFO] [stdout]                                at /opt/rustwide/workdir/day_02/src/part_2.rs:40:14
[INFO] [stdout]   22:     0x5712f9255ae6 - core::ops::function::FnOnce::call_once::hcc5a4a459da9e2ad
[INFO] [stdout]                                at /rustc/6067b36314ab5eb2eb47cecc464545ba58e1ad24/library/core/src/ops/function.rs:250:5
[INFO] [stdout]   23:     0x5712f929ef3b - core::ops::function::FnOnce::call_once::he27718dfdd183f43
[INFO] [stdout]                                at /rustc/6067b36314ab5eb2eb47cecc464545ba58e1ad24/library/core/src/ops/function.rs:250:5
[INFO] [stdout]   24:     0x5712f929ef3b - test::__rust_begin_short_backtrace::h4e84902998457a5d
[INFO] [stdout]                                at /rustc/6067b36314ab5eb2eb47cecc464545ba58e1ad24/library/test/src/lib.rs:632:18
[INFO] [stdout]   25:     0x5712f929de73 - test::run_test_in_process::{{closure}}::h7176fd18fc1feca0
[INFO] [stdout]                                at /rustc/6067b36314ab5eb2eb47cecc464545ba58e1ad24/library/test/src/lib.rs:655:60
[INFO] [stdout]   26:     0x5712f929de73 - <core::panic::unwind_safe::AssertUnwindSafe<F> as core::ops::function::FnOnce<()>>::call_once::hf79cff2a624d8cf7
[INFO] [stdout]                                at /rustc/6067b36314ab5eb2eb47cecc464545ba58e1ad24/library/core/src/panic/unwind_safe.rs:272:9
[INFO] [stdout]   27:     0x5712f929de73 - std::panicking::try::do_call::h3da0561d9ab99c25
[INFO] [stdout]                                at /rustc/6067b36314ab5eb2eb47cecc464545ba58e1ad24/library/std/src/panicking.rs:587:40
[INFO] [stdout]   28:     0x5712f929de73 - std::panicking::try::h41c9fa508bc61df6
[INFO] [stdout]                                at /rustc/6067b36314ab5eb2eb47cecc464545ba58e1ad24/library/std/src/panicking.rs:550:19
[INFO] [stdout]   29:     0x5712f929de73 - std::panic::catch_unwind::h6b3ff07bb5afad93
[INFO] [stdout]                                at /rustc/6067b36314ab5eb2eb47cecc464545ba58e1ad24/library/std/src/panic.rs:358:14
[INFO] [stdout]   30:     0x5712f929de73 - test::run_test_in_process::hc7253dd11b39b9f4
[INFO] [stdout]                                at /rustc/6067b36314ab5eb2eb47cecc464545ba58e1ad24/library/test/src/lib.rs:655:27
[INFO] [stdout]   31:     0x5712f929de73 - test::run_test::{{closure}}::hfb2007f8649c30bb
[INFO] [stdout]                                at /rustc/6067b36314ab5eb2eb47cecc464545ba58e1ad24/library/test/src/lib.rs:576:43
[INFO] [stdout]   32:     0x5712f9260f55 - test::run_test::{{closure}}::h56a17aa7a282a9f4
[INFO] [stdout]                                at /rustc/6067b36314ab5eb2eb47cecc464545ba58e1ad24/library/test/src/lib.rs:606:41
[INFO] [stdout]   33:     0x5712f9260f55 - std::sys::backtrace::__rust_begin_short_backtrace::hd2d2d2fb8e8c6aac
[INFO] [stdout]                                at /rustc/6067b36314ab5eb2eb47cecc464545ba58e1ad24/library/std/src/sys/backtrace.rs:152:18
[INFO] [stdout]   34:     0x5712f926483a - std::thread::Builder::spawn_unchecked_::{{closure}}::{{closure}}::h4faa3f9db6133423
[INFO] [stdout]                                at /rustc/6067b36314ab5eb2eb47cecc464545ba58e1ad24/library/std/src/thread/mod.rs:559:17
[INFO] [stdout]   35:     0x5712f926483a - <core::panic::unwind_safe::AssertUnwindSafe<F> as core::ops::function::FnOnce<()>>::call_once::hf2e855a36a4ea846
[INFO] [stdout]                                at /rustc/6067b36314ab5eb2eb47cecc464545ba58e1ad24/library/core/src/panic/unwind_safe.rs:272:9
[INFO] [stdout]   36:     0x5712f926483a - std::panicking::try::do_call::h2f73af3616c35465
[INFO] [stdout]                                at /rustc/6067b36314ab5eb2eb47cecc464545ba58e1ad24/library/std/src/panicking.rs:587:40
[INFO] [stdout]   37:     0x5712f926483a - std::panicking::try::hd1660ce9efadef5a
[INFO] [stdout]                                at /rustc/6067b36314ab5eb2eb47cecc464545ba58e1ad24/library/std/src/panicking.rs:550:19
[INFO] [stdout]   38:     0x5712f926483a - std::panic::catch_unwind::h5ee8d7823b8ca744
[INFO] [stdout]                                at /rustc/6067b36314ab5eb2eb47cecc464545ba58e1ad24/library/std/src/panic.rs:358:14
[INFO] [stdout]   39:     0x5712f926483a - std::thread::Builder::spawn_unchecked_::{{closure}}::h53c3a1894dce8407
[INFO] [stdout]                                at /rustc/6067b36314ab5eb2eb47cecc464545ba58e1ad24/library/std/src/thread/mod.rs:557:30
[INFO] [stdout]   40:     0x5712f926483a - core::ops::function::FnOnce::call_once{{vtable.shim}}::h048ce291ad4f62bf
[INFO] [stdout]                                at /rustc/6067b36314ab5eb2eb47cecc464545ba58e1ad24/library/core/src/ops/function.rs:250:5
[INFO] [stdout]   41:     0x5712f92d5d2b - <alloc::boxed::Box<F,A> as core::ops::function::FnOnce<Args>>::call_once::ha52bedf99a3b4981
[INFO] [stdout]                                at /rustc/6067b36314ab5eb2eb47cecc464545ba58e1ad24/library/alloc/src/boxed.rs:2013:9
[INFO] [stdout]   42:     0x5712f92d5d2b - <alloc::boxed::Box<F,A> as core::ops::function::FnOnce<Args>>::call_once::h567748934d80ccf8
[INFO] [stdout]                                at /rustc/6067b36314ab5eb2eb47cecc464545ba58e1ad24/library/alloc/src/boxed.rs:2013:9
[INFO] [stdout]   43:     0x5712f92d5d2b - std::sys::pal::unix::thread::Thread::new::thread_start::h2d970728ae887adc
[INFO] [stdout]                                at /rustc/6067b36314ab5eb2eb47cecc464545ba58e1ad24/library/std/src/sys/pal/unix/thread.rs:106:17
[INFO] [stdout]   44:     0x718bdd4faac3 - <unknown>
[INFO] [stdout]   45:     0x718bdd58ba04 - clone
[INFO] [stdout]   46:                0x0 - <unknown>
[INFO] [stdout] 
[INFO] [stdout] ---- part_1::tests::test stdout ----
[INFO] [stdout] 
[INFO] [stdout] thread 'part_1::tests::test' panicked at day_02/src/part_1.rs:30:55:
[INFO] [stdout] called `Result::unwrap()` on an `Err` value: Os { code: 2, kind: NotFound, message: "No such file or directory" }
[INFO] [stdout] stack backtrace:
[INFO] [stdout]    0:     0x5712f92cfeda - std::backtrace_rs::backtrace::libunwind::trace::hb059275cfc8d6126
[INFO] [stdout]                                at /rustc/6067b36314ab5eb2eb47cecc464545ba58e1ad24/library/std/src/../../backtrace/src/backtrace/libunwind.rs:116:5
[INFO] [stdout]    1:     0x5712f92cfeda - std::backtrace_rs::backtrace::trace_unsynchronized::h2da071e4327ce3ee
[INFO] [stdout]                                at /rustc/6067b36314ab5eb2eb47cecc464545ba58e1ad24/library/std/src/../../backtrace/src/backtrace/mod.rs:66:5
[INFO] [stdout]    2:     0x5712f92cfeda - std::sys::backtrace::_print_fmt::h842a1474e6f8d23f
[INFO] [stdout]                                at /rustc/6067b36314ab5eb2eb47cecc464545ba58e1ad24/library/std/src/sys/backtrace.rs:66:9
[INFO] [stdout]    3:     0x5712f92cfeda - <std::sys::backtrace::BacktraceLock::print::DisplayBacktrace as core::fmt::Display>::fmt::h71a62eb3b9696b12
[INFO] [stdout]                                at /rustc/6067b36314ab5eb2eb47cecc464545ba58e1ad24/library/std/src/sys/backtrace.rs:39:26
[INFO] [stdout]    4:     0x5712f92f7683 - core::fmt::rt::Argument::fmt::hdb6b616786b41dc1
[INFO] [stdout]                                at /rustc/6067b36314ab5eb2eb47cecc464545ba58e1ad24/library/core/src/fmt/rt.rs:177:76
[INFO] [stdout]    5:     0x5712f92f7683 - core::fmt::write::h2cc1698af7e2d686
[INFO] [stdout]                                at /rustc/6067b36314ab5eb2eb47cecc464545ba58e1ad24/library/core/src/fmt/mod.rs:1440:21
[INFO] [stdout]    6:     0x5712f92cca33 - std::io::Write::write_fmt::hab1b4cd059a79022
[INFO] [stdout]                                at /rustc/6067b36314ab5eb2eb47cecc464545ba58e1ad24/library/std/src/io/mod.rs:1887:15
[INFO] [stdout]    7:     0x5712f92cfd22 - std::sys::backtrace::BacktraceLock::print::h147fe35b4ea13b08
[INFO] [stdout]                                at /rustc/6067b36314ab5eb2eb47cecc464545ba58e1ad24/library/std/src/sys/backtrace.rs:42:9
[INFO] [stdout]    8:     0x5712f92d12ff - std::panicking::default_hook::{{closure}}::hbd44223dbdc0d208
[INFO] [stdout]                                at /rustc/6067b36314ab5eb2eb47cecc464545ba58e1ad24/library/std/src/panicking.rs:298:22
[INFO] [stdout]    9:     0x5712f92d1118 - std::panicking::default_hook::h20f81eb0576efcec
[INFO] [stdout]                                at /rustc/6067b36314ab5eb2eb47cecc464545ba58e1ad24/library/std/src/panicking.rs:322:9
[INFO] [stdout]   10:     0x5712f92997e3 - <alloc::boxed::Box<F,A> as core::ops::function::Fn<Args>>::call::hdb53814c496a4d34
[INFO] [stdout]                                at /rustc/6067b36314ab5eb2eb47cecc464545ba58e1ad24/library/alloc/src/boxed.rs:2027:9
[INFO] [stdout]   11:     0x5712f92997e3 - test::test_main::{{closure}}::hc0a4963c59427c24
[INFO] [stdout]                                at /rustc/6067b36314ab5eb2eb47cecc464545ba58e1ad24/library/test/src/lib.rs:134:21
[INFO] [stdout]   12:     0x5712f92d1df3 - <alloc::boxed::Box<F,A> as core::ops::function::Fn<Args>>::call::h591b2225413a77e9
[INFO] [stdout]                                at /rustc/6067b36314ab5eb2eb47cecc464545ba58e1ad24/library/alloc/src/boxed.rs:2027:9
[INFO] [stdout]   13:     0x5712f92d1df3 - std::panicking::rust_panic_with_hook::h625eea43051b2edc
[INFO] [stdout]                                at /rustc/6067b36314ab5eb2eb47cecc464545ba58e1ad24/library/std/src/panicking.rs:839:13
[INFO] [stdout]   14:     0x5712f92d1aaa - std::panicking::begin_panic_handler::{{closure}}::h4f9159cfbc3f6bd3
[INFO] [stdout]                                at /rustc/6067b36314ab5eb2eb47cecc464545ba58e1ad24/library/std/src/panicking.rs:704:13
[INFO] [stdout]   15:     0x5712f92d03d9 - std::sys::backtrace::__rust_end_short_backtrace::h0390abce48353151
[INFO] [stdout]                                at /rustc/6067b36314ab5eb2eb47cecc464545ba58e1ad24/library/std/src/sys/backtrace.rs:168:18
[INFO] [stdout]   16:     0x5712f92d173d - rust_begin_unwind
[INFO] [stdout]                                at /rustc/6067b36314ab5eb2eb47cecc464545ba58e1ad24/library/std/src/panicking.rs:695:5
[INFO] [stdout]   17:     0x5712f92f6090 - core::panicking::panic_fmt::h9e7c637e9e5f29c9
[INFO] [stdout]                                at /rustc/6067b36314ab5eb2eb47cecc464545ba58e1ad24/library/core/src/panicking.rs:75:14
[INFO] [stdout]   18:     0x5712f92f64d6 - core::result::unwrap_failed::h7979f09313fe1849
[INFO] [stdout]                                at /rustc/6067b36314ab5eb2eb47cecc464545ba58e1ad24/library/core/src/result.rs:1704:5
[INFO] [stdout]   19:     0x5712f925c8d5 - core::result::Result<T,E>::unwrap::h73fe027c86f2804d
[INFO] [stdout]                                at /rustc/6067b36314ab5eb2eb47cecc464545ba58e1ad24/library/core/src/result.rs:1109:23
[INFO] [stdout]   20:     0x5712f925c8d5 - day_02::part_1::tests::test::h3aefb81acd112576
[INFO] [stdout]                                at /opt/rustwide/workdir/day_02/src/part_1.rs:30:21
[INFO] [stdout]   21:     0x5712f925c847 - day_02::part_1::tests::test::{{closure}}::h37fc579a03d388c5
[INFO] [stdout]                                at /opt/rustwide/workdir/day_02/src/part_1.rs:29:14
[INFO] [stdout]   22:     0x5712f9255a66 - core::ops::function::FnOnce::call_once::h98c2f520c5100251
[INFO] [stdout]                                at /rustc/6067b36314ab5eb2eb47cecc464545ba58e1ad24/library/core/src/ops/function.rs:250:5
[INFO] [stdout]   23:     0x5712f929ef3b - core::ops::function::FnOnce::call_once::he27718dfdd183f43
[INFO] [stdout]                                at /rustc/6067b36314ab5eb2eb47cecc464545ba58e1ad24/library/core/src/ops/function.rs:250:5
[INFO] [stdout]   24:     0x5712f929ef3b - test::__rust_begin_short_backtrace::h4e84902998457a5d
[INFO] [stdout]                                at /rustc/6067b36314ab5eb2eb47cecc464545ba58e1ad24/library/test/src/lib.rs:632:18
[INFO] [stdout]   25:     0x5712f929de73 - test::run_test_in_process::{{closure}}::h7176fd18fc1feca0
[INFO] [stdout]                                at /rustc/6067b36314ab5eb2eb47cecc464545ba58e1ad24/library/test/src/lib.rs:655:60
[INFO] [stdout]   26:     0x5712f929de73 - <core::panic::unwind_safe::AssertUnwindSafe<F> as core::ops::function::FnOnce<()>>::call_once::hf79cff2a624d8cf7
[INFO] [stdout]                                at /rustc/6067b36314ab5eb2eb47cecc464545ba58e1ad24/library/core/src/panic/unwind_safe.rs:272:9
[INFO] [stdout]   27:     0x5712f929de73 - std::panicking::try::do_call::h3da0561d9ab99c25
[INFO] [stdout]                                at /rustc/6067b36314ab5eb2eb47cecc464545ba58e1ad24/library/std/src/panicking.rs:587:40
[INFO] [stdout]   28:     0x5712f929de73 - std::panicking::try::h41c9fa508bc61df6
[INFO] [stdout]                                at /rustc/6067b36314ab5eb2eb47cecc464545ba58e1ad24/library/std/src/panicking.rs:550:19
[INFO] [stdout]   29:     0x5712f929de73 - std::panic::catch_unwind::h6b3ff07bb5afad93
[INFO] [stdout]                                at /rustc/6067b36314ab5eb2eb47cecc464545ba58e1ad24/library/std/src/panic.rs:358:14
[INFO] [stdout]   30:     0x5712f929de73 - test::run_test_in_process::hc7253dd11b39b9f4
[INFO] [stdout]                                at /rustc/6067b36314ab5eb2eb47cecc464545ba58e1ad24/library/test/src/lib.rs:655:27
[INFO] [stdout]   31:     0x5712f929de73 - test::run_test::{{closure}}::hfb2007f8649c30bb
[INFO] [stdout]                                at /rustc/6067b36314ab5eb2eb47cecc464545ba58e1ad24/library/test/src/lib.rs:576:43
[INFO] [stdout]   32:     0x5712f9260f55 - test::run_test::{{closure}}::h56a17aa7a282a9f4
[INFO] [stdout]                                at /rustc/6067b36314ab5eb2eb47cecc464545ba58e1ad24/library/test/src/lib.rs:606:41
[INFO] [stdout]   33:     0x5712f9260f55 - std::sys::backtrace::__rust_begin_short_backtrace::hd2d2d2fb8e8c6aac
[INFO] [stdout]                                at /rustc/6067b36314ab5eb2eb47cecc464545ba58e1ad24/library/std/src/sys/backtrace.rs:152:18
[INFO] [stdout]   34:     0x5712f926483a - std::thread::Builder::spawn_unchecked_::{{closure}}::{{closure}}::h4faa3f9db6133423
[INFO] [stdout]                                at /rustc/6067b36314ab5eb2eb47cecc464545ba58e1ad24/library/std/src/thread/mod.rs:559:17
[INFO] [stdout]   35:     0x5712f926483a - <core::panic::unwind_safe::AssertUnwindSafe<F> as core::ops::function::FnOnce<()>>::call_once::hf2e855a36a4ea846
[INFO] [stdout]                                at /rustc/6067b36314ab5eb2eb47cecc464545ba58e1ad24/library/core/src/panic/unwind_safe.rs:272:9
[INFO] [stdout]   36:     0x5712f926483a - std::panicking::try::do_call::h2f73af3616c35465
[INFO] [stdout]                                at /rustc/6067b36314ab5eb2eb47cecc464545ba58e1ad24/library/std/src/panicking.rs:587:40
[INFO] [stdout]   37:     0x5712f926483a - std::panicking::try::hd1660ce9efadef5a
[INFO] [stdout]                                at /rustc/6067b36314ab5eb2eb47cecc464545ba58e1ad24/library/std/src/panicking.rs:550:19
[INFO] [stdout]   38:     0x5712f926483a - std::panic::catch_unwind::h5ee8d7823b8ca744
[INFO] [stdout]                                at /rustc/6067b36314ab5eb2eb47cecc464545ba58e1ad24/library/std/src/panic.rs:358:14
[INFO] [stdout]   39:     0x5712f926483a - std::thread::Builder::spawn_unchecked_::{{closure}}::h53c3a1894dce8407
[INFO] [stdout]                                at /rustc/6067b36314ab5eb2eb47cecc464545ba58e1ad24/library/std/src/thread/mod.rs:557:30
[INFO] [stdout]   40:     0x5712f926483a - core::ops::function::FnOnce::call_once{{vtable.shim}}::h048ce291ad4f62bf
[INFO] [stdout]                                at /rustc/6067b36314ab5eb2eb47cecc464545ba58e1ad24/library/core/src/ops/function.rs:250:5
[INFO] [stdout]   41:     0x5712f92d5d2b - <alloc::boxed::Box<F,A> as core::ops::function::FnOnce<Args>>::call_once::ha52bedf99a3b4981
[INFO] [stdout]                                at /rustc/6067b36314ab5eb2eb47cecc464545ba58e1ad24/library/alloc/src/boxed.rs:2013:9
[INFO] [stdout]   42:     0x5712f92d5d2b - <alloc::boxed::Box<F,A> as core::ops::function::FnOnce<Args>>::call_once::h567748934d80ccf8
[INFO] [stdout]                                at /rustc/6067b36314ab5eb2eb47cecc464545ba58e1ad24/library/alloc/src/boxed.rs:2013:9
[INFO] [stdout]   43:     0x5712f92d5d2b - std::sys::pal::unix::thread::Thread::new::thread_start::h2d970728ae887adc
[INFO] [stdout]                                at /rustc/6067b36314ab5eb2eb47cecc464545ba58e1ad24/library/std/src/sys/pal/unix/thread.rs:106:17
[INFO] [stdout]   44:     0x718bdd4faac3 - <unknown>
[INFO] [stdout]   45:     0x718bdd58ba04 - clone
[INFO] [stdout]   46:                0x0 - <unknown>
[INFO] [stdout] 
[INFO] [stdout] 
[INFO] [stdout] failures:
[INFO] [stdout]     part_1::tests::test
[INFO] [stdout]     part_2::tests::test
[INFO] [stdout] 
[INFO] [stdout] test result: FAILED. 3 passed; 2 failed; 0 ignored; 0 measured; 0 filtered out; finished in 0.06s
[INFO] [stdout] 
[INFO] [stderr] error: test failed, to rerun pass `-p day_02 --lib`
[INFO] running `Command { std: "docker" "inspect" "3ae8b0ef774b8aa45df0050fb5c568ec7188460d4454fc4ab2f21c4bf66489ab", kill_on_drop: false }`
[INFO] running `Command { std: "docker" "rm" "-f" "3ae8b0ef774b8aa45df0050fb5c568ec7188460d4454fc4ab2f21c4bf66489ab", kill_on_drop: false }`
[INFO] [stdout] 3ae8b0ef774b8aa45df0050fb5c568ec7188460d4454fc4ab2f21c4bf66489ab
