[INFO] cloning repository https://github.com/rpinder/raytracer
[INFO] running `Command { std: "git" "-c" "credential.helper=" "-c" "credential.helper=/workspace/cargo-home/bin/git-credential-null" "clone" "--bare" "https://github.com/rpinder/raytracer" "/workspace/cache/git-repos/https%3A%2F%2Fgithub.com%2Frpinder%2Fraytracer", kill_on_drop: false }`
[INFO] [stderr] Cloning into bare repository '/workspace/cache/git-repos/https%3A%2F%2Fgithub.com%2Frpinder%2Fraytracer'...
[INFO] running `Command { std: "git" "rev-parse" "HEAD", kill_on_drop: false }`
[INFO] [stdout] 9f54b2afb48f963201dc52a0e0f6316b12c227bd
[INFO] testing rpinder/raytracer against nightly-2025-01-18 for randomize-layout-2
[INFO] running `Command { std: "git" "clone" "/workspace/cache/git-repos/https%3A%2F%2Fgithub.com%2Frpinder%2Fraytracer" "/workspace/builds/worker-5-tc1/source", kill_on_drop: false }`
[INFO] [stderr] Cloning into '/workspace/builds/worker-5-tc1/source'...
[INFO] [stderr] done.
[INFO] validating manifest of git repo https://github.com/rpinder/raytracer on toolchain nightly-2025-01-18
[INFO] running `Command { std: CARGO_HOME="/workspace/cargo-home" RUSTUP_HOME="/workspace/rustup-home" "/workspace/cargo-home/bin/cargo" "+nightly-2025-01-18" "metadata" "--manifest-path" "Cargo.toml" "--no-deps", kill_on_drop: false }`
[INFO] started tweaking git repo https://github.com/rpinder/raytracer
[INFO] finished tweaking git repo https://github.com/rpinder/raytracer
[INFO] tweaked toml for git repo https://github.com/rpinder/raytracer written to /workspace/builds/worker-5-tc1/source/Cargo.toml
[INFO] crate git repo https://github.com/rpinder/raytracer already has a lockfile, it will not be regenerated
[INFO] running `Command { std: CARGO_HOME="/workspace/cargo-home" RUSTUP_HOME="/workspace/rustup-home" "/workspace/cargo-home/bin/cargo" "+nightly-2025-01-18" "fetch" "--manifest-path" "Cargo.toml", kill_on_drop: false }`
[INFO] running `Command { std: "docker" "create" "-v" "/var/lib/crater-agent-workspace/builds/worker-5-tc1/target:/opt/rustwide/target:rw,Z" "-v" "/var/lib/crater-agent-workspace/builds/worker-5-tc1/source:/opt/rustwide/workdir:ro,Z" "-v" "/var/lib/crater-agent-workspace/cargo-home:/opt/rustwide/cargo-home:ro,Z" "-v" "/var/lib/crater-agent-workspace/rustup-home:/opt/rustwide/rustup-home:ro,Z" "-e" "SOURCE_DIR=/opt/rustwide/workdir" "-e" "CARGO_TARGET_DIR=/opt/rustwide/target" "-e" "CARGO_HOME=/opt/rustwide/cargo-home" "-e" "RUSTUP_HOME=/opt/rustwide/rustup-home" "-w" "/opt/rustwide/workdir" "-m" "1610612736" "--user" "0:0" "--network" "none" "ghcr.io/rust-lang/crates-build-env/linux@sha256:819108c5571ea2e421544af4d832f968d213c87fbe3707a016657f43d2f853bc" "/opt/rustwide/cargo-home/bin/cargo" "+nightly-2025-01-18" "metadata" "--no-deps" "--format-version=1", kill_on_drop: false }`
[INFO] [stdout] 4436c7009d64a3156c3ba5709f8f03301a54b71636a75147d106b177eddc8dc7
[INFO] running `Command { std: "docker" "start" "-a" "4436c7009d64a3156c3ba5709f8f03301a54b71636a75147d106b177eddc8dc7", kill_on_drop: false }`
[INFO] running `Command { std: "docker" "inspect" "4436c7009d64a3156c3ba5709f8f03301a54b71636a75147d106b177eddc8dc7", kill_on_drop: false }`
[INFO] running `Command { std: "docker" "rm" "-f" "4436c7009d64a3156c3ba5709f8f03301a54b71636a75147d106b177eddc8dc7", kill_on_drop: false }`
[INFO] [stdout] 4436c7009d64a3156c3ba5709f8f03301a54b71636a75147d106b177eddc8dc7
[INFO] running `Command { std: "docker" "create" "-v" "/var/lib/crater-agent-workspace/builds/worker-5-tc1/target:/opt/rustwide/target:rw,Z" "-v" "/var/lib/crater-agent-workspace/builds/worker-5-tc1/source:/opt/rustwide/workdir:ro,Z" "-v" "/var/lib/crater-agent-workspace/cargo-home:/opt/rustwide/cargo-home:ro,Z" "-v" "/var/lib/crater-agent-workspace/rustup-home:/opt/rustwide/rustup-home:ro,Z" "-e" "SOURCE_DIR=/opt/rustwide/workdir" "-e" "CARGO_TARGET_DIR=/opt/rustwide/target" "-e" "CARGO_INCREMENTAL=0" "-e" "RUST_BACKTRACE=full" "-e" "RUSTFLAGS=--cap-lints=forbid" "-e" "RUSTDOCFLAGS=--cap-lints=forbid" "-e" "CARGO_HOME=/opt/rustwide/cargo-home" "-e" "RUSTUP_HOME=/opt/rustwide/rustup-home" "-w" "/opt/rustwide/workdir" "-m" "1610612736" "--user" "0:0" "--network" "none" "ghcr.io/rust-lang/crates-build-env/linux@sha256:819108c5571ea2e421544af4d832f968d213c87fbe3707a016657f43d2f853bc" "/opt/rustwide/cargo-home/bin/cargo" "+nightly-2025-01-18" "build" "--frozen" "--message-format=json", kill_on_drop: false }`
[INFO] [stdout] 98f02266db7f93ca6042d272e39293b4160a3e2c02001e3e8c622669b10af1c1
[INFO] running `Command { std: "docker" "start" "-a" "98f02266db7f93ca6042d272e39293b4160a3e2c02001e3e8c622669b10af1c1", kill_on_drop: false }`
[INFO] [stderr]    Compiling raytracer v0.1.0 (/opt/rustwide/workdir)
[INFO] [stderr]     Finished `dev` profile [unoptimized + debuginfo] target(s) in 0.94s
[INFO] running `Command { std: "docker" "inspect" "98f02266db7f93ca6042d272e39293b4160a3e2c02001e3e8c622669b10af1c1", kill_on_drop: false }`
[INFO] running `Command { std: "docker" "rm" "-f" "98f02266db7f93ca6042d272e39293b4160a3e2c02001e3e8c622669b10af1c1", kill_on_drop: false }`
[INFO] [stdout] 98f02266db7f93ca6042d272e39293b4160a3e2c02001e3e8c622669b10af1c1
[INFO] running `Command { std: "docker" "create" "-v" "/var/lib/crater-agent-workspace/builds/worker-5-tc1/target:/opt/rustwide/target:rw,Z" "-v" "/var/lib/crater-agent-workspace/builds/worker-5-tc1/source:/opt/rustwide/workdir:ro,Z" "-v" "/var/lib/crater-agent-workspace/cargo-home:/opt/rustwide/cargo-home:ro,Z" "-v" "/var/lib/crater-agent-workspace/rustup-home:/opt/rustwide/rustup-home:ro,Z" "-e" "SOURCE_DIR=/opt/rustwide/workdir" "-e" "CARGO_TARGET_DIR=/opt/rustwide/target" "-e" "CARGO_INCREMENTAL=0" "-e" "RUST_BACKTRACE=full" "-e" "RUSTFLAGS=--cap-lints=forbid" "-e" "RUSTDOCFLAGS=--cap-lints=forbid" "-e" "CARGO_HOME=/opt/rustwide/cargo-home" "-e" "RUSTUP_HOME=/opt/rustwide/rustup-home" "-w" "/opt/rustwide/workdir" "-m" "1610612736" "--user" "0:0" "--network" "none" "ghcr.io/rust-lang/crates-build-env/linux@sha256:819108c5571ea2e421544af4d832f968d213c87fbe3707a016657f43d2f853bc" "/opt/rustwide/cargo-home/bin/cargo" "+nightly-2025-01-18" "test" "--frozen" "--no-run" "--message-format=json", kill_on_drop: false }`
[INFO] [stdout] 95ea228982fb2ec37a74c56f9fd54ed490791a42aba76974576d4c4dface5617
[INFO] running `Command { std: "docker" "start" "-a" "95ea228982fb2ec37a74c56f9fd54ed490791a42aba76974576d4c4dface5617", kill_on_drop: false }`
[INFO] [stderr]    Compiling raytracer v0.1.0 (/opt/rustwide/workdir)
[INFO] [stderr]     Finished `test` profile [unoptimized + debuginfo] target(s) in 1.26s
[INFO] running `Command { std: "docker" "inspect" "95ea228982fb2ec37a74c56f9fd54ed490791a42aba76974576d4c4dface5617", kill_on_drop: false }`
[INFO] running `Command { std: "docker" "rm" "-f" "95ea228982fb2ec37a74c56f9fd54ed490791a42aba76974576d4c4dface5617", kill_on_drop: false }`
[INFO] [stdout] 95ea228982fb2ec37a74c56f9fd54ed490791a42aba76974576d4c4dface5617
[INFO] running `Command { std: "docker" "create" "-v" "/var/lib/crater-agent-workspace/builds/worker-5-tc1/target:/opt/rustwide/target:rw,Z" "-v" "/var/lib/crater-agent-workspace/builds/worker-5-tc1/source:/opt/rustwide/workdir:ro,Z" "-v" "/var/lib/crater-agent-workspace/cargo-home:/opt/rustwide/cargo-home:ro,Z" "-v" "/var/lib/crater-agent-workspace/rustup-home:/opt/rustwide/rustup-home:ro,Z" "-e" "SOURCE_DIR=/opt/rustwide/workdir" "-e" "CARGO_TARGET_DIR=/opt/rustwide/target" "-e" "CARGO_INCREMENTAL=0" "-e" "RUST_BACKTRACE=full" "-e" "RUSTFLAGS=--cap-lints=forbid" "-e" "RUSTDOCFLAGS=--cap-lints=forbid" "-e" "CARGO_HOME=/opt/rustwide/cargo-home" "-e" "RUSTUP_HOME=/opt/rustwide/rustup-home" "-w" "/opt/rustwide/workdir" "-m" "1610612736" "--user" "0:0" "--network" "none" "ghcr.io/rust-lang/crates-build-env/linux@sha256:819108c5571ea2e421544af4d832f968d213c87fbe3707a016657f43d2f853bc" "/opt/rustwide/cargo-home/bin/cargo" "+nightly-2025-01-18" "test" "--frozen", kill_on_drop: false }`
[INFO] [stdout] d4582ce1a8f75026f8fa5b551a85e6c60ff0df94353bf83022dd842e77219e61
[INFO] running `Command { std: "docker" "start" "-a" "d4582ce1a8f75026f8fa5b551a85e6c60ff0df94353bf83022dd842e77219e61", kill_on_drop: false }`
[INFO] [stderr]     Finished `test` profile [unoptimized + debuginfo] target(s) in 0.01s
[INFO] [stderr]      Running unittests src/lib.rs (/opt/rustwide/target/debug/deps/raytracer-8e2c703af6396024)
[INFO] [stdout] 
[INFO] [stdout] running 136 tests
[INFO] [stdout] test camera::tests::pixel_size_for_horizontal_canvas ... ok
[INFO] [stdout] test camera::tests::pixel_size_for_vertical_canvas ... ok
[INFO] [stdout] test camera::tests::constructing_ray_through_center_canvas ... ok
[INFO] [stdout] test camera::tests::constructing_a_camera ... ok
[INFO] [stdout] test camera::tests::constructing_ray_transformed_camera ... ok
[INFO] [stdout] test camera::tests::constructing_ray_through_corner_canvas ... ok
[INFO] [stdout] test canvas::tests::constructing_the_ppm_header ... ok
[INFO] [stdout] test canvas::tests::constructing_the_ppm_pixel_data ... ok
[INFO] [stdout] test canvas::tests::ppm_files_are_terminated_by_a_newline_character ... ok
[INFO] [stdout] test canvas::tests::splitting_long_lines_in_ppm_files ... ok
[INFO] [stdout] test color::tests::adding_colors ... ok
[INFO] [stdout] test canvas::tests::writing_pixels_to_a_canvas ... ok
[INFO] [stdout] test color::tests::multiplying_a_color_by_a_scalar ... ok
[INFO] [stdout] test color::tests::colors_are_rgb_tuples ... ok
[INFO] [stdout] test color::tests::subtracting_colors ... ok
[INFO] [stdout] test matrix::tests::a_3x3_matrix ... ok
[INFO] [stdout] test matrix::tests::calculating_determinant_of_4x4 ... ok
[INFO] [stdout] test canvas::tests::creating_a_canvas ... ok
[INFO] [stdout] test matrix::tests::a_2x2_matrix ... ok
[INFO] [stdout] test material::tests::default_material ... ok
[INFO] [stdout] test matrix::tests::arbitrary_view_transformation ... ok
[INFO] [stdout] test matrix::tests::calculating_inverse_of_matrix ... ok
[INFO] [stdout] test matrix::tests::calculating_minor_3x3 ... ok
[INFO] [stdout] test matrix::tests::calculating_the_determinant_of_a_2x2_matrix ... ok
[INFO] [stdout] test matrix::tests::chained_transformations_must_be_applied_in_reverse_order ... ok
[INFO] [stdout] test matrix::tests::constructing_and_inspecting_a_4x4_matrix ... ok
[INFO] [stdout] test matrix::tests::matrix_equality_with_different_matrices ... ok
[INFO] [stdout] test matrix::tests::calculating_inverse_of_matrix3 ... ok
[INFO] [stdout] test matrix::tests::matrix_equality_with_identical_matrices ... ok
[INFO] [stdout] test color::tests::multiplying_colors ... ok
[INFO] [stdout] test matrix::tests::individual_transformations_are_applied_in_sequence ... ok
[INFO] [stdout] test matrix::tests::matrix_multiplied_by_a_point ... ok
[INFO] [stdout] test matrix::tests::calculating_inverse_of_matrix2 ... ok
[INFO] [stdout] test matrix::tests::calculating_determinant_of_3x3 ... ok
[INFO] [stdout] test matrix::tests::multiply_a_product_by_its_inverse ... ok
[INFO] [stdout] test matrix::tests::multiplying_a_matrix_by_the_identity_matrix ... ok
[INFO] [stdout] test matrix::tests::inverse_of_x_rotation_rotates_in_opoosite_direction ... ok
[INFO] [stdout] test matrix::tests::invertible_matrix_for_invertibility ... ok
[INFO] [stdout] test matrix::tests::multiplying_by_inverse_of_translation_matrix ... ok
[INFO] [stdout] test matrix::tests::multiplying_by_the_inverse_of_scaling_matrix ... ok
[INFO] [stdout] test matrix::tests::multiplying_two_matrices ... ok
[INFO] [stdout] test matrix::tests::calculating_cofactor_of_3x3 ... ok
[INFO] [stdout] test matrix::tests::multiplying_by_a_translation_matrix ... ok
[INFO] [stdout] test matrix::tests::noninvertible_matrix_for_invertibility ... ok
[INFO] [stdout] test matrix::tests::reflection_is_scaling_by_negative_value ... ok
[INFO] [stdout] test matrix::tests::rotating_point_around_x_axis ... ok
[INFO] [stdout] test matrix::tests::scaling_matrix_applied_to_a_point ... ok
[INFO] [stdout] test matrix::tests::rotating_point_around_z_axis ... ok
[INFO] [stdout] test matrix::tests::scaling_matrix_applied_to_a_vector ... ok
[INFO] [stdout] test matrix::tests::shearing_transformation_moves_x_in_proportion_to_y ... ok
[INFO] [stdout] test matrix::tests::shearing_transformation_moves_y_in_proportion_to_x ... ok
[INFO] [stdout] test matrix::tests::shearing_transformation_moves_z_in_proportion_to_x ... ok
[INFO] [stdout] test matrix::tests::submatrix_of_4x4_is_3x3 ... ok
[INFO] [stdout] test matrix::tests::transform_matrix_for_default_orientation ... ok
[INFO] [stdout] test matrix::tests::translation_does_not_affect_vectors ... ok
[INFO] [stdout] test matrix::tests::transposing_a_matrix ... ok
[INFO] [stdout] test matrix::tests::transposing_the_identity_matrix ... ok
[INFO] [stdout] test matrix::tests::shearing_transformation_moves_z_in_proportion_to_y ... ok
[INFO] [stdout] test matrix::tests::submatrix_of_3x3_is_2x2 ... ok
[INFO] [stdout] test matrix::tests::transform_matrix_for_looking_positive_z ... ok
[INFO] [stdout] test matrix::tests::view_transformation_moves_world ... ok
[INFO] [stdout] test matrix::tests::shearing_transformation_moves_x_in_proportion_to_z ... ok
[INFO] [stdout] test matrix::tests::shearing_transformation_moves_y_in_proportion_to_z ... ok
[INFO] [stdout] test matrix::tests::rotating_point_around_y_axis ... ok
[INFO] [stdout] test point::tests::subtracting_a_vector_from_a_point ... ok
[INFO] [stdout] test point::tests::subtracting_two_points ... ok
[INFO] [stdout] test point_light::tests::lighting_with_eye_between_light_and_surface ... ok
[INFO] [stdout] test point_light::tests::lighting_with_eye_between_light_and_surface_45_offset ... ok
[INFO] [stdout] test point_light::tests::lighting_with_surface_in_shadow ... ok
[INFO] [stdout] test point_light::tests::lighting_with_eye_in_path_of_reflection_vector ... ok
[INFO] [stdout] test ray::tests::computing_point_from_distance ... ok
[INFO] [stdout] test point_light::tests::lighting_with_eye_opposite_surface_light_45_offset ... ok
[INFO] [stdout] test ray::tests::hit_when_all_positive_t ... ok
[INFO] [stdout] test ray::tests::hit_when_some_negative_t ... ok
[INFO] [stdout] test ray::tests::ray_intersects_sphere_at_a_tangent ... ok
[INFO] [stdout] test ray::tests::ray_intersects_sphere_at_two_points ... ok
[INFO] [stdout] test ray::tests::ray_misses_a_sphere ... ok
[INFO] [stdout] test sphere::tests::changing_sphere_transformation ... ok
[INFO] [stdout] test ray::tests::scaling_a_ray ... ok
[INFO] [stdout] test ray::tests::ray_originates_inside_sphere ... ok
[INFO] [stdout] test ray::tests::sphere_behind_ray ... ok
[INFO] [stdout] test ray::tests::intersect_sets_the_object_on_the_intersection ... ok
[INFO] [stdout] test point_light::tests::point_light_has_position_and_intensity ... ok
[INFO] [stdout] test point_light::tests::lighting_with_light_behind_surface ... ok
[INFO] [stdout] test ray::tests::translating_a_ray ... ok
[INFO] [stdout] test ray::tests::aggregating_intersections ... ok
[INFO] [stdout] test ray::tests::creating_and_querying_a_ray ... ok
[INFO] [stdout] test sphere::tests::intersecting_a_scaled_sphere_with_a_ray ... ok
[INFO] [stdout] test sphere::tests::sphere_default_implementation ... ok
[INFO] [stdout] test sphere::tests::sphere_has_default_material ... ok
[INFO] [stdout] test sphere::tests::sphere_may_be_assigned_material ... ok
[INFO] [stdout] test sphere::tests::computing_normal_on_transformed_sphere ... ok
[INFO] [stdout] test sphere::tests::sphere_normal_at_nonaxial ... ok
[INFO] [stdout] test sphere::tests::intersecting_a_translated_sphere_with_a_ray ... ok
[INFO] [stdout] test sphere::tests::computinog_normal_on_translated_sphere ... ok
[INFO] [stdout] test sphere::tests::normal_is_normalized ... ok
[INFO] [stdout] test ray::tests::hit_when_all_negative_t ... ok
[INFO] [stdout] test ray::tests::hit_is_always_lowest_nonnegative_intersection ... ok
[INFO] [stdout] test vector::tests::cross_product_of_two_vectors ... ok
[INFO] [stdout] test vector::tests::dot_product_of_two_tuples ... ok
[INFO] [stdout] test vector::tests::magnitude_of_0_0_1_vector ... ok
[INFO] [stdout] test vector::tests::magnitude_of_1_2_3_negate_vector ... ok
[INFO] [stdout] test vector::tests::multiplying_a_vector_by_a_fraction ... ok
[INFO] [stdout] test vector::tests::negating_a_vector ... ok
[INFO] [stdout] test vector::tests::normalizing_vector_1_2_3 ... ok
[INFO] [stdout] test vector::tests::reflecting_vector_approaching_at_45 ... ok
[INFO] [stdout] test sphere::tests::sphere_normal_at_z_axis ... ok
[INFO] [stdout] test vector::tests::reflecting_vector_off_slanted_surface ... ok
[INFO] [stdout] test vector::tests::subtracting_a_vector_from_the_zero_vector ... ok
[INFO] [stdout] test vector::tests::dividing_a_vector_by_a_scalar ... ok
[INFO] [stdout] test world::tests::color_when_ray_misses ... ok
[INFO] [stdout] test sphere::tests::sphere_normal_at_x_axis ... ok
[INFO] [stdout] test world::tests::color_when_ray_hits ... ok
[INFO] [stdout] test world::tests::creating_a_world ... ok
[INFO] [stdout] test vector::tests::magnitude_of_0_1_0_vector ... ok
[INFO] [stdout] test vector::tests::magnitude_of_1_2_3_vector ... ok
[INFO] [stdout] test vector::tests::the_magnitude_of_a_normalized_vector ... ok
[INFO] [stdout] test vector::tests::normalizing_vector_4_0_0_gives_1_0_0 ... ok
[INFO] [stdout] test sphere::tests::sphere_normal_at_y_axis ... ok
[INFO] [stdout] test world::tests::no_shadow_object_behind_light ... ok
[INFO] [stdout] test world::tests::intersect_world_with_ray ... ok
[INFO] [stdout] test vector::tests::adding_two_vectors ... ok
[INFO] [stdout] test vector::tests::multiplying_a_vector_by_a_scalar ... ok
[INFO] [stdout] test world::tests::color_with_intersection_behind_ray ... ok
[INFO] [stdout] test world::tests::no_shadow_object_behind_point ... ok
[INFO] [stdout] test world::tests::no_shadow_when_nothing_colinear ... ok
[INFO] [stdout] test world::tests::shade_hit_given_intersection_in_shadow ... ok
[INFO] [stdout] test world::tests::shadow_when_object_between ... ok
[INFO] [stdout] test world::tests::shading_an_intersection ... ok
[INFO] [stdout] test world_intersection::tests::hit_should_offset_point ... ok
[INFO] [stdout] test world_intersection::tests::precomputiong_state_of_intersection ... ok
[INFO] [stdout] test world_intersection::tests::when_intersection_occurs_on_outside ... ok
[INFO] [stdout] test world_intersection::tests::when_intersection_occurs_on_inside ... ok
[INFO] [stdout] test vector::tests::magnitude_of_1_0_0_vector ... ok
[INFO] [stdout] test world::tests::shading_intersection_from_inside ... FAILED
[INFO] [stdout] test camera::tests::rendering_world_with_camera ... ok
[INFO] [stdout] 
[INFO] [stdout] failures:
[INFO] [stdout] 
[INFO] [stdout] ---- world::tests::shading_intersection_from_inside stdout ----
[INFO] [stdout] 
[INFO] [stdout] thread 'world::tests::shading_intersection_from_inside' panicked at src/world.rs:151:9:
[INFO] [stdout] assertion `left == right` failed
[INFO] [stdout]   left: Color { red: 0.1, green: 0.1, blue: 0.1 }
[INFO] [stdout]  right: Color { red: 0.90498, green: 0.90498, blue: 0.90498 }
[INFO] [stdout] stack backtrace:
[INFO] [stdout]    0:     0x6469ee4e126a - std::backtrace_rs::backtrace::libunwind::trace::hb059275cfc8d6126
[INFO] [stdout]                                at /rustc/6067b36314ab5eb2eb47cecc464545ba58e1ad24/library/std/src/../../backtrace/src/backtrace/libunwind.rs:116:5
[INFO] [stdout]    1:     0x6469ee4e126a - std::backtrace_rs::backtrace::trace_unsynchronized::h2da071e4327ce3ee
[INFO] [stdout]                                at /rustc/6067b36314ab5eb2eb47cecc464545ba58e1ad24/library/std/src/../../backtrace/src/backtrace/mod.rs:66:5
[INFO] [stdout]    2:     0x6469ee4e126a - std::sys::backtrace::_print_fmt::h842a1474e6f8d23f
[INFO] [stdout]                                at /rustc/6067b36314ab5eb2eb47cecc464545ba58e1ad24/library/std/src/sys/backtrace.rs:66:9
[INFO] [stdout]    3:     0x6469ee4e126a - <std::sys::backtrace::BacktraceLock::print::DisplayBacktrace as core::fmt::Display>::fmt::h71a62eb3b9696b12
[INFO] [stdout]                                at /rustc/6067b36314ab5eb2eb47cecc464545ba58e1ad24/library/std/src/sys/backtrace.rs:39:26
[INFO] [stdout]    4:     0x6469ee509423 - core::fmt::rt::Argument::fmt::hdb6b616786b41dc1
[INFO] [stdout]                                at /rustc/6067b36314ab5eb2eb47cecc464545ba58e1ad24/library/core/src/fmt/rt.rs:177:76
[INFO] [stdout]    5:     0x6469ee509423 - core::fmt::write::h2cc1698af7e2d686
[INFO] [stdout]                                at /rustc/6067b36314ab5eb2eb47cecc464545ba58e1ad24/library/core/src/fmt/mod.rs:1440:21
[INFO] [stdout]    6:     0x6469ee4dddc3 - std::io::Write::write_fmt::hab1b4cd059a79022
[INFO] [stdout]                                at /rustc/6067b36314ab5eb2eb47cecc464545ba58e1ad24/library/std/src/io/mod.rs:1887:15
[INFO] [stdout]    7:     0x6469ee4e10b2 - std::sys::backtrace::BacktraceLock::print::h147fe35b4ea13b08
[INFO] [stdout]                                at /rustc/6067b36314ab5eb2eb47cecc464545ba58e1ad24/library/std/src/sys/backtrace.rs:42:9
[INFO] [stdout]    8:     0x6469ee4e268f - std::panicking::default_hook::{{closure}}::hbd44223dbdc0d208
[INFO] [stdout]                                at /rustc/6067b36314ab5eb2eb47cecc464545ba58e1ad24/library/std/src/panicking.rs:298:22
[INFO] [stdout]    9:     0x6469ee4e24a8 - std::panicking::default_hook::h20f81eb0576efcec
[INFO] [stdout]                                at /rustc/6067b36314ab5eb2eb47cecc464545ba58e1ad24/library/std/src/panicking.rs:322:9
[INFO] [stdout]   10:     0x6469ee4ab2c3 - <alloc::boxed::Box<F,A> as core::ops::function::Fn<Args>>::call::hdb53814c496a4d34
[INFO] [stdout]                                at /rustc/6067b36314ab5eb2eb47cecc464545ba58e1ad24/library/alloc/src/boxed.rs:2027:9
[INFO] [stdout]   11:     0x6469ee4ab2c3 - test::test_main::{{closure}}::hc0a4963c59427c24
[INFO] [stdout]                                at /rustc/6067b36314ab5eb2eb47cecc464545ba58e1ad24/library/test/src/lib.rs:134:21
[INFO] [stdout]   12:     0x6469ee4e3183 - <alloc::boxed::Box<F,A> as core::ops::function::Fn<Args>>::call::h591b2225413a77e9
[INFO] [stdout]                                at /rustc/6067b36314ab5eb2eb47cecc464545ba58e1ad24/library/alloc/src/boxed.rs:2027:9
[INFO] [stdout]   13:     0x6469ee4e3183 - std::panicking::rust_panic_with_hook::h625eea43051b2edc
[INFO] [stdout]                                at /rustc/6067b36314ab5eb2eb47cecc464545ba58e1ad24/library/std/src/panicking.rs:839:13
[INFO] [stdout]   14:     0x6469ee4e2e3a - std::panicking::begin_panic_handler::{{closure}}::h4f9159cfbc3f6bd3
[INFO] [stdout]                                at /rustc/6067b36314ab5eb2eb47cecc464545ba58e1ad24/library/std/src/panicking.rs:704:13
[INFO] [stdout]   15:     0x6469ee4e1769 - std::sys::backtrace::__rust_end_short_backtrace::h0390abce48353151
[INFO] [stdout]                                at /rustc/6067b36314ab5eb2eb47cecc464545ba58e1ad24/library/std/src/sys/backtrace.rs:168:18
[INFO] [stdout]   16:     0x6469ee4e2acd - rust_begin_unwind
[INFO] [stdout]                                at /rustc/6067b36314ab5eb2eb47cecc464545ba58e1ad24/library/std/src/panicking.rs:695:5
[INFO] [stdout]   17:     0x6469ee5073d0 - core::panicking::panic_fmt::h9e7c637e9e5f29c9
[INFO] [stdout]                                at /rustc/6067b36314ab5eb2eb47cecc464545ba58e1ad24/library/core/src/panicking.rs:75:14
[INFO] [stdout]   18:     0x6469ee507792 - core::panicking::assert_failed_inner::h538bec7c1374cd9c
[INFO] [stdout]   19:     0x6469ee458a2b - core::panicking::assert_failed::h81c3da47af1301b8
[INFO] [stdout]                                at /rustc/6067b36314ab5eb2eb47cecc464545ba58e1ad24/library/core/src/panicking.rs:364:5
[INFO] [stdout]   20:     0x6469ee46c2c0 - raytracer::world::tests::shading_intersection_from_inside::h390718db58b9a389
[INFO] [stdout]                                at /opt/rustwide/workdir/src/world.rs:151:9
[INFO] [stdout]   21:     0x6469ee46c007 - raytracer::world::tests::shading_intersection_from_inside::{{closure}}::ha3a305b0c0d3ec28
[INFO] [stdout]                                at /opt/rustwide/workdir/src/world.rs:142:42
[INFO] [stdout]   22:     0x6469ee449906 - core::ops::function::FnOnce::call_once::hb82ca44d37b3f1b0
[INFO] [stdout]                                at /rustc/6067b36314ab5eb2eb47cecc464545ba58e1ad24/library/core/src/ops/function.rs:250:5
[INFO] [stdout]   23:     0x6469ee4b0a1b - core::ops::function::FnOnce::call_once::he27718dfdd183f43
[INFO] [stdout]                                at /rustc/6067b36314ab5eb2eb47cecc464545ba58e1ad24/library/core/src/ops/function.rs:250:5
[INFO] [stdout]   24:     0x6469ee4b0a1b - test::__rust_begin_short_backtrace::h4e84902998457a5d
[INFO] [stdout]                                at /rustc/6067b36314ab5eb2eb47cecc464545ba58e1ad24/library/test/src/lib.rs:632:18
[INFO] [stdout]   25:     0x6469ee4af953 - test::run_test_in_process::{{closure}}::h7176fd18fc1feca0
[INFO] [stdout]                                at /rustc/6067b36314ab5eb2eb47cecc464545ba58e1ad24/library/test/src/lib.rs:655:60
[INFO] [stdout]   26:     0x6469ee4af953 - <core::panic::unwind_safe::AssertUnwindSafe<F> as core::ops::function::FnOnce<()>>::call_once::hf79cff2a624d8cf7
[INFO] [stdout]                                at /rustc/6067b36314ab5eb2eb47cecc464545ba58e1ad24/library/core/src/panic/unwind_safe.rs:272:9
[INFO] [stdout]   27:     0x6469ee4af953 - std::panicking::try::do_call::h3da0561d9ab99c25
[INFO] [stdout]                                at /rustc/6067b36314ab5eb2eb47cecc464545ba58e1ad24/library/std/src/panicking.rs:587:40
[INFO] [stdout]   28:     0x6469ee4af953 - std::panicking::try::h41c9fa508bc61df6
[INFO] [stdout]                                at /rustc/6067b36314ab5eb2eb47cecc464545ba58e1ad24/library/std/src/panicking.rs:550:19
[INFO] [stdout]   29:     0x6469ee4af953 - std::panic::catch_unwind::h6b3ff07bb5afad93
[INFO] [stdout]                                at /rustc/6067b36314ab5eb2eb47cecc464545ba58e1ad24/library/std/src/panic.rs:358:14
[INFO] [stdout]   30:     0x6469ee4af953 - test::run_test_in_process::hc7253dd11b39b9f4
[INFO] [stdout]                                at /rustc/6067b36314ab5eb2eb47cecc464545ba58e1ad24/library/test/src/lib.rs:655:27
[INFO] [stdout]   31:     0x6469ee4af953 - test::run_test::{{closure}}::hfb2007f8649c30bb
[INFO] [stdout]                                at /rustc/6067b36314ab5eb2eb47cecc464545ba58e1ad24/library/test/src/lib.rs:576:43
[INFO] [stdout]   32:     0x6469ee472a35 - test::run_test::{{closure}}::h56a17aa7a282a9f4
[INFO] [stdout]                                at /rustc/6067b36314ab5eb2eb47cecc464545ba58e1ad24/library/test/src/lib.rs:606:41
[INFO] [stdout]   33:     0x6469ee472a35 - std::sys::backtrace::__rust_begin_short_backtrace::hd2d2d2fb8e8c6aac
[INFO] [stdout]                                at /rustc/6067b36314ab5eb2eb47cecc464545ba58e1ad24/library/std/src/sys/backtrace.rs:152:18
[INFO] [stdout]   34:     0x6469ee47631a - std::thread::Builder::spawn_unchecked_::{{closure}}::{{closure}}::h4faa3f9db6133423
[INFO] [stdout]                                at /rustc/6067b36314ab5eb2eb47cecc464545ba58e1ad24/library/std/src/thread/mod.rs:559:17
[INFO] [stdout]   35:     0x6469ee47631a - <core::panic::unwind_safe::AssertUnwindSafe<F> as core::ops::function::FnOnce<()>>::call_once::hf2e855a36a4ea846
[INFO] [stdout]                                at /rustc/6067b36314ab5eb2eb47cecc464545ba58e1ad24/library/core/src/panic/unwind_safe.rs:272:9
[INFO] [stdout]   36:     0x6469ee47631a - std::panicking::try::do_call::h2f73af3616c35465
[INFO] [stdout]                                at /rustc/6067b36314ab5eb2eb47cecc464545ba58e1ad24/library/std/src/panicking.rs:587:40
[INFO] [stdout]   37:     0x6469ee47631a - std::panicking::try::hd1660ce9efadef5a
[INFO] [stdout]                                at /rustc/6067b36314ab5eb2eb47cecc464545ba58e1ad24/library/std/src/panicking.rs:550:19
[INFO] [stdout]   38:     0x6469ee47631a - std::panic::catch_unwind::h5ee8d7823b8ca744
[INFO] [stdout]                                at /rustc/6067b36314ab5eb2eb47cecc464545ba58e1ad24/library/std/src/panic.rs:358:14
[INFO] [stdout]   39:     0x6469ee47631a - std::thread::Builder::spawn_unchecked_::{{closure}}::h53c3a1894dce8407
[INFO] [stdout]                                at /rustc/6067b36314ab5eb2eb47cecc464545ba58e1ad24/library/std/src/thread/mod.rs:557:30
[INFO] [stdout]   40:     0x6469ee47631a - core::ops::function::FnOnce::call_once{{vtable.shim}}::h048ce291ad4f62bf
[INFO] [stdout]                                at /rustc/6067b36314ab5eb2eb47cecc464545ba58e1ad24/library/core/src/ops/function.rs:250:5
[INFO] [stdout]   41:     0x6469ee4e70bb - <alloc::boxed::Box<F,A> as core::ops::function::FnOnce<Args>>::call_once::ha52bedf99a3b4981
[INFO] [stdout]                                at /rustc/6067b36314ab5eb2eb47cecc464545ba58e1ad24/library/alloc/src/boxed.rs:2013:9
[INFO] [stdout]   42:     0x6469ee4e70bb - <alloc::boxed::Box<F,A> as core::ops::function::FnOnce<Args>>::call_once::h567748934d80ccf8
[INFO] [stdout]                                at /rustc/6067b36314ab5eb2eb47cecc464545ba58e1ad24/library/alloc/src/boxed.rs:2013:9
[INFO] [stdout]   43:     0x6469ee4e70bb - std::sys::pal::unix::thread::Thread::new::thread_start::h2d970728ae887adc
[INFO] [stdout]                                at /rustc/6067b36314ab5eb2eb47cecc464545ba58e1ad24/library/std/src/sys/pal/unix/thread.rs:106:17
[INFO] [stdout]   44:     0x79507ec9dac3 - <unknown>
[INFO] [stdout]   45:     0x79507ed2ea04 - clone
[INFO] [stdout]   46:                0x0 - <unknown>
[INFO] [stdout] 
[INFO] [stdout] 
[INFO] [stdout] failures:
[INFO] [stdout]     world::tests::shading_intersection_from_inside
[INFO] [stdout] 
[INFO] [stdout] test result: FAILED. 135 passed; 1 failed; 0 ignored; 0 measured; 0 filtered out; finished in 0.27s
[INFO] [stdout] 
[INFO] [stderr] error: test failed, to rerun pass `--lib`
[INFO] running `Command { std: "docker" "inspect" "d4582ce1a8f75026f8fa5b551a85e6c60ff0df94353bf83022dd842e77219e61", kill_on_drop: false }`
[INFO] running `Command { std: "docker" "rm" "-f" "d4582ce1a8f75026f8fa5b551a85e6c60ff0df94353bf83022dd842e77219e61", kill_on_drop: false }`
[INFO] [stdout] d4582ce1a8f75026f8fa5b551a85e6c60ff0df94353bf83022dd842e77219e61
