[INFO] cloning repository https://github.com/rouge8/jit.rs
[INFO] running `Command { std: "git" "-c" "credential.helper=" "-c" "credential.helper=/workspace/cargo-home/bin/git-credential-null" "clone" "--bare" "https://github.com/rouge8/jit.rs" "/workspace/cache/git-repos/https%3A%2F%2Fgithub.com%2Frouge8%2Fjit.rs", kill_on_drop: false }`
[INFO] [stderr] Cloning into bare repository '/workspace/cache/git-repos/https%3A%2F%2Fgithub.com%2Frouge8%2Fjit.rs'...
[INFO] running `Command { std: "git" "rev-parse" "HEAD", kill_on_drop: false }`
[INFO] [stdout] 14088b03fbef067188eac284887dd176afde00e1
[INFO] testing rouge8/jit.rs against nightly-2025-01-18 for randomize-layout-2
[INFO] running `Command { std: "git" "clone" "/workspace/cache/git-repos/https%3A%2F%2Fgithub.com%2Frouge8%2Fjit.rs" "/workspace/builds/worker-6-tc1/source", kill_on_drop: false }`
[INFO] [stderr] Cloning into '/workspace/builds/worker-6-tc1/source'...
[INFO] [stderr] done.
[INFO] validating manifest of git repo https://github.com/rouge8/jit.rs on toolchain nightly-2025-01-18
[INFO] running `Command { std: CARGO_HOME="/workspace/cargo-home" RUSTUP_HOME="/workspace/rustup-home" "/workspace/cargo-home/bin/cargo" "+nightly-2025-01-18" "metadata" "--manifest-path" "Cargo.toml" "--no-deps", kill_on_drop: false }`
[INFO] started tweaking git repo https://github.com/rouge8/jit.rs
[INFO] finished tweaking git repo https://github.com/rouge8/jit.rs
[INFO] tweaked toml for git repo https://github.com/rouge8/jit.rs written to /workspace/builds/worker-6-tc1/source/Cargo.toml
[INFO] crate git repo https://github.com/rouge8/jit.rs already has a lockfile, it will not be regenerated
[INFO] running `Command { std: CARGO_HOME="/workspace/cargo-home" RUSTUP_HOME="/workspace/rustup-home" "/workspace/cargo-home/bin/cargo" "+nightly-2025-01-18" "fetch" "--manifest-path" "Cargo.toml", kill_on_drop: false }`
[INFO] [stderr]  Downloading crates ...
[INFO] [stderr]   Downloaded chrono v0.4.20
[INFO] running `Command { std: "docker" "create" "-v" "/var/lib/crater-agent-workspace/builds/worker-6-tc1/target:/opt/rustwide/target:rw,Z" "-v" "/var/lib/crater-agent-workspace/builds/worker-6-tc1/source:/opt/rustwide/workdir:ro,Z" "-v" "/var/lib/crater-agent-workspace/cargo-home:/opt/rustwide/cargo-home:ro,Z" "-v" "/var/lib/crater-agent-workspace/rustup-home:/opt/rustwide/rustup-home:ro,Z" "-e" "SOURCE_DIR=/opt/rustwide/workdir" "-e" "CARGO_TARGET_DIR=/opt/rustwide/target" "-e" "CARGO_HOME=/opt/rustwide/cargo-home" "-e" "RUSTUP_HOME=/opt/rustwide/rustup-home" "-w" "/opt/rustwide/workdir" "-m" "1610612736" "--user" "0:0" "--network" "none" "ghcr.io/rust-lang/crates-build-env/linux@sha256:819108c5571ea2e421544af4d832f968d213c87fbe3707a016657f43d2f853bc" "/opt/rustwide/cargo-home/bin/cargo" "+nightly-2025-01-18" "metadata" "--no-deps" "--format-version=1", kill_on_drop: false }`
[INFO] [stdout] ccc06969252f335dc356ad508aaab796cb53410774a02dac7136fda288dd8bd6
[INFO] running `Command { std: "docker" "start" "-a" "ccc06969252f335dc356ad508aaab796cb53410774a02dac7136fda288dd8bd6", kill_on_drop: false }`
[INFO] running `Command { std: "docker" "inspect" "ccc06969252f335dc356ad508aaab796cb53410774a02dac7136fda288dd8bd6", kill_on_drop: false }`
[INFO] running `Command { std: "docker" "rm" "-f" "ccc06969252f335dc356ad508aaab796cb53410774a02dac7136fda288dd8bd6", kill_on_drop: false }`
[INFO] [stdout] ccc06969252f335dc356ad508aaab796cb53410774a02dac7136fda288dd8bd6
[INFO] running `Command { std: "docker" "create" "-v" "/var/lib/crater-agent-workspace/builds/worker-6-tc1/target:/opt/rustwide/target:rw,Z" "-v" "/var/lib/crater-agent-workspace/builds/worker-6-tc1/source:/opt/rustwide/workdir:ro,Z" "-v" "/var/lib/crater-agent-workspace/cargo-home:/opt/rustwide/cargo-home:ro,Z" "-v" "/var/lib/crater-agent-workspace/rustup-home:/opt/rustwide/rustup-home:ro,Z" "-e" "SOURCE_DIR=/opt/rustwide/workdir" "-e" "CARGO_TARGET_DIR=/opt/rustwide/target" "-e" "CARGO_INCREMENTAL=0" "-e" "RUST_BACKTRACE=full" "-e" "RUSTFLAGS=--cap-lints=forbid" "-e" "RUSTDOCFLAGS=--cap-lints=forbid" "-e" "CARGO_HOME=/opt/rustwide/cargo-home" "-e" "RUSTUP_HOME=/opt/rustwide/rustup-home" "-w" "/opt/rustwide/workdir" "-m" "1610612736" "--user" "0:0" "--network" "none" "ghcr.io/rust-lang/crates-build-env/linux@sha256:819108c5571ea2e421544af4d832f968d213c87fbe3707a016657f43d2f853bc" "/opt/rustwide/cargo-home/bin/cargo" "+nightly-2025-01-18" "build" "--frozen" "--message-format=json", kill_on_drop: false }`
[INFO] [stdout] 3d896d1b5ba488f58753674972c28c9aacb4be84715c9ce197b89856a1f296f8
[INFO] running `Command { std: "docker" "start" "-a" "3d896d1b5ba488f58753674972c28c9aacb4be84715c9ce197b89856a1f296f8", kill_on_drop: false }`
[INFO] [stderr]    Compiling autocfg v1.1.0
[INFO] [stderr]    Compiling version_check v0.9.4
[INFO] [stderr]    Compiling libc v0.2.127
[INFO] [stderr]    Compiling proc-macro2 v1.0.43
[INFO] [stderr]    Compiling quote v1.0.21
[INFO] [stderr]    Compiling unicode-ident v1.0.3
[INFO] [stderr]    Compiling syn v1.0.99
[INFO] [stderr]    Compiling typenum v1.15.0
[INFO] [stderr]    Compiling cfg-if v1.0.0
[INFO] [stderr]    Compiling memchr v2.5.0
[INFO] [stderr]    Compiling crc32fast v1.3.2
[INFO] [stderr]    Compiling adler v1.0.2
[INFO] [stderr]    Compiling anyhow v1.0.59
[INFO] [stderr]    Compiling bitflags v1.3.2
[INFO] [stderr]    Compiling os_str_bytes v6.2.0
[INFO] [stderr]    Compiling hashbrown v0.12.3
[INFO] [stderr]    Compiling heck v0.4.0
[INFO] [stderr]    Compiling strsim v0.10.0
[INFO] [stderr]    Compiling miniz_oxide v0.5.3
[INFO] [stderr]    Compiling regex-syntax v0.6.27
[INFO] [stderr]    Compiling cpufeatures v0.2.2
[INFO] [stderr]    Compiling clap_lex v0.2.4
[INFO] [stderr]    Compiling once_cell v1.13.0
[INFO] [stderr]    Compiling termcolor v1.1.3
[INFO] [stderr]    Compiling lazy_static v1.4.0
[INFO] [stderr]    Compiling either v1.7.0
[INFO] [stderr]    Compiling num-traits v0.2.15
[INFO] [stderr]    Compiling num-integer v0.1.45
[INFO] [stderr]    Compiling memoffset v0.6.5
[INFO] [stderr]    Compiling indexmap v1.9.1
[INFO] [stderr]    Compiling textwrap v0.15.0
[INFO] [stderr]    Compiling itertools v0.10.3
[INFO] [stderr]    Compiling generic-array v0.14.6
[INFO] [stderr]    Compiling proc-macro-error-attr v1.0.4
[INFO] [stderr]    Compiling proc-macro-error v1.0.4
[INFO] [stderr]    Compiling aho-corasick v0.7.18
[INFO] [stderr]    Compiling hex v0.4.3
[INFO] [stderr]    Compiling shlex v1.1.0
[INFO] [stderr]    Compiling flate2 v1.0.24
[INFO] [stderr]    Compiling crypto-common v0.1.6
[INFO] [stderr]    Compiling block-buffer v0.10.2
[INFO] [stderr]    Compiling digest v0.10.3
[INFO] [stderr]    Compiling atty v0.2.14
[INFO] [stderr]    Compiling time v0.1.44
[INFO] [stderr]    Compiling getrandom v0.2.7
[INFO] [stderr]    Compiling dirs-sys v0.3.7
[INFO] [stderr]    Compiling nix v0.24.2
[INFO] [stderr]    Compiling colored v2.0.0
[INFO] [stderr]    Compiling sha-1 v0.10.0
[INFO] [stderr]    Compiling uuid v1.1.2
[INFO] [stderr]    Compiling chrono v0.4.20
[INFO] [stderr]    Compiling dirs v4.0.0
[INFO] [stderr]    Compiling regex v1.6.0
[INFO] [stderr]    Compiling clap_derive v3.2.15
[INFO] [stderr]    Compiling thiserror-impl v1.0.32
[INFO] [stderr]    Compiling thiserror v1.0.32
[INFO] [stderr]    Compiling clap v3.2.16
[INFO] [stderr]    Compiling jit v0.1.0 (/opt/rustwide/workdir)
[INFO] [stdout] warning: static `DEFAULT_REMOTE` is never used
[INFO] [stdout]   --> src/remotes.rs:14:8
[INFO] [stdout]    |
[INFO] [stdout] 14 | static DEFAULT_REMOTE: &str = "origin";
[INFO] [stdout]    |        ^^^^^^^^^^^^^^
[INFO] [stdout]    |
[INFO] [stdout]    = note: `#[warn(dead_code)]` on by default
[INFO] [stdout] 
[INFO] [stdout] 
[INFO] [stderr]     Finished `dev` profile [unoptimized + debuginfo] target(s) in 24.52s
[INFO] running `Command { std: "docker" "inspect" "3d896d1b5ba488f58753674972c28c9aacb4be84715c9ce197b89856a1f296f8", kill_on_drop: false }`
[INFO] running `Command { std: "docker" "rm" "-f" "3d896d1b5ba488f58753674972c28c9aacb4be84715c9ce197b89856a1f296f8", kill_on_drop: false }`
[INFO] [stdout] 3d896d1b5ba488f58753674972c28c9aacb4be84715c9ce197b89856a1f296f8
[INFO] running `Command { std: "docker" "create" "-v" "/var/lib/crater-agent-workspace/builds/worker-6-tc1/target:/opt/rustwide/target:rw,Z" "-v" "/var/lib/crater-agent-workspace/builds/worker-6-tc1/source:/opt/rustwide/workdir:ro,Z" "-v" "/var/lib/crater-agent-workspace/cargo-home:/opt/rustwide/cargo-home:ro,Z" "-v" "/var/lib/crater-agent-workspace/rustup-home:/opt/rustwide/rustup-home:ro,Z" "-e" "SOURCE_DIR=/opt/rustwide/workdir" "-e" "CARGO_TARGET_DIR=/opt/rustwide/target" "-e" "CARGO_INCREMENTAL=0" "-e" "RUST_BACKTRACE=full" "-e" "RUSTFLAGS=--cap-lints=forbid" "-e" "RUSTDOCFLAGS=--cap-lints=forbid" "-e" "CARGO_HOME=/opt/rustwide/cargo-home" "-e" "RUSTUP_HOME=/opt/rustwide/rustup-home" "-w" "/opt/rustwide/workdir" "-m" "1610612736" "--user" "0:0" "--network" "none" "ghcr.io/rust-lang/crates-build-env/linux@sha256:819108c5571ea2e421544af4d832f968d213c87fbe3707a016657f43d2f853bc" "/opt/rustwide/cargo-home/bin/cargo" "+nightly-2025-01-18" "test" "--frozen" "--no-run" "--message-format=json", kill_on_drop: false }`
[INFO] [stdout] 440670e46b4a300171269e509630c016f3440f8539c0a14bca5ce8a5965967e2
[INFO] running `Command { std: "docker" "start" "-a" "440670e46b4a300171269e509630c016f3440f8539c0a14bca5ce8a5965967e2", kill_on_drop: false }`
[INFO] [stderr]    Compiling syn v1.0.99
[INFO] [stderr]    Compiling getrandom v0.2.7
[INFO] [stderr]    Compiling semver v1.0.13
[INFO] [stderr]    Compiling futures-core v0.3.21
[INFO] [stderr]    Compiling slab v0.4.7
[INFO] [stderr]    Compiling futures-task v0.3.21
[INFO] [stderr]    Compiling futures-channel v0.3.21
[INFO] [stderr]    Compiling futures-util v0.3.21
[INFO] [stderr]    Compiling futures-sink v0.3.21
[INFO] [stderr]    Compiling pin-project-lite v0.2.9
[INFO] [stderr]    Compiling pin-utils v0.1.0
[INFO] [stderr]    Compiling futures-io v0.3.21
[INFO] [stderr]    Compiling doc-comment v0.3.3
[INFO] [stderr]    Compiling predicates-core v1.0.3
[INFO] [stderr]    Compiling ppv-lite86 v0.2.16
[INFO] [stderr]    Compiling termtree v0.2.4
[INFO] [stderr]    Compiling difflib v0.4.0
[INFO] [stderr]    Compiling regex-automata v0.1.10
[INFO] [stderr]    Compiling wait-timeout v0.2.0
[INFO] [stderr]    Compiling predicates-tree v1.0.5
[INFO] [stderr]    Compiling uuid v1.1.2
[INFO] [stderr]    Compiling rand_core v0.6.3
[INFO] [stderr]    Compiling futures-timer v3.0.2
[INFO] [stderr]    Compiling remove_dir_all v0.5.3
[INFO] [stderr]    Compiling fastrand v1.8.0
[INFO] [stderr]    Compiling filetime v0.2.17
[INFO] [stderr]    Compiling predicates v2.1.1
[INFO] [stderr]    Compiling matches v0.1.9
[INFO] [stderr]    Compiling is_executable v1.0.1
[INFO] [stderr]    Compiling tempfile v3.3.0
[INFO] [stderr]    Compiling rustc_version v0.4.0
[INFO] [stderr]    Compiling bstr v0.2.17
[INFO] [stderr]    Compiling rand_chacha v0.3.1
[INFO] [stderr]    Compiling rstest_macros v0.14.0
[INFO] [stderr]    Compiling rand v0.8.5
[INFO] [stderr]    Compiling assert_cmd v2.0.4
[INFO] [stderr]    Compiling proc-macro-error v1.0.4
[INFO] [stderr]    Compiling futures-macro v0.3.21
[INFO] [stderr]    Compiling clap_derive v3.2.15
[INFO] [stderr]    Compiling thiserror-impl v1.0.32
[INFO] [stderr]    Compiling thiserror v1.0.32
[INFO] [stderr]    Compiling clap v3.2.16
[INFO] [stderr]    Compiling futures-executor v0.3.21
[INFO] [stderr]    Compiling jit v0.1.0 (/opt/rustwide/workdir)
[INFO] [stderr]    Compiling futures v0.3.21
[INFO] [stderr]    Compiling rstest v0.15.0
[INFO] [stdout] warning: static `DEFAULT_REMOTE` is never used
[INFO] [stdout]   --> src/remotes.rs:14:8
[INFO] [stdout]    |
[INFO] [stdout] 14 | static DEFAULT_REMOTE: &str = "origin";
[INFO] [stdout]    |        ^^^^^^^^^^^^^^
[INFO] [stdout]    |
[INFO] [stdout]    = note: `#[warn(dead_code)]` on by default
[INFO] [stdout] 
[INFO] [stdout] 
[INFO] [stdout] warning: static `DEFAULT_REMOTE` is never used
[INFO] [stdout]   --> src/remotes.rs:14:8
[INFO] [stdout]    |
[INFO] [stdout] 14 | static DEFAULT_REMOTE: &str = "origin";
[INFO] [stdout]    |        ^^^^^^^^^^^^^^
[INFO] [stdout]    |
[INFO] [stdout]    = note: `#[warn(dead_code)]` on by default
[INFO] [stdout] 
[INFO] [stdout] 
[INFO] [stderr]     Finished `test` profile [unoptimized + debuginfo] target(s) in 31.12s
[INFO] running `Command { std: "docker" "inspect" "440670e46b4a300171269e509630c016f3440f8539c0a14bca5ce8a5965967e2", kill_on_drop: false }`
[INFO] running `Command { std: "docker" "rm" "-f" "440670e46b4a300171269e509630c016f3440f8539c0a14bca5ce8a5965967e2", kill_on_drop: false }`
[INFO] [stdout] 440670e46b4a300171269e509630c016f3440f8539c0a14bca5ce8a5965967e2
[INFO] running `Command { std: "docker" "create" "-v" "/var/lib/crater-agent-workspace/builds/worker-6-tc1/target:/opt/rustwide/target:rw,Z" "-v" "/var/lib/crater-agent-workspace/builds/worker-6-tc1/source:/opt/rustwide/workdir:ro,Z" "-v" "/var/lib/crater-agent-workspace/cargo-home:/opt/rustwide/cargo-home:ro,Z" "-v" "/var/lib/crater-agent-workspace/rustup-home:/opt/rustwide/rustup-home:ro,Z" "-e" "SOURCE_DIR=/opt/rustwide/workdir" "-e" "CARGO_TARGET_DIR=/opt/rustwide/target" "-e" "CARGO_INCREMENTAL=0" "-e" "RUST_BACKTRACE=full" "-e" "RUSTFLAGS=--cap-lints=forbid" "-e" "RUSTDOCFLAGS=--cap-lints=forbid" "-e" "CARGO_HOME=/opt/rustwide/cargo-home" "-e" "RUSTUP_HOME=/opt/rustwide/rustup-home" "-w" "/opt/rustwide/workdir" "-m" "1610612736" "--user" "0:0" "--network" "none" "ghcr.io/rust-lang/crates-build-env/linux@sha256:819108c5571ea2e421544af4d832f968d213c87fbe3707a016657f43d2f853bc" "/opt/rustwide/cargo-home/bin/cargo" "+nightly-2025-01-18" "test" "--frozen", kill_on_drop: false }`
[INFO] [stdout] 86bfff69fa3cdc4a159561a12d8d076655b10894c3418fea67a72933d667c8a3
[INFO] running `Command { std: "docker" "start" "-a" "86bfff69fa3cdc4a159561a12d8d076655b10894c3418fea67a72933d667c8a3", kill_on_drop: false }`
[INFO] [stderr] warning: static `DEFAULT_REMOTE` is never used
[INFO] [stderr]   --> src/remotes.rs:14:8
[INFO] [stderr]    |
[INFO] [stderr] 14 | static DEFAULT_REMOTE: &str = "origin";
[INFO] [stderr]    |        ^^^^^^^^^^^^^^
[INFO] [stderr]    |
[INFO] [stderr]    = note: `#[warn(dead_code)]` on by default
[INFO] [stderr] 
[INFO] [stderr] warning: `jit` (lib) generated 1 warning
[INFO] [stderr] warning: `jit` (lib test) generated 1 warning (1 duplicate)
[INFO] [stderr]     Finished `test` profile [unoptimized + debuginfo] target(s) in 0.22s
[INFO] [stderr]      Running unittests src/lib.rs (/opt/rustwide/target/debug/deps/jit-3ba22bb661e4ba42)
[INFO] [stdout] 
[INFO] [stdout] running 89 tests
[INFO] [stdout] test commands::tests::verify_app ... ok
[INFO] [stdout] test config::tests::in_memory::return_none_for_an_unknown_key ... ok
[INFO] [stdout] test config::tests::file_storage::remove_a_subsection ... ok
[INFO] [stdout] test config::tests::in_memory::treat_subsection_names_as_case_sensitive ... ok
[INFO] [stdout] test config::tests::file_storage::remove_a_section ... ok
[INFO] [stdout] test config::tests::in_memory::subsections ... ok
[INFO] [stdout] test config::tests::in_memory::retrieve_values_from_subsections ... ok
[INFO] [stdout] test config::tests::in_memory::treat_section_names_as_case_insensitive ... ok
[INFO] [stdout] test config::tests::in_memory::treat_variable_names_as_case_insensitive ... ok
[INFO] [stdout] test config::tests::file_storage::write_multiple_settings ... ok
[INFO] [stdout] test config::tests::file_storage::write_a_single_setting ... ok
[INFO] [stdout] test config::tests::file_storage::unset_a_variable ... ok
[INFO] [stdout] test config::tests::file_storage::overwrite_a_variable_with_a_matching_name ... ok
[INFO] [stdout] test config::tests::file_storage::write_multiple_subsections ... ok
[INFO] [stdout] test config::tests::in_memory::with_multi_valued_keys::add_multiple_values_for_a_key ... ok
[INFO] [stdout] test config::tests::in_memory::return_the_value_for_a_known_key ... ok
[INFO] [stdout] test config::tests::in_memory::with_multi_valued_keys::refuse_to_set_a_value ... ok
[INFO] [stdout] test config::tests::in_memory::with_multi_valued_keys::refuse_to_unset_a_value ... ok
[INFO] [stdout] test config::tests::in_memory::with_multi_valued_keys::replace_all_the_values ... ok
[INFO] [stdout] test config::tests::parse_value::case_01 ... ok
[INFO] [stdout] test config::tests::parse_value::case_03 ... ok
[INFO] [stdout] test config::tests::in_memory::with_multi_valued_keys::unset_all_the_values ... ok
[INFO] [stdout] test config::tests::parse_value::case_02 ... ok
[INFO] [stdout] test config::tests::parse_value::case_04 ... ok
[INFO] [stdout] test config::tests::parse_value::case_05 ... ok
[INFO] [stdout] test config::tests::parse_value::case_06 ... ok
[INFO] [stdout] test diff::combined::tests::it_works ... ok
[INFO] [stdout] test database::tree::tests::tree_bytes_sort_order ... ok
[INFO] [stdout] test database::author::tests::parse_and_display_roundtrip ... ok
[INFO] [stdout] test diff::tests::diff_hunks::detect_change_skipping_start_and_end ... ok
[INFO] [stdout] test diff::tests::diff_hunks::detect_insertion_at_the_start ... ok
[INFO] [stdout] test database::tests::tree_diff::report_a_deleted_file ... ok
[INFO] [stdout] test diff::tests::diff_hunks::detect_deletion_at_the_start ... ok
[INFO] [stdout] test database::tests::tree_diff::report_a_deleted_file_inside_a_directory ... ok
[INFO] [stdout] test config::tests::parse_value::case_10 ... ok
[INFO] [stdout] test config::tests::parse_value::case_07 ... ok
[INFO] [stdout] test config::tests::parse_value::case_08 ... ok
[INFO] [stdout] test config::tests::file_storage::retrieve_persisted_settings ... ok
[INFO] [stdout] test config::tests::parse_value::case_09 ... ok
[INFO] [stdout] test diff::tests::diff_hunks::put_nearby_changes_in_the_same_hunk ... ok
[INFO] [stdout] test diff::tests::it_diffs ... ok
[INFO] [stdout] test diff::tests::diff_hunks::put_distant_changes_in_different_hunks ... ok
[INFO] [stdout] test config::tests::file_storage::retain_the_formatting_of_existing_settings ... ok
[INFO] [stdout] test config::tests::file_storage::retrieve_variables_from_subsections ... ok
[INFO] [stdout] test config::tests::file_storage::retreive_variables_from_subsections_including_dots ... ok
[INFO] [stdout] test database::tests::tree_diff::report_an_added_file_inside_a_directory ... ok
[INFO] [stdout] test index::tests::recursively_replace_a_directory_with_a_file ... ok
[INFO] [stdout] test index::tests::add_a_single_file ... ok
[INFO] [stdout] test index::tests::replace_a_directory_with_a_file ... ok
[INFO] [stdout] test index::tests::replace_a_file_with_a_directory ... ok
[INFO] [stdout] test database::tests::tree_diff::report_an_added_file ... ok
[INFO] [stdout] test merge::common_ancestors::tests::with_a_linear_history::find_the_same_commit_if_the_arguments_are_reversed ... ok
[INFO] [stdout] test database::tests::tree_diff::report_a_changed_file ... ok
[INFO] [stdout] test merge::common_ancestors::tests::with_a_merge::find_the_common_ancestor_of_a_merge_and_its_parents ... ok
[INFO] [stdout] test merge::common_ancestors::tests::with_a_linear_history::find_a_root_commit ... ok
[INFO] [stdout] test merge::common_ancestors::tests::with_a_linear_history::find_the_commit_that_is_an_ancestor_of_the_other ... ok
[INFO] [stdout] test merge::diff3::tests::cleanly_merge_two_lists ... ok
[INFO] [stdout] test merge::diff3::tests::cleanly_merge_two_lists_with_the_same_edit ... ok
[INFO] [stdout] test merge::diff3::tests::uncleanly_merge_two_lists ... ok
[INFO] [stdout] test merge::diff3::tests::uncleanly_merge_two_lists_against_an_empty_list ... ok
[INFO] [stdout] test merge::diff3::tests::uncleanly_merge_two_lists_with_head_names ... ok
[INFO] [stdout] test revision::tests::parse_a_branch_name ... ok
[INFO] [stdout] test merge::common_ancestors::tests::with_a_forking_history::find_an_ancestor_multiple_forks_away ... ok
[INFO] [stdout] test merge::common_ancestors::tests::with_a_linear_history::find_the_common_ancestor_of_a_commit_with_itself ... ok
[INFO] [stdout] test merge::common_ancestors::tests::with_commits_between_the_common_ancestor_and_the_merge::find_the_best_common_ancestor ... ok
[INFO] [stdout] test merge::common_ancestors::tests::with_a_forking_history::find_the_nearest_fork_point ... ok
[INFO] [stdout] test merge::common_ancestors::tests::with_a_linear_history::find_the_intersection_of_a_root_commit_with_itself ... ok
[INFO] [stdout] test revision::tests::parse_an_ancestor_ref ... ok
[INFO] [stdout] test merge::common_ancestors::tests::with_commits_between_the_common_ancestor_and_the_merge::find_all_the_common_ancestors ... ok
[INFO] [stdout] test revision::tests::parse_a_chain_of_parents_and_ancestors ... ok
[INFO] [stdout] test revision::tests::parse_a_chain_of_parent_refs ... ok
[INFO] [stdout] test revision::tests::parse_a_parent_ref_with_a_number ... ok
[INFO] [stdout] test merge::common_ancestors::tests::with_a_forking_history::find_a_root_commit ... ok
[INFO] [stdout] test merge::common_ancestors::tests::with_a_forking_history::find_the_same_fork_point_for_any_point_on_a_branch ... ok
[INFO] [stdout] test revision::tests::parse_at ... ok
[INFO] [stdout] test revision::tests::parse_a_parent_ref ... ok
[INFO] [stdout] test merge::common_ancestors::tests::with_a_merge_further_from_one_parent::find_all_the_common_ancestors ... ok
[INFO] [stdout] test util::tests::parent_directories_works::case_2 ... ok
[INFO] [stdout] test revision::tests::parse_head ... ok
[INFO] [stdout] test util::tests::parent_directories_works::case_3 ... ok
[INFO] [stdout] test merge::common_ancestors::tests::with_enough_history_to_find_all_stale_results::find_the_best_common_ancestor ... ok
[INFO] [stdout] test util::tests::parent_directories_works::case_1 ... ok
[INFO] [stdout] test util::tests::transpose_works ... ok
[INFO] [stdout] test revision::tests::parse_an_object_id ... ok
[INFO] [stdout] test merge::common_ancestors::tests::with_a_forking_history::find_the_commit_that_is_an_ancestor_of_the_other ... ok
[INFO] [stdout] test merge::common_ancestors::tests::with_many_common_ancestors::find_multiple_candidate_common_ancestors ... ok
[INFO] [stdout] test merge::common_ancestors::tests::with_a_merge_further_from_one_parent::find_the_best_common_ancestor ... ok
[INFO] [stdout] test merge::common_ancestors::tests::with_a_merge::find_the_most_recent_common_ancestor ... ok
[INFO] [stdout] test merge::common_ancestors::tests::with_many_common_ancestors::find_the_best_common_ancestor ... ok
[INFO] [stdout] 
[INFO] [stdout] test result: ok. 89 passed; 0 failed; 0 ignored; 0 measured; 0 filtered out; finished in 0.23s
[INFO] [stdout] 
[INFO] [stderr]      Running unittests src/main.rs (/opt/rustwide/target/debug/deps/jit-20b01b4616bc21d7)
[INFO] [stdout] 
[INFO] [stdout] running 0 tests
[INFO] [stdout] 
[INFO] [stdout] test result: ok. 0 passed; 0 failed; 0 ignored; 0 measured; 0 filtered out; finished in 0.00s
[INFO] [stdout] 
[INFO] [stderr]      Running unittests src/bin/show_head.rs (/opt/rustwide/target/debug/deps/show_head-edadaf35c9419a80)
[INFO] [stdout] 
[INFO] [stdout] running 0 tests
[INFO] [stdout] 
[INFO] [stdout] test result: ok. 0 passed; 0 failed; 0 ignored; 0 measured; 0 filtered out; finished in 0.00s
[INFO] [stdout] 
[INFO] [stderr]      Running tests/add_test.rs (/opt/rustwide/target/debug/deps/add_test-eecb463c883e8e5d)
[INFO] [stdout] 
[INFO] [stdout] running 10 tests
[INFO] [stdout] test add_an_executable_file_to_the_index ... ok
[INFO] [stdout] test add_a_directory_to_the_index ... ok
[INFO] [stdout] test silent_on_success ... ok
[INFO] [stdout] test fail_for_non_existent_files ... ok
[INFO] [stdout] test add_a_regular_file_to_the_index ... ok
[INFO] [stdout] test incrementally_add_files_to_the_index ... ok
[INFO] [stdout] test add_the_repository_root_to_the_index ... ok
[INFO] [stdout] test fail_if_the_index_is_locked ... ok
[INFO] [stdout] test add_multiple_files_to_the_index ... ok
[INFO] [stdout] test fail_for_unreadable_files ... FAILED
[INFO] [stdout] 
[INFO] [stdout] failures:
[INFO] [stdout] 
[INFO] [stdout] ---- fail_for_unreadable_files stdout ----
[INFO] [stdout] -------------- TEST START --------------
[INFO] [stdout] 
[INFO] [stdout] thread 'fail_for_unreadable_files' panicked at /rustc/6067b36314ab5eb2eb47cecc464545ba58e1ad24/library/core/src/ops/function.rs:250:5:
[INFO] [stdout] Unexpected return code, failed var == 128
[INFO] [stdout] └── var: 0
[INFO] [stdout] 
[INFO] [stdout] code=0
[INFO] [stdout] stdout=""
[INFO] [stdout] stderr=""
[INFO] [stdout] 
[INFO] [stdout] stack backtrace:
[INFO] [stdout]    0:     0x5a4e0160285a - std::backtrace_rs::backtrace::libunwind::trace::hb059275cfc8d6126
[INFO] [stdout]                                at /rustc/6067b36314ab5eb2eb47cecc464545ba58e1ad24/library/std/src/../../backtrace/src/backtrace/libunwind.rs:116:5
[INFO] [stdout]    1:     0x5a4e0160285a - std::backtrace_rs::backtrace::trace_unsynchronized::h2da071e4327ce3ee
[INFO] [stdout]                                at /rustc/6067b36314ab5eb2eb47cecc464545ba58e1ad24/library/std/src/../../backtrace/src/backtrace/mod.rs:66:5
[INFO] [stdout]    2:     0x5a4e0160285a - std::sys::backtrace::_print_fmt::h842a1474e6f8d23f
[INFO] [stdout]                                at /rustc/6067b36314ab5eb2eb47cecc464545ba58e1ad24/library/std/src/sys/backtrace.rs:66:9
[INFO] [stdout]    3:     0x5a4e0160285a - <std::sys::backtrace::BacktraceLock::print::DisplayBacktrace as core::fmt::Display>::fmt::h71a62eb3b9696b12
[INFO] [stdout]                                at /rustc/6067b36314ab5eb2eb47cecc464545ba58e1ad24/library/std/src/sys/backtrace.rs:39:26
[INFO] [stdout]    4:     0x5a4e0162b0f3 - core::fmt::rt::Argument::fmt::hdb6b616786b41dc1
[INFO] [stdout]                                at /rustc/6067b36314ab5eb2eb47cecc464545ba58e1ad24/library/core/src/fmt/rt.rs:177:76
[INFO] [stdout]    5:     0x5a4e0162b0f3 - core::fmt::write::h2cc1698af7e2d686
[INFO] [stdout]                                at /rustc/6067b36314ab5eb2eb47cecc464545ba58e1ad24/library/core/src/fmt/mod.rs:1440:21
[INFO] [stdout]    6:     0x5a4e015fe993 - std::io::Write::write_fmt::hab1b4cd059a79022
[INFO] [stdout]                                at /rustc/6067b36314ab5eb2eb47cecc464545ba58e1ad24/library/std/src/io/mod.rs:1887:15
[INFO] [stdout]    7:     0x5a4e016026a2 - std::sys::backtrace::BacktraceLock::print::h147fe35b4ea13b08
[INFO] [stdout]                                at /rustc/6067b36314ab5eb2eb47cecc464545ba58e1ad24/library/std/src/sys/backtrace.rs:42:9
[INFO] [stdout]    8:     0x5a4e01603c7f - std::panicking::default_hook::{{closure}}::hbd44223dbdc0d208
[INFO] [stdout]                                at /rustc/6067b36314ab5eb2eb47cecc464545ba58e1ad24/library/std/src/panicking.rs:298:22
[INFO] [stdout]    9:     0x5a4e01603a98 - std::panicking::default_hook::h20f81eb0576efcec
[INFO] [stdout]                                at /rustc/6067b36314ab5eb2eb47cecc464545ba58e1ad24/library/std/src/panicking.rs:322:9
[INFO] [stdout]   10:     0x5a4e01533103 - <alloc::boxed::Box<F,A> as core::ops::function::Fn<Args>>::call::hdb53814c496a4d34
[INFO] [stdout]                                at /rustc/6067b36314ab5eb2eb47cecc464545ba58e1ad24/library/alloc/src/boxed.rs:2027:9
[INFO] [stdout]   11:     0x5a4e01533103 - test::test_main::{{closure}}::hc0a4963c59427c24
[INFO] [stdout]                                at /rustc/6067b36314ab5eb2eb47cecc464545ba58e1ad24/library/test/src/lib.rs:134:21
[INFO] [stdout]   12:     0x5a4e01604773 - <alloc::boxed::Box<F,A> as core::ops::function::Fn<Args>>::call::h591b2225413a77e9
[INFO] [stdout]                                at /rustc/6067b36314ab5eb2eb47cecc464545ba58e1ad24/library/alloc/src/boxed.rs:2027:9
[INFO] [stdout]   13:     0x5a4e01604773 - std::panicking::rust_panic_with_hook::h625eea43051b2edc
[INFO] [stdout]                                at /rustc/6067b36314ab5eb2eb47cecc464545ba58e1ad24/library/std/src/panicking.rs:839:13
[INFO] [stdout]   14:     0x5a4e0160442a - std::panicking::begin_panic_handler::{{closure}}::h4f9159cfbc3f6bd3
[INFO] [stdout]                                at /rustc/6067b36314ab5eb2eb47cecc464545ba58e1ad24/library/std/src/panicking.rs:704:13
[INFO] [stdout]   15:     0x5a4e01602d59 - std::sys::backtrace::__rust_end_short_backtrace::h0390abce48353151
[INFO] [stdout]                                at /rustc/6067b36314ab5eb2eb47cecc464545ba58e1ad24/library/std/src/sys/backtrace.rs:168:18
[INFO] [stdout]   16:     0x5a4e016040bd - rust_begin_unwind
[INFO] [stdout]                                at /rustc/6067b36314ab5eb2eb47cecc464545ba58e1ad24/library/std/src/panicking.rs:695:5
[INFO] [stdout]   17:     0x5a4e01629ad0 - core::panicking::panic_fmt::h9e7c637e9e5f29c9
[INFO] [stdout]                                at /rustc/6067b36314ab5eb2eb47cecc464545ba58e1ad24/library/core/src/panicking.rs:75:14
[INFO] [stdout]   18:     0x5a4e015910b3 - core::panicking::panic_display::h50e5a5994c7122c5
[INFO] [stdout]                                at /rustc/6067b36314ab5eb2eb47cecc464545ba58e1ad24/library/core/src/panicking.rs:261:5
[INFO] [stdout]   19:     0x5a4e01593e57 - assert_cmd::assert::AssertError::panic::h0514aa06d31c5643
[INFO] [stdout]                                at /opt/rustwide/cargo-home/registry/src/index.crates.io-1949cf8c6b5b557f/assert_cmd-2.0.4/src/assert.rs:1036:9
[INFO] [stdout]   20:     0x5a4e01595347 - core::ops::function::FnOnce::call_once::h81b2bdf74518d1bd
[INFO] [stdout]                                at /rustc/6067b36314ab5eb2eb47cecc464545ba58e1ad24/library/core/src/ops/function.rs:250:5
[INFO] [stdout]   21:     0x5a4e01586b50 - core::result::Result<T,E>::unwrap_or_else::h0b3dbf77499bd7d4
[INFO] [stdout]                                at /rustc/6067b36314ab5eb2eb47cecc464545ba58e1ad24/library/core/src/result.rs:1463:23
[INFO] [stdout]   22:     0x5a4e014f089a - assert_cmd::assert::Assert::code::h370beed489bbf891
[INFO] [stdout]                                at /opt/rustwide/cargo-home/registry/src/index.crates.io-1949cf8c6b5b557f/assert_cmd-2.0.4/src/assert.rs:264:9
[INFO] [stdout]   23:     0x5a4e014f8885 - add_test::fail_for_unreadable_files::fail_for_unreadable_files::hcbb516181f27edb6
[INFO] [stdout]                                at /opt/rustwide/workdir/tests/add_test.rs:137:5
[INFO] [stdout]   24:     0x5a4e014f8646 - add_test::fail_for_unreadable_files::hff06a3201c0c2dd1
[INFO] [stdout]                                at /opt/rustwide/workdir/tests/add_test.rs:132:1
[INFO] [stdout]   25:     0x5a4e014f845d - add_test::fail_for_unreadable_files::{{closure}}::hd3930bbf862ee607
[INFO] [stdout]                                at /opt/rustwide/workdir/tests/add_test.rs:133:60
[INFO] [stdout]   26:     0x5a4e014f18a6 - core::ops::function::FnOnce::call_once::h709e475a19c1ed94
[INFO] [stdout]                                at /rustc/6067b36314ab5eb2eb47cecc464545ba58e1ad24/library/core/src/ops/function.rs:250:5
[INFO] [stdout]   27:     0x5a4e0153885b - core::ops::function::FnOnce::call_once::he27718dfdd183f43
[INFO] [stdout]                                at /rustc/6067b36314ab5eb2eb47cecc464545ba58e1ad24/library/core/src/ops/function.rs:250:5
[INFO] [stdout]   28:     0x5a4e0153885b - test::__rust_begin_short_backtrace::h4e84902998457a5d
[INFO] [stdout]                                at /rustc/6067b36314ab5eb2eb47cecc464545ba58e1ad24/library/test/src/lib.rs:632:18
[INFO] [stdout]   29:     0x5a4e01537793 - test::run_test_in_process::{{closure}}::h7176fd18fc1feca0
[INFO] [stdout]                                at /rustc/6067b36314ab5eb2eb47cecc464545ba58e1ad24/library/test/src/lib.rs:655:60
[INFO] [stdout]   30:     0x5a4e01537793 - <core::panic::unwind_safe::AssertUnwindSafe<F> as core::ops::function::FnOnce<()>>::call_once::hf79cff2a624d8cf7
[INFO] [stdout]                                at /rustc/6067b36314ab5eb2eb47cecc464545ba58e1ad24/library/core/src/panic/unwind_safe.rs:272:9
[INFO] [stdout]   31:     0x5a4e01537793 - std::panicking::try::do_call::h3da0561d9ab99c25
[INFO] [stdout]                                at /rustc/6067b36314ab5eb2eb47cecc464545ba58e1ad24/library/std/src/panicking.rs:587:40
[INFO] [stdout]   32:     0x5a4e01537793 - std::panicking::try::h41c9fa508bc61df6
[INFO] [stdout]                                at /rustc/6067b36314ab5eb2eb47cecc464545ba58e1ad24/library/std/src/panicking.rs:550:19
[INFO] [stdout]   33:     0x5a4e01537793 - std::panic::catch_unwind::h6b3ff07bb5afad93
[INFO] [stdout]                                at /rustc/6067b36314ab5eb2eb47cecc464545ba58e1ad24/library/std/src/panic.rs:358:14
[INFO] [stdout]   34:     0x5a4e01537793 - test::run_test_in_process::hc7253dd11b39b9f4
[INFO] [stdout]                                at /rustc/6067b36314ab5eb2eb47cecc464545ba58e1ad24/library/test/src/lib.rs:655:27
[INFO] [stdout]   35:     0x5a4e01537793 - test::run_test::{{closure}}::hfb2007f8649c30bb
[INFO] [stdout]                                at /rustc/6067b36314ab5eb2eb47cecc464545ba58e1ad24/library/test/src/lib.rs:576:43
[INFO] [stdout]   36:     0x5a4e014fa875 - test::run_test::{{closure}}::h56a17aa7a282a9f4
[INFO] [stdout]                                at /rustc/6067b36314ab5eb2eb47cecc464545ba58e1ad24/library/test/src/lib.rs:606:41
[INFO] [stdout]   37:     0x5a4e014fa875 - std::sys::backtrace::__rust_begin_short_backtrace::hd2d2d2fb8e8c6aac
[INFO] [stdout]                                at /rustc/6067b36314ab5eb2eb47cecc464545ba58e1ad24/library/std/src/sys/backtrace.rs:152:18
[INFO] [stdout]   38:     0x5a4e014fe15a - std::thread::Builder::spawn_unchecked_::{{closure}}::{{closure}}::h4faa3f9db6133423
[INFO] [stdout]                                at /rustc/6067b36314ab5eb2eb47cecc464545ba58e1ad24/library/std/src/thread/mod.rs:559:17
[INFO] [stdout]   39:     0x5a4e014fe15a - <core::panic::unwind_safe::AssertUnwindSafe<F> as core::ops::function::FnOnce<()>>::call_once::hf2e855a36a4ea846
[INFO] [stdout]                                at /rustc/6067b36314ab5eb2eb47cecc464545ba58e1ad24/library/core/src/panic/unwind_safe.rs:272:9
[INFO] [stdout]   40:     0x5a4e014fe15a - std::panicking::try::do_call::h2f73af3616c35465
[INFO] [stdout]                                at /rustc/6067b36314ab5eb2eb47cecc464545ba58e1ad24/library/std/src/panicking.rs:587:40
[INFO] [stdout]   41:     0x5a4e014fe15a - std::panicking::try::hd1660ce9efadef5a
[INFO] [stdout]                                at /rustc/6067b36314ab5eb2eb47cecc464545ba58e1ad24/library/std/src/panicking.rs:550:19
[INFO] [stdout]   42:     0x5a4e014fe15a - std::panic::catch_unwind::h5ee8d7823b8ca744
[INFO] [stdout]                                at /rustc/6067b36314ab5eb2eb47cecc464545ba58e1ad24/library/std/src/panic.rs:358:14
[INFO] [stdout]   43:     0x5a4e014fe15a - std::thread::Builder::spawn_unchecked_::{{closure}}::h53c3a1894dce8407
[INFO] [stdout]                                at /rustc/6067b36314ab5eb2eb47cecc464545ba58e1ad24/library/std/src/thread/mod.rs:557:30
[INFO] [stdout]   44:     0x5a4e014fe15a - core::ops::function::FnOnce::call_once{{vtable.shim}}::h048ce291ad4f62bf
[INFO] [stdout]                                at /rustc/6067b36314ab5eb2eb47cecc464545ba58e1ad24/library/core/src/ops/function.rs:250:5
[INFO] [stdout]   45:     0x5a4e0160963b - <alloc::boxed::Box<F,A> as core::ops::function::FnOnce<Args>>::call_once::ha52bedf99a3b4981
[INFO] [stdout]                                at /rustc/6067b36314ab5eb2eb47cecc464545ba58e1ad24/library/alloc/src/boxed.rs:2013:9
[INFO] [stdout]   46:     0x5a4e0160963b - <alloc::boxed::Box<F,A> as core::ops::function::FnOnce<Args>>::call_once::h567748934d80ccf8
[INFO] [stdout]                                at /rustc/6067b36314ab5eb2eb47cecc464545ba58e1ad24/library/alloc/src/boxed.rs:2013:9
[INFO] [stdout]   47:     0x5a4e0160963b - std::sys::pal::unix::thread::Thread::new::thread_start::h2d970728ae887adc
[INFO] [stdout]                                at /rustc/6067b36314ab5eb2eb47cecc464545ba58e1ad24/library/std/src/sys/pal/unix/thread.rs:106:17
[INFO] [stdout]   48:     0x70272ee48ac3 - <unknown>
[INFO] [stdout]   49:     0x70272eed9a04 - clone
[INFO] [stdout]   50:                0x0 - <unknown>
[INFO] [stdout] 
[INFO] [stdout] 
[INFO] [stdout] failures:
[INFO] [stdout]     fail_for_unreadable_files
[INFO] [stdout] 
[INFO] [stdout] test result: FAILED. 9 passed; 1 failed; 0 ignored; 0 measured; 0 filtered out; finished in 0.25s
[INFO] [stdout] 
[INFO] [stderr] error: test failed, to rerun pass `--test add_test`
[INFO] running `Command { std: "docker" "inspect" "86bfff69fa3cdc4a159561a12d8d076655b10894c3418fea67a72933d667c8a3", kill_on_drop: false }`
[INFO] running `Command { std: "docker" "rm" "-f" "86bfff69fa3cdc4a159561a12d8d076655b10894c3418fea67a72933d667c8a3", kill_on_drop: false }`
[INFO] [stdout] 86bfff69fa3cdc4a159561a12d8d076655b10894c3418fea67a72933d667c8a3
