[INFO] cloning repository https://github.com/rohanprabhu/tarrow
[INFO] running `Command { std: "git" "-c" "credential.helper=" "-c" "credential.helper=/workspace/cargo-home/bin/git-credential-null" "clone" "--bare" "https://github.com/rohanprabhu/tarrow" "/workspace/cache/git-repos/https%3A%2F%2Fgithub.com%2Frohanprabhu%2Ftarrow", kill_on_drop: false }`
[INFO] [stderr] Cloning into bare repository '/workspace/cache/git-repos/https%3A%2F%2Fgithub.com%2Frohanprabhu%2Ftarrow'...
[INFO] running `Command { std: "git" "rev-parse" "HEAD", kill_on_drop: false }`
[INFO] [stdout] de343b02495d91c3fb2e212f9b5984b761c3534b
[INFO] testing rohanprabhu/tarrow against nightly-2025-01-18 for randomize-layout-2
[INFO] running `Command { std: "git" "clone" "/workspace/cache/git-repos/https%3A%2F%2Fgithub.com%2Frohanprabhu%2Ftarrow" "/workspace/builds/worker-6-tc1/source", kill_on_drop: false }`
[INFO] [stderr] Cloning into '/workspace/builds/worker-6-tc1/source'...
[INFO] [stderr] done.
[INFO] validating manifest of git repo https://github.com/rohanprabhu/tarrow on toolchain nightly-2025-01-18
[INFO] running `Command { std: CARGO_HOME="/workspace/cargo-home" RUSTUP_HOME="/workspace/rustup-home" "/workspace/cargo-home/bin/cargo" "+nightly-2025-01-18" "metadata" "--manifest-path" "Cargo.toml" "--no-deps", kill_on_drop: false }`
[INFO] started tweaking git repo https://github.com/rohanprabhu/tarrow
[INFO] finished tweaking git repo https://github.com/rohanprabhu/tarrow
[INFO] tweaked toml for git repo https://github.com/rohanprabhu/tarrow written to /workspace/builds/worker-6-tc1/source/Cargo.toml
[INFO] crate git repo https://github.com/rohanprabhu/tarrow already has a lockfile, it will not be regenerated
[INFO] running `Command { std: CARGO_HOME="/workspace/cargo-home" RUSTUP_HOME="/workspace/rustup-home" "/workspace/cargo-home/bin/cargo" "+nightly-2025-01-18" "fetch" "--manifest-path" "Cargo.toml", kill_on_drop: false }`
[INFO] [stderr]     Updating crates.io index
[INFO] [stderr]  Downloading crates ...
[INFO] [stderr]   Downloaded migrations_internals v2.1.0
[INFO] [stderr]   Downloaded diesel_derives v2.1.4
[INFO] [stderr]   Downloaded mac v0.0.2
[INFO] [stderr]   Downloaded buffer v0.1.9
[INFO] [stderr]   Downloaded migrations_macros v2.1.0
[INFO] [stderr]   Downloaded diesel_migrations v2.1.0
[INFO] [stderr]   Downloaded diesel v2.1.6
[INFO] running `Command { std: "docker" "create" "-v" "/var/lib/crater-agent-workspace/builds/worker-6-tc1/target:/opt/rustwide/target:rw,Z" "-v" "/var/lib/crater-agent-workspace/builds/worker-6-tc1/source:/opt/rustwide/workdir:ro,Z" "-v" "/var/lib/crater-agent-workspace/cargo-home:/opt/rustwide/cargo-home:ro,Z" "-v" "/var/lib/crater-agent-workspace/rustup-home:/opt/rustwide/rustup-home:ro,Z" "-e" "SOURCE_DIR=/opt/rustwide/workdir" "-e" "CARGO_TARGET_DIR=/opt/rustwide/target" "-e" "CARGO_HOME=/opt/rustwide/cargo-home" "-e" "RUSTUP_HOME=/opt/rustwide/rustup-home" "-w" "/opt/rustwide/workdir" "-m" "1610612736" "--user" "0:0" "--network" "none" "ghcr.io/rust-lang/crates-build-env/linux@sha256:819108c5571ea2e421544af4d832f968d213c87fbe3707a016657f43d2f853bc" "/opt/rustwide/cargo-home/bin/cargo" "+nightly-2025-01-18" "metadata" "--no-deps" "--format-version=1", kill_on_drop: false }`
[INFO] [stdout] 7a56be25ab8b18421d0ea838fd0f56b1b78d487a9b97ffd718a3a47a6fb8d3da
[INFO] running `Command { std: "docker" "start" "-a" "7a56be25ab8b18421d0ea838fd0f56b1b78d487a9b97ffd718a3a47a6fb8d3da", kill_on_drop: false }`
[INFO] running `Command { std: "docker" "inspect" "7a56be25ab8b18421d0ea838fd0f56b1b78d487a9b97ffd718a3a47a6fb8d3da", kill_on_drop: false }`
[INFO] running `Command { std: "docker" "rm" "-f" "7a56be25ab8b18421d0ea838fd0f56b1b78d487a9b97ffd718a3a47a6fb8d3da", kill_on_drop: false }`
[INFO] [stdout] 7a56be25ab8b18421d0ea838fd0f56b1b78d487a9b97ffd718a3a47a6fb8d3da
[INFO] running `Command { std: "docker" "create" "-v" "/var/lib/crater-agent-workspace/builds/worker-6-tc1/target:/opt/rustwide/target:rw,Z" "-v" "/var/lib/crater-agent-workspace/builds/worker-6-tc1/source:/opt/rustwide/workdir:ro,Z" "-v" "/var/lib/crater-agent-workspace/cargo-home:/opt/rustwide/cargo-home:ro,Z" "-v" "/var/lib/crater-agent-workspace/rustup-home:/opt/rustwide/rustup-home:ro,Z" "-e" "SOURCE_DIR=/opt/rustwide/workdir" "-e" "CARGO_TARGET_DIR=/opt/rustwide/target" "-e" "CARGO_INCREMENTAL=0" "-e" "RUST_BACKTRACE=full" "-e" "RUSTFLAGS=--cap-lints=forbid" "-e" "RUSTDOCFLAGS=--cap-lints=forbid" "-e" "CARGO_HOME=/opt/rustwide/cargo-home" "-e" "RUSTUP_HOME=/opt/rustwide/rustup-home" "-w" "/opt/rustwide/workdir" "-m" "1610612736" "--user" "0:0" "--network" "none" "ghcr.io/rust-lang/crates-build-env/linux@sha256:819108c5571ea2e421544af4d832f968d213c87fbe3707a016657f43d2f853bc" "/opt/rustwide/cargo-home/bin/cargo" "+nightly-2025-01-18" "build" "--frozen" "--message-format=json", kill_on_drop: false }`
[INFO] [stdout] 7f722b52a624f5ab08b630240771b4c943bd3eff7a14933fef62d0cbba8765e9
[INFO] running `Command { std: "docker" "start" "-a" "7f722b52a624f5ab08b630240771b4c943bd3eff7a14933fef62d0cbba8765e9", kill_on_drop: false }`
[INFO] [stderr]    Compiling proc-macro2 v1.0.82
[INFO] [stderr]    Compiling memchr v2.7.2
[INFO] [stderr]    Compiling regex-syntax v0.8.3
[INFO] [stderr]    Compiling serde v1.0.202
[INFO] [stderr]    Compiling syn v1.0.109
[INFO] [stderr]    Compiling serde_json v1.0.117
[INFO] [stderr]    Compiling pq-sys v0.4.8
[INFO] [stderr]    Compiling anstyle v1.0.7
[INFO] [stderr]    Compiling colorchoice v1.0.1
[INFO] [stderr]    Compiling anyhow v1.0.83
[INFO] [stderr]    Compiling anstyle-query v1.0.3
[INFO] [stderr]    Compiling num-traits v0.2.19
[INFO] [stderr]    Compiling anstyle-parse v0.2.4
[INFO] [stderr]    Compiling is_terminal_polyfill v1.70.0
[INFO] [stderr]    Compiling log v0.4.21
[INFO] [stderr]    Compiling mac v0.0.2
[INFO] [stderr]    Compiling arrayvec v0.5.2
[INFO] [stderr]    Compiling convert_case v0.4.0
[INFO] [stderr]    Compiling byteorder v1.5.0
[INFO] [stderr]    Compiling bitflags v2.5.0
[INFO] [stderr]    Compiling humantime v2.1.0
[INFO] [stderr]    Compiling sha2 v0.10.8
[INFO] [stderr]    Compiling anstream v0.6.14
[INFO] [stderr]    Compiling buffer v0.1.9
[INFO] [stderr]    Compiling quote v1.0.36
[INFO] [stderr]    Compiling syn v2.0.64
[INFO] [stderr]    Compiling aho-corasick v1.1.3
[INFO] [stderr]    Compiling chrono v0.4.38
[INFO] [stderr]    Compiling regex-automata v0.4.6
[INFO] [stderr]    Compiling diesel_table_macro_syntax v0.1.0
[INFO] [stderr]    Compiling derive_more v0.99.17
[INFO] [stderr]    Compiling regex v1.10.4
[INFO] [stderr]    Compiling tokio-macros v2.2.0
[INFO] [stderr]    Compiling diesel_derives v2.1.4
[INFO] [stderr]    Compiling env_filter v0.1.0
[INFO] [stderr]    Compiling env_logger v0.11.3
[INFO] [stderr]    Compiling tokio v1.37.0
[INFO] [stderr]    Compiling diesel v2.1.6
[INFO] [stderr]    Compiling tarrow v0.1.0 (/opt/rustwide/workdir)
[INFO] [stdout] warning: unused import: `max`
[INFO] [stdout]  --> src/object_db/object_db.rs:1:16
[INFO] [stdout]   |
[INFO] [stdout] 1 | use std::cmp::{max, min};
[INFO] [stdout]   |                ^^^
[INFO] [stdout]   |
[INFO] [stdout]   = note: `#[warn(unused_imports)]` on by default
[INFO] [stdout] 
[INFO] [stdout] 
[INFO] [stdout] warning: unused import: `QueryResult`
[INFO] [stdout]  --> src/object_db/object_db.rs:2:41
[INFO] [stdout]   |
[INFO] [stdout] 2 | use diesel::{insert_into, PgConnection, QueryResult, RunQueryDsl};
[INFO] [stdout]   |                                         ^^^^^^^^^^^
[INFO] [stdout] 
[INFO] [stdout] 
[INFO] [stdout] warning: unused import: `write`
[INFO] [stdout]  --> src/object_db/errors.rs:1:36
[INFO] [stdout]   |
[INFO] [stdout] 1 | use std::fmt::{Display, Formatter, write};
[INFO] [stdout]   |                                    ^^^^^
[INFO] [stdout] 
[INFO] [stdout] 
[INFO] [stdout] warning: unused variable: `content_addresses`
[INFO] [stdout]   --> src/object_db/object_db.rs:40:9
[INFO] [stdout]    |
[INFO] [stdout] 40 |         content_addresses: Vec<ContentAddress>
[INFO] [stdout]    |         ^^^^^^^^^^^^^^^^^ help: if this is intentional, prefix it with an underscore: `_content_addresses`
[INFO] [stdout]    |
[INFO] [stdout]    = note: `#[warn(unused_variables)]` on by default
[INFO] [stdout] 
[INFO] [stdout] 
[INFO] [stdout] warning: unused variable: `error_info`
[INFO] [stdout]   --> src/object_db/object_db.rs:79:63
[INFO] [stdout]    |
[INFO] [stdout] 79 |                     Error::DatabaseError(database_error_kind, error_info) => {
[INFO] [stdout]    |                                                               ^^^^^^^^^^ help: if this is intentional, prefix it with an underscore: `_error_info`
[INFO] [stdout] 
[INFO] [stdout] 
[INFO] [stdout] warning: unused variable: `tree`
[INFO] [stdout]   --> src/tarrow.rs:13:9
[INFO] [stdout]    |
[INFO] [stdout] 13 |         tree: StorableTarrowTree
[INFO] [stdout]    |         ^^^^ help: if this is intentional, prefix it with an underscore: `_tree`
[INFO] [stdout] 
[INFO] [stdout] 
[INFO] [stdout] warning: struct `ObjectDb` is never constructed
[INFO] [stdout]   --> src/object_db/object_db.rs:24:12
[INFO] [stdout]    |
[INFO] [stdout] 24 | pub struct ObjectDb {
[INFO] [stdout]    |            ^^^^^^^^
[INFO] [stdout]    |
[INFO] [stdout]    = note: `#[warn(dead_code)]` on by default
[INFO] [stdout] 
[INFO] [stdout] 
[INFO] [stdout] warning: function `sha_256` is never used
[INFO] [stdout]   --> src/object_db/object_db.rs:27:4
[INFO] [stdout]    |
[INFO] [stdout] 27 | fn sha_256(content: &Vec<u8>) -> Result<Vec<u8>, anyhow::Error> {
[INFO] [stdout]    |    ^^^^^^^
[INFO] [stdout] 
[INFO] [stdout] 
[INFO] [stdout] warning: associated items `new`, `get_blobs`, and `store_object` are never used
[INFO] [stdout]   --> src/object_db/object_db.rs:34:12
[INFO] [stdout]    |
[INFO] [stdout] 33 | impl ObjectDb {
[INFO] [stdout]    | ------------- associated items in this implementation
[INFO] [stdout] 34 |     pub fn new() -> Self {
[INFO] [stdout]    |            ^^^
[INFO] [stdout] ...
[INFO] [stdout] 38 |     pub fn get_blobs(
[INFO] [stdout]    |            ^^^^^^^^^
[INFO] [stdout] ...
[INFO] [stdout] 45 |     pub fn store_object(
[INFO] [stdout]    |            ^^^^^^^^^^^^
[INFO] [stdout] 
[INFO] [stdout] 
[INFO] [stdout] warning: struct `StoreObjectRequest` is never constructed
[INFO] [stdout]  --> src/object_db/models.rs:3:12
[INFO] [stdout]   |
[INFO] [stdout] 3 | pub struct StoreObjectRequest {
[INFO] [stdout]   |            ^^^^^^^^^^^^^^^^^^
[INFO] [stdout] 
[INFO] [stdout] 
[INFO] [stdout] warning: struct `StoredObject` is never constructed
[INFO] [stdout]  --> src/object_db/models.rs:8:12
[INFO] [stdout]   |
[INFO] [stdout] 8 | pub struct StoredObject {
[INFO] [stdout]   |            ^^^^^^^^^^^^
[INFO] [stdout] 
[INFO] [stdout] 
[INFO] [stdout] warning: variant `ObjectCollisionError` is never constructed
[INFO] [stdout]  --> src/object_db/errors.rs:6:5
[INFO] [stdout]   |
[INFO] [stdout] 5 | pub enum ObjectStorageError {
[INFO] [stdout]   |          ------------------ variant in this enum
[INFO] [stdout] 6 |     ObjectCollisionError {
[INFO] [stdout]   |     ^^^^^^^^^^^^^^^^^^^^
[INFO] [stdout]   |
[INFO] [stdout]   = note: `ObjectStorageError` has a derived impl for the trait `Debug`, but this is intentionally ignored during dead code analysis
[INFO] [stdout] 
[INFO] [stdout] 
[INFO] [stdout] warning: struct `DataBlob` is never constructed
[INFO] [stdout]  --> src/models.rs:4:12
[INFO] [stdout]   |
[INFO] [stdout] 4 | pub struct DataBlob<'a> {
[INFO] [stdout]   |            ^^^^^^^^
[INFO] [stdout] 
[INFO] [stdout] 
[INFO] [stdout] warning: enum `TreeEntry` is never used
[INFO] [stdout]  --> src/models.rs:9:10
[INFO] [stdout]   |
[INFO] [stdout] 9 | pub enum TreeEntry<'a> {
[INFO] [stdout]   |          ^^^^^^^^^
[INFO] [stdout] 
[INFO] [stdout] 
[INFO] [stdout] warning: struct `StorableTarrowTree` is never constructed
[INFO] [stdout]   --> src/models.rs:14:12
[INFO] [stdout]    |
[INFO] [stdout] 14 | pub struct StorableTarrowTree<'a> {
[INFO] [stdout]    |            ^^^^^^^^^^^^^^^^^^
[INFO] [stdout] 
[INFO] [stdout] 
[INFO] [stdout] warning: struct `TarrowTree` is never constructed
[INFO] [stdout]   --> src/models.rs:18:12
[INFO] [stdout]    |
[INFO] [stdout] 18 | pub struct TarrowTree<'a> {
[INFO] [stdout]    |            ^^^^^^^^^^
[INFO] [stdout] 
[INFO] [stdout] 
[INFO] [stdout] warning: struct `TarrowRef` is never constructed
[INFO] [stdout]   --> src/models.rs:22:8
[INFO] [stdout]    |
[INFO] [stdout] 22 | struct TarrowRef {
[INFO] [stdout]    |        ^^^^^^^^^
[INFO] [stdout] 
[INFO] [stdout] 
[INFO] [stdout] warning: associated function `from` is never used
[INFO] [stdout]   --> src/models.rs:27:8
[INFO] [stdout]    |
[INFO] [stdout] 26 | impl TarrowRef {
[INFO] [stdout]    | -------------- associated function in this implementation
[INFO] [stdout] 27 |     fn from(ref_name: String) -> Self {
[INFO] [stdout]    |        ^^^^
[INFO] [stdout] 
[INFO] [stdout] 
[INFO] [stdout] warning: struct `Tarrow` is never constructed
[INFO] [stdout]  --> src/tarrow.rs:5:8
[INFO] [stdout]   |
[INFO] [stdout] 5 | struct Tarrow {
[INFO] [stdout]   |        ^^^^^^
[INFO] [stdout] 
[INFO] [stdout] 
[INFO] [stdout] warning: method `store` is never used
[INFO] [stdout]   --> src/tarrow.rs:11:8
[INFO] [stdout]    |
[INFO] [stdout] 10 | impl Tarrow {
[INFO] [stdout]    | ----------- method in this implementation
[INFO] [stdout] 11 |     fn store(
[INFO] [stdout]    |        ^^^^^
[INFO] [stdout] 
[INFO] [stdout] 
[INFO] [stdout] warning: struct `TreeDb` is never constructed
[INFO] [stdout]  --> src/tree_db/tree_db.rs:1:12
[INFO] [stdout]   |
[INFO] [stdout] 1 | pub struct TreeDb {
[INFO] [stdout]   |            ^^^^^^
[INFO] [stdout] 
[INFO] [stdout] 
[INFO] [stdout] warning: type alias `ContentAddress` is never used
[INFO] [stdout]  --> src/core/types.rs:1:10
[INFO] [stdout]   |
[INFO] [stdout] 1 | pub type ContentAddress = [u8; 32];
[INFO] [stdout]   |          ^^^^^^^^^^^^^^
[INFO] [stdout] 
[INFO] [stdout] 
[INFO] [stderr]     Finished `dev` profile [unoptimized + debuginfo] target(s) in 44.47s
[INFO] running `Command { std: "docker" "inspect" "7f722b52a624f5ab08b630240771b4c943bd3eff7a14933fef62d0cbba8765e9", kill_on_drop: false }`
[INFO] running `Command { std: "docker" "rm" "-f" "7f722b52a624f5ab08b630240771b4c943bd3eff7a14933fef62d0cbba8765e9", kill_on_drop: false }`
[INFO] [stdout] 7f722b52a624f5ab08b630240771b4c943bd3eff7a14933fef62d0cbba8765e9
[INFO] running `Command { std: "docker" "create" "-v" "/var/lib/crater-agent-workspace/builds/worker-6-tc1/target:/opt/rustwide/target:rw,Z" "-v" "/var/lib/crater-agent-workspace/builds/worker-6-tc1/source:/opt/rustwide/workdir:ro,Z" "-v" "/var/lib/crater-agent-workspace/cargo-home:/opt/rustwide/cargo-home:ro,Z" "-v" "/var/lib/crater-agent-workspace/rustup-home:/opt/rustwide/rustup-home:ro,Z" "-e" "SOURCE_DIR=/opt/rustwide/workdir" "-e" "CARGO_TARGET_DIR=/opt/rustwide/target" "-e" "CARGO_INCREMENTAL=0" "-e" "RUST_BACKTRACE=full" "-e" "RUSTFLAGS=--cap-lints=forbid" "-e" "RUSTDOCFLAGS=--cap-lints=forbid" "-e" "CARGO_HOME=/opt/rustwide/cargo-home" "-e" "RUSTUP_HOME=/opt/rustwide/rustup-home" "-w" "/opt/rustwide/workdir" "-m" "1610612736" "--user" "0:0" "--network" "none" "ghcr.io/rust-lang/crates-build-env/linux@sha256:819108c5571ea2e421544af4d832f968d213c87fbe3707a016657f43d2f853bc" "/opt/rustwide/cargo-home/bin/cargo" "+nightly-2025-01-18" "test" "--frozen" "--no-run" "--message-format=json", kill_on_drop: false }`
[INFO] [stdout] ee938a7e5727e12e249252d8be2eff51d5dd886ec9f09b949d1dda40efb938f3
[INFO] running `Command { std: "docker" "start" "-a" "ee938a7e5727e12e249252d8be2eff51d5dd886ec9f09b949d1dda40efb938f3", kill_on_drop: false }`
[INFO] [stderr]    Compiling serde v1.0.202
[INFO] [stderr]    Compiling winnow v0.5.40
[INFO] [stderr]    Compiling indexmap v2.2.6
[INFO] [stderr]    Compiling serde_derive v1.0.202
[INFO] [stderr]    Compiling serde_spanned v0.6.6
[INFO] [stderr]    Compiling toml_datetime v0.6.6
[INFO] [stderr]    Compiling serde_json v1.0.117
[INFO] [stderr]    Compiling toml_edit v0.19.15
[INFO] [stderr]    Compiling diesel v2.1.6
[INFO] [stderr]    Compiling toml v0.7.8
[INFO] [stderr]    Compiling migrations_internals v2.1.0
[INFO] [stderr]    Compiling migrations_macros v2.1.0
[INFO] [stderr]    Compiling diesel_migrations v2.1.0
[INFO] [stderr]    Compiling tarrow v0.1.0 (/opt/rustwide/workdir)
[INFO] [stdout] warning: unused import: `max`
[INFO] [stdout]  --> src/object_db/object_db.rs:1:16
[INFO] [stdout]   |
[INFO] [stdout] 1 | use std::cmp::{max, min};
[INFO] [stdout]   |                ^^^
[INFO] [stdout]   |
[INFO] [stdout]   = note: `#[warn(unused_imports)]` on by default
[INFO] [stdout] 
[INFO] [stdout] 
[INFO] [stdout] warning: unused import: `QueryResult`
[INFO] [stdout]  --> src/object_db/object_db.rs:2:41
[INFO] [stdout]   |
[INFO] [stdout] 2 | use diesel::{insert_into, PgConnection, QueryResult, RunQueryDsl};
[INFO] [stdout]   |                                         ^^^^^^^^^^^
[INFO] [stdout] 
[INFO] [stdout] 
[INFO] [stdout] warning: unused import: `write`
[INFO] [stdout]  --> src/object_db/errors.rs:1:36
[INFO] [stdout]   |
[INFO] [stdout] 1 | use std::fmt::{Display, Formatter, write};
[INFO] [stdout]   |                                    ^^^^^
[INFO] [stdout] 
[INFO] [stdout] 
[INFO] [stdout] warning: unused variable: `content_addresses`
[INFO] [stdout]   --> src/object_db/object_db.rs:40:9
[INFO] [stdout]    |
[INFO] [stdout] 40 |         content_addresses: Vec<ContentAddress>
[INFO] [stdout]    |         ^^^^^^^^^^^^^^^^^ help: if this is intentional, prefix it with an underscore: `_content_addresses`
[INFO] [stdout]    |
[INFO] [stdout]    = note: `#[warn(unused_variables)]` on by default
[INFO] [stdout] 
[INFO] [stdout] 
[INFO] [stdout] warning: unused variable: `error_info`
[INFO] [stdout]   --> src/object_db/object_db.rs:79:63
[INFO] [stdout]    |
[INFO] [stdout] 79 |                     Error::DatabaseError(database_error_kind, error_info) => {
[INFO] [stdout]    |                                                               ^^^^^^^^^^ help: if this is intentional, prefix it with an underscore: `_error_info`
[INFO] [stdout] 
[INFO] [stdout] 
[INFO] [stdout] warning: unused variable: `tree`
[INFO] [stdout]   --> src/tarrow.rs:13:9
[INFO] [stdout]    |
[INFO] [stdout] 13 |         tree: StorableTarrowTree
[INFO] [stdout]    |         ^^^^ help: if this is intentional, prefix it with an underscore: `_tree`
[INFO] [stdout] 
[INFO] [stdout] 
[INFO] [stdout] warning: struct `ObjectDb` is never constructed
[INFO] [stdout]   --> src/object_db/object_db.rs:24:12
[INFO] [stdout]    |
[INFO] [stdout] 24 | pub struct ObjectDb {
[INFO] [stdout]    |            ^^^^^^^^
[INFO] [stdout]    |
[INFO] [stdout]    = note: `#[warn(dead_code)]` on by default
[INFO] [stdout] 
[INFO] [stdout] 
[INFO] [stdout] warning: function `sha_256` is never used
[INFO] [stdout]   --> src/object_db/object_db.rs:27:4
[INFO] [stdout]    |
[INFO] [stdout] 27 | fn sha_256(content: &Vec<u8>) -> Result<Vec<u8>, anyhow::Error> {
[INFO] [stdout]    |    ^^^^^^^
[INFO] [stdout] 
[INFO] [stdout] 
[INFO] [stdout] warning: associated items `new`, `get_blobs`, and `store_object` are never used
[INFO] [stdout]   --> src/object_db/object_db.rs:34:12
[INFO] [stdout]    |
[INFO] [stdout] 33 | impl ObjectDb {
[INFO] [stdout]    | ------------- associated items in this implementation
[INFO] [stdout] 34 |     pub fn new() -> Self {
[INFO] [stdout]    |            ^^^
[INFO] [stdout] ...
[INFO] [stdout] 38 |     pub fn get_blobs(
[INFO] [stdout]    |            ^^^^^^^^^
[INFO] [stdout] ...
[INFO] [stdout] 45 |     pub fn store_object(
[INFO] [stdout]    |            ^^^^^^^^^^^^
[INFO] [stdout] 
[INFO] [stdout] 
[INFO] [stdout] warning: struct `StoreObjectRequest` is never constructed
[INFO] [stdout]  --> src/object_db/models.rs:3:12
[INFO] [stdout]   |
[INFO] [stdout] 3 | pub struct StoreObjectRequest {
[INFO] [stdout]   |            ^^^^^^^^^^^^^^^^^^
[INFO] [stdout] 
[INFO] [stdout] 
[INFO] [stdout] warning: struct `StoredObject` is never constructed
[INFO] [stdout]  --> src/object_db/models.rs:8:12
[INFO] [stdout]   |
[INFO] [stdout] 8 | pub struct StoredObject {
[INFO] [stdout]   |            ^^^^^^^^^^^^
[INFO] [stdout] 
[INFO] [stdout] 
[INFO] [stdout] warning: variant `ObjectCollisionError` is never constructed
[INFO] [stdout]  --> src/object_db/errors.rs:6:5
[INFO] [stdout]   |
[INFO] [stdout] 5 | pub enum ObjectStorageError {
[INFO] [stdout]   |          ------------------ variant in this enum
[INFO] [stdout] 6 |     ObjectCollisionError {
[INFO] [stdout]   |     ^^^^^^^^^^^^^^^^^^^^
[INFO] [stdout]   |
[INFO] [stdout]   = note: `ObjectStorageError` has a derived impl for the trait `Debug`, but this is intentionally ignored during dead code analysis
[INFO] [stdout] 
[INFO] [stdout] 
[INFO] [stdout] warning: struct `DataBlob` is never constructed
[INFO] [stdout]  --> src/models.rs:4:12
[INFO] [stdout]   |
[INFO] [stdout] 4 | pub struct DataBlob<'a> {
[INFO] [stdout]   |            ^^^^^^^^
[INFO] [stdout] 
[INFO] [stdout] 
[INFO] [stdout] warning: enum `TreeEntry` is never used
[INFO] [stdout]  --> src/models.rs:9:10
[INFO] [stdout]   |
[INFO] [stdout] 9 | pub enum TreeEntry<'a> {
[INFO] [stdout]   |          ^^^^^^^^^
[INFO] [stdout] 
[INFO] [stdout] 
[INFO] [stdout] warning: struct `StorableTarrowTree` is never constructed
[INFO] [stdout]   --> src/models.rs:14:12
[INFO] [stdout]    |
[INFO] [stdout] 14 | pub struct StorableTarrowTree<'a> {
[INFO] [stdout]    |            ^^^^^^^^^^^^^^^^^^
[INFO] [stdout] 
[INFO] [stdout] 
[INFO] [stdout] warning: struct `TarrowTree` is never constructed
[INFO] [stdout]   --> src/models.rs:18:12
[INFO] [stdout]    |
[INFO] [stdout] 18 | pub struct TarrowTree<'a> {
[INFO] [stdout]    |            ^^^^^^^^^^
[INFO] [stdout] 
[INFO] [stdout] 
[INFO] [stdout] warning: struct `TarrowRef` is never constructed
[INFO] [stdout]   --> src/models.rs:22:8
[INFO] [stdout]    |
[INFO] [stdout] 22 | struct TarrowRef {
[INFO] [stdout]    |        ^^^^^^^^^
[INFO] [stdout] 
[INFO] [stdout] 
[INFO] [stdout] warning: associated function `from` is never used
[INFO] [stdout]   --> src/models.rs:27:8
[INFO] [stdout]    |
[INFO] [stdout] 26 | impl TarrowRef {
[INFO] [stdout]    | -------------- associated function in this implementation
[INFO] [stdout] 27 |     fn from(ref_name: String) -> Self {
[INFO] [stdout]    |        ^^^^
[INFO] [stdout] 
[INFO] [stdout] 
[INFO] [stdout] warning: struct `Tarrow` is never constructed
[INFO] [stdout]  --> src/tarrow.rs:5:8
[INFO] [stdout]   |
[INFO] [stdout] 5 | struct Tarrow {
[INFO] [stdout]   |        ^^^^^^
[INFO] [stdout] 
[INFO] [stdout] 
[INFO] [stdout] warning: method `store` is never used
[INFO] [stdout]   --> src/tarrow.rs:11:8
[INFO] [stdout]    |
[INFO] [stdout] 10 | impl Tarrow {
[INFO] [stdout]    | ----------- method in this implementation
[INFO] [stdout] 11 |     fn store(
[INFO] [stdout]    |        ^^^^^
[INFO] [stdout] 
[INFO] [stdout] 
[INFO] [stdout] warning: struct `TreeDb` is never constructed
[INFO] [stdout]  --> src/tree_db/tree_db.rs:1:12
[INFO] [stdout]   |
[INFO] [stdout] 1 | pub struct TreeDb {
[INFO] [stdout]   |            ^^^^^^
[INFO] [stdout] 
[INFO] [stdout] 
[INFO] [stdout] warning: type alias `ContentAddress` is never used
[INFO] [stdout]  --> src/core/types.rs:1:10
[INFO] [stdout]   |
[INFO] [stdout] 1 | pub type ContentAddress = [u8; 32];
[INFO] [stdout]   |          ^^^^^^^^^^^^^^
[INFO] [stdout] 
[INFO] [stdout] 
[INFO] [stderr] warning: #[sql_type] attribute form is deprecated
[INFO] [stderr]   = help: use `#[diesel(sql_type = Integer)]` instead
[INFO] [stderr] 
[INFO] [stdout] warning: unused import: `TestingContext`
[INFO] [stdout]   --> src/tests/example_db_test.rs:11:85
[INFO] [stdout]    |
[INFO] [stdout] 11 |     use crate::tests::common_setup::common::{get_common_testing_context, init_test, TestingContext};
[INFO] [stdout]    |                                                                                     ^^^^^^^^^^^^^^
[INFO] [stdout]    |
[INFO] [stdout]    = note: `#[warn(unused_imports)]` on by default
[INFO] [stdout] 
[INFO] [stdout] 
[INFO] [stdout] warning: unused import: `max`
[INFO] [stdout]  --> src/object_db/object_db.rs:1:16
[INFO] [stdout]   |
[INFO] [stdout] 1 | use std::cmp::{max, min};
[INFO] [stdout]   |                ^^^
[INFO] [stdout] 
[INFO] [stdout] 
[INFO] [stdout] warning: unused import: `QueryResult`
[INFO] [stdout]  --> src/object_db/object_db.rs:2:41
[INFO] [stdout]   |
[INFO] [stdout] 2 | use diesel::{insert_into, PgConnection, QueryResult, RunQueryDsl};
[INFO] [stdout]   |                                         ^^^^^^^^^^^
[INFO] [stdout] 
[INFO] [stdout] 
[INFO] [stdout] warning: unused import: `write`
[INFO] [stdout]  --> src/object_db/errors.rs:1:36
[INFO] [stdout]   |
[INFO] [stdout] 1 | use std::fmt::{Display, Formatter, write};
[INFO] [stdout]   |                                    ^^^^^
[INFO] [stdout] 
[INFO] [stdout] 
[INFO] [stdout] warning: unused variable: `result`
[INFO] [stdout]   --> src/tests/example_db_test.rs:40:13
[INFO] [stdout]    |
[INFO] [stdout] 40 |         let result = object_db.store_object(
[INFO] [stdout]    |             ^^^^^^ help: if this is intentional, prefix it with an underscore: `_result`
[INFO] [stdout]    |
[INFO] [stdout]    = note: `#[warn(unused_variables)]` on by default
[INFO] [stdout] 
[INFO] [stdout] 
[INFO] [stdout] warning: unused variable: `content_addresses`
[INFO] [stdout]   --> src/object_db/object_db.rs:40:9
[INFO] [stdout]    |
[INFO] [stdout] 40 |         content_addresses: Vec<ContentAddress>
[INFO] [stdout]    |         ^^^^^^^^^^^^^^^^^ help: if this is intentional, prefix it with an underscore: `_content_addresses`
[INFO] [stdout] 
[INFO] [stdout] 
[INFO] [stdout] warning: unused variable: `error_info`
[INFO] [stdout]   --> src/object_db/object_db.rs:79:63
[INFO] [stdout]    |
[INFO] [stdout] 79 |                     Error::DatabaseError(database_error_kind, error_info) => {
[INFO] [stdout]    |                                                               ^^^^^^^^^^ help: if this is intentional, prefix it with an underscore: `_error_info`
[INFO] [stdout] 
[INFO] [stdout] 
[INFO] [stdout] warning: unused variable: `tree`
[INFO] [stdout]   --> src/tarrow.rs:13:9
[INFO] [stdout]    |
[INFO] [stdout] 13 |         tree: StorableTarrowTree
[INFO] [stdout]    |         ^^^^ help: if this is intentional, prefix it with an underscore: `_tree`
[INFO] [stdout] 
[INFO] [stdout] 
[INFO] [stdout] warning: field `result` is never read
[INFO] [stdout]   --> src/tests/example_db_test.rs:18:17
[INFO] [stdout]    |
[INFO] [stdout] 16 |         struct ExampleDbTestData {
[INFO] [stdout]    |                ----------------- field in this struct
[INFO] [stdout] 17 |             #[sql_type = "Integer"]
[INFO] [stdout] 18 |             pub result: i32
[INFO] [stdout]    |                 ^^^^^^
[INFO] [stdout]    |
[INFO] [stdout]    = note: `ExampleDbTestData` has a derived impl for the trait `Debug`, but this is intentionally ignored during dead code analysis
[INFO] [stdout]    = note: `#[warn(dead_code)]` on by default
[INFO] [stdout] 
[INFO] [stdout] 
[INFO] [stdout] warning: constant `MIGRATIONS` is never used
[INFO] [stdout]   --> src/tests/common_setup.rs:11:15
[INFO] [stdout]    |
[INFO] [stdout] 11 |     pub const MIGRATIONS: EmbeddedMigrations = embed_migrations!("./migrations");
[INFO] [stdout]    |               ^^^^^^^^^^
[INFO] [stdout] 
[INFO] [stdout] 
[INFO] [stdout] warning: method `get_blobs` is never used
[INFO] [stdout]   --> src/object_db/object_db.rs:38:12
[INFO] [stdout]    |
[INFO] [stdout] 33 | impl ObjectDb {
[INFO] [stdout]    | ------------- method in this implementation
[INFO] [stdout] ...
[INFO] [stdout] 38 |     pub fn get_blobs(
[INFO] [stdout]    |            ^^^^^^^^^
[INFO] [stdout] 
[INFO] [stdout] 
[INFO] [stdout] warning: field `metadata` is never read
[INFO] [stdout]  --> src/object_db/models.rs:5:9
[INFO] [stdout]   |
[INFO] [stdout] 3 | pub struct StoreObjectRequest {
[INFO] [stdout]   |            ------------------ field in this struct
[INFO] [stdout] 4 |     pub object_data: Vec<u8>,
[INFO] [stdout] 5 |     pub metadata: serde_json::Value
[INFO] [stdout]   |         ^^^^^^^^
[INFO] [stdout] 
[INFO] [stdout] 
[INFO] [stdout] warning: struct `DataBlob` is never constructed
[INFO] [stdout]  --> src/models.rs:4:12
[INFO] [stdout]   |
[INFO] [stdout] 4 | pub struct DataBlob<'a> {
[INFO] [stdout]   |            ^^^^^^^^
[INFO] [stdout] 
[INFO] [stdout] 
[INFO] [stdout] warning: enum `TreeEntry` is never used
[INFO] [stdout]  --> src/models.rs:9:10
[INFO] [stdout]   |
[INFO] [stdout] 9 | pub enum TreeEntry<'a> {
[INFO] [stdout]   |          ^^^^^^^^^
[INFO] [stdout] 
[INFO] [stdout] 
[INFO] [stdout] warning: struct `StorableTarrowTree` is never constructed
[INFO] [stdout]   --> src/models.rs:14:12
[INFO] [stdout]    |
[INFO] [stdout] 14 | pub struct StorableTarrowTree<'a> {
[INFO] [stdout]    |            ^^^^^^^^^^^^^^^^^^
[INFO] [stdout] 
[INFO] [stdout] 
[INFO] [stdout] warning: struct `TarrowTree` is never constructed
[INFO] [stdout]   --> src/models.rs:18:12
[INFO] [stdout]    |
[INFO] [stdout] 18 | pub struct TarrowTree<'a> {
[INFO] [stdout]    |            ^^^^^^^^^^
[INFO] [stdout] 
[INFO] [stdout] 
[INFO] [stdout] warning: struct `TarrowRef` is never constructed
[INFO] [stdout]   --> src/models.rs:22:8
[INFO] [stdout]    |
[INFO] [stdout] 22 | struct TarrowRef {
[INFO] [stdout]    |        ^^^^^^^^^
[INFO] [stdout] 
[INFO] [stdout] 
[INFO] [stdout] warning: associated function `from` is never used
[INFO] [stdout]   --> src/models.rs:27:8
[INFO] [stdout]    |
[INFO] [stdout] 26 | impl TarrowRef {
[INFO] [stdout]    | -------------- associated function in this implementation
[INFO] [stdout] 27 |     fn from(ref_name: String) -> Self {
[INFO] [stdout]    |        ^^^^
[INFO] [stdout] 
[INFO] [stdout] 
[INFO] [stdout] warning: struct `Tarrow` is never constructed
[INFO] [stdout]  --> src/tarrow.rs:5:8
[INFO] [stdout]   |
[INFO] [stdout] 5 | struct Tarrow {
[INFO] [stdout]   |        ^^^^^^
[INFO] [stdout] 
[INFO] [stdout] 
[INFO] [stdout] warning: method `store` is never used
[INFO] [stdout]   --> src/tarrow.rs:11:8
[INFO] [stdout]    |
[INFO] [stdout] 10 | impl Tarrow {
[INFO] [stdout]    | ----------- method in this implementation
[INFO] [stdout] 11 |     fn store(
[INFO] [stdout]    |        ^^^^^
[INFO] [stdout] 
[INFO] [stdout] 
[INFO] [stdout] warning: struct `TreeDb` is never constructed
[INFO] [stdout]  --> src/tree_db/tree_db.rs:1:12
[INFO] [stdout]   |
[INFO] [stdout] 1 | pub struct TreeDb {
[INFO] [stdout]   |            ^^^^^^
[INFO] [stdout] 
[INFO] [stdout] 
[INFO] [stderr]     Finished `test` profile [unoptimized + debuginfo] target(s) in 33.09s
[INFO] running `Command { std: "docker" "inspect" "ee938a7e5727e12e249252d8be2eff51d5dd886ec9f09b949d1dda40efb938f3", kill_on_drop: false }`
[INFO] running `Command { std: "docker" "rm" "-f" "ee938a7e5727e12e249252d8be2eff51d5dd886ec9f09b949d1dda40efb938f3", kill_on_drop: false }`
[INFO] [stdout] ee938a7e5727e12e249252d8be2eff51d5dd886ec9f09b949d1dda40efb938f3
[INFO] running `Command { std: "docker" "create" "-v" "/var/lib/crater-agent-workspace/builds/worker-6-tc1/target:/opt/rustwide/target:rw,Z" "-v" "/var/lib/crater-agent-workspace/builds/worker-6-tc1/source:/opt/rustwide/workdir:ro,Z" "-v" "/var/lib/crater-agent-workspace/cargo-home:/opt/rustwide/cargo-home:ro,Z" "-v" "/var/lib/crater-agent-workspace/rustup-home:/opt/rustwide/rustup-home:ro,Z" "-e" "SOURCE_DIR=/opt/rustwide/workdir" "-e" "CARGO_TARGET_DIR=/opt/rustwide/target" "-e" "CARGO_INCREMENTAL=0" "-e" "RUST_BACKTRACE=full" "-e" "RUSTFLAGS=--cap-lints=forbid" "-e" "RUSTDOCFLAGS=--cap-lints=forbid" "-e" "CARGO_HOME=/opt/rustwide/cargo-home" "-e" "RUSTUP_HOME=/opt/rustwide/rustup-home" "-w" "/opt/rustwide/workdir" "-m" "1610612736" "--user" "0:0" "--network" "none" "ghcr.io/rust-lang/crates-build-env/linux@sha256:819108c5571ea2e421544af4d832f968d213c87fbe3707a016657f43d2f853bc" "/opt/rustwide/cargo-home/bin/cargo" "+nightly-2025-01-18" "test" "--frozen", kill_on_drop: false }`
[INFO] [stdout] 1d42e37f745108113b65a60f81bb0e3b42df8e9bfff577b8860885a9092019a7
[INFO] running `Command { std: "docker" "start" "-a" "1d42e37f745108113b65a60f81bb0e3b42df8e9bfff577b8860885a9092019a7", kill_on_drop: false }`
[INFO] [stderr] warning: unused import: `max`
[INFO] [stderr]  --> src/object_db/object_db.rs:1:16
[INFO] [stderr]   |
[INFO] [stderr] 1 | use std::cmp::{max, min};
[INFO] [stderr]   |                ^^^
[INFO] [stderr]   |
[INFO] [stderr]   = note: `#[warn(unused_imports)]` on by default
[INFO] [stderr] 
[INFO] [stderr] warning: unused import: `QueryResult`
[INFO] [stderr]  --> src/object_db/object_db.rs:2:41
[INFO] [stderr]   |
[INFO] [stderr] 2 | use diesel::{insert_into, PgConnection, QueryResult, RunQueryDsl};
[INFO] [stderr]   |                                         ^^^^^^^^^^^
[INFO] [stderr] 
[INFO] [stderr] warning: unused import: `write`
[INFO] [stderr]  --> src/object_db/errors.rs:1:36
[INFO] [stderr]   |
[INFO] [stderr] 1 | use std::fmt::{Display, Formatter, write};
[INFO] [stderr]   |                                    ^^^^^
[INFO] [stderr] 
[INFO] [stderr] warning: unused variable: `content_addresses`
[INFO] [stderr]   --> src/object_db/object_db.rs:40:9
[INFO] [stderr]    |
[INFO] [stderr] 40 |         content_addresses: Vec<ContentAddress>
[INFO] [stderr]    |         ^^^^^^^^^^^^^^^^^ help: if this is intentional, prefix it with an underscore: `_content_addresses`
[INFO] [stderr]    |
[INFO] [stderr]    = note: `#[warn(unused_variables)]` on by default
[INFO] [stderr] 
[INFO] [stderr] warning: unused variable: `error_info`
[INFO] [stderr]   --> src/object_db/object_db.rs:79:63
[INFO] [stderr]    |
[INFO] [stderr] 79 |                     Error::DatabaseError(database_error_kind, error_info) => {
[INFO] [stderr]    |                                                               ^^^^^^^^^^ help: if this is intentional, prefix it with an underscore: `_error_info`
[INFO] [stderr] 
[INFO] [stderr] warning: unused variable: `tree`
[INFO] [stderr]   --> src/tarrow.rs:13:9
[INFO] [stderr]    |
[INFO] [stderr] 13 |         tree: StorableTarrowTree
[INFO] [stderr]    |         ^^^^ help: if this is intentional, prefix it with an underscore: `_tree`
[INFO] [stderr] 
[INFO] [stderr] warning: struct `ObjectDb` is never constructed
[INFO] [stderr]   --> src/object_db/object_db.rs:24:12
[INFO] [stderr]    |
[INFO] [stderr] 24 | pub struct ObjectDb {
[INFO] [stderr]    |            ^^^^^^^^
[INFO] [stderr]    |
[INFO] [stderr]    = note: `#[warn(dead_code)]` on by default
[INFO] [stderr] 
[INFO] [stderr] warning: function `sha_256` is never used
[INFO] [stderr]   --> src/object_db/object_db.rs:27:4
[INFO] [stderr]    |
[INFO] [stderr] 27 | fn sha_256(content: &Vec<u8>) -> Result<Vec<u8>, anyhow::Error> {
[INFO] [stderr]    |    ^^^^^^^
[INFO] [stderr] 
[INFO] [stderr] warning: associated items `new`, `get_blobs`, and `store_object` are never used
[INFO] [stderr]   --> src/object_db/object_db.rs:34:12
[INFO] [stderr]    |
[INFO] [stderr] 33 | impl ObjectDb {
[INFO] [stderr]    | ------------- associated items in this implementation
[INFO] [stderr] 34 |     pub fn new() -> Self {
[INFO] [stderr]    |            ^^^
[INFO] [stderr] ...
[INFO] [stderr] 38 |     pub fn get_blobs(
[INFO] [stderr]    |            ^^^^^^^^^
[INFO] [stderr] ...
[INFO] [stderr] 45 |     pub fn store_object(
[INFO] [stderr]    |            ^^^^^^^^^^^^
[INFO] [stderr] 
[INFO] [stderr] warning: struct `StoreObjectRequest` is never constructed
[INFO] [stderr]  --> src/object_db/models.rs:3:12
[INFO] [stderr]   |
[INFO] [stderr] 3 | pub struct StoreObjectRequest {
[INFO] [stderr]   |            ^^^^^^^^^^^^^^^^^^
[INFO] [stderr] 
[INFO] [stderr] warning: struct `StoredObject` is never constructed
[INFO] [stderr]  --> src/object_db/models.rs:8:12
[INFO] [stderr]   |
[INFO] [stderr] 8 | pub struct StoredObject {
[INFO] [stderr]   |            ^^^^^^^^^^^^
[INFO] [stderr] 
[INFO] [stderr] warning: variant `ObjectCollisionError` is never constructed
[INFO] [stderr]  --> src/object_db/errors.rs:6:5
[INFO] [stderr]   |
[INFO] [stderr] 5 | pub enum ObjectStorageError {
[INFO] [stderr]   |          ------------------ variant in this enum
[INFO] [stderr] 6 |     ObjectCollisionError {
[INFO] [stderr]   |     ^^^^^^^^^^^^^^^^^^^^
[INFO] [stderr]   |
[INFO] [stderr]   = note: `ObjectStorageError` has a derived impl for the trait `Debug`, but this is intentionally ignored during dead code analysis
[INFO] [stderr] 
[INFO] [stderr] warning: struct `DataBlob` is never constructed
[INFO] [stderr]  --> src/models.rs:4:12
[INFO] [stderr]   |
[INFO] [stderr] 4 | pub struct DataBlob<'a> {
[INFO] [stderr]   |            ^^^^^^^^
[INFO] [stderr] 
[INFO] [stderr] warning: enum `TreeEntry` is never used
[INFO] [stderr]  --> src/models.rs:9:10
[INFO] [stderr]   |
[INFO] [stderr] 9 | pub enum TreeEntry<'a> {
[INFO] [stderr]   |          ^^^^^^^^^
[INFO] [stderr] 
[INFO] [stderr] warning: struct `StorableTarrowTree` is never constructed
[INFO] [stderr]   --> src/models.rs:14:12
[INFO] [stderr]    |
[INFO] [stderr] 14 | pub struct StorableTarrowTree<'a> {
[INFO] [stderr]    |            ^^^^^^^^^^^^^^^^^^
[INFO] [stderr] 
[INFO] [stderr] warning: struct `TarrowTree` is never constructed
[INFO] [stderr]   --> src/models.rs:18:12
[INFO] [stderr]    |
[INFO] [stderr] 18 | pub struct TarrowTree<'a> {
[INFO] [stderr]    |            ^^^^^^^^^^
[INFO] [stderr] 
[INFO] [stderr] warning: struct `TarrowRef` is never constructed
[INFO] [stderr]   --> src/models.rs:22:8
[INFO] [stderr]    |
[INFO] [stderr] 22 | struct TarrowRef {
[INFO] [stderr]    |        ^^^^^^^^^
[INFO] [stderr] 
[INFO] [stderr] warning: associated function `from` is never used
[INFO] [stderr]   --> src/models.rs:27:8
[INFO] [stderr]    |
[INFO] [stderr] 26 | impl TarrowRef {
[INFO] [stderr]    | -------------- associated function in this implementation
[INFO] [stderr] 27 |     fn from(ref_name: String) -> Self {
[INFO] [stderr]    |        ^^^^
[INFO] [stderr] 
[INFO] [stderr] warning: struct `Tarrow` is never constructed
[INFO] [stderr]  --> src/tarrow.rs:5:8
[INFO] [stderr]   |
[INFO] [stderr] 5 | struct Tarrow {
[INFO] [stderr]   |        ^^^^^^
[INFO] [stderr] 
[INFO] [stderr] warning: method `store` is never used
[INFO] [stderr]   --> src/tarrow.rs:11:8
[INFO] [stderr]    |
[INFO] [stderr] 10 | impl Tarrow {
[INFO] [stderr]    | ----------- method in this implementation
[INFO] [stderr] 11 |     fn store(
[INFO] [stderr]    |        ^^^^^
[INFO] [stderr] 
[INFO] [stderr] warning: struct `TreeDb` is never constructed
[INFO] [stderr]  --> src/tree_db/tree_db.rs:1:12
[INFO] [stderr]   |
[INFO] [stderr] 1 | pub struct TreeDb {
[INFO] [stderr]   |            ^^^^^^
[INFO] [stderr] 
[INFO] [stderr] warning: type alias `ContentAddress` is never used
[INFO] [stderr]  --> src/core/types.rs:1:10
[INFO] [stderr]   |
[INFO] [stderr] 1 | pub type ContentAddress = [u8; 32];
[INFO] [stderr]   |          ^^^^^^^^^^^^^^
[INFO] [stderr] 
[INFO] [stderr] warning: `tarrow` (lib) generated 22 warnings (run `cargo fix --lib -p tarrow` to apply 3 suggestions)
[INFO] [stderr] warning: #[sql_type] attribute form is deprecated
[INFO] [stderr]   = help: use `#[diesel(sql_type = Integer)]` instead
[INFO] [stderr] 
[INFO] [stderr] warning: unused import: `TestingContext`
[INFO] [stderr]   --> src/tests/example_db_test.rs:11:85
[INFO] [stderr]    |
[INFO] [stderr] 11 |     use crate::tests::common_setup::common::{get_common_testing_context, init_test, TestingContext};
[INFO] [stderr]    |                                                                                     ^^^^^^^^^^^^^^
[INFO] [stderr]    |
[INFO] [stderr]    = note: `#[warn(unused_imports)]` on by default
[INFO] [stderr] 
[INFO] [stderr] warning: unused import: `max`
[INFO] [stderr]  --> src/object_db/object_db.rs:1:16
[INFO] [stderr]   |
[INFO] [stderr] 1 | use std::cmp::{max, min};
[INFO] [stderr]   |                ^^^
[INFO] [stderr] 
[INFO] [stderr] warning: unused variable: `result`
[INFO] [stderr]   --> src/tests/example_db_test.rs:40:13
[INFO] [stderr]    |
[INFO] [stderr] 40 |         let result = object_db.store_object(
[INFO] [stderr]    |             ^^^^^^ help: if this is intentional, prefix it with an underscore: `_result`
[INFO] [stderr]    |
[INFO] [stderr]    = note: `#[warn(unused_variables)]` on by default
[INFO] [stderr] 
[INFO] [stderr] warning: unused variable: `content_addresses`
[INFO] [stderr]   --> src/object_db/object_db.rs:40:9
[INFO] [stderr]    |
[INFO] [stderr] 40 |         content_addresses: Vec<ContentAddress>
[INFO] [stderr]    |         ^^^^^^^^^^^^^^^^^ help: if this is intentional, prefix it with an underscore: `_content_addresses`
[INFO] [stderr] 
[INFO] [stderr] warning: field `result` is never read
[INFO] [stderr]   --> src/tests/example_db_test.rs:18:17
[INFO] [stderr]    |
[INFO] [stderr] 16 |         struct ExampleDbTestData {
[INFO] [stderr]    |                ----------------- field in this struct
[INFO] [stderr] 17 |             #[sql_type = "Integer"]
[INFO] [stderr] 18 |             pub result: i32
[INFO] [stderr]    |                 ^^^^^^
[INFO] [stderr]    |
[INFO] [stderr]    = note: `ExampleDbTestData` has a derived impl for the trait `Debug`, but this is intentionally ignored during dead code analysis
[INFO] [stderr]    = note: `#[warn(dead_code)]` on by default
[INFO] [stderr] 
[INFO] [stderr] warning: constant `MIGRATIONS` is never used
[INFO] [stderr]   --> src/tests/common_setup.rs:11:15
[INFO] [stderr]    |
[INFO] [stderr] 11 |     pub const MIGRATIONS: EmbeddedMigrations = embed_migrations!("./migrations");
[INFO] [stderr]    |               ^^^^^^^^^^
[INFO] [stderr] 
[INFO] [stderr] warning: method `get_blobs` is never used
[INFO] [stderr]   --> src/object_db/object_db.rs:38:12
[INFO] [stderr]    |
[INFO] [stderr] 33 | impl ObjectDb {
[INFO] [stderr]    | ------------- method in this implementation
[INFO] [stderr] ...
[INFO] [stderr] 38 |     pub fn get_blobs(
[INFO] [stderr]    |            ^^^^^^^^^
[INFO] [stderr] 
[INFO] [stderr] warning: field `metadata` is never read
[INFO] [stderr]  --> src/object_db/models.rs:5:9
[INFO] [stderr]   |
[INFO] [stderr] 3 | pub struct StoreObjectRequest {
[INFO] [stderr]   |            ------------------ field in this struct
[INFO] [stderr] 4 |     pub object_data: Vec<u8>,
[INFO] [stderr] 5 |     pub metadata: serde_json::Value
[INFO] [stderr]   |         ^^^^^^^^
[INFO] [stderr] 
[INFO] [stderr] warning: `tarrow` (lib test) generated 21 warnings (13 duplicates) (run `cargo fix --lib -p tarrow --tests` to apply 2 suggestions)
[INFO] [stderr]     Finished `test` profile [unoptimized + debuginfo] target(s) in 0.28s
[INFO] [stderr]      Running unittests src/lib.rs (/opt/rustwide/target/debug/deps/tarrow-c8131cbc6fe6f54f)
[INFO] [stdout] 
[INFO] [stdout] running 3 tests
[INFO] [stdout] test tests::example_db_test::tests::test_db_should_connect ... FAILED
[INFO] [stdout] test tests::example_db_test::tests::insert_blob ... FAILED
[INFO] [stdout] test tests::example_db_test::tests::object_collision_test ... FAILED
[INFO] [stdout] 
[INFO] [stdout] failures:
[INFO] [stdout] 
[INFO] [stdout] ---- tests::example_db_test::tests::test_db_should_connect stdout ----
[INFO] [stdout] 
[INFO] [stdout] thread 'tests::example_db_test::tests::test_db_should_connect' panicked at src/tests/common_setup.rs:38:37:
[INFO] [stdout] Error connecting to testing database (db_url=postgres://tarrow-dev:tarrow-dev@localhost:35431/tarrow-test-db), error=BadConnection("connection to server at \"localhost\" (::1), port 35431 failed: Connection refused\n\tIs the server running on that host and accepting TCP/IP connections?\nconnection to server at \"localhost\" (127.0.0.1), port 35431 failed: Connection refused\n\tIs the server running on that host and accepting TCP/IP connections?\n")
[INFO] [stdout] stack backtrace:
[INFO] [stdout]    0:     0x5727da44913a - std::backtrace_rs::backtrace::libunwind::trace::hb059275cfc8d6126
[INFO] [stdout]                                at /rustc/6067b36314ab5eb2eb47cecc464545ba58e1ad24/library/std/src/../../backtrace/src/backtrace/libunwind.rs:116:5
[INFO] [stdout]    1:     0x5727da44913a - std::backtrace_rs::backtrace::trace_unsynchronized::h2da071e4327ce3ee
[INFO] [stdout]                                at /rustc/6067b36314ab5eb2eb47cecc464545ba58e1ad24/library/std/src/../../backtrace/src/backtrace/mod.rs:66:5
[INFO] [stdout]    2:     0x5727da44913a - std::sys::backtrace::_print_fmt::h842a1474e6f8d23f
[INFO] [stdout]                                at /rustc/6067b36314ab5eb2eb47cecc464545ba58e1ad24/library/std/src/sys/backtrace.rs:66:9
[INFO] [stdout]    3:     0x5727da44913a - <std::sys::backtrace::BacktraceLock::print::DisplayBacktrace as core::fmt::Display>::fmt::h71a62eb3b9696b12
[INFO] [stdout]                                at /rustc/6067b36314ab5eb2eb47cecc464545ba58e1ad24/library/std/src/sys/backtrace.rs:39:26
[INFO] [stdout]    4:     0x5727da471673 - core::fmt::rt::Argument::fmt::hdb6b616786b41dc1
[INFO] [stdout]                                at /rustc/6067b36314ab5eb2eb47cecc464545ba58e1ad24/library/core/src/fmt/rt.rs:177:76
[INFO] [stdout]    5:     0x5727da471673 - core::fmt::write::h2cc1698af7e2d686
[INFO] [stdout]                                at /rustc/6067b36314ab5eb2eb47cecc464545ba58e1ad24/library/core/src/fmt/mod.rs:1440:21
[INFO] [stdout]    6:     0x5727da445a43 - std::io::Write::write_fmt::hab1b4cd059a79022
[INFO] [stdout]                                at /rustc/6067b36314ab5eb2eb47cecc464545ba58e1ad24/library/std/src/io/mod.rs:1887:15
[INFO] [stdout]    7:     0x5727da448f82 - std::sys::backtrace::BacktraceLock::print::h147fe35b4ea13b08
[INFO] [stdout]                                at /rustc/6067b36314ab5eb2eb47cecc464545ba58e1ad24/library/std/src/sys/backtrace.rs:42:9
[INFO] [stdout]    8:     0x5727da44a55f - std::panicking::default_hook::{{closure}}::hbd44223dbdc0d208
[INFO] [stdout]                                at /rustc/6067b36314ab5eb2eb47cecc464545ba58e1ad24/library/std/src/panicking.rs:298:22
[INFO] [stdout]    9:     0x5727da44a378 - std::panicking::default_hook::h20f81eb0576efcec
[INFO] [stdout]                                at /rustc/6067b36314ab5eb2eb47cecc464545ba58e1ad24/library/std/src/panicking.rs:322:9
[INFO] [stdout]   10:     0x5727da3a5a03 - <alloc::boxed::Box<F,A> as core::ops::function::Fn<Args>>::call::hdb53814c496a4d34
[INFO] [stdout]                                at /rustc/6067b36314ab5eb2eb47cecc464545ba58e1ad24/library/alloc/src/boxed.rs:2027:9
[INFO] [stdout]   11:     0x5727da3a5a03 - test::test_main::{{closure}}::hc0a4963c59427c24
[INFO] [stdout]                                at /rustc/6067b36314ab5eb2eb47cecc464545ba58e1ad24/library/test/src/lib.rs:134:21
[INFO] [stdout]   12:     0x5727da44b053 - <alloc::boxed::Box<F,A> as core::ops::function::Fn<Args>>::call::h591b2225413a77e9
[INFO] [stdout]                                at /rustc/6067b36314ab5eb2eb47cecc464545ba58e1ad24/library/alloc/src/boxed.rs:2027:9
[INFO] [stdout]   13:     0x5727da44b053 - std::panicking::rust_panic_with_hook::h625eea43051b2edc
[INFO] [stdout]                                at /rustc/6067b36314ab5eb2eb47cecc464545ba58e1ad24/library/std/src/panicking.rs:839:13
[INFO] [stdout]   14:     0x5727da44ad0a - std::panicking::begin_panic_handler::{{closure}}::h4f9159cfbc3f6bd3
[INFO] [stdout]                                at /rustc/6067b36314ab5eb2eb47cecc464545ba58e1ad24/library/std/src/panicking.rs:704:13
[INFO] [stdout]   15:     0x5727da449639 - std::sys::backtrace::__rust_end_short_backtrace::h0390abce48353151
[INFO] [stdout]                                at /rustc/6067b36314ab5eb2eb47cecc464545ba58e1ad24/library/std/src/sys/backtrace.rs:168:18
[INFO] [stdout]   16:     0x5727da44a99d - rust_begin_unwind
[INFO] [stdout]                                at /rustc/6067b36314ab5eb2eb47cecc464545ba58e1ad24/library/std/src/panicking.rs:695:5
[INFO] [stdout]   17:     0x5727da46fd00 - core::panicking::panic_fmt::h9e7c637e9e5f29c9
[INFO] [stdout]                                at /rustc/6067b36314ab5eb2eb47cecc464545ba58e1ad24/library/core/src/panicking.rs:75:14
[INFO] [stdout]   18:     0x5727da0c33ab - tarrow::tests::common_setup::common::get_common_testing_context::{{closure}}::{{closure}}::{{closure}}::{{closure}}::hc1bee7be95d708ea
[INFO] [stdout]                                at /opt/rustwide/workdir/src/tests/common_setup.rs:38:37
[INFO] [stdout]   19:     0x5727da0c78b8 - core::result::Result<T,E>::unwrap_or_else::hab556cc6eed2ea94
[INFO] [stdout]                                at /rustc/6067b36314ab5eb2eb47cecc464545ba58e1ad24/library/core/src/result.rs:1463:23
[INFO] [stdout]   20:     0x5727da0c320f - tarrow::tests::common_setup::common::get_common_testing_context::{{closure}}::{{closure}}::{{closure}}::hd55f49bec031a55f
[INFO] [stdout]                                at /opt/rustwide/workdir/src/tests/common_setup.rs:37:33
[INFO] [stdout]   21:     0x5727da0c84d3 - tokio::sync::once_cell::OnceCell<T>::get_or_init::{{closure}}::h44ad625105290343
[INFO] [stdout]                                at /opt/rustwide/cargo-home/registry/src/index.crates.io-1949cf8c6b5b557f/tokio-1.37.0/src/sync/once_cell.rs:368:37
[INFO] [stdout]   22:     0x5727da0c304c - tarrow::tests::common_setup::common::get_common_testing_context::{{closure}}::h6f1b7627af4b6436
[INFO] [stdout]                                at /opt/rustwide/workdir/src/tests/common_setup.rs:44:12
[INFO] [stdout]   23:     0x5727da0b7642 - tarrow::tests::example_db_test::tests::test_db_should_connect::{{closure}}::h309ce735b741c609
[INFO] [stdout]                                at /opt/rustwide/workdir/src/tests/example_db_test.rs:22:14
[INFO] [stdout]   24:     0x5727da0b7042 - <core::pin::Pin<P> as core::future::future::Future>::poll::hbbe4ef2b7e5868f7
[INFO] [stdout]                                at /rustc/6067b36314ab5eb2eb47cecc464545ba58e1ad24/library/core/src/future/future.rs:124:9
[INFO] [stdout]   25:     0x5727da0b6ffd - <core::pin::Pin<P> as core::future::future::Future>::poll::h27b81d97eaf23081
[INFO] [stdout]                                at /rustc/6067b36314ab5eb2eb47cecc464545ba58e1ad24/library/core/src/future/future.rs:124:9
[INFO] [stdout]   26:     0x5727da0b5f8f - tokio::runtime::scheduler::current_thread::CoreGuard::block_on::{{closure}}::{{closure}}::{{closure}}::h44cd20f93771becb
[INFO] [stdout]                                at /opt/rustwide/cargo-home/registry/src/index.crates.io-1949cf8c6b5b557f/tokio-1.37.0/src/runtime/scheduler/current_thread/mod.rs:659:57
[INFO] [stdout]   27:     0x5727da0b5ed5 - tokio::runtime::coop::with_budget::hf0bdd9cff1ee71ab
[INFO] [stdout]                                at /opt/rustwide/cargo-home/registry/src/index.crates.io-1949cf8c6b5b557f/tokio-1.37.0/src/runtime/coop.rs:107:5
[INFO] [stdout]   28:     0x5727da0b5ed5 - tokio::runtime::coop::budget::h790d0d66e0fec9c4
[INFO] [stdout]                                at /opt/rustwide/cargo-home/registry/src/index.crates.io-1949cf8c6b5b557f/tokio-1.37.0/src/runtime/coop.rs:73:5
[INFO] [stdout]   29:     0x5727da0b5ed5 - tokio::runtime::scheduler::current_thread::CoreGuard::block_on::{{closure}}::{{closure}}::hd60655c368055436
[INFO] [stdout]                                at /opt/rustwide/cargo-home/registry/src/index.crates.io-1949cf8c6b5b557f/tokio-1.37.0/src/runtime/scheduler/current_thread/mod.rs:659:25
[INFO] [stdout]   30:     0x5727da0b49b0 - tokio::runtime::scheduler::current_thread::Context::enter::ha11c10c3db926320
[INFO] [stdout]                                at /opt/rustwide/cargo-home/registry/src/index.crates.io-1949cf8c6b5b557f/tokio-1.37.0/src/runtime/scheduler/current_thread/mod.rs:404:19
[INFO] [stdout]   31:     0x5727da0b574b - tokio::runtime::scheduler::current_thread::CoreGuard::block_on::{{closure}}::hcd7bace18d5d471f
[INFO] [stdout]                                at /opt/rustwide/cargo-home/registry/src/index.crates.io-1949cf8c6b5b557f/tokio-1.37.0/src/runtime/scheduler/current_thread/mod.rs:658:36
[INFO] [stdout]   32:     0x5727da0b54c4 - tokio::runtime::scheduler::current_thread::CoreGuard::enter::{{closure}}::hb106ad11d664e1f1
[INFO] [stdout]                                at /opt/rustwide/cargo-home/registry/src/index.crates.io-1949cf8c6b5b557f/tokio-1.37.0/src/runtime/scheduler/current_thread/mod.rs:737:68
[INFO] [stdout]   33:     0x5727da0c920b - tokio::runtime::context::scoped::Scoped<T>::set::h9a8c304924792de1
[INFO] [stdout]                                at /opt/rustwide/cargo-home/registry/src/index.crates.io-1949cf8c6b5b557f/tokio-1.37.0/src/runtime/context/scoped.rs:40:9
[INFO] [stdout]   34:     0x5727da0c9089 - tokio::runtime::context::set_scheduler::{{closure}}::h132ec2fbdfcfbee5
[INFO] [stdout]                                at /opt/rustwide/cargo-home/registry/src/index.crates.io-1949cf8c6b5b557f/tokio-1.37.0/src/runtime/context.rs:176:26
[INFO] [stdout]   35:     0x5727da0b9fd2 - std::thread::local::LocalKey<T>::try_with::h4ccfed7e42c9ac66
[INFO] [stdout]                                at /rustc/6067b36314ab5eb2eb47cecc464545ba58e1ad24/library/std/src/thread/local.rs:308:12
[INFO] [stdout]   36:     0x5727da0b9d8a - std::thread::local::LocalKey<T>::with::hc67dcb28a89e9045
[INFO] [stdout]                                at /rustc/6067b36314ab5eb2eb47cecc464545ba58e1ad24/library/std/src/thread/local.rs:272:9
[INFO] [stdout]   37:     0x5727da0c903d - tokio::runtime::context::set_scheduler::h918377d67ece7b78
[INFO] [stdout]                                at /opt/rustwide/cargo-home/registry/src/index.crates.io-1949cf8c6b5b557f/tokio-1.37.0/src/runtime/context.rs:176:9
[INFO] [stdout]   38:     0x5727da0b5270 - tokio::runtime::scheduler::current_thread::CoreGuard::enter::h3b4fc8c33563fcd4
[INFO] [stdout]                                at /opt/rustwide/cargo-home/registry/src/index.crates.io-1949cf8c6b5b557f/tokio-1.37.0/src/runtime/scheduler/current_thread/mod.rs:737:27
[INFO] [stdout]   39:     0x5727da0b54e3 - tokio::runtime::scheduler::current_thread::CoreGuard::block_on::ha58f8fb363f0912c
[INFO] [stdout]                                at /opt/rustwide/cargo-home/registry/src/index.crates.io-1949cf8c6b5b557f/tokio-1.37.0/src/runtime/scheduler/current_thread/mod.rs:646:19
[INFO] [stdout]   40:     0x5727da0b44fd - tokio::runtime::scheduler::current_thread::CurrentThread::block_on::{{closure}}::h7c868a281b592822
[INFO] [stdout]                                at /opt/rustwide/cargo-home/registry/src/index.crates.io-1949cf8c6b5b557f/tokio-1.37.0/src/runtime/scheduler/current_thread/mod.rs:175:28
[INFO] [stdout]   41:     0x5727da0bb267 - tokio::runtime::context::runtime::enter_runtime::hcc2a9f4ee92dfb30
[INFO] [stdout]                                at /opt/rustwide/cargo-home/registry/src/index.crates.io-1949cf8c6b5b557f/tokio-1.37.0/src/runtime/context/runtime.rs:65:16
[INFO] [stdout]   42:     0x5727da0b4421 - tokio::runtime::scheduler::current_thread::CurrentThread::block_on::hb31b997dd4474717
[INFO] [stdout]                                at /opt/rustwide/cargo-home/registry/src/index.crates.io-1949cf8c6b5b557f/tokio-1.37.0/src/runtime/scheduler/current_thread/mod.rs:167:9
[INFO] [stdout]   43:     0x5727da0bfc72 - tokio::runtime::runtime::Runtime::block_on::hd1ee2ad9ed476626
[INFO] [stdout]                                at /opt/rustwide/cargo-home/registry/src/index.crates.io-1949cf8c6b5b557f/tokio-1.37.0/src/runtime/runtime.rs:349:47
[INFO] [stdout]   44:     0x5727da0b746d - tarrow::tests::example_db_test::tests::test_db_should_connect::hb4332166b59643a8
[INFO] [stdout]                                at /opt/rustwide/workdir/src/tests/example_db_test.rs:30:9
[INFO] [stdout]   45:     0x5727da0b7317 - tarrow::tests::example_db_test::tests::test_db_should_connect::{{closure}}::h7b0a8c588f01cd5d
[INFO] [stdout]                                at /opt/rustwide/workdir/src/tests/example_db_test.rs:14:38
[INFO] [stdout]   46:     0x5727da0be486 - core::ops::function::FnOnce::call_once::h4bfdbcfefe7ad9d3
[INFO] [stdout]                                at /rustc/6067b36314ab5eb2eb47cecc464545ba58e1ad24/library/core/src/ops/function.rs:250:5
[INFO] [stdout]   47:     0x5727da3ab15b - core::ops::function::FnOnce::call_once::he27718dfdd183f43
[INFO] [stdout]                                at /rustc/6067b36314ab5eb2eb47cecc464545ba58e1ad24/library/core/src/ops/function.rs:250:5
[INFO] [stdout]   48:     0x5727da3ab15b - test::__rust_begin_short_backtrace::h4e84902998457a5d
[INFO] [stdout]                                at /rustc/6067b36314ab5eb2eb47cecc464545ba58e1ad24/library/test/src/lib.rs:632:18
[INFO] [stdout]   49:     0x5727da3aa093 - test::run_test_in_process::{{closure}}::h7176fd18fc1feca0
[INFO] [stdout]                                at /rustc/6067b36314ab5eb2eb47cecc464545ba58e1ad24/library/test/src/lib.rs:655:60
[INFO] [stdout]   50:     0x5727da3aa093 - <core::panic::unwind_safe::AssertUnwindSafe<F> as core::ops::function::FnOnce<()>>::call_once::hf79cff2a624d8cf7
[INFO] [stdout]                                at /rustc/6067b36314ab5eb2eb47cecc464545ba58e1ad24/library/core/src/panic/unwind_safe.rs:272:9
[INFO] [stdout]   51:     0x5727da3aa093 - std::panicking::try::do_call::h3da0561d9ab99c25
[INFO] [stdout]                                at /rustc/6067b36314ab5eb2eb47cecc464545ba58e1ad24/library/std/src/panicking.rs:587:40
[INFO] [stdout]   52:     0x5727da3aa093 - std::panicking::try::h41c9fa508bc61df6
[INFO] [stdout]                                at /rustc/6067b36314ab5eb2eb47cecc464545ba58e1ad24/library/std/src/panicking.rs:550:19
[INFO] [stdout]   53:     0x5727da3aa093 - std::panic::catch_unwind::h6b3ff07bb5afad93
[INFO] [stdout]                                at /rustc/6067b36314ab5eb2eb47cecc464545ba58e1ad24/library/std/src/panic.rs:358:14
[INFO] [stdout]   54:     0x5727da3aa093 - test::run_test_in_process::hc7253dd11b39b9f4
[INFO] [stdout]                                at /rustc/6067b36314ab5eb2eb47cecc464545ba58e1ad24/library/test/src/lib.rs:655:27
[INFO] [stdout]   55:     0x5727da3aa093 - test::run_test::{{closure}}::hfb2007f8649c30bb
[INFO] [stdout]                                at /rustc/6067b36314ab5eb2eb47cecc464545ba58e1ad24/library/test/src/lib.rs:576:43
[INFO] [stdout]   56:     0x5727da36d175 - test::run_test::{{closure}}::h56a17aa7a282a9f4
[INFO] [stdout]                                at /rustc/6067b36314ab5eb2eb47cecc464545ba58e1ad24/library/test/src/lib.rs:606:41
[INFO] [stdout]   57:     0x5727da36d175 - std::sys::backtrace::__rust_begin_short_backtrace::hd2d2d2fb8e8c6aac
[INFO] [stdout]                                at /rustc/6067b36314ab5eb2eb47cecc464545ba58e1ad24/library/std/src/sys/backtrace.rs:152:18
[INFO] [stdout]   58:     0x5727da370a5a - std::thread::Builder::spawn_unchecked_::{{closure}}::{{closure}}::h4faa3f9db6133423
[INFO] [stdout]                                at /rustc/6067b36314ab5eb2eb47cecc464545ba58e1ad24/library/std/src/thread/mod.rs:559:17
[INFO] [stdout]   59:     0x5727da370a5a - <core::panic::unwind_safe::AssertUnwindSafe<F> as core::ops::function::FnOnce<()>>::call_once::hf2e855a36a4ea846
[INFO] [stdout]                                at /rustc/6067b36314ab5eb2eb47cecc464545ba58e1ad24/library/core/src/panic/unwind_safe.rs:272:9
[INFO] [stdout]   60:     0x5727da370a5a - std::panicking::try::do_call::h2f73af3616c35465
[INFO] [stdout]                                at /rustc/6067b36314ab5eb2eb47cecc464545ba58e1ad24/library/std/src/panicking.rs:587:40
[INFO] [stdout]   61:     0x5727da370a5a - std::panicking::try::hd1660ce9efadef5a
[INFO] [stdout]                                at /rustc/6067b36314ab5eb2eb47cecc464545ba58e1ad24/library/std/src/panicking.rs:550:19
[INFO] [stdout]   62:     0x5727da370a5a - std::panic::catch_unwind::h5ee8d7823b8ca744
[INFO] [stdout]                                at /rustc/6067b36314ab5eb2eb47cecc464545ba58e1ad24/library/std/src/panic.rs:358:14
[INFO] [stdout]   63:     0x5727da370a5a - std::thread::Builder::spawn_unchecked_::{{closure}}::h53c3a1894dce8407
[INFO] [stdout]                                at /rustc/6067b36314ab5eb2eb47cecc464545ba58e1ad24/library/std/src/thread/mod.rs:557:30
[INFO] [stdout]   64:     0x5727da370a5a - core::ops::function::FnOnce::call_once{{vtable.shim}}::h048ce291ad4f62bf
[INFO] [stdout]                                at /rustc/6067b36314ab5eb2eb47cecc464545ba58e1ad24/library/core/src/ops/function.rs:250:5
[INFO] [stdout]   65:     0x5727da44ef8b - <alloc::boxed::Box<F,A> as core::ops::function::FnOnce<Args>>::call_once::ha52bedf99a3b4981
[INFO] [stdout]                                at /rustc/6067b36314ab5eb2eb47cecc464545ba58e1ad24/library/alloc/src/boxed.rs:2013:9
[INFO] [stdout]   66:     0x5727da44ef8b - <alloc::boxed::Box<F,A> as core::ops::function::FnOnce<Args>>::call_once::h567748934d80ccf8
[INFO] [stdout]                                at /rustc/6067b36314ab5eb2eb47cecc464545ba58e1ad24/library/alloc/src/boxed.rs:2013:9
[INFO] [stdout]   67:     0x5727da44ef8b - std::sys::pal::unix::thread::Thread::new::thread_start::h2d970728ae887adc
[INFO] [stdout]                                at /rustc/6067b36314ab5eb2eb47cecc464545ba58e1ad24/library/std/src/sys/pal/unix/thread.rs:106:17
[INFO] [stdout]   68:     0x777516cc1ac3 - <unknown>
[INFO] [stdout]   69:     0x777516d52a04 - clone
[INFO] [stdout]   70:                0x0 - <unknown>
[INFO] [stdout] 
[INFO] [stdout] ---- tests::example_db_test::tests::insert_blob stdout ----
[INFO] [stdout] 
[INFO] [stdout] thread 'tests::example_db_test::tests::insert_blob' panicked at src/tests/common_setup.rs:38:37:
[INFO] [stdout] Error connecting to testing database (db_url=postgres://tarrow-dev:tarrow-dev@localhost:35431/tarrow-test-db), error=BadConnection("connection to server at \"localhost\" (::1), port 35431 failed: Connection refused\n\tIs the server running on that host and accepting TCP/IP connections?\nconnection to server at \"localhost\" (127.0.0.1), port 35431 failed: Connection refused\n\tIs the server running on that host and accepting TCP/IP connections?\n")
[INFO] [stdout] stack backtrace:
[INFO] [stdout]    0:     0x5727da44913a - std::backtrace_rs::backtrace::libunwind::trace::hb059275cfc8d6126
[INFO] [stdout]                                at /rustc/6067b36314ab5eb2eb47cecc464545ba58e1ad24/library/std/src/../../backtrace/src/backtrace/libunwind.rs:116:5
[INFO] [stdout]    1:     0x5727da44913a - std::backtrace_rs::backtrace::trace_unsynchronized::h2da071e4327ce3ee
[INFO] [stdout]                                at /rustc/6067b36314ab5eb2eb47cecc464545ba58e1ad24/library/std/src/../../backtrace/src/backtrace/mod.rs:66:5
[INFO] [stdout]    2:     0x5727da44913a - std::sys::backtrace::_print_fmt::h842a1474e6f8d23f
[INFO] [stdout]                                at /rustc/6067b36314ab5eb2eb47cecc464545ba58e1ad24/library/std/src/sys/backtrace.rs:66:9
[INFO] [stdout]    3:     0x5727da44913a - <std::sys::backtrace::BacktraceLock::print::DisplayBacktrace as core::fmt::Display>::fmt::h71a62eb3b9696b12
[INFO] [stdout]                                at /rustc/6067b36314ab5eb2eb47cecc464545ba58e1ad24/library/std/src/sys/backtrace.rs:39:26
[INFO] [stdout]    4:     0x5727da471673 - core::fmt::rt::Argument::fmt::hdb6b616786b41dc1
[INFO] [stdout]                                at /rustc/6067b36314ab5eb2eb47cecc464545ba58e1ad24/library/core/src/fmt/rt.rs:177:76
[INFO] [stdout]    5:     0x5727da471673 - core::fmt::write::h2cc1698af7e2d686
[INFO] [stdout]                                at /rustc/6067b36314ab5eb2eb47cecc464545ba58e1ad24/library/core/src/fmt/mod.rs:1440:21
[INFO] [stdout]    6:     0x5727da445a43 - std::io::Write::write_fmt::hab1b4cd059a79022
[INFO] [stdout]                                at /rustc/6067b36314ab5eb2eb47cecc464545ba58e1ad24/library/std/src/io/mod.rs:1887:15
[INFO] [stdout]    7:     0x5727da448f82 - std::sys::backtrace::BacktraceLock::print::h147fe35b4ea13b08
[INFO] [stdout]                                at /rustc/6067b36314ab5eb2eb47cecc464545ba58e1ad24/library/std/src/sys/backtrace.rs:42:9
[INFO] [stdout]    8:     0x5727da44a55f - std::panicking::default_hook::{{closure}}::hbd44223dbdc0d208
[INFO] [stdout]                                at /rustc/6067b36314ab5eb2eb47cecc464545ba58e1ad24/library/std/src/panicking.rs:298:22
[INFO] [stdout]    9:     0x5727da44a378 - std::panicking::default_hook::h20f81eb0576efcec
[INFO] [stdout]                                at /rustc/6067b36314ab5eb2eb47cecc464545ba58e1ad24/library/std/src/panicking.rs:322:9
[INFO] [stdout]   10:     0x5727da3a5a03 - <alloc::boxed::Box<F,A> as core::ops::function::Fn<Args>>::call::hdb53814c496a4d34
[INFO] [stdout]                                at /rustc/6067b36314ab5eb2eb47cecc464545ba58e1ad24/library/alloc/src/boxed.rs:2027:9
[INFO] [stdout]   11:     0x5727da3a5a03 - test::test_main::{{closure}}::hc0a4963c59427c24
[INFO] [stdout]                                at /rustc/6067b36314ab5eb2eb47cecc464545ba58e1ad24/library/test/src/lib.rs:134:21
[INFO] [stdout]   12:     0x5727da44b053 - <alloc::boxed::Box<F,A> as core::ops::function::Fn<Args>>::call::h591b2225413a77e9
[INFO] [stdout]                                at /rustc/6067b36314ab5eb2eb47cecc464545ba58e1ad24/library/alloc/src/boxed.rs:2027:9
[INFO] [stdout]   13:     0x5727da44b053 - std::panicking::rust_panic_with_hook::h625eea43051b2edc
[INFO] [stdout]                                at /rustc/6067b36314ab5eb2eb47cecc464545ba58e1ad24/library/std/src/panicking.rs:839:13
[INFO] [stdout]   14:     0x5727da44ad0a - std::panicking::begin_panic_handler::{{closure}}::h4f9159cfbc3f6bd3
[INFO] [stdout]                                at /rustc/6067b36314ab5eb2eb47cecc464545ba58e1ad24/library/std/src/panicking.rs:704:13
[INFO] [stdout]   15:     0x5727da449639 - std::sys::backtrace::__rust_end_short_backtrace::h0390abce48353151
[INFO] [stdout]                                at /rustc/6067b36314ab5eb2eb47cecc464545ba58e1ad24/library/std/src/sys/backtrace.rs:168:18
[INFO] [stdout]   16:     0x5727da44a99d - rust_begin_unwind
[INFO] [stdout]                                at /rustc/6067b36314ab5eb2eb47cecc464545ba58e1ad24/library/std/src/panicking.rs:695:5
[INFO] [stdout]   17:     0x5727da46fd00 - core::panicking::panic_fmt::h9e7c637e9e5f29c9
[INFO] [stdout]                                at /rustc/6067b36314ab5eb2eb47cecc464545ba58e1ad24/library/core/src/panicking.rs:75:14
[INFO] [stdout]   18:     0x5727da0c33ab - tarrow::tests::common_setup::common::get_common_testing_context::{{closure}}::{{closure}}::{{closure}}::{{closure}}::hc1bee7be95d708ea
[INFO] [stdout]                                at /opt/rustwide/workdir/src/tests/common_setup.rs:38:37
[INFO] [stdout]   19:     0x5727da0c78b8 - core::result::Result<T,E>::unwrap_or_else::hab556cc6eed2ea94
[INFO] [stdout]                                at /rustc/6067b36314ab5eb2eb47cecc464545ba58e1ad24/library/core/src/result.rs:1463:23
[INFO] [stdout]   20:     0x5727da0c320f - tarrow::tests::common_setup::common::get_common_testing_context::{{closure}}::{{closure}}::{{closure}}::hd55f49bec031a55f
[INFO] [stdout]                                at /opt/rustwide/workdir/src/tests/common_setup.rs:37:33
[INFO] [stdout]   21:     0x5727da0c84d3 - tokio::sync::once_cell::OnceCell<T>::get_or_init::{{closure}}::h44ad625105290343
[INFO] [stdout]                                at /opt/rustwide/cargo-home/registry/src/index.crates.io-1949cf8c6b5b557f/tokio-1.37.0/src/sync/once_cell.rs:368:37
[INFO] [stdout]   22:     0x5727da0c304c - tarrow::tests::common_setup::common::get_common_testing_context::{{closure}}::h6f1b7627af4b6436
[INFO] [stdout]                                at /opt/rustwide/workdir/src/tests/common_setup.rs:44:12
[INFO] [stdout]   23:     0x5727da0b7f28 - tarrow::tests::example_db_test::tests::insert_blob::{{closure}}::hf5029a230d200fb7
[INFO] [stdout]                                at /opt/rustwide/workdir/src/tests/example_db_test.rs:37:14
[INFO] [stdout]   24:     0x5727da0b7042 - <core::pin::Pin<P> as core::future::future::Future>::poll::hbbe4ef2b7e5868f7
[INFO] [stdout]                                at /rustc/6067b36314ab5eb2eb47cecc464545ba58e1ad24/library/core/src/future/future.rs:124:9
[INFO] [stdout]   25:     0x5727da0b6ffd - <core::pin::Pin<P> as core::future::future::Future>::poll::h27b81d97eaf23081
[INFO] [stdout]                                at /rustc/6067b36314ab5eb2eb47cecc464545ba58e1ad24/library/core/src/future/future.rs:124:9
[INFO] [stdout]   26:     0x5727da0b5f8f - tokio::runtime::scheduler::current_thread::CoreGuard::block_on::{{closure}}::{{closure}}::{{closure}}::h44cd20f93771becb
[INFO] [stdout]                                at /opt/rustwide/cargo-home/registry/src/index.crates.io-1949cf8c6b5b557f/tokio-1.37.0/src/runtime/scheduler/current_thread/mod.rs:659:57
[INFO] [stdout]   27:     0x5727da0b5ed5 - tokio::runtime::coop::with_budget::hf0bdd9cff1ee71ab
[INFO] [stdout]                                at /opt/rustwide/cargo-home/registry/src/index.crates.io-1949cf8c6b5b557f/tokio-1.37.0/src/runtime/coop.rs:107:5
[INFO] [stdout]   28:     0x5727da0b5ed5 - tokio::runtime::coop::budget::h790d0d66e0fec9c4
[INFO] [stdout]                                at /opt/rustwide/cargo-home/registry/src/index.crates.io-1949cf8c6b5b557f/tokio-1.37.0/src/runtime/coop.rs:73:5
[INFO] [stdout]   29:     0x5727da0b5ed5 - tokio::runtime::scheduler::current_thread::CoreGuard::block_on::{{closure}}::{{closure}}::hd60655c368055436
[INFO] [stdout]                                at /opt/rustwide/cargo-home/registry/src/index.crates.io-1949cf8c6b5b557f/tokio-1.37.0/src/runtime/scheduler/current_thread/mod.rs:659:25
[INFO] [stdout]   30:     0x5727da0b49b0 - tokio::runtime::scheduler::current_thread::Context::enter::ha11c10c3db926320
[INFO] [stdout]                                at /opt/rustwide/cargo-home/registry/src/index.crates.io-1949cf8c6b5b557f/tokio-1.37.0/src/runtime/scheduler/current_thread/mod.rs:404:19
[INFO] [stdout]   31:     0x5727da0b574b - tokio::runtime::scheduler::current_thread::CoreGuard::block_on::{{closure}}::hcd7bace18d5d471f
[INFO] [stdout]                                at /opt/rustwide/cargo-home/registry/src/index.crates.io-1949cf8c6b5b557f/tokio-1.37.0/src/runtime/scheduler/current_thread/mod.rs:658:36
[INFO] [stdout]   32:     0x5727da0b54c4 - tokio::runtime::scheduler::current_thread::CoreGuard::enter::{{closure}}::hb106ad11d664e1f1
[INFO] [stdout]                                at /opt/rustwide/cargo-home/registry/src/index.crates.io-1949cf8c6b5b557f/tokio-1.37.0/src/runtime/scheduler/current_thread/mod.rs:737:68
[INFO] [stdout]   33:     0x5727da0c920b - tokio::runtime::context::scoped::Scoped<T>::set::h9a8c304924792de1
[INFO] [stdout]                                at /opt/rustwide/cargo-home/registry/src/index.crates.io-1949cf8c6b5b557f/tokio-1.37.0/src/runtime/context/scoped.rs:40:9
[INFO] [stdout]   34:     0x5727da0c9089 - tokio::runtime::context::set_scheduler::{{closure}}::h132ec2fbdfcfbee5
[INFO] [stdout]                                at /opt/rustwide/cargo-home/registry/src/index.crates.io-1949cf8c6b5b557f/tokio-1.37.0/src/runtime/context.rs:176:26
[INFO] [stdout]   35:     0x5727da0b9fd2 - std::thread::local::LocalKey<T>::try_with::h4ccfed7e42c9ac66
[INFO] [stdout]                                at /rustc/6067b36314ab5eb2eb47cecc464545ba58e1ad24/library/std/src/thread/local.rs:308:12
[INFO] [stdout]   36:     0x5727da0b9d8a - std::thread::local::LocalKey<T>::with::hc67dcb28a89e9045
[INFO] [stdout]                                at /rustc/6067b36314ab5eb2eb47cecc464545ba58e1ad24/library/std/src/thread/local.rs:272:9
[INFO] [stdout]   37:     0x5727da0c903d - tokio::runtime::context::set_scheduler::h918377d67ece7b78
[INFO] [stdout]                                at /opt/rustwide/cargo-home/registry/src/index.crates.io-1949cf8c6b5b557f/tokio-1.37.0/src/runtime/context.rs:176:9
[INFO] [stdout]   38:     0x5727da0b5270 - tokio::runtime::scheduler::current_thread::CoreGuard::enter::h3b4fc8c33563fcd4
[INFO] [stdout]                                at /opt/rustwide/cargo-home/registry/src/index.crates.io-1949cf8c6b5b557f/tokio-1.37.0/src/runtime/scheduler/current_thread/mod.rs:737:27
[INFO] [stdout]   39:     0x5727da0b54e3 - tokio::runtime::scheduler::current_thread::CoreGuard::block_on::ha58f8fb363f0912c
[INFO] [stdout]                                at /opt/rustwide/cargo-home/registry/src/index.crates.io-1949cf8c6b5b557f/tokio-1.37.0/src/runtime/scheduler/current_thread/mod.rs:646:19
[INFO] [stdout]   40:     0x5727da0b44fd - tokio::runtime::scheduler::current_thread::CurrentThread::block_on::{{closure}}::h7c868a281b592822
[INFO] [stdout]                                at /opt/rustwide/cargo-home/registry/src/index.crates.io-1949cf8c6b5b557f/tokio-1.37.0/src/runtime/scheduler/current_thread/mod.rs:175:28
[INFO] [stdout]   41:     0x5727da0bb267 - tokio::runtime::context::runtime::enter_runtime::hcc2a9f4ee92dfb30
[INFO] [stdout]                                at /opt/rustwide/cargo-home/registry/src/index.crates.io-1949cf8c6b5b557f/tokio-1.37.0/src/runtime/context/runtime.rs:65:16
[INFO] [stdout]   42:     0x5727da0b4421 - tokio::runtime::scheduler::current_thread::CurrentThread::block_on::hb31b997dd4474717
[INFO] [stdout]                                at /opt/rustwide/cargo-home/registry/src/index.crates.io-1949cf8c6b5b557f/tokio-1.37.0/src/runtime/scheduler/current_thread/mod.rs:167:9
[INFO] [stdout]   43:     0x5727da0bfc72 - tokio::runtime::runtime::Runtime::block_on::hd1ee2ad9ed476626
[INFO] [stdout]                                at /opt/rustwide/cargo-home/registry/src/index.crates.io-1949cf8c6b5b557f/tokio-1.37.0/src/runtime/runtime.rs:349:47
[INFO] [stderr] error: test failed, to rerun pass `--lib`
[INFO] [stdout]   44:     0x5727da0b7d3d - tarrow::tests::example_db_test::tests::insert_blob::h05251679f5a6f43a
[INFO] [stdout]                                at /opt/rustwide/workdir/src/tests/example_db_test.rs:40:9
[INFO] [stdout]   45:     0x5727da0b7be7 - tarrow::tests::example_db_test::tests::insert_blob::{{closure}}::ha8506680eafa51a6
[INFO] [stdout]                                at /opt/rustwide/workdir/src/tests/example_db_test.rs:34:27
[INFO] [stdout]   46:     0x5727da0be446 - core::ops::function::FnOnce::call_once::h33102b92df197234
[INFO] [stdout]                                at /rustc/6067b36314ab5eb2eb47cecc464545ba58e1ad24/library/core/src/ops/function.rs:250:5
[INFO] [stdout]   47:     0x5727da3ab15b - core::ops::function::FnOnce::call_once::he27718dfdd183f43
[INFO] [stdout]                                at /rustc/6067b36314ab5eb2eb47cecc464545ba58e1ad24/library/core/src/ops/function.rs:250:5
[INFO] [stdout]   48:     0x5727da3ab15b - test::__rust_begin_short_backtrace::h4e84902998457a5d
[INFO] [stdout]                                at /rustc/6067b36314ab5eb2eb47cecc464545ba58e1ad24/library/test/src/lib.rs:632:18
[INFO] [stdout]   49:     0x5727da3aa093 - test::run_test_in_process::{{closure}}::h7176fd18fc1feca0
[INFO] [stdout]                                at /rustc/6067b36314ab5eb2eb47cecc464545ba58e1ad24/library/test/src/lib.rs:655:60
[INFO] [stdout]   50:     0x5727da3aa093 - <core::panic::unwind_safe::AssertUnwindSafe<F> as core::ops::function::FnOnce<()>>::call_once::hf79cff2a624d8cf7
[INFO] [stdout]                                at /rustc/6067b36314ab5eb2eb47cecc464545ba58e1ad24/library/core/src/panic/unwind_safe.rs:272:9
[INFO] [stdout]   51:     0x5727da3aa093 - std::panicking::try::do_call::h3da0561d9ab99c25
[INFO] [stdout]                                at /rustc/6067b36314ab5eb2eb47cecc464545ba58e1ad24/library/std/src/panicking.rs:587:40
[INFO] [stdout]   52:     0x5727da3aa093 - std::panicking::try::h41c9fa508bc61df6
[INFO] [stdout]                                at /rustc/6067b36314ab5eb2eb47cecc464545ba58e1ad24/library/std/src/panicking.rs:550:19
[INFO] [stdout]   53:     0x5727da3aa093 - std::panic::catch_unwind::h6b3ff07bb5afad93
[INFO] [stdout]                                at /rustc/6067b36314ab5eb2eb47cecc464545ba58e1ad24/library/std/src/panic.rs:358:14
[INFO] [stdout]   54:     0x5727da3aa093 - test::run_test_in_process::hc7253dd11b39b9f4
[INFO] [stdout]                                at /rustc/6067b36314ab5eb2eb47cecc464545ba58e1ad24/library/test/src/lib.rs:655:27
[INFO] [stdout]   55:     0x5727da3aa093 - test::run_test::{{closure}}::hfb2007f8649c30bb
[INFO] [stdout]                                at /rustc/6067b36314ab5eb2eb47cecc464545ba58e1ad24/library/test/src/lib.rs:576:43
[INFO] [stdout]   56:     0x5727da36d175 - test::run_test::{{closure}}::h56a17aa7a282a9f4
[INFO] [stdout]                                at /rustc/6067b36314ab5eb2eb47cecc464545ba58e1ad24/library/test/src/lib.rs:606:41
[INFO] [stdout]   57:     0x5727da36d175 - std::sys::backtrace::__rust_begin_short_backtrace::hd2d2d2fb8e8c6aac
[INFO] [stdout]                                at /rustc/6067b36314ab5eb2eb47cecc464545ba58e1ad24/library/std/src/sys/backtrace.rs:152:18
[INFO] [stdout]   58:     0x5727da370a5a - std::thread::Builder::spawn_unchecked_::{{closure}}::{{closure}}::h4faa3f9db6133423
[INFO] [stdout]                                at /rustc/6067b36314ab5eb2eb47cecc464545ba58e1ad24/library/std/src/thread/mod.rs:559:17
[INFO] [stdout]   59:     0x5727da370a5a - <core::panic::unwind_safe::AssertUnwindSafe<F> as core::ops::function::FnOnce<()>>::call_once::hf2e855a36a4ea846
[INFO] [stdout]                                at /rustc/6067b36314ab5eb2eb47cecc464545ba58e1ad24/library/core/src/panic/unwind_safe.rs:272:9
[INFO] [stdout]   60:     0x5727da370a5a - std::panicking::try::do_call::h2f73af3616c35465
[INFO] [stdout]                                at /rustc/6067b36314ab5eb2eb47cecc464545ba58e1ad24/library/std/src/panicking.rs:587:40
[INFO] [stdout]   61:     0x5727da370a5a - std::panicking::try::hd1660ce9efadef5a
[INFO] [stdout]                                at /rustc/6067b36314ab5eb2eb47cecc464545ba58e1ad24/library/std/src/panicking.rs:550:19
[INFO] [stdout]   62:     0x5727da370a5a - std::panic::catch_unwind::h5ee8d7823b8ca744
[INFO] [stdout]                                at /rustc/6067b36314ab5eb2eb47cecc464545ba58e1ad24/library/std/src/panic.rs:358:14
[INFO] [stdout]   63:     0x5727da370a5a - std::thread::Builder::spawn_unchecked_::{{closure}}::h53c3a1894dce8407
[INFO] [stdout]                                at /rustc/6067b36314ab5eb2eb47cecc464545ba58e1ad24/library/std/src/thread/mod.rs:557:30
[INFO] [stdout]   64:     0x5727da370a5a - core::ops::function::FnOnce::call_once{{vtable.shim}}::h048ce291ad4f62bf
[INFO] [stdout]                                at /rustc/6067b36314ab5eb2eb47cecc464545ba58e1ad24/library/core/src/ops/function.rs:250:5
[INFO] [stdout]   65:     0x5727da44ef8b - <alloc::boxed::Box<F,A> as core::ops::function::FnOnce<Args>>::call_once::ha52bedf99a3b4981
[INFO] [stdout]                                at /rustc/6067b36314ab5eb2eb47cecc464545ba58e1ad24/library/alloc/src/boxed.rs:2013:9
[INFO] [stdout]   66:     0x5727da44ef8b - <alloc::boxed::Box<F,A> as core::ops::function::FnOnce<Args>>::call_once::h567748934d80ccf8
[INFO] [stdout]                                at /rustc/6067b36314ab5eb2eb47cecc464545ba58e1ad24/library/alloc/src/boxed.rs:2013:9
[INFO] [stdout]   67:     0x5727da44ef8b - std::sys::pal::unix::thread::Thread::new::thread_start::h2d970728ae887adc
[INFO] [stdout]                                at /rustc/6067b36314ab5eb2eb47cecc464545ba58e1ad24/library/std/src/sys/pal/unix/thread.rs:106:17
[INFO] [stdout]   68:     0x777516cc1ac3 - <unknown>
[INFO] [stdout]   69:     0x777516d52a04 - clone
[INFO] [stdout]   70:                0x0 - <unknown>
[INFO] [stdout] 
[INFO] [stdout] ---- tests::example_db_test::tests::object_collision_test stdout ----
[INFO] [stdout] 
[INFO] [stdout] thread 'tests::example_db_test::tests::object_collision_test' panicked at src/tests/common_setup.rs:38:37:
[INFO] [stdout] Error connecting to testing database (db_url=postgres://tarrow-dev:tarrow-dev@localhost:35431/tarrow-test-db), error=BadConnection("connection to server at \"localhost\" (::1), port 35431 failed: Connection refused\n\tIs the server running on that host and accepting TCP/IP connections?\nconnection to server at \"localhost\" (127.0.0.1), port 35431 failed: Connection refused\n\tIs the server running on that host and accepting TCP/IP connections?\n")
[INFO] [stdout] stack backtrace:
[INFO] [stdout]    0:     0x5727da44913a - std::backtrace_rs::backtrace::libunwind::trace::hb059275cfc8d6126
[INFO] [stdout]                                at /rustc/6067b36314ab5eb2eb47cecc464545ba58e1ad24/library/std/src/../../backtrace/src/backtrace/libunwind.rs:116:5
[INFO] [stdout]    1:     0x5727da44913a - std::backtrace_rs::backtrace::trace_unsynchronized::h2da071e4327ce3ee
[INFO] [stdout]                                at /rustc/6067b36314ab5eb2eb47cecc464545ba58e1ad24/library/std/src/../../backtrace/src/backtrace/mod.rs:66:5
[INFO] [stdout]    2:     0x5727da44913a - std::sys::backtrace::_print_fmt::h842a1474e6f8d23f
[INFO] [stdout]                                at /rustc/6067b36314ab5eb2eb47cecc464545ba58e1ad24/library/std/src/sys/backtrace.rs:66:9
[INFO] [stdout]    3:     0x5727da44913a - <std::sys::backtrace::BacktraceLock::print::DisplayBacktrace as core::fmt::Display>::fmt::h71a62eb3b9696b12
[INFO] [stdout]                                at /rustc/6067b36314ab5eb2eb47cecc464545ba58e1ad24/library/std/src/sys/backtrace.rs:39:26
[INFO] [stdout]    4:     0x5727da471673 - core::fmt::rt::Argument::fmt::hdb6b616786b41dc1
[INFO] [stdout]                                at /rustc/6067b36314ab5eb2eb47cecc464545ba58e1ad24/library/core/src/fmt/rt.rs:177:76
[INFO] [stdout]    5:     0x5727da471673 - core::fmt::write::h2cc1698af7e2d686
[INFO] [stdout]                                at /rustc/6067b36314ab5eb2eb47cecc464545ba58e1ad24/library/core/src/fmt/mod.rs:1440:21
[INFO] [stdout]    6:     0x5727da445a43 - std::io::Write::write_fmt::hab1b4cd059a79022
[INFO] [stdout]                                at /rustc/6067b36314ab5eb2eb47cecc464545ba58e1ad24/library/std/src/io/mod.rs:1887:15
[INFO] [stdout]    7:     0x5727da448f82 - std::sys::backtrace::BacktraceLock::print::h147fe35b4ea13b08
[INFO] [stdout]                                at /rustc/6067b36314ab5eb2eb47cecc464545ba58e1ad24/library/std/src/sys/backtrace.rs:42:9
[INFO] [stdout]    8:     0x5727da44a55f - std::panicking::default_hook::{{closure}}::hbd44223dbdc0d208
[INFO] [stdout]                                at /rustc/6067b36314ab5eb2eb47cecc464545ba58e1ad24/library/std/src/panicking.rs:298:22
[INFO] [stdout]    9:     0x5727da44a378 - std::panicking::default_hook::h20f81eb0576efcec
[INFO] [stdout]                                at /rustc/6067b36314ab5eb2eb47cecc464545ba58e1ad24/library/std/src/panicking.rs:322:9
[INFO] [stdout]   10:     0x5727da3a5a03 - <alloc::boxed::Box<F,A> as core::ops::function::Fn<Args>>::call::hdb53814c496a4d34
[INFO] [stdout]                                at /rustc/6067b36314ab5eb2eb47cecc464545ba58e1ad24/library/alloc/src/boxed.rs:2027:9
[INFO] [stdout]   11:     0x5727da3a5a03 - test::test_main::{{closure}}::hc0a4963c59427c24
[INFO] [stdout]                                at /rustc/6067b36314ab5eb2eb47cecc464545ba58e1ad24/library/test/src/lib.rs:134:21
[INFO] [stdout]   12:     0x5727da44b053 - <alloc::boxed::Box<F,A> as core::ops::function::Fn<Args>>::call::h591b2225413a77e9
[INFO] [stdout]                                at /rustc/6067b36314ab5eb2eb47cecc464545ba58e1ad24/library/alloc/src/boxed.rs:2027:9
[INFO] [stdout]   13:     0x5727da44b053 - std::panicking::rust_panic_with_hook::h625eea43051b2edc
[INFO] [stdout]                                at /rustc/6067b36314ab5eb2eb47cecc464545ba58e1ad24/library/std/src/panicking.rs:839:13
[INFO] [stdout]   14:     0x5727da44ad0a - std::panicking::begin_panic_handler::{{closure}}::h4f9159cfbc3f6bd3
[INFO] [stdout]                                at /rustc/6067b36314ab5eb2eb47cecc464545ba58e1ad24/library/std/src/panicking.rs:704:13
[INFO] [stdout]   15:     0x5727da449639 - std::sys::backtrace::__rust_end_short_backtrace::h0390abce48353151
[INFO] [stdout]                                at /rustc/6067b36314ab5eb2eb47cecc464545ba58e1ad24/library/std/src/sys/backtrace.rs:168:18
[INFO] [stdout]   16:     0x5727da44a99d - rust_begin_unwind
[INFO] [stdout]                                at /rustc/6067b36314ab5eb2eb47cecc464545ba58e1ad24/library/std/src/panicking.rs:695:5
[INFO] [stdout]   17:     0x5727da46fd00 - core::panicking::panic_fmt::h9e7c637e9e5f29c9
[INFO] [stdout]                                at /rustc/6067b36314ab5eb2eb47cecc464545ba58e1ad24/library/core/src/panicking.rs:75:14
[INFO] [stdout]   18:     0x5727da0c33ab - tarrow::tests::common_setup::common::get_common_testing_context::{{closure}}::{{closure}}::{{closure}}::{{closure}}::hc1bee7be95d708ea
[INFO] [stdout]                                at /opt/rustwide/workdir/src/tests/common_setup.rs:38:37
[INFO] [stdout]   19:     0x5727da0c78b8 - core::result::Result<T,E>::unwrap_or_else::hab556cc6eed2ea94
[INFO] [stdout]                                at /rustc/6067b36314ab5eb2eb47cecc464545ba58e1ad24/library/core/src/result.rs:1463:23
[INFO] [stdout]   20:     0x5727da0c320f - tarrow::tests::common_setup::common::get_common_testing_context::{{closure}}::{{closure}}::{{closure}}::hd55f49bec031a55f
[INFO] [stdout]                                at /opt/rustwide/workdir/src/tests/common_setup.rs:37:33
[INFO] [stdout]   21:     0x5727da0c84d3 - tokio::sync::once_cell::OnceCell<T>::get_or_init::{{closure}}::h44ad625105290343
[INFO] [stdout]                                at /opt/rustwide/cargo-home/registry/src/index.crates.io-1949cf8c6b5b557f/tokio-1.37.0/src/sync/once_cell.rs:368:37
[INFO] [stdout]   22:     0x5727da0c304c - tarrow::tests::common_setup::common::get_common_testing_context::{{closure}}::h6f1b7627af4b6436
[INFO] [stdout]                                at /opt/rustwide/workdir/src/tests/common_setup.rs:44:12
[INFO] [stdout]   23:     0x5727da0b86e3 - tarrow::tests::example_db_test::tests::object_collision_test::{{closure}}::h3d06b76e0b9826a5
[INFO] [stdout]                                at /opt/rustwide/workdir/src/tests/example_db_test.rs:53:14
[INFO] [stdout]   24:     0x5727da0b7042 - <core::pin::Pin<P> as core::future::future::Future>::poll::hbbe4ef2b7e5868f7
[INFO] [stdout]                                at /rustc/6067b36314ab5eb2eb47cecc464545ba58e1ad24/library/core/src/future/future.rs:124:9
[INFO] [stdout]   25:     0x5727da0b6ffd - <core::pin::Pin<P> as core::future::future::Future>::poll::h27b81d97eaf23081
[INFO] [stdout]                                at /rustc/6067b36314ab5eb2eb47cecc464545ba58e1ad24/library/core/src/future/future.rs:124:9
[INFO] [stdout]   26:     0x5727da0b5f8f - tokio::runtime::scheduler::current_thread::CoreGuard::block_on::{{closure}}::{{closure}}::{{closure}}::h44cd20f93771becb
[INFO] [stdout]                                at /opt/rustwide/cargo-home/registry/src/index.crates.io-1949cf8c6b5b557f/tokio-1.37.0/src/runtime/scheduler/current_thread/mod.rs:659:57
[INFO] [stdout]   27:     0x5727da0b5ed5 - tokio::runtime::coop::with_budget::hf0bdd9cff1ee71ab
[INFO] [stdout]                                at /opt/rustwide/cargo-home/registry/src/index.crates.io-1949cf8c6b5b557f/tokio-1.37.0/src/runtime/coop.rs:107:5
[INFO] [stdout]   28:     0x5727da0b5ed5 - tokio::runtime::coop::budget::h790d0d66e0fec9c4
[INFO] [stdout]                                at /opt/rustwide/cargo-home/registry/src/index.crates.io-1949cf8c6b5b557f/tokio-1.37.0/src/runtime/coop.rs:73:5
[INFO] [stdout]   29:     0x5727da0b5ed5 - tokio::runtime::scheduler::current_thread::CoreGuard::block_on::{{closure}}::{{closure}}::hd60655c368055436
[INFO] [stdout]                                at /opt/rustwide/cargo-home/registry/src/index.crates.io-1949cf8c6b5b557f/tokio-1.37.0/src/runtime/scheduler/current_thread/mod.rs:659:25
[INFO] [stdout]   30:     0x5727da0b49b0 - tokio::runtime::scheduler::current_thread::Context::enter::ha11c10c3db926320
[INFO] [stdout]                                at /opt/rustwide/cargo-home/registry/src/index.crates.io-1949cf8c6b5b557f/tokio-1.37.0/src/runtime/scheduler/current_thread/mod.rs:404:19
[INFO] [stdout]   31:     0x5727da0b574b - tokio::runtime::scheduler::current_thread::CoreGuard::block_on::{{closure}}::hcd7bace18d5d471f
[INFO] [stdout]                                at /opt/rustwide/cargo-home/registry/src/index.crates.io-1949cf8c6b5b557f/tokio-1.37.0/src/runtime/scheduler/current_thread/mod.rs:658:36
[INFO] [stdout]   32:     0x5727da0b54c4 - tokio::runtime::scheduler::current_thread::CoreGuard::enter::{{closure}}::hb106ad11d664e1f1
[INFO] [stdout]                                at /opt/rustwide/cargo-home/registry/src/index.crates.io-1949cf8c6b5b557f/tokio-1.37.0/src/runtime/scheduler/current_thread/mod.rs:737:68
[INFO] [stdout]   33:     0x5727da0c920b - tokio::runtime::context::scoped::Scoped<T>::set::h9a8c304924792de1
[INFO] [stdout]                                at /opt/rustwide/cargo-home/registry/src/index.crates.io-1949cf8c6b5b557f/tokio-1.37.0/src/runtime/context/scoped.rs:40:9
[INFO] [stdout]   34:     0x5727da0c9089 - tokio::runtime::context::set_scheduler::{{closure}}::h132ec2fbdfcfbee5
[INFO] [stdout]                                at /opt/rustwide/cargo-home/registry/src/index.crates.io-1949cf8c6b5b557f/tokio-1.37.0/src/runtime/context.rs:176:26
[INFO] [stdout]   35:     0x5727da0b9fd2 - std::thread::local::LocalKey<T>::try_with::h4ccfed7e42c9ac66
[INFO] [stdout]                                at /rustc/6067b36314ab5eb2eb47cecc464545ba58e1ad24/library/std/src/thread/local.rs:308:12
[INFO] [stdout]   36:     0x5727da0b9d8a - std::thread::local::LocalKey<T>::with::hc67dcb28a89e9045
[INFO] [stdout]                                at /rustc/6067b36314ab5eb2eb47cecc464545ba58e1ad24/library/std/src/thread/local.rs:272:9
[INFO] [stdout]   37:     0x5727da0c903d - tokio::runtime::context::set_scheduler::h918377d67ece7b78
[INFO] [stdout]                                at /opt/rustwide/cargo-home/registry/src/index.crates.io-1949cf8c6b5b557f/tokio-1.37.0/src/runtime/context.rs:176:9
[INFO] [stdout]   38:     0x5727da0b5270 - tokio::runtime::scheduler::current_thread::CoreGuard::enter::h3b4fc8c33563fcd4
[INFO] [stdout]                                at /opt/rustwide/cargo-home/registry/src/index.crates.io-1949cf8c6b5b557f/tokio-1.37.0/src/runtime/scheduler/current_thread/mod.rs:737:27
[INFO] [stdout]   39:     0x5727da0b54e3 - tokio::runtime::scheduler::current_thread::CoreGuard::block_on::ha58f8fb363f0912c
[INFO] [stdout]                                at /opt/rustwide/cargo-home/registry/src/index.crates.io-1949cf8c6b5b557f/tokio-1.37.0/src/runtime/scheduler/current_thread/mod.rs:646:19
[INFO] [stdout]   40:     0x5727da0b44fd - tokio::runtime::scheduler::current_thread::CurrentThread::block_on::{{closure}}::h7c868a281b592822
[INFO] [stdout]                                at /opt/rustwide/cargo-home/registry/src/index.crates.io-1949cf8c6b5b557f/tokio-1.37.0/src/runtime/scheduler/current_thread/mod.rs:175:28
[INFO] [stdout]   41:     0x5727da0bb267 - tokio::runtime::context::runtime::enter_runtime::hcc2a9f4ee92dfb30
[INFO] [stdout]                                at /opt/rustwide/cargo-home/registry/src/index.crates.io-1949cf8c6b5b557f/tokio-1.37.0/src/runtime/context/runtime.rs:65:16
[INFO] [stdout]   42:     0x5727da0b4421 - tokio::runtime::scheduler::current_thread::CurrentThread::block_on::hb31b997dd4474717
[INFO] [stdout]                                at /opt/rustwide/cargo-home/registry/src/index.crates.io-1949cf8c6b5b557f/tokio-1.37.0/src/runtime/scheduler/current_thread/mod.rs:167:9
[INFO] [stdout]   43:     0x5727da0bfc72 - tokio::runtime::runtime::Runtime::block_on::hd1ee2ad9ed476626
[INFO] [stdout]                                at /opt/rustwide/cargo-home/registry/src/index.crates.io-1949cf8c6b5b557f/tokio-1.37.0/src/runtime/runtime.rs:349:47
[INFO] [stdout]   44:     0x5727da0b84bd - tarrow::tests::example_db_test::tests::object_collision_test::h2cdb1add22e7b991
[INFO] [stdout]                                at /opt/rustwide/workdir/src/tests/example_db_test.rs:78:9
[INFO] [stdout]   45:     0x5727da0b8367 - tarrow::tests::example_db_test::tests::object_collision_test::{{closure}}::h9e5a6f04498c38dd
[INFO] [stdout]                                at /opt/rustwide/workdir/src/tests/example_db_test.rs:50:37
[INFO] [stdout]   46:     0x5727da0be526 - core::ops::function::FnOnce::call_once::h8155211a575eb879
[INFO] [stdout]                                at /rustc/6067b36314ab5eb2eb47cecc464545ba58e1ad24/library/core/src/ops/function.rs:250:5
[INFO] [stdout]   47:     0x5727da3ab15b - core::ops::function::FnOnce::call_once::he27718dfdd183f43
[INFO] [stdout]                                at /rustc/6067b36314ab5eb2eb47cecc464545ba58e1ad24/library/core/src/ops/function.rs:250:5
[INFO] [stdout]   48:     0x5727da3ab15b - test::__rust_begin_short_backtrace::h4e84902998457a5d
[INFO] [stdout]                                at /rustc/6067b36314ab5eb2eb47cecc464545ba58e1ad24/library/test/src/lib.rs:632:18
[INFO] [stdout]   49:     0x5727da3aa093 - test::run_test_in_process::{{closure}}::h7176fd18fc1feca0
[INFO] [stdout]                                at /rustc/6067b36314ab5eb2eb47cecc464545ba58e1ad24/library/test/src/lib.rs:655:60
[INFO] [stdout]   50:     0x5727da3aa093 - <core::panic::unwind_safe::AssertUnwindSafe<F> as core::ops::function::FnOnce<()>>::call_once::hf79cff2a624d8cf7
[INFO] [stdout]                                at /rustc/6067b36314ab5eb2eb47cecc464545ba58e1ad24/library/core/src/panic/unwind_safe.rs:272:9
[INFO] [stdout]   51:     0x5727da3aa093 - std::panicking::try::do_call::h3da0561d9ab99c25
[INFO] [stdout]                                at /rustc/6067b36314ab5eb2eb47cecc464545ba58e1ad24/library/std/src/panicking.rs:587:40
[INFO] [stdout]   52:     0x5727da3aa093 - std::panicking::try::h41c9fa508bc61df6
[INFO] [stdout]                                at /rustc/6067b36314ab5eb2eb47cecc464545ba58e1ad24/library/std/src/panicking.rs:550:19
[INFO] [stdout]   53:     0x5727da3aa093 - std::panic::catch_unwind::h6b3ff07bb5afad93
[INFO] [stdout]                                at /rustc/6067b36314ab5eb2eb47cecc464545ba58e1ad24/library/std/src/panic.rs:358:14
[INFO] [stdout]   54:     0x5727da3aa093 - test::run_test_in_process::hc7253dd11b39b9f4
[INFO] [stdout]                                at /rustc/6067b36314ab5eb2eb47cecc464545ba58e1ad24/library/test/src/lib.rs:655:27
[INFO] [stdout]   55:     0x5727da3aa093 - test::run_test::{{closure}}::hfb2007f8649c30bb
[INFO] [stdout]                                at /rustc/6067b36314ab5eb2eb47cecc464545ba58e1ad24/library/test/src/lib.rs:576:43
[INFO] [stdout]   56:     0x5727da36d175 - test::run_test::{{closure}}::h56a17aa7a282a9f4
[INFO] [stdout]                                at /rustc/6067b36314ab5eb2eb47cecc464545ba58e1ad24/library/test/src/lib.rs:606:41
[INFO] [stdout]   57:     0x5727da36d175 - std::sys::backtrace::__rust_begin_short_backtrace::hd2d2d2fb8e8c6aac
[INFO] [stdout]                                at /rustc/6067b36314ab5eb2eb47cecc464545ba58e1ad24/library/std/src/sys/backtrace.rs:152:18
[INFO] [stdout]   58:     0x5727da370a5a - std::thread::Builder::spawn_unchecked_::{{closure}}::{{closure}}::h4faa3f9db6133423
[INFO] [stdout]                                at /rustc/6067b36314ab5eb2eb47cecc464545ba58e1ad24/library/std/src/thread/mod.rs:559:17
[INFO] [stdout]   59:     0x5727da370a5a - <core::panic::unwind_safe::AssertUnwindSafe<F> as core::ops::function::FnOnce<()>>::call_once::hf2e855a36a4ea846
[INFO] [stdout]                                at /rustc/6067b36314ab5eb2eb47cecc464545ba58e1ad24/library/core/src/panic/unwind_safe.rs:272:9
[INFO] [stdout]   60:     0x5727da370a5a - std::panicking::try::do_call::h2f73af3616c35465
[INFO] [stdout]                                at /rustc/6067b36314ab5eb2eb47cecc464545ba58e1ad24/library/std/src/panicking.rs:587:40
[INFO] [stdout]   61:     0x5727da370a5a - std::panicking::try::hd1660ce9efadef5a
[INFO] [stdout]                                at /rustc/6067b36314ab5eb2eb47cecc464545ba58e1ad24/library/std/src/panicking.rs:550:19
[INFO] [stdout]   62:     0x5727da370a5a - std::panic::catch_unwind::h5ee8d7823b8ca744
[INFO] [stdout]                                at /rustc/6067b36314ab5eb2eb47cecc464545ba58e1ad24/library/std/src/panic.rs:358:14
[INFO] [stdout]   63:     0x5727da370a5a - std::thread::Builder::spawn_unchecked_::{{closure}}::h53c3a1894dce8407
[INFO] [stdout]                                at /rustc/6067b36314ab5eb2eb47cecc464545ba58e1ad24/library/std/src/thread/mod.rs:557:30
[INFO] [stdout]   64:     0x5727da370a5a - core::ops::function::FnOnce::call_once{{vtable.shim}}::h048ce291ad4f62bf
[INFO] [stdout]                                at /rustc/6067b36314ab5eb2eb47cecc464545ba58e1ad24/library/core/src/ops/function.rs:250:5
[INFO] [stdout]   65:     0x5727da44ef8b - <alloc::boxed::Box<F,A> as core::ops::function::FnOnce<Args>>::call_once::ha52bedf99a3b4981
[INFO] [stdout]                                at /rustc/6067b36314ab5eb2eb47cecc464545ba58e1ad24/library/alloc/src/boxed.rs:2013:9
[INFO] [stdout]   66:     0x5727da44ef8b - <alloc::boxed::Box<F,A> as core::ops::function::FnOnce<Args>>::call_once::h567748934d80ccf8
[INFO] [stdout]                                at /rustc/6067b36314ab5eb2eb47cecc464545ba58e1ad24/library/alloc/src/boxed.rs:2013:9
[INFO] [stdout]   67:     0x5727da44ef8b - std::sys::pal::unix::thread::Thread::new::thread_start::h2d970728ae887adc
[INFO] [stdout]                                at /rustc/6067b36314ab5eb2eb47cecc464545ba58e1ad24/library/std/src/sys/pal/unix/thread.rs:106:17
[INFO] [stdout]   68:     0x777516cc1ac3 - <unknown>
[INFO] [stdout]   69:     0x777516d52a04 - clone
[INFO] [stdout]   70:                0x0 - <unknown>
[INFO] [stdout] 
[INFO] [stdout] 
[INFO] [stdout] failures:
[INFO] [stdout]     tests::example_db_test::tests::insert_blob
[INFO] [stdout]     tests::example_db_test::tests::object_collision_test
[INFO] [stdout]     tests::example_db_test::tests::test_db_should_connect
[INFO] [stdout] 
[INFO] [stdout] test result: FAILED. 0 passed; 3 failed; 0 ignored; 0 measured; 0 filtered out; finished in 0.07s
[INFO] [stdout] 
[INFO] running `Command { std: "docker" "inspect" "1d42e37f745108113b65a60f81bb0e3b42df8e9bfff577b8860885a9092019a7", kill_on_drop: false }`
[INFO] running `Command { std: "docker" "rm" "-f" "1d42e37f745108113b65a60f81bb0e3b42df8e9bfff577b8860885a9092019a7", kill_on_drop: false }`
[INFO] [stdout] 1d42e37f745108113b65a60f81bb0e3b42df8e9bfff577b8860885a9092019a7
