[INFO] cloning repository https://github.com/rohankumardubey/bvm
[INFO] running `Command { std: "git" "-c" "credential.helper=" "-c" "credential.helper=/workspace/cargo-home/bin/git-credential-null" "clone" "--bare" "https://github.com/rohankumardubey/bvm" "/workspace/cache/git-repos/https%3A%2F%2Fgithub.com%2Frohankumardubey%2Fbvm", kill_on_drop: false }`
[INFO] [stderr] Cloning into bare repository '/workspace/cache/git-repos/https%3A%2F%2Fgithub.com%2Frohankumardubey%2Fbvm'...
[INFO] running `Command { std: "git" "rev-parse" "HEAD", kill_on_drop: false }`
[INFO] [stdout] 4932d6b0eb997d43a5c36ed79f2d624615c87f54
[INFO] testing rohankumardubey/bvm against nightly-2025-01-18+rustflags=-Zrandomize-layout for randomize-layout-2
[INFO] running `Command { std: "git" "clone" "/workspace/cache/git-repos/https%3A%2F%2Fgithub.com%2Frohankumardubey%2Fbvm" "/workspace/builds/worker-5-tc2/source", kill_on_drop: false }`
[INFO] [stderr] Cloning into '/workspace/builds/worker-5-tc2/source'...
[INFO] [stderr] done.
[INFO] validating manifest of git repo https://github.com/rohankumardubey/bvm on toolchain nightly-2025-01-18
[INFO] running `Command { std: CARGO_HOME="/workspace/cargo-home" RUSTUP_HOME="/workspace/rustup-home" "/workspace/cargo-home/bin/cargo" "+nightly-2025-01-18" "metadata" "--manifest-path" "Cargo.toml" "--no-deps", kill_on_drop: false }`
[INFO] started tweaking git repo https://github.com/rohankumardubey/bvm
[INFO] finished tweaking git repo https://github.com/rohankumardubey/bvm
[INFO] tweaked toml for git repo https://github.com/rohankumardubey/bvm written to /workspace/builds/worker-5-tc2/source/Cargo.toml
[INFO] crate git repo https://github.com/rohankumardubey/bvm already has a lockfile, it will not be regenerated
[INFO] running `Command { std: CARGO_HOME="/workspace/cargo-home" RUSTUP_HOME="/workspace/rustup-home" "/workspace/cargo-home/bin/cargo" "+nightly-2025-01-18" "fetch" "--manifest-path" "Cargo.toml", kill_on_drop: false }`
[INFO] [stderr] warning: virtual workspace defaulting to `resolver = "1"` despite one or more workspace members being on edition 2021 which implies `resolver = "2"`
[INFO] [stderr] note: to keep the current resolver, specify `workspace.resolver = "1"` in the workspace root's manifest
[INFO] [stderr] note: to use the edition 2021 resolver, specify `workspace.resolver = "2"` in the workspace root's manifest
[INFO] [stderr] note: for more details see https://doc.rust-lang.org/cargo/reference/resolver.html#resolver-versions
[INFO] running `Command { std: "docker" "create" "-v" "/var/lib/crater-agent-workspace/builds/worker-5-tc2/target:/opt/rustwide/target:rw,Z" "-v" "/var/lib/crater-agent-workspace/builds/worker-5-tc2/source:/opt/rustwide/workdir:ro,Z" "-v" "/var/lib/crater-agent-workspace/cargo-home:/opt/rustwide/cargo-home:ro,Z" "-v" "/var/lib/crater-agent-workspace/rustup-home:/opt/rustwide/rustup-home:ro,Z" "-e" "SOURCE_DIR=/opt/rustwide/workdir" "-e" "CARGO_TARGET_DIR=/opt/rustwide/target" "-e" "CARGO_HOME=/opt/rustwide/cargo-home" "-e" "RUSTUP_HOME=/opt/rustwide/rustup-home" "-w" "/opt/rustwide/workdir" "-m" "1610612736" "--user" "0:0" "--network" "none" "ghcr.io/rust-lang/crates-build-env/linux@sha256:819108c5571ea2e421544af4d832f968d213c87fbe3707a016657f43d2f853bc" "/opt/rustwide/cargo-home/bin/cargo" "+nightly-2025-01-18" "metadata" "--no-deps" "--format-version=1", kill_on_drop: false }`
[INFO] [stdout] ea8847ed113513edafbaa01f7387799e8f2612b31bcbf1723fc11f8fc71b39e8
[INFO] running `Command { std: "docker" "start" "-a" "ea8847ed113513edafbaa01f7387799e8f2612b31bcbf1723fc11f8fc71b39e8", kill_on_drop: false }`
[INFO] running `Command { std: "docker" "inspect" "ea8847ed113513edafbaa01f7387799e8f2612b31bcbf1723fc11f8fc71b39e8", kill_on_drop: false }`
[INFO] running `Command { std: "docker" "rm" "-f" "ea8847ed113513edafbaa01f7387799e8f2612b31bcbf1723fc11f8fc71b39e8", kill_on_drop: false }`
[INFO] [stdout] ea8847ed113513edafbaa01f7387799e8f2612b31bcbf1723fc11f8fc71b39e8
[INFO] running `Command { std: "docker" "create" "-v" "/var/lib/crater-agent-workspace/builds/worker-5-tc2/target:/opt/rustwide/target:rw,Z" "-v" "/var/lib/crater-agent-workspace/builds/worker-5-tc2/source:/opt/rustwide/workdir:ro,Z" "-v" "/var/lib/crater-agent-workspace/cargo-home:/opt/rustwide/cargo-home:ro,Z" "-v" "/var/lib/crater-agent-workspace/rustup-home:/opt/rustwide/rustup-home:ro,Z" "-e" "SOURCE_DIR=/opt/rustwide/workdir" "-e" "CARGO_TARGET_DIR=/opt/rustwide/target" "-e" "CARGO_INCREMENTAL=0" "-e" "RUST_BACKTRACE=full" "-e" "RUSTFLAGS=--cap-lints=forbid -Zrandomize-layout" "-e" "RUSTDOCFLAGS=--cap-lints=forbid" "-e" "CARGO_HOME=/opt/rustwide/cargo-home" "-e" "RUSTUP_HOME=/opt/rustwide/rustup-home" "-w" "/opt/rustwide/workdir" "-m" "1610612736" "--user" "0:0" "--network" "none" "ghcr.io/rust-lang/crates-build-env/linux@sha256:819108c5571ea2e421544af4d832f968d213c87fbe3707a016657f43d2f853bc" "/opt/rustwide/cargo-home/bin/cargo" "+nightly-2025-01-18" "build" "--frozen" "--message-format=json", kill_on_drop: false }`
[INFO] [stdout] 2efcccf8e76eef9adb0b2bb2383907a77af07485df801516cca061a3301addd5
[INFO] running `Command { std: "docker" "start" "-a" "2efcccf8e76eef9adb0b2bb2383907a77af07485df801516cca061a3301addd5", kill_on_drop: false }`
[INFO] [stderr] warning: virtual workspace defaulting to `resolver = "1"` despite one or more workspace members being on edition 2021 which implies `resolver = "2"`
[INFO] [stderr] note: to keep the current resolver, specify `workspace.resolver = "1"` in the workspace root's manifest
[INFO] [stderr] note: to use the edition 2021 resolver, specify `workspace.resolver = "2"` in the workspace root's manifest
[INFO] [stderr] note: for more details see https://doc.rust-lang.org/cargo/reference/resolver.html#resolver-versions
[INFO] [stderr]    Compiling libc v0.2.105
[INFO] [stderr]    Compiling cc v1.0.71
[INFO] [stderr]    Compiling cfg-if v0.1.10
[INFO] [stderr]    Compiling proc-macro2 v1.0.32
[INFO] [stderr]    Compiling unicode-xid v0.2.1
[INFO] [stderr]    Compiling log v0.4.11
[INFO] [stderr]    Compiling syn v1.0.81
[INFO] [stderr]    Compiling spin v0.5.2
[INFO] [stderr]    Compiling typenum v1.12.0
[INFO] [stderr]    Compiling version_check v0.9.2
[INFO] [stderr]    Compiling untrusted v0.7.1
[INFO] [stderr]    Compiling once_cell v1.8.0
[INFO] [stderr]    Compiling matches v0.1.8
[INFO] [stderr]    Compiling pkg-config v0.3.18
[INFO] [stderr]    Compiling tinyvec v0.3.4
[INFO] [stderr]    Compiling generic-array v0.14.4
[INFO] [stderr]    Compiling signal-hook v0.3.10
[INFO] [stderr]    Compiling bitflags v1.2.1
[INFO] [stderr]    Compiling parking_lot_core v0.8.5
[INFO] [stderr]    Compiling unicode-normalization v0.1.13
[INFO] [stderr]    Compiling unicode-bidi v0.3.4
[INFO] [stderr]    Compiling signal-hook-registry v1.4.0
[INFO] [stderr]    Compiling quote v1.0.7
[INFO] [stderr]    Compiling instant v0.1.12
[INFO] [stderr]    Compiling scopeguard v1.1.0
[INFO] [stderr]    Compiling serde_derive v1.0.130
[INFO] [stderr]    Compiling percent-encoding v2.1.0
[INFO] [stderr]    Compiling memchr v2.3.3
[INFO] [stderr]    Compiling ring v0.16.20
[INFO] [stderr]    Compiling bzip2-sys v0.1.11+1.0.8
[INFO] [stderr]    Compiling smallvec v1.7.0
[INFO] [stderr]    Compiling form_urlencoded v1.0.1
[INFO] [stderr]    Compiling idna v0.2.0
[INFO] [stderr]    Compiling lock_api v0.4.5
[INFO] [stderr]    Compiling mio v0.7.3
[INFO] [stderr]    Compiling serde v1.0.130
[INFO] [stderr]    Compiling ryu v1.0.5
[INFO] [stderr]    Compiling adler v0.2.3
[INFO] [stderr]    Compiling digest v0.9.0
[INFO] [stderr]    Compiling signal-hook-mio v0.2.1
[INFO] [stderr]    Compiling miniz_oxide v0.4.1
[INFO] [stderr]    Compiling url v2.2.2
[INFO] [stderr]    Compiling block-buffer v0.9.0
[INFO] [stderr]    Compiling parking_lot v0.11.2
[INFO] [stderr]    Compiling crc32fast v1.2.0
[INFO] [stderr]    Compiling base64 v0.13.0
[INFO] [stderr]    Compiling cpufeatures v0.2.1
[INFO] [stderr]    Compiling semver v1.0.4
[INFO] [stderr]    Compiling chunked_transfer v1.3.0
[INFO] [stderr]    Compiling unicode-width v0.1.8
[INFO] [stderr]    Compiling serde_json v1.0.57
[INFO] [stderr]    Compiling lazy_static v1.4.0
[INFO] [stderr]    Compiling thread_local v1.0.1
[INFO] [stderr]    Compiling textwrap v0.11.0
[INFO] [stderr]    Compiling flate2 v1.0.22
[INFO] [stderr]    Compiling aho-corasick v0.7.13
[INFO] [stderr]    Compiling sha2 v0.9.8
[INFO] [stderr]    Compiling crossterm v0.21.0
[INFO] [stderr]    Compiling bzip2 v0.4.3
[INFO] [stderr]    Compiling time v0.1.43
[INFO] [stderr]    Compiling filetime v0.2.12
[INFO] [stderr]    Compiling atty v0.2.14
[INFO] [stderr]    Compiling xattr v0.2.2
[INFO] [stderr]    Compiling dirs-sys v0.3.6
[INFO] [stderr]    Compiling strsim v0.8.0
[INFO] [stderr]    Compiling byteorder v1.4.3
[INFO] [stderr]    Compiling itoa v0.4.6
[INFO] [stderr]    Compiling vec_map v0.8.2
[INFO] [stderr]    Compiling regex-syntax v0.6.18
[INFO] [stderr]    Compiling ansi_term v0.11.0
[INFO] [stderr]    Compiling dirs v4.0.0
[INFO] [stderr]    Compiling tar v0.4.37
[INFO] [stderr]    Compiling clap v2.33.3
[INFO] [stderr]    Compiling jsonc-parser v0.17.0
[INFO] [stderr]    Compiling args_test_util v0.1.0 (/opt/rustwide/workdir/args_test_util)
[INFO] [stderr]    Compiling webpki v0.22.0
[INFO] [stderr]    Compiling sct v0.7.0
[INFO] [stderr]    Compiling webpki-roots v0.22.1
[INFO] [stderr]    Compiling rustls v0.20.0
[INFO] [stderr]    Compiling thiserror-impl v1.0.30
[INFO] [stderr]    Compiling regex v1.3.9
[INFO] [stderr]    Compiling thiserror v1.0.30
[INFO] [stderr]    Compiling zip v0.5.13
[INFO] [stderr]    Compiling ureq v2.3.0
[INFO] [stderr]    Compiling dprint-cli-core v0.9.0
[INFO] [stderr]    Compiling bvm v0.4.2 (/opt/rustwide/workdir/cli)
[INFO] [stdout] warning: methods `try_get_user_home_dir`, `get_user_home_dir`, and `exit` are never used
[INFO] [stdout]   --> cli/src/environment/environment.rs:52:6
[INFO] [stdout]    |
[INFO] [stdout] 5  | pub trait Environment: Clone + std::marker::Send + std::marker::Sync + 'static {
[INFO] [stdout]    |           ----------- methods in this trait
[INFO] [stdout] ...
[INFO] [stdout] 52 |   fn try_get_user_home_dir(&self) -> Result<PathBuf, ErrBox>;
[INFO] [stdout]    |      ^^^^^^^^^^^^^^^^^^^^^
[INFO] [stdout] 53 |   fn get_user_home_dir(&self) -> PathBuf {
[INFO] [stdout]    |      ^^^^^^^^^^^^^^^^^
[INFO] [stdout] ...
[INFO] [stdout] 76 |   fn exit(&self, code: i32) -> Result<(), ErrBox>;
[INFO] [stdout]    |      ^^^^
[INFO] [stdout]    |
[INFO] [stdout]    = note: `#[warn(dead_code)]` on by default
[INFO] [stdout] 
[INFO] [stdout] 
[INFO] [stderr]     Finished `dev` profile [unoptimized + debuginfo] target(s) in 1m 04s
[INFO] [stderr] warning: the following packages contain code that will be rejected by a future version of Rust: dprint-cli-core v0.9.0
[INFO] [stderr] note: to see what the problems were, use the option `--future-incompat-report`, or run `cargo report future-incompatibilities --id 1`
[INFO] running `Command { std: "docker" "inspect" "2efcccf8e76eef9adb0b2bb2383907a77af07485df801516cca061a3301addd5", kill_on_drop: false }`
[INFO] running `Command { std: "docker" "rm" "-f" "2efcccf8e76eef9adb0b2bb2383907a77af07485df801516cca061a3301addd5", kill_on_drop: false }`
[INFO] [stdout] 2efcccf8e76eef9adb0b2bb2383907a77af07485df801516cca061a3301addd5
[INFO] running `Command { std: "docker" "create" "-v" "/var/lib/crater-agent-workspace/builds/worker-5-tc2/target:/opt/rustwide/target:rw,Z" "-v" "/var/lib/crater-agent-workspace/builds/worker-5-tc2/source:/opt/rustwide/workdir:ro,Z" "-v" "/var/lib/crater-agent-workspace/cargo-home:/opt/rustwide/cargo-home:ro,Z" "-v" "/var/lib/crater-agent-workspace/rustup-home:/opt/rustwide/rustup-home:ro,Z" "-e" "SOURCE_DIR=/opt/rustwide/workdir" "-e" "CARGO_TARGET_DIR=/opt/rustwide/target" "-e" "CARGO_INCREMENTAL=0" "-e" "RUST_BACKTRACE=full" "-e" "RUSTFLAGS=--cap-lints=forbid -Zrandomize-layout" "-e" "RUSTDOCFLAGS=--cap-lints=forbid" "-e" "CARGO_HOME=/opt/rustwide/cargo-home" "-e" "RUSTUP_HOME=/opt/rustwide/rustup-home" "-w" "/opt/rustwide/workdir" "-m" "1610612736" "--user" "0:0" "--network" "none" "ghcr.io/rust-lang/crates-build-env/linux@sha256:819108c5571ea2e421544af4d832f968d213c87fbe3707a016657f43d2f853bc" "/opt/rustwide/cargo-home/bin/cargo" "+nightly-2025-01-18" "test" "--frozen" "--no-run" "--message-format=json", kill_on_drop: false }`
[INFO] [stdout] 1607f65b859af128c391f139e4324779e86102835247f08886a2fb176a284be7
[INFO] running `Command { std: "docker" "start" "-a" "1607f65b859af128c391f139e4324779e86102835247f08886a2fb176a284be7", kill_on_drop: false }`
[INFO] [stderr] warning: virtual workspace defaulting to `resolver = "1"` despite one or more workspace members being on edition 2021 which implies `resolver = "2"`
[INFO] [stderr] note: to keep the current resolver, specify `workspace.resolver = "1"` in the workspace root's manifest
[INFO] [stderr] note: to use the edition 2021 resolver, specify `workspace.resolver = "2"` in the workspace root's manifest
[INFO] [stderr] note: for more details see https://doc.rust-lang.org/cargo/reference/resolver.html#resolver-versions
[INFO] [stderr]    Compiling vte_generate_state_changes v0.1.1
[INFO] [stderr]    Compiling utf8parse v0.2.0
[INFO] [stderr]    Compiling arrayvec v0.5.1
[INFO] [stderr]    Compiling difference v2.0.0
[INFO] [stderr]    Compiling path-clean v0.1.0
[INFO] [stderr]    Compiling args_test_util v0.1.0 (/opt/rustwide/workdir/args_test_util)
[INFO] [stdout] warning: methods `try_get_user_home_dir`, `get_user_home_dir`, and `exit` are never used
[INFO] [stdout]   --> cli/src/environment/environment.rs:52:6
[INFO] [stdout]    |
[INFO] [stdout] 5  | pub trait Environment: Clone + std::marker::Send + std::marker::Sync + 'static {
[INFO] [stdout]    |           ----------- methods in this trait
[INFO] [stdout] ...
[INFO] [stdout] 52 |   fn try_get_user_home_dir(&self) -> Result<PathBuf, ErrBox>;
[INFO] [stdout]    |      ^^^^^^^^^^^^^^^^^^^^^
[INFO] [stdout] 53 |   fn get_user_home_dir(&self) -> PathBuf {
[INFO] [stdout]    |      ^^^^^^^^^^^^^^^^^
[INFO] [stdout] ...
[INFO] [stdout] 76 |   fn exit(&self, code: i32) -> Result<(), ErrBox>;
[INFO] [stdout]    |      ^^^^
[INFO] [stdout]    |
[INFO] [stdout]    = note: `#[warn(dead_code)]` on by default
[INFO] [stdout] 
[INFO] [stdout] 
[INFO] [stderr]    Compiling pretty_assertions v0.6.1
[INFO] [stderr]    Compiling vte v0.10.1
[INFO] [stderr]    Compiling strip-ansi-escapes v0.1.1
[INFO] [stderr]    Compiling bvm v0.4.2 (/opt/rustwide/workdir/cli)
[INFO] [stdout] warning: methods `try_get_user_home_dir`, `get_user_home_dir`, and `exit` are never used
[INFO] [stdout]   --> cli/src/environment/environment.rs:52:6
[INFO] [stdout]    |
[INFO] [stdout] 5  | pub trait Environment: Clone + std::marker::Send + std::marker::Sync + 'static {
[INFO] [stdout]    |           ----------- methods in this trait
[INFO] [stdout] ...
[INFO] [stdout] 52 |   fn try_get_user_home_dir(&self) -> Result<PathBuf, ErrBox>;
[INFO] [stdout]    |      ^^^^^^^^^^^^^^^^^^^^^
[INFO] [stdout] 53 |   fn get_user_home_dir(&self) -> PathBuf {
[INFO] [stdout]    |      ^^^^^^^^^^^^^^^^^
[INFO] [stdout] ...
[INFO] [stdout] 76 |   fn exit(&self, code: i32) -> Result<(), ErrBox>;
[INFO] [stdout]    |      ^^^^
[INFO] [stdout]    |
[INFO] [stdout]    = note: `#[warn(dead_code)]` on by default
[INFO] [stdout] 
[INFO] [stdout] 
[INFO] [stdout] warning: method `set_verbose` is never used
[INFO] [stdout]    --> cli/src/environment/test_environment.rs:100:10
[INFO] [stdout]     |
[INFO] [stdout] 28  | impl TestEnvironment {
[INFO] [stdout]     | -------------------- method in this implementation
[INFO] [stdout] ...
[INFO] [stdout] 100 |   pub fn set_verbose(&self, value: bool) {
[INFO] [stdout]     |          ^^^^^^^^^^^
[INFO] [stdout] 
[INFO] [stdout] 
[INFO] [stderr]     Finished `test` profile [unoptimized + debuginfo] target(s) in 8.31s
[INFO] [stderr] warning: the following packages contain code that will be rejected by a future version of Rust: dprint-cli-core v0.9.0
[INFO] [stderr] note: to see what the problems were, use the option `--future-incompat-report`, or run `cargo report future-incompatibilities --id 1`
[INFO] running `Command { std: "docker" "inspect" "1607f65b859af128c391f139e4324779e86102835247f08886a2fb176a284be7", kill_on_drop: false }`
[INFO] running `Command { std: "docker" "rm" "-f" "1607f65b859af128c391f139e4324779e86102835247f08886a2fb176a284be7", kill_on_drop: false }`
[INFO] [stdout] 1607f65b859af128c391f139e4324779e86102835247f08886a2fb176a284be7
[INFO] running `Command { std: "docker" "create" "-v" "/var/lib/crater-agent-workspace/builds/worker-5-tc2/target:/opt/rustwide/target:rw,Z" "-v" "/var/lib/crater-agent-workspace/builds/worker-5-tc2/source:/opt/rustwide/workdir:ro,Z" "-v" "/var/lib/crater-agent-workspace/cargo-home:/opt/rustwide/cargo-home:ro,Z" "-v" "/var/lib/crater-agent-workspace/rustup-home:/opt/rustwide/rustup-home:ro,Z" "-e" "SOURCE_DIR=/opt/rustwide/workdir" "-e" "CARGO_TARGET_DIR=/opt/rustwide/target" "-e" "CARGO_INCREMENTAL=0" "-e" "RUST_BACKTRACE=full" "-e" "RUSTFLAGS=--cap-lints=forbid -Zrandomize-layout" "-e" "RUSTDOCFLAGS=--cap-lints=forbid" "-e" "CARGO_HOME=/opt/rustwide/cargo-home" "-e" "RUSTUP_HOME=/opt/rustwide/rustup-home" "-w" "/opt/rustwide/workdir" "-m" "1610612736" "--user" "0:0" "--network" "none" "ghcr.io/rust-lang/crates-build-env/linux@sha256:819108c5571ea2e421544af4d832f968d213c87fbe3707a016657f43d2f853bc" "/opt/rustwide/cargo-home/bin/cargo" "+nightly-2025-01-18" "test" "--frozen", kill_on_drop: false }`
[INFO] [stdout] f759d7a2b1c675e3c9893abdc5c6f3690e5bedcb352b96848e93800907e09304
[INFO] running `Command { std: "docker" "start" "-a" "f759d7a2b1c675e3c9893abdc5c6f3690e5bedcb352b96848e93800907e09304", kill_on_drop: false }`
[INFO] [stderr] warning: virtual workspace defaulting to `resolver = "1"` despite one or more workspace members being on edition 2021 which implies `resolver = "2"`
[INFO] [stderr] note: to keep the current resolver, specify `workspace.resolver = "1"` in the workspace root's manifest
[INFO] [stderr] note: to use the edition 2021 resolver, specify `workspace.resolver = "2"` in the workspace root's manifest
[INFO] [stderr] note: for more details see https://doc.rust-lang.org/cargo/reference/resolver.html#resolver-versions
[INFO] [stderr] warning: methods `try_get_user_home_dir`, `get_user_home_dir`, and `exit` are never used
[INFO] [stderr]   --> cli/src/environment/environment.rs:52:6
[INFO] [stderr]    |
[INFO] [stderr] 5  | pub trait Environment: Clone + std::marker::Send + std::marker::Sync + 'static {
[INFO] [stderr]    |           ----------- methods in this trait
[INFO] [stderr] ...
[INFO] [stderr] 52 |   fn try_get_user_home_dir(&self) -> Result<PathBuf, ErrBox>;
[INFO] [stderr]    |      ^^^^^^^^^^^^^^^^^^^^^
[INFO] [stderr] 53 |   fn get_user_home_dir(&self) -> PathBuf {
[INFO] [stderr]    |      ^^^^^^^^^^^^^^^^^
[INFO] [stderr] ...
[INFO] [stderr] 76 |   fn exit(&self, code: i32) -> Result<(), ErrBox>;
[INFO] [stderr]    |      ^^^^
[INFO] [stderr]    |
[INFO] [stderr]    = note: `#[warn(dead_code)]` on by default
[INFO] [stderr] 
[INFO] [stderr] warning: `bvm` (bin "bvm-bin") generated 1 warning
[INFO] [stderr] warning: method `set_verbose` is never used
[INFO] [stderr]    --> cli/src/environment/test_environment.rs:100:10
[INFO] [stderr]     |
[INFO] [stderr] 28  | impl TestEnvironment {
[INFO] [stderr]     | -------------------- method in this implementation
[INFO] [stderr] ...
[INFO] [stderr] 100 |   pub fn set_verbose(&self, value: bool) {
[INFO] [stderr]     |          ^^^^^^^^^^^
[INFO] [stderr] 
[INFO] [stderr] warning: `bvm` (bin "bvm-bin" test) generated 2 warnings (1 duplicate)
[INFO] [stderr]     Finished `test` profile [unoptimized + debuginfo] target(s) in 0.13s
[INFO] [stderr] warning: the following packages contain code that will be rejected by a future version of Rust: dprint-cli-core v0.9.0
[INFO] [stderr] note: to see what the problems were, use the option `--future-incompat-report`, or run `cargo report future-incompatibilities --id 1`
[INFO] [stderr]      Running unittests src/main.rs (/opt/rustwide/target/debug/deps/args_test_util-7ab24bddc0eff2e4)
[INFO] [stdout] 
[INFO] [stdout] running 0 tests
[INFO] [stdout] 
[INFO] [stdout] test result: ok. 0 passed; 0 failed; 0 ignored; 0 measured; 0 filtered out; finished in 0.00s
[INFO] [stdout] 
[INFO] [stderr]      Running unittests src/main.rs (/opt/rustwide/target/debug/deps/bvm_bin-7b678ecb7c9f60c2)
[INFO] [stdout] 
[INFO] [stdout] running 58 tests
[INFO] [stdout] test configuration::manipulation::test::get_indentation_four_spaces ... ok
[INFO] [stdout] test configuration::manipulation::test::get_indentation_eight_spaces ... ok
[INFO] [stdout] test configuration::manipulation::test::get_indentation_two_spaces ... ok
[INFO] [stdout] test configuration::manipulation::test::get_indentation_tabs ... ok
[INFO] [stdout] test test::add_command_existing_package_different_url_replaces ... ok
[INFO] [stdout] test test::add_command_existing_package_different_url_replaces_middle ... ok
[INFO] [stdout] test test::add_command_existing_url ... ok
[INFO] [stdout] test test::add_command_url_no_binaries ... ok
[INFO] [stdout] test test::add_command_url_other_binary ... ok
[INFO] [stdout] test test::add_command_existing_package_different_url_replaces_end ... ok
[INFO] [stdout] test test::add_command_existing_package_different_url_replaces_start ... ok
[INFO] [stdout] test test::binary_path_var_absolute_and_relative ... ok
[INFO] [stdout] test test::install_command_binary_object_checksum ... ok
[INFO] [stdout] test test::install_command_binary_object_checksum_incorrect ... ok
[INFO] [stdout] test test::add_command_registry ... ok
[INFO] [stdout] test test::install_command_binary_object ... ok
[INFO] [stdout] test test::clear_url_cache_command_path ... ok
[INFO] [stdout] test test::install_command_binary_object_url_checksum_incorrect ... ok
[INFO] [stdout] test test::install_command_binary_object_existing_matching_version_major_minor ... ok
[INFO] [stdout] test test::install_command_binary_object_existing_matching_version ... ok
[INFO] [stdout] test test::hidden_resolve_command ... ok
[INFO] [stdout] test test::install_command_binary_object_non_existing_matching_version ... ok
[INFO] [stdout] test test::install_command_binary_on_path ... ok
[INFO] [stdout] test test::install_command_binary_object_version_not_match_path_errors ... ok
[INFO] [stdout] test test::install_unknown_config_key ... ok
[INFO] [stdout] test test::install_command_no_existing_binary ... ok
[INFO] [stdout] test test::install_command_pre_post_install ... ok
[INFO] [stdout] test test::get_exec_env_path_gets ... ok
[INFO] [stdout] test test::get_exec_command_path_and_has_command ... ok
[INFO] [stdout] test test::binary_has_environment_path_and_variable ... ok
[INFO] [stdout] test test::install_url_command_no_path ... ok
[INFO] [stdout] test test::install_command_previous_install_binary ... ok
[INFO] [stdout] test test::list_command_with_no_installs ... ok
[INFO] [stdout] test test::install_url_output_dir ... ok
[INFO] [stdout] test test::registry_add_remove_list_command_path ... ok
[INFO] [stdout] test test::install_url_command_tar_gz ... ok
[INFO] [stdout] test test::registry_install_command_incorrect_checksum ... ok
[INFO] [stdout] test test::install_url_pre_and_post_install ... ok
[INFO] [stdout] test test::registry_install_command_multiple_owners ... ok
[INFO] [stdout] test test::registry_install_command_no_registry ... ok
[INFO] [stdout] test test::should_error_if_init_has_file ... ok
[INFO] [stdout] test test::should_error_if_init_has_hidden_file ... ok
[INFO] [stdout] test test::should_init ... ok
[INFO] [stdout] test test::should_output_version ... ok
[INFO] [stdout] test test::install_url_command_path ... ok
[INFO] [stdout] test test::support_hidden_config_file ... ok
[INFO] [stdout] test test::registry_install_command_latest ... ok
[INFO] [stdout] test test::registry_install_command_latest_all_pre_releases ... ok
[INFO] [stdout] test test::install_url_command_use_with_config_file_same_command ... ok
[INFO] [stdout] test test::uninstall_command_binary_on_path ... ok
[INFO] [stdout] test test::unix_install_command ... ok
[INFO] [stdout] test test::list_command_with_installs ... ok
[INFO] [stdout] test test::use_command_config_file_same_command ... ok
[INFO] [stdout] test test::registry_install_command ... ok
[INFO] [stdout] test test::use_command_different_owners_path ... ok
[INFO] [stdout] test test::install_url_command_previous_install ... ok
[INFO] [stdout] test test::uninstall_command_multiple_binaries ... ok
[INFO] [stdout] test test::use_command_multiple_command_binaries ... ok
[INFO] [stderr]      Running tests/integration_tests.rs (/opt/rustwide/target/debug/deps/integration_tests-2d8ee89e6fd211b7)
[INFO] [stdout] 
[INFO] [stdout] test result: ok. 58 passed; 0 failed; 0 ignored; 0 measured; 0 filtered out; finished in 0.51s
[INFO] [stdout] 
[INFO] [stdout] 
[INFO] [stdout] running 1 test
[INFO] [stdout] test sh_integration ... FAILED
[INFO] [stdout] 
[INFO] [stdout] failures:
[INFO] [stdout] 
[INFO] [stdout] ---- sh_integration stdout ----
[INFO] [stdout] 
[INFO] [stdout] thread 'sh_integration' panicked at cli/tests/integration_tests.rs:128:45:
[INFO] [stdout] called `Result::unwrap()` on an `Err` value: Os { code: 30, kind: ReadOnlyFilesystem, message: "Read-only file system" }
[INFO] [stdout] stack backtrace:
[INFO] [stdout]    0:     0x5ab594d2a1aa - std::backtrace_rs::backtrace::libunwind::trace::hb059275cfc8d6126
[INFO] [stderr] error: test failed, to rerun pass `-p bvm --test integration_tests`
[INFO] [stdout]                                at /rustc/6067b36314ab5eb2eb47cecc464545ba58e1ad24/library/std/src/../../backtrace/src/backtrace/libunwind.rs:116:5
[INFO] [stdout]    1:     0x5ab594d2a1aa - std::backtrace_rs::backtrace::trace_unsynchronized::h2da071e4327ce3ee
[INFO] [stdout]                                at /rustc/6067b36314ab5eb2eb47cecc464545ba58e1ad24/library/std/src/../../backtrace/src/backtrace/mod.rs:66:5
[INFO] [stdout]    2:     0x5ab594d2a1aa - std::sys::backtrace::_print_fmt::h842a1474e6f8d23f
[INFO] [stdout]                                at /rustc/6067b36314ab5eb2eb47cecc464545ba58e1ad24/library/std/src/sys/backtrace.rs:66:9
[INFO] [stdout]    3:     0x5ab594d2a1aa - <std::sys::backtrace::BacktraceLock::print::DisplayBacktrace as core::fmt::Display>::fmt::h71a62eb3b9696b12
[INFO] [stdout]                                at /rustc/6067b36314ab5eb2eb47cecc464545ba58e1ad24/library/std/src/sys/backtrace.rs:39:26
[INFO] [stdout]    4:     0x5ab594d53233 - core::fmt::rt::Argument::fmt::hdb6b616786b41dc1
[INFO] [stdout]                                at /rustc/6067b36314ab5eb2eb47cecc464545ba58e1ad24/library/core/src/fmt/rt.rs:177:76
[INFO] [stdout]    5:     0x5ab594d53233 - core::fmt::write::h2cc1698af7e2d686
[INFO] [stdout]                                at /rustc/6067b36314ab5eb2eb47cecc464545ba58e1ad24/library/core/src/fmt/mod.rs:1440:21
[INFO] [stdout]    6:     0x5ab594d26903 - std::io::Write::write_fmt::hab1b4cd059a79022
[INFO] [stdout]                                at /rustc/6067b36314ab5eb2eb47cecc464545ba58e1ad24/library/std/src/io/mod.rs:1887:15
[INFO] [stdout]    7:     0x5ab594d29ff2 - std::sys::backtrace::BacktraceLock::print::h147fe35b4ea13b08
[INFO] [stdout]                                at /rustc/6067b36314ab5eb2eb47cecc464545ba58e1ad24/library/std/src/sys/backtrace.rs:42:9
[INFO] [stdout]    8:     0x5ab594d2b5cf - std::panicking::default_hook::{{closure}}::hbd44223dbdc0d208
[INFO] [stdout]                                at /rustc/6067b36314ab5eb2eb47cecc464545ba58e1ad24/library/std/src/panicking.rs:298:22
[INFO] [stdout]    9:     0x5ab594d2b3e8 - std::panicking::default_hook::h20f81eb0576efcec
[INFO] [stdout]                                at /rustc/6067b36314ab5eb2eb47cecc464545ba58e1ad24/library/std/src/panicking.rs:322:9
[INFO] [stdout]   10:     0x5ab594ce1503 - <alloc::boxed::Box<F,A> as core::ops::function::Fn<Args>>::call::hdb53814c496a4d34
[INFO] [stdout]                                at /rustc/6067b36314ab5eb2eb47cecc464545ba58e1ad24/library/alloc/src/boxed.rs:2027:9
[INFO] [stdout]   11:     0x5ab594ce1503 - test::test_main::{{closure}}::hc0a4963c59427c24
[INFO] [stdout]                                at /rustc/6067b36314ab5eb2eb47cecc464545ba58e1ad24/library/test/src/lib.rs:134:21
[INFO] [stdout]   12:     0x5ab594d2c0c3 - <alloc::boxed::Box<F,A> as core::ops::function::Fn<Args>>::call::h591b2225413a77e9
[INFO] [stdout]                                at /rustc/6067b36314ab5eb2eb47cecc464545ba58e1ad24/library/alloc/src/boxed.rs:2027:9
[INFO] [stdout]   13:     0x5ab594d2c0c3 - std::panicking::rust_panic_with_hook::h625eea43051b2edc
[INFO] [stdout]                                at /rustc/6067b36314ab5eb2eb47cecc464545ba58e1ad24/library/std/src/panicking.rs:839:13
[INFO] [stdout]   14:     0x5ab594d2bd7a - std::panicking::begin_panic_handler::{{closure}}::h4f9159cfbc3f6bd3
[INFO] [stdout]                                at /rustc/6067b36314ab5eb2eb47cecc464545ba58e1ad24/library/std/src/panicking.rs:704:13
[INFO] [stdout]   15:     0x5ab594d2a6a9 - std::sys::backtrace::__rust_end_short_backtrace::h0390abce48353151
[INFO] [stdout]                                at /rustc/6067b36314ab5eb2eb47cecc464545ba58e1ad24/library/std/src/sys/backtrace.rs:168:18
[INFO] [stdout]   16:     0x5ab594d2ba0d - rust_begin_unwind
[INFO] [stdout]                                at /rustc/6067b36314ab5eb2eb47cecc464545ba58e1ad24/library/std/src/panicking.rs:695:5
[INFO] [stdout]   17:     0x5ab594d51ce0 - core::panicking::panic_fmt::h9e7c637e9e5f29c9
[INFO] [stdout]                                at /rustc/6067b36314ab5eb2eb47cecc464545ba58e1ad24/library/core/src/panicking.rs:75:14
[INFO] [stdout]   18:     0x5ab594d52086 - core::result::unwrap_failed::h7979f09313fe1849
[INFO] [stdout]                                at /rustc/6067b36314ab5eb2eb47cecc464545ba58e1ad24/library/core/src/result.rs:1704:5
[INFO] [stdout]   19:     0x5ab594c9affb - core::result::Result<T,E>::unwrap::h7876f13eb269f9b4
[INFO] [stdout]                                at /rustc/6067b36314ab5eb2eb47cecc464545ba58e1ad24/library/core/src/result.rs:1109:23
[INFO] [stdout]   20:     0x5ab594c9affb - integration_tests::ensure_setup::{{closure}}::hd9ad123649364033
[INFO] [stdout]                                at /opt/rustwide/workdir/cli/tests/integration_tests.rs:128:5
[INFO] [stdout]   21:     0x5ab594c92221 - std::sync::poison::once::Once::call_once::{{closure}}::h4d123103d0f42f55
[INFO] [stdout]                                at /rustc/6067b36314ab5eb2eb47cecc464545ba58e1ad24/library/std/src/sync/poison/once.rs:158:41
[INFO] [stdout]   22:     0x5ab594d35d64 - std::sys::sync::once::futex::Once::call::h815b83ce02d0388e
[INFO] [stdout]                                at /rustc/6067b36314ab5eb2eb47cecc464545ba58e1ad24/library/std/src/sys/sync/once/futex.rs:176:21
[INFO] [stdout]   23:     0x5ab594c921a3 - std::sync::poison::once::Once::call_once::h021c4914e9eb1e1d
[INFO] [stdout]                                at /rustc/6067b36314ab5eb2eb47cecc464545ba58e1ad24/library/std/src/sync/poison/once.rs:158:9
[INFO] [stdout]   24:     0x5ab594c9a974 - integration_tests::ensure_setup::h2ac45e33a1784fad
[INFO] [stdout]                                at /opt/rustwide/workdir/cli/tests/integration_tests.rs:114:3
[INFO] [stdout]   25:     0x5ab594c9cbcc - integration_tests::sh_integration::hf178a97d1bfcc3b6
[INFO] [stdout]                                at /opt/rustwide/workdir/cli/tests/integration_tests.rs:85:3
[INFO] [stdout]   26:     0x5ab594c9cb97 - integration_tests::sh_integration::{{closure}}::hd69783203401edc6
[INFO] [stdout]                                at /opt/rustwide/workdir/cli/tests/integration_tests.rs:84:20
[INFO] [stdout]   27:     0x5ab594ca3df6 - core::ops::function::FnOnce::call_once::he10d2068a268cc1e
[INFO] [stdout]                                at /rustc/6067b36314ab5eb2eb47cecc464545ba58e1ad24/library/core/src/ops/function.rs:250:5
[INFO] [stdout]   28:     0x5ab594ce6c5b - core::ops::function::FnOnce::call_once::he27718dfdd183f43
[INFO] [stdout]                                at /rustc/6067b36314ab5eb2eb47cecc464545ba58e1ad24/library/core/src/ops/function.rs:250:5
[INFO] [stdout]   29:     0x5ab594ce6c5b - test::__rust_begin_short_backtrace::h4e84902998457a5d
[INFO] [stdout]                                at /rustc/6067b36314ab5eb2eb47cecc464545ba58e1ad24/library/test/src/lib.rs:632:18
[INFO] [stdout]   30:     0x5ab594ce5b93 - test::run_test_in_process::{{closure}}::h7176fd18fc1feca0
[INFO] [stdout]                                at /rustc/6067b36314ab5eb2eb47cecc464545ba58e1ad24/library/test/src/lib.rs:655:60
[INFO] [stdout]   31:     0x5ab594ce5b93 - <core::panic::unwind_safe::AssertUnwindSafe<F> as core::ops::function::FnOnce<()>>::call_once::hf79cff2a624d8cf7
[INFO] [stdout]                                at /rustc/6067b36314ab5eb2eb47cecc464545ba58e1ad24/library/core/src/panic/unwind_safe.rs:272:9
[INFO] [stdout]   32:     0x5ab594ce5b93 - std::panicking::try::do_call::h3da0561d9ab99c25
[INFO] [stdout]                                at /rustc/6067b36314ab5eb2eb47cecc464545ba58e1ad24/library/std/src/panicking.rs:587:40
[INFO] [stdout]   33:     0x5ab594ce5b93 - std::panicking::try::h41c9fa508bc61df6
[INFO] [stdout]                                at /rustc/6067b36314ab5eb2eb47cecc464545ba58e1ad24/library/std/src/panicking.rs:550:19
[INFO] [stdout]   34:     0x5ab594ce5b93 - std::panic::catch_unwind::h6b3ff07bb5afad93
[INFO] [stdout]                                at /rustc/6067b36314ab5eb2eb47cecc464545ba58e1ad24/library/std/src/panic.rs:358:14
[INFO] [stdout]   35:     0x5ab594ce5b93 - test::run_test_in_process::hc7253dd11b39b9f4
[INFO] [stdout]                                at /rustc/6067b36314ab5eb2eb47cecc464545ba58e1ad24/library/test/src/lib.rs:655:27
[INFO] [stdout]   36:     0x5ab594ce5b93 - test::run_test::{{closure}}::hfb2007f8649c30bb
[INFO] [stdout]                                at /rustc/6067b36314ab5eb2eb47cecc464545ba58e1ad24/library/test/src/lib.rs:576:43
[INFO] [stdout]   37:     0x5ab594ca8c75 - test::run_test::{{closure}}::h56a17aa7a282a9f4
[INFO] [stdout]                                at /rustc/6067b36314ab5eb2eb47cecc464545ba58e1ad24/library/test/src/lib.rs:606:41
[INFO] [stdout]   38:     0x5ab594ca8c75 - std::sys::backtrace::__rust_begin_short_backtrace::hd2d2d2fb8e8c6aac
[INFO] [stdout]                                at /rustc/6067b36314ab5eb2eb47cecc464545ba58e1ad24/library/std/src/sys/backtrace.rs:152:18
[INFO] [stdout]   39:     0x5ab594cac55a - std::thread::Builder::spawn_unchecked_::{{closure}}::{{closure}}::h4faa3f9db6133423
[INFO] [stdout]                                at /rustc/6067b36314ab5eb2eb47cecc464545ba58e1ad24/library/std/src/thread/mod.rs:559:17
[INFO] [stdout]   40:     0x5ab594cac55a - <core::panic::unwind_safe::AssertUnwindSafe<F> as core::ops::function::FnOnce<()>>::call_once::hf2e855a36a4ea846
[INFO] [stdout]                                at /rustc/6067b36314ab5eb2eb47cecc464545ba58e1ad24/library/core/src/panic/unwind_safe.rs:272:9
[INFO] [stdout]   41:     0x5ab594cac55a - std::panicking::try::do_call::h2f73af3616c35465
[INFO] [stdout]                                at /rustc/6067b36314ab5eb2eb47cecc464545ba58e1ad24/library/std/src/panicking.rs:587:40
[INFO] [stdout]   42:     0x5ab594cac55a - std::panicking::try::hd1660ce9efadef5a
[INFO] [stdout]                                at /rustc/6067b36314ab5eb2eb47cecc464545ba58e1ad24/library/std/src/panicking.rs:550:19
[INFO] [stdout]   43:     0x5ab594cac55a - std::panic::catch_unwind::h5ee8d7823b8ca744
[INFO] [stdout]                                at /rustc/6067b36314ab5eb2eb47cecc464545ba58e1ad24/library/std/src/panic.rs:358:14
[INFO] [stdout]   44:     0x5ab594cac55a - std::thread::Builder::spawn_unchecked_::{{closure}}::h53c3a1894dce8407
[INFO] [stdout]                                at /rustc/6067b36314ab5eb2eb47cecc464545ba58e1ad24/library/std/src/thread/mod.rs:557:30
[INFO] [stdout]   45:     0x5ab594cac55a - core::ops::function::FnOnce::call_once{{vtable.shim}}::h048ce291ad4f62bf
[INFO] [stdout]                                at /rustc/6067b36314ab5eb2eb47cecc464545ba58e1ad24/library/core/src/ops/function.rs:250:5
[INFO] [stdout]   46:     0x5ab594d3173b - <alloc::boxed::Box<F,A> as core::ops::function::FnOnce<Args>>::call_once::ha52bedf99a3b4981
[INFO] [stdout]                                at /rustc/6067b36314ab5eb2eb47cecc464545ba58e1ad24/library/alloc/src/boxed.rs:2013:9
[INFO] [stdout]   47:     0x5ab594d3173b - <alloc::boxed::Box<F,A> as core::ops::function::FnOnce<Args>>::call_once::h567748934d80ccf8
[INFO] [stdout]                                at /rustc/6067b36314ab5eb2eb47cecc464545ba58e1ad24/library/alloc/src/boxed.rs:2013:9
[INFO] [stdout]   48:     0x5ab594d3173b - std::sys::pal::unix::thread::Thread::new::thread_start::h2d970728ae887adc
[INFO] [stdout]                                at /rustc/6067b36314ab5eb2eb47cecc464545ba58e1ad24/library/std/src/sys/pal/unix/thread.rs:106:17
[INFO] [stdout]   49:     0x7ef2093a7ac3 - <unknown>
[INFO] [stdout]   50:     0x7ef209438a04 - clone
[INFO] [stdout]   51:                0x0 - <unknown>
[INFO] [stdout] 
[INFO] [stdout] 
[INFO] [stdout] failures:
[INFO] [stdout]     sh_integration
[INFO] [stdout] 
[INFO] [stdout] test result: FAILED. 0 passed; 1 failed; 0 ignored; 0 measured; 0 filtered out; finished in 0.03s
[INFO] [stdout] 
[INFO] running `Command { std: "docker" "inspect" "f759d7a2b1c675e3c9893abdc5c6f3690e5bedcb352b96848e93800907e09304", kill_on_drop: false }`
[INFO] running `Command { std: "docker" "rm" "-f" "f759d7a2b1c675e3c9893abdc5c6f3690e5bedcb352b96848e93800907e09304", kill_on_drop: false }`
[INFO] [stdout] f759d7a2b1c675e3c9893abdc5c6f3690e5bedcb352b96848e93800907e09304
