[INFO] cloning repository https://github.com/rockshrimp/AdventOfCode2024
[INFO] running `Command { std: "git" "-c" "credential.helper=" "-c" "credential.helper=/workspace/cargo-home/bin/git-credential-null" "clone" "--bare" "https://github.com/rockshrimp/AdventOfCode2024" "/workspace/cache/git-repos/https%3A%2F%2Fgithub.com%2Frockshrimp%2FAdventOfCode2024", kill_on_drop: false }`
[INFO] [stderr] Cloning into bare repository '/workspace/cache/git-repos/https%3A%2F%2Fgithub.com%2Frockshrimp%2FAdventOfCode2024'...
[INFO] running `Command { std: "git" "rev-parse" "HEAD", kill_on_drop: false }`
[INFO] [stdout] 333e749d6e75d0fc4ccd8ab12d821848abd00ba9
[INFO] testing rockshrimp/AdventOfCode2024 against nightly-2025-01-18+rustflags=-Zrandomize-layout for randomize-layout-2
[INFO] running `Command { std: "git" "clone" "/workspace/cache/git-repos/https%3A%2F%2Fgithub.com%2Frockshrimp%2FAdventOfCode2024" "/workspace/builds/worker-6-tc2/source", kill_on_drop: false }`
[INFO] [stderr] Cloning into '/workspace/builds/worker-6-tc2/source'...
[INFO] [stderr] done.
[INFO] validating manifest of git repo https://github.com/rockshrimp/AdventOfCode2024 on toolchain nightly-2025-01-18
[INFO] running `Command { std: CARGO_HOME="/workspace/cargo-home" RUSTUP_HOME="/workspace/rustup-home" "/workspace/cargo-home/bin/cargo" "+nightly-2025-01-18" "metadata" "--manifest-path" "Cargo.toml" "--no-deps", kill_on_drop: false }`
[INFO] started tweaking git repo https://github.com/rockshrimp/AdventOfCode2024
[INFO] finished tweaking git repo https://github.com/rockshrimp/AdventOfCode2024
[INFO] tweaked toml for git repo https://github.com/rockshrimp/AdventOfCode2024 written to /workspace/builds/worker-6-tc2/source/Cargo.toml
[INFO] crate git repo https://github.com/rockshrimp/AdventOfCode2024 already has a lockfile, it will not be regenerated
[INFO] running `Command { std: CARGO_HOME="/workspace/cargo-home" RUSTUP_HOME="/workspace/rustup-home" "/workspace/cargo-home/bin/cargo" "+nightly-2025-01-18" "fetch" "--manifest-path" "Cargo.toml", kill_on_drop: false }`
[INFO] running `Command { std: "docker" "create" "-v" "/var/lib/crater-agent-workspace/builds/worker-6-tc2/target:/opt/rustwide/target:rw,Z" "-v" "/var/lib/crater-agent-workspace/builds/worker-6-tc2/source:/opt/rustwide/workdir:ro,Z" "-v" "/var/lib/crater-agent-workspace/cargo-home:/opt/rustwide/cargo-home:ro,Z" "-v" "/var/lib/crater-agent-workspace/rustup-home:/opt/rustwide/rustup-home:ro,Z" "-e" "SOURCE_DIR=/opt/rustwide/workdir" "-e" "CARGO_TARGET_DIR=/opt/rustwide/target" "-e" "CARGO_HOME=/opt/rustwide/cargo-home" "-e" "RUSTUP_HOME=/opt/rustwide/rustup-home" "-w" "/opt/rustwide/workdir" "-m" "1610612736" "--user" "0:0" "--network" "none" "ghcr.io/rust-lang/crates-build-env/linux@sha256:819108c5571ea2e421544af4d832f968d213c87fbe3707a016657f43d2f853bc" "/opt/rustwide/cargo-home/bin/cargo" "+nightly-2025-01-18" "metadata" "--no-deps" "--format-version=1", kill_on_drop: false }`
[INFO] [stdout] 17652300b5671addd0d27ee4941ba08890243d41722cb139acef134d520a4391
[INFO] running `Command { std: "docker" "start" "-a" "17652300b5671addd0d27ee4941ba08890243d41722cb139acef134d520a4391", kill_on_drop: false }`
[INFO] running `Command { std: "docker" "inspect" "17652300b5671addd0d27ee4941ba08890243d41722cb139acef134d520a4391", kill_on_drop: false }`
[INFO] running `Command { std: "docker" "rm" "-f" "17652300b5671addd0d27ee4941ba08890243d41722cb139acef134d520a4391", kill_on_drop: false }`
[INFO] [stdout] 17652300b5671addd0d27ee4941ba08890243d41722cb139acef134d520a4391
[INFO] running `Command { std: "docker" "create" "-v" "/var/lib/crater-agent-workspace/builds/worker-6-tc2/target:/opt/rustwide/target:rw,Z" "-v" "/var/lib/crater-agent-workspace/builds/worker-6-tc2/source:/opt/rustwide/workdir:ro,Z" "-v" "/var/lib/crater-agent-workspace/cargo-home:/opt/rustwide/cargo-home:ro,Z" "-v" "/var/lib/crater-agent-workspace/rustup-home:/opt/rustwide/rustup-home:ro,Z" "-e" "SOURCE_DIR=/opt/rustwide/workdir" "-e" "CARGO_TARGET_DIR=/opt/rustwide/target" "-e" "CARGO_INCREMENTAL=0" "-e" "RUST_BACKTRACE=full" "-e" "RUSTFLAGS=--cap-lints=forbid -Zrandomize-layout" "-e" "RUSTDOCFLAGS=--cap-lints=forbid" "-e" "CARGO_HOME=/opt/rustwide/cargo-home" "-e" "RUSTUP_HOME=/opt/rustwide/rustup-home" "-w" "/opt/rustwide/workdir" "-m" "1610612736" "--user" "0:0" "--network" "none" "ghcr.io/rust-lang/crates-build-env/linux@sha256:819108c5571ea2e421544af4d832f968d213c87fbe3707a016657f43d2f853bc" "/opt/rustwide/cargo-home/bin/cargo" "+nightly-2025-01-18" "build" "--frozen" "--message-format=json", kill_on_drop: false }`
[INFO] [stdout] 8dcc3c272e8c624a4bdf81a91c0a9cb8dfeab3b9a5d53a3763ef23f540ad3ab6
[INFO] running `Command { std: "docker" "start" "-a" "8dcc3c272e8c624a4bdf81a91c0a9cb8dfeab3b9a5d53a3763ef23f540ad3ab6", kill_on_drop: false }`
[INFO] [stderr]    Compiling aho-corasick v1.1.3
[INFO] [stderr]    Compiling regex-syntax v0.8.5
[INFO] [stderr]    Compiling either v1.13.0
[INFO] [stderr]    Compiling itertools v0.13.0
[INFO] [stderr]    Compiling regex-automata v0.4.9
[INFO] [stderr]    Compiling regex v1.11.1
[INFO] [stderr]    Compiling advent_of_code_2024 v0.1.0 (/opt/rustwide/workdir)
[INFO] [stdout] warning: variable `U` should have a snake case name
[INFO] [stdout]   --> src/bin/day_12.rs:79:13
[INFO] [stdout]    |
[INFO] [stdout] 79 |     if let [U, D, L, R, U_R, U_L, D_R, D_L] = 
[INFO] [stdout]    |             ^ help: convert the identifier to snake case (notice the capitalization): `u`
[INFO] [stdout]    |
[INFO] [stdout]    = note: `#[warn(non_snake_case)]` on by default
[INFO] [stdout] 
[INFO] [stdout] 
[INFO] [stdout] warning: variable `D` should have a snake case name
[INFO] [stdout]   --> src/bin/day_12.rs:79:16
[INFO] [stdout]    |
[INFO] [stdout] 79 |     if let [U, D, L, R, U_R, U_L, D_R, D_L] = 
[INFO] [stdout]    |                ^ help: convert the identifier to snake case: `d`
[INFO] [stdout] 
[INFO] [stdout] 
[INFO] [stdout] warning: variable `L` should have a snake case name
[INFO] [stdout]   --> src/bin/day_12.rs:79:19
[INFO] [stdout]    |
[INFO] [stdout] 79 |     if let [U, D, L, R, U_R, U_L, D_R, D_L] = 
[INFO] [stdout]    |                   ^ help: convert the identifier to snake case: `l`
[INFO] [stdout] 
[INFO] [stdout] 
[INFO] [stdout] warning: variable `R` should have a snake case name
[INFO] [stdout]   --> src/bin/day_12.rs:79:22
[INFO] [stdout]    |
[INFO] [stdout] 79 |     if let [U, D, L, R, U_R, U_L, D_R, D_L] = 
[INFO] [stdout]    |                      ^ help: convert the identifier to snake case: `r`
[INFO] [stdout] 
[INFO] [stdout] 
[INFO] [stdout] warning: variable `U_R` should have a snake case name
[INFO] [stdout]   --> src/bin/day_12.rs:79:25
[INFO] [stdout]    |
[INFO] [stdout] 79 |     if let [U, D, L, R, U_R, U_L, D_R, D_L] = 
[INFO] [stdout]    |                         ^^^ help: convert the identifier to snake case: `u_r`
[INFO] [stdout] 
[INFO] [stdout] 
[INFO] [stdout] warning: variable `U_L` should have a snake case name
[INFO] [stdout]   --> src/bin/day_12.rs:79:30
[INFO] [stdout]    |
[INFO] [stdout] 79 |     if let [U, D, L, R, U_R, U_L, D_R, D_L] = 
[INFO] [stdout]    |                              ^^^ help: convert the identifier to snake case: `u_l`
[INFO] [stdout] 
[INFO] [stdout] 
[INFO] [stdout] warning: variable `D_R` should have a snake case name
[INFO] [stdout]   --> src/bin/day_12.rs:79:35
[INFO] [stdout]    |
[INFO] [stdout] 79 |     if let [U, D, L, R, U_R, U_L, D_R, D_L] = 
[INFO] [stdout]    |                                   ^^^ help: convert the identifier to snake case: `d_r`
[INFO] [stdout] 
[INFO] [stdout] 
[INFO] [stdout] warning: variable `D_L` should have a snake case name
[INFO] [stdout]   --> src/bin/day_12.rs:79:40
[INFO] [stdout]    |
[INFO] [stdout] 79 |     if let [U, D, L, R, U_R, U_L, D_R, D_L] = 
[INFO] [stdout]    |                                        ^^^ help: convert the identifier to snake case: `d_l`
[INFO] [stdout] 
[INFO] [stdout] 
[INFO] [stdout] warning: unused import: `result`
[INFO] [stdout]  --> src/bin/day_11.rs:1:29
[INFO] [stdout]   |
[INFO] [stdout] 1 | use std::{iter::successors, result};
[INFO] [stdout]   |                             ^^^^^^
[INFO] [stdout]   |
[INFO] [stdout]   = note: `#[warn(unused_imports)]` on by default
[INFO] [stdout] 
[INFO] [stdout] 
[INFO] [stdout] warning: unnecessary parentheses around type
[INFO] [stdout]   --> src/bin/day_14.rs:56:32
[INFO] [stdout]    |
[INFO] [stdout] 56 | fn display_robots(robots: &Vec<(Robot)>){
[INFO] [stdout]    |                                ^     ^
[INFO] [stdout]    |
[INFO] [stdout]    = note: `#[warn(unused_parens)]` on by default
[INFO] [stdout] help: remove these parentheses
[INFO] [stdout]    |
[INFO] [stdout] 56 - fn display_robots(robots: &Vec<(Robot)>){
[INFO] [stdout] 56 + fn display_robots(robots: &Vec<Robot>){
[INFO] [stdout]    |
[INFO] [stdout] 
[INFO] [stdout] 
[INFO] [stdout] warning: variable does not need to be mutable
[INFO] [stdout]   --> src/bin/day_6.rs:55:9
[INFO] [stdout]    |
[INFO] [stdout] 55 |     let mut lines: Vec<Vec<char>> = read_lines(&input).iter().map(|s| s.chars().collect()).collect();
[INFO] [stdout]    |         ----^^^^^
[INFO] [stdout]    |         |
[INFO] [stdout]    |         help: remove this `mut`
[INFO] [stdout]    |
[INFO] [stdout]    = note: `#[warn(unused_mut)]` on by default
[INFO] [stdout] 
[INFO] [stdout] 
[INFO] [stdout] warning: function `part_1` is never used
[INFO] [stdout]   --> src/bin/day_6.rs:15:4
[INFO] [stdout]    |
[INFO] [stdout] 15 | fn part_1(){
[INFO] [stdout]    |    ^^^^^^
[INFO] [stdout]    |
[INFO] [stdout]    = note: `#[warn(dead_code)]` on by default
[INFO] [stdout] 
[INFO] [stdout] 
[INFO] [stdout] warning: function `east` is never used
[INFO] [stdout]  --> src/bin/day_4.rs:3:4
[INFO] [stdout]   |
[INFO] [stdout] 3 | fn east(x:usize, y:usize, grid: &Vec<String>, word: &str)-> bool{
[INFO] [stdout]   |    ^^^^
[INFO] [stdout]   |
[INFO] [stdout]   = note: `#[warn(dead_code)]` on by default
[INFO] [stdout] 
[INFO] [stdout] 
[INFO] [stdout] warning: function `west` is never used
[INFO] [stdout]  --> src/bin/day_4.rs:8:4
[INFO] [stdout]   |
[INFO] [stdout] 8 | fn west(x:usize, y:usize, grid: &Vec<String>, word: &str)-> bool{
[INFO] [stdout]   |    ^^^^
[INFO] [stdout] 
[INFO] [stdout] 
[INFO] [stdout] warning: function `south` is never used
[INFO] [stdout]   --> src/bin/day_4.rs:13:4
[INFO] [stdout]    |
[INFO] [stdout] 13 | fn south(x:usize, y:usize, grid: &Vec<String>, word: &str)-> bool{
[INFO] [stdout]    |    ^^^^^
[INFO] [stdout] 
[INFO] [stdout] 
[INFO] [stdout] warning: function `north` is never used
[INFO] [stdout]   --> src/bin/day_4.rs:25:4
[INFO] [stdout]    |
[INFO] [stdout] 25 | fn north(x:usize, y:usize, grid: &Vec<String>, word: &str)-> bool{
[INFO] [stdout]    |    ^^^^^
[INFO] [stdout] 
[INFO] [stdout] 
[INFO] [stdout] warning: function `detect_word` is never used
[INFO] [stdout]   --> src/bin/day_4.rs:87:4
[INFO] [stdout]    |
[INFO] [stdout] 87 | fn detect_word(x:usize, y:usize, grid: &Vec<String>) -> i32 {
[INFO] [stdout]    |    ^^^^^^^^^^^
[INFO] [stdout] 
[INFO] [stdout] 
[INFO] [stdout] warning: function `part_1` is never used
[INFO] [stdout]    --> src/bin/day_4.rs:149:4
[INFO] [stdout]     |
[INFO] [stdout] 149 | fn part_1(){
[INFO] [stdout]     |    ^^^^^^
[INFO] [stdout] 
[INFO] [stdout] 
[INFO] [stdout] warning: unused import: `substract_coordinates`
[INFO] [stdout]  --> src/bin/day_15.rs:4:56
[INFO] [stdout]   |
[INFO] [stdout] 4 | use advent_of_code_2024::{add_coordinates, read_lines, substract_coordinates, Position, DOWN, LEFT, RIGHT, UP};
[INFO] [stdout]   |                                                        ^^^^^^^^^^^^^^^^^^^^^
[INFO] [stdout]   |
[INFO] [stdout]   = note: `#[warn(unused_imports)]` on by default
[INFO] [stdout] 
[INFO] [stdout] 
[INFO] [stdout] warning: unused import: `std::collections::HashSet`
[INFO] [stdout]  --> src/bin/day_9.rs:1:5
[INFO] [stdout]   |
[INFO] [stdout] 1 | use std::collections::HashSet;
[INFO] [stdout]   |     ^^^^^^^^^^^^^^^^^^^^^^^^^
[INFO] [stdout]   |
[INFO] [stdout]   = note: `#[warn(unused_imports)]` on by default
[INFO] [stdout] 
[INFO] [stdout] 
[INFO] [stdout] warning: unused import: `itertools::Chunks`
[INFO] [stdout]  --> src/bin/day_9.rs:4:5
[INFO] [stdout]   |
[INFO] [stdout] 4 | use itertools::Chunks;
[INFO] [stdout]   |     ^^^^^^^^^^^^^^^^^
[INFO] [stdout] 
[INFO] [stdout] 
[INFO] [stdout] warning: unused variable: `c`
[INFO] [stdout]   --> src/bin/day_8.rs:43:10
[INFO] [stdout]    |
[INFO] [stdout] 43 |     for (c, pos_vec) in &char_map{
[INFO] [stdout]    |          ^ help: if this is intentional, prefix it with an underscore: `_c`
[INFO] [stdout]    |
[INFO] [stdout]    = note: `#[warn(unused_variables)]` on by default
[INFO] [stdout] 
[INFO] [stdout] 
[INFO] [stdout] warning: function `get_antinode_positions` is never used
[INFO] [stdout]  --> src/bin/day_8.rs:9:4
[INFO] [stdout]   |
[INFO] [stdout] 9 | fn get_antinode_positions(a:Position, b: Position) -> (Position, Position){
[INFO] [stdout]   |    ^^^^^^^^^^^^^^^^^^^^^^
[INFO] [stdout]   |
[INFO] [stdout]   = note: `#[warn(dead_code)]` on by default
[INFO] [stdout] 
[INFO] [stdout] 
[INFO] [stdout] warning: function `part_1` is never used
[INFO] [stdout]   --> src/bin/day_8.rs:23:4
[INFO] [stdout]    |
[INFO] [stdout] 23 | fn part_1(){
[INFO] [stdout]    |    ^^^^^^
[INFO] [stdout] 
[INFO] [stdout] 
[INFO] [stdout] warning: unused variable: `height`
[INFO] [stdout]   --> src/bin/day_10.rs:90:9
[INFO] [stdout]    |
[INFO] [stdout] 90 |     let height = grid.len();
[INFO] [stdout]    |         ^^^^^^ help: if this is intentional, prefix it with an underscore: `_height`
[INFO] [stdout]    |
[INFO] [stdout]    = note: `#[warn(unused_variables)]` on by default
[INFO] [stdout] 
[INFO] [stdout] 
[INFO] [stdout] warning: unused variable: `width`
[INFO] [stdout]   --> src/bin/day_10.rs:91:9
[INFO] [stdout]    |
[INFO] [stdout] 91 |     let width = grid[0].len();
[INFO] [stdout]    |         ^^^^^ help: if this is intentional, prefix it with an underscore: `_width`
[INFO] [stdout] 
[INFO] [stdout] 
[INFO] [stdout] warning: unused variable: `i`
[INFO] [stdout]   --> src/bin/day_11.rs:68:9
[INFO] [stdout]    |
[INFO] [stdout] 68 |     for i in 0..75{
[INFO] [stdout]    |         ^ help: if this is intentional, prefix it with an underscore: `_i`
[INFO] [stdout]    |
[INFO] [stdout]    = note: `#[warn(unused_variables)]` on by default
[INFO] [stdout] 
[INFO] [stdout] 
[INFO] [stdout] warning: function `get_trailhead_score` is never used
[INFO] [stdout]  --> src/bin/day_10.rs:5:4
[INFO] [stdout]   |
[INFO] [stdout] 5 | fn get_trailhead_score(pos:Position, grid: &Vec<Vec<i32>>, width: usize, height: usize) -> i32{
[INFO] [stdout]   |    ^^^^^^^^^^^^^^^^^^^
[INFO] [stdout]   |
[INFO] [stdout]   = note: `#[warn(dead_code)]` on by default
[INFO] [stdout] 
[INFO] [stdout] 
[INFO] [stdout] warning: function `part_1` is never used
[INFO] [stdout]   --> src/bin/day_10.rs:31:4
[INFO] [stdout]    |
[INFO] [stdout] 31 | fn part_1(){
[INFO] [stdout]    |    ^^^^^^
[INFO] [stdout] 
[INFO] [stdout] 
[INFO] [stdout] warning: function `blink` is never used
[INFO] [stdout]  --> src/bin/day_11.rs:8:4
[INFO] [stdout]   |
[INFO] [stdout] 8 | fn blink(stones: Vec<u64>) -> Vec<u64>{
[INFO] [stdout]   |    ^^^^^
[INFO] [stdout]   |
[INFO] [stdout]   = note: `#[warn(dead_code)]` on by default
[INFO] [stdout] 
[INFO] [stdout] 
[INFO] [stdout] warning: function `part_1` is never used
[INFO] [stdout]   --> src/bin/day_11.rs:31:4
[INFO] [stdout]    |
[INFO] [stdout] 31 | fn part_1(){
[INFO] [stdout]    |    ^^^^^^
[INFO] [stdout] 
[INFO] [stdout] 
[INFO] [stdout] warning: function `part_1` is never used
[INFO] [stdout]   --> src/bin/day_5.rs:26:4
[INFO] [stdout]    |
[INFO] [stdout] 26 | fn part_1(){
[INFO] [stdout]    |    ^^^^^^
[INFO] [stdout]    |
[INFO] [stdout]    = note: `#[warn(dead_code)]` on by default
[INFO] [stdout] 
[INFO] [stdout] 
[INFO] [stdout] warning: unused variable: `c`
[INFO] [stdout]   --> src/bin/day_15.rs:36:17
[INFO] [stdout]    |
[INFO] [stdout] 36 |         for (y, c) in row.iter().enumerate(){
[INFO] [stdout]    |                 ^ help: if this is intentional, prefix it with an underscore: `_c`
[INFO] [stdout]    |
[INFO] [stdout]    = note: `#[warn(unused_variables)]` on by default
[INFO] [stdout] 
[INFO] [stdout] 
[INFO] [stdout] warning: variable `empty_spaces` is assigned to, but never used
[INFO] [stdout]   --> src/bin/day_9.rs:36:13
[INFO] [stdout]    |
[INFO] [stdout] 36 |     let mut empty_spaces = 0;
[INFO] [stdout]    |             ^^^^^^^^^^^^
[INFO] [stdout]    |
[INFO] [stdout]    = note: consider using `_empty_spaces` instead
[INFO] [stdout]    = note: `#[warn(unused_variables)]` on by default
[INFO] [stdout] 
[INFO] [stdout] 
[INFO] [stdout] warning: variable `files_count` is assigned to, but never used
[INFO] [stdout]   --> src/bin/day_9.rs:37:13
[INFO] [stdout]    |
[INFO] [stdout] 37 |     let mut files_count = 0;
[INFO] [stdout]    |             ^^^^^^^^^^^
[INFO] [stdout]    |
[INFO] [stdout]    = note: consider using `_files_count` instead
[INFO] [stdout] 
[INFO] [stdout] 
[INFO] [stdout] warning: unused variable: `i`
[INFO] [stdout]   --> src/bin/day_15.rs:59:10
[INFO] [stdout]    |
[INFO] [stdout] 59 |     for (i, char) in directions.iter().enumerate(){
[INFO] [stdout]    |          ^ help: if this is intentional, prefix it with an underscore: `_i`
[INFO] [stdout] 
[INFO] [stdout] 
[INFO] [stdout] warning: unused variable: `i`
[INFO] [stdout]    --> src/bin/day_15.rs:127:10
[INFO] [stdout]     |
[INFO] [stdout] 127 |     for (i, char) in directions.iter().enumerate(){
[INFO] [stdout]     |          ^ help: if this is intentional, prefix it with an underscore: `_i`
[INFO] [stdout] 
[INFO] [stdout] 
[INFO] [stdout] warning: unused variable: `idx`
[INFO] [stdout]    --> src/bin/day_15.rs:167:26
[INFO] [stdout]     |
[INFO] [stdout] 167 |                     for (idx, cell) in box_rows[row_idx].iter().enumerate(){
[INFO] [stdout]     |                          ^^^ help: if this is intentional, prefix it with an underscore: `_idx`
[INFO] [stdout] 
[INFO] [stdout] 
[INFO] [stdout] warning: unused variable: `new_pos_char`
[INFO] [stdout]    --> src/bin/day_15.rs:171:29
[INFO] [stdout]     |
[INFO] [stdout] 171 |                         let new_pos_char = doubled_grid[new_pos.0 as usize][new_pos.1 as usize];
[INFO] [stdout]     |                             ^^^^^^^^^^^^ help: if this is intentional, prefix it with an underscore: `_new_pos_char`
[INFO] [stdout] 
[INFO] [stdout] 
[INFO] [stdout] warning: function `loop_condition` is never used
[INFO] [stdout]  --> src/bin/day_9.rs:6:4
[INFO] [stdout]   |
[INFO] [stdout] 6 | fn loop_condition(is_odd: bool, left:usize, right:usize) -> bool{
[INFO] [stdout]   |    ^^^^^^^^^^^^^^
[INFO] [stdout]   |
[INFO] [stdout]   = note: `#[warn(dead_code)]` on by default
[INFO] [stdout] 
[INFO] [stdout] 
[INFO] [stdout] warning: function `part_1` is never used
[INFO] [stdout]   --> src/bin/day_9.rs:14:4
[INFO] [stdout]    |
[INFO] [stdout] 14 | fn part_1(){
[INFO] [stdout]    |    ^^^^^^
[INFO] [stdout] 
[INFO] [stdout] 
[INFO] [stdout] warning: function `get_score` is never used
[INFO] [stdout]   --> src/bin/day_15.rs:33:4
[INFO] [stdout]    |
[INFO] [stdout] 33 | fn get_score(grid: Vec<Vec<char>>) -> usize{
[INFO] [stdout]    |    ^^^^^^^^^
[INFO] [stdout]    |
[INFO] [stdout]    = note: `#[warn(dead_code)]` on by default
[INFO] [stdout] 
[INFO] [stdout] 
[INFO] [stdout] warning: function `part_1` is never used
[INFO] [stdout]   --> src/bin/day_15.rs:45:4
[INFO] [stdout]    |
[INFO] [stdout] 45 | fn part_1(input: &str) -> usize{ 
[INFO] [stdout]    |    ^^^^^^
[INFO] [stdout] 
[INFO] [stdout] 
[INFO] [stdout] warning: function `part_1` is never used
[INFO] [stdout]   --> src/bin/day_14.rs:11:4
[INFO] [stdout]    |
[INFO] [stdout] 11 | fn part_1(input: &str) -> isize{ 
[INFO] [stdout]    |    ^^^^^^
[INFO] [stdout]    |
[INFO] [stdout]    = note: `#[warn(dead_code)]` on by default
[INFO] [stdout] 
[INFO] [stdout] 
[INFO] [stdout] warning: function `display_robots` is never used
[INFO] [stdout]   --> src/bin/day_14.rs:56:4
[INFO] [stdout]    |
[INFO] [stdout] 56 | fn display_robots(robots: &Vec<(Robot)>){
[INFO] [stdout]    |    ^^^^^^^^^^^^^^
[INFO] [stdout] 
[INFO] [stdout] 
[INFO] [stderr]     Finished `dev` profile [unoptimized + debuginfo] target(s) in 7.95s
[INFO] running `Command { std: "docker" "inspect" "8dcc3c272e8c624a4bdf81a91c0a9cb8dfeab3b9a5d53a3763ef23f540ad3ab6", kill_on_drop: false }`
[INFO] running `Command { std: "docker" "rm" "-f" "8dcc3c272e8c624a4bdf81a91c0a9cb8dfeab3b9a5d53a3763ef23f540ad3ab6", kill_on_drop: false }`
[INFO] [stdout] 8dcc3c272e8c624a4bdf81a91c0a9cb8dfeab3b9a5d53a3763ef23f540ad3ab6
[INFO] running `Command { std: "docker" "create" "-v" "/var/lib/crater-agent-workspace/builds/worker-6-tc2/target:/opt/rustwide/target:rw,Z" "-v" "/var/lib/crater-agent-workspace/builds/worker-6-tc2/source:/opt/rustwide/workdir:ro,Z" "-v" "/var/lib/crater-agent-workspace/cargo-home:/opt/rustwide/cargo-home:ro,Z" "-v" "/var/lib/crater-agent-workspace/rustup-home:/opt/rustwide/rustup-home:ro,Z" "-e" "SOURCE_DIR=/opt/rustwide/workdir" "-e" "CARGO_TARGET_DIR=/opt/rustwide/target" "-e" "CARGO_INCREMENTAL=0" "-e" "RUST_BACKTRACE=full" "-e" "RUSTFLAGS=--cap-lints=forbid -Zrandomize-layout" "-e" "RUSTDOCFLAGS=--cap-lints=forbid" "-e" "CARGO_HOME=/opt/rustwide/cargo-home" "-e" "RUSTUP_HOME=/opt/rustwide/rustup-home" "-w" "/opt/rustwide/workdir" "-m" "1610612736" "--user" "0:0" "--network" "none" "ghcr.io/rust-lang/crates-build-env/linux@sha256:819108c5571ea2e421544af4d832f968d213c87fbe3707a016657f43d2f853bc" "/opt/rustwide/cargo-home/bin/cargo" "+nightly-2025-01-18" "test" "--frozen" "--no-run" "--message-format=json", kill_on_drop: false }`
[INFO] [stdout] 8d192203fe6a2ac7e421f42d2dc18a2ad711d504119f9f015907817e89e8575d
[INFO] running `Command { std: "docker" "start" "-a" "8d192203fe6a2ac7e421f42d2dc18a2ad711d504119f9f015907817e89e8575d", kill_on_drop: false }`
[INFO] [stderr]    Compiling advent_of_code_2024 v0.1.0 (/opt/rustwide/workdir)
[INFO] [stdout] warning: unused import: `result`
[INFO] [stdout]  --> src/bin/day_11.rs:1:29
[INFO] [stdout]   |
[INFO] [stdout] 1 | use std::{iter::successors, result};
[INFO] [stdout]   |                             ^^^^^^
[INFO] [stdout]   |
[INFO] [stdout]   = note: `#[warn(unused_imports)]` on by default
[INFO] [stdout] 
[INFO] [stdout] 
[INFO] [stdout] warning: unused import: `std::collections::HashSet`
[INFO] [stdout]  --> src/bin/day_9.rs:1:5
[INFO] [stdout]   |
[INFO] [stdout] 1 | use std::collections::HashSet;
[INFO] [stdout]   |     ^^^^^^^^^^^^^^^^^^^^^^^^^
[INFO] [stdout]   |
[INFO] [stdout]   = note: `#[warn(unused_imports)]` on by default
[INFO] [stdout] 
[INFO] [stdout] 
[INFO] [stdout] warning: unused import: `itertools::Chunks`
[INFO] [stdout]  --> src/bin/day_9.rs:4:5
[INFO] [stdout]   |
[INFO] [stdout] 4 | use itertools::Chunks;
[INFO] [stdout]   |     ^^^^^^^^^^^^^^^^^
[INFO] [stdout] 
[INFO] [stdout] 
[INFO] [stdout] warning: unnecessary parentheses around type
[INFO] [stdout]   --> src/bin/day_14.rs:56:32
[INFO] [stdout]    |
[INFO] [stdout] 56 | fn display_robots(robots: &Vec<(Robot)>){
[INFO] [stdout]    |                                ^     ^
[INFO] [stdout]    |
[INFO] [stdout]    = note: `#[warn(unused_parens)]` on by default
[INFO] [stdout] help: remove these parentheses
[INFO] [stdout]    |
[INFO] [stdout] 56 - fn display_robots(robots: &Vec<(Robot)>){
[INFO] [stdout] 56 + fn display_robots(robots: &Vec<Robot>){
[INFO] [stdout]    |
[INFO] [stdout] 
[INFO] [stdout] 
[INFO] [stdout] warning: unused import: `substract_coordinates`
[INFO] [stdout]  --> src/bin/day_15.rs:4:56
[INFO] [stdout]   |
[INFO] [stdout] 4 | use advent_of_code_2024::{add_coordinates, read_lines, substract_coordinates, Position, DOWN, LEFT, RIGHT, UP};
[INFO] [stdout]   |                                                        ^^^^^^^^^^^^^^^^^^^^^
[INFO] [stdout]   |
[INFO] [stdout]   = note: `#[warn(unused_imports)]` on by default
[INFO] [stdout] 
[INFO] [stdout] 
[INFO] [stdout] warning: unused variable: `i`
[INFO] [stdout]   --> src/bin/day_11.rs:68:9
[INFO] [stdout]    |
[INFO] [stdout] 68 |     for i in 0..75{
[INFO] [stdout]    |         ^ help: if this is intentional, prefix it with an underscore: `_i`
[INFO] [stdout]    |
[INFO] [stdout]    = note: `#[warn(unused_variables)]` on by default
[INFO] [stdout] 
[INFO] [stdout] 
[INFO] [stdout] warning: function `east` is never used
[INFO] [stdout]  --> src/bin/day_4.rs:3:4
[INFO] [stdout]   |
[INFO] [stdout] 3 | fn east(x:usize, y:usize, grid: &Vec<String>, word: &str)-> bool{
[INFO] [stdout]   |    ^^^^
[INFO] [stdout]   |
[INFO] [stdout]   = note: `#[warn(dead_code)]` on by default
[INFO] [stdout] 
[INFO] [stdout] 
[INFO] [stdout] warning: function `west` is never used
[INFO] [stdout]  --> src/bin/day_4.rs:8:4
[INFO] [stdout]   |
[INFO] [stdout] 8 | fn west(x:usize, y:usize, grid: &Vec<String>, word: &str)-> bool{
[INFO] [stdout]   |    ^^^^
[INFO] [stdout] 
[INFO] [stdout] 
[INFO] [stdout] warning: function `south` is never used
[INFO] [stdout]   --> src/bin/day_4.rs:13:4
[INFO] [stdout]    |
[INFO] [stdout] 13 | fn south(x:usize, y:usize, grid: &Vec<String>, word: &str)-> bool{
[INFO] [stdout]    |    ^^^^^
[INFO] [stdout] 
[INFO] [stdout] 
[INFO] [stdout] warning: function `blink` is never used
[INFO] [stdout]  --> src/bin/day_11.rs:8:4
[INFO] [stdout]   |
[INFO] [stdout] 8 | fn blink(stones: Vec<u64>) -> Vec<u64>{
[INFO] [stdout]   |    ^^^^^
[INFO] [stdout]   |
[INFO] [stdout]   = note: `#[warn(dead_code)]` on by default
[INFO] [stdout] 
[INFO] [stdout] 
[INFO] [stdout] warning: function `part_1` is never used
[INFO] [stdout]   --> src/bin/day_11.rs:31:4
[INFO] [stdout]    |
[INFO] [stdout] 31 | fn part_1(){
[INFO] [stdout]    |    ^^^^^^
[INFO] [stdout] 
[INFO] [stdout] 
[INFO] [stdout] warning: variable `U` should have a snake case name
[INFO] [stdout]   --> src/bin/day_12.rs:79:13
[INFO] [stdout]    |
[INFO] [stdout] 79 |     if let [U, D, L, R, U_R, U_L, D_R, D_L] = 
[INFO] [stdout]    |             ^ help: convert the identifier to snake case (notice the capitalization): `u`
[INFO] [stdout]    |
[INFO] [stdout]    = note: `#[warn(non_snake_case)]` on by default
[INFO] [stdout] 
[INFO] [stdout] 
[INFO] [stdout] warning: variable `D` should have a snake case name
[INFO] [stdout]   --> src/bin/day_12.rs:79:16
[INFO] [stdout]    |
[INFO] [stdout] 79 |     if let [U, D, L, R, U_R, U_L, D_R, D_L] = 
[INFO] [stdout]    |                ^ help: convert the identifier to snake case: `d`
[INFO] [stdout] 
[INFO] [stdout] 
[INFO] [stdout] warning: variable `L` should have a snake case name
[INFO] [stdout]   --> src/bin/day_12.rs:79:19
[INFO] [stdout]    |
[INFO] [stdout] 79 |     if let [U, D, L, R, U_R, U_L, D_R, D_L] = 
[INFO] [stdout]    |                   ^ help: convert the identifier to snake case: `l`
[INFO] [stdout] 
[INFO] [stdout] 
[INFO] [stdout] warning: variable `R` should have a snake case name
[INFO] [stdout]   --> src/bin/day_12.rs:79:22
[INFO] [stdout]    |
[INFO] [stdout] 79 |     if let [U, D, L, R, U_R, U_L, D_R, D_L] = 
[INFO] [stdout]    |                      ^ help: convert the identifier to snake case: `r`
[INFO] [stdout] 
[INFO] [stdout] 
[INFO] [stdout] warning: function `north` is never used
[INFO] [stdout]   --> src/bin/day_4.rs:25:4
[INFO] [stdout]    |
[INFO] [stdout] 25 | fn north(x:usize, y:usize, grid: &Vec<String>, word: &str)-> bool{
[INFO] [stdout]    |    ^^^^^
[INFO] [stdout] 
[INFO] [stdout] 
[INFO] [stdout] warning: variable `U_R` should have a snake case name
[INFO] [stdout]   --> src/bin/day_12.rs:79:25
[INFO] [stdout]    |
[INFO] [stdout] 79 |     if let [U, D, L, R, U_R, U_L, D_R, D_L] = 
[INFO] [stdout]    |                         ^^^ help: convert the identifier to snake case: `u_r`
[INFO] [stdout] 
[INFO] [stdout] 
[INFO] [stdout] warning: function `detect_word` is never used
[INFO] [stdout]   --> src/bin/day_4.rs:87:4
[INFO] [stdout]    |
[INFO] [stdout] 87 | fn detect_word(x:usize, y:usize, grid: &Vec<String>) -> i32 {
[INFO] [stdout]    |    ^^^^^^^^^^^
[INFO] [stdout] 
[INFO] [stdout] 
[INFO] [stdout] warning: variable `U_L` should have a snake case name
[INFO] [stdout]   --> src/bin/day_12.rs:79:30
[INFO] [stdout]    |
[INFO] [stdout] 79 |     if let [U, D, L, R, U_R, U_L, D_R, D_L] = 
[INFO] [stdout]    |                              ^^^ help: convert the identifier to snake case: `u_l`
[INFO] [stdout] 
[INFO] [stdout] 
[INFO] [stdout] warning: function `part_1` is never used
[INFO] [stdout]    --> src/bin/day_4.rs:149:4
[INFO] [stdout]     |
[INFO] [stdout] 149 | fn part_1(){
[INFO] [stdout]     |    ^^^^^^
[INFO] [stdout] 
[INFO] [stdout] 
[INFO] [stdout] warning: variable `D_R` should have a snake case name
[INFO] [stdout]   --> src/bin/day_12.rs:79:35
[INFO] [stdout]    |
[INFO] [stdout] 79 |     if let [U, D, L, R, U_R, U_L, D_R, D_L] = 
[INFO] [stdout]    |                                   ^^^ help: convert the identifier to snake case: `d_r`
[INFO] [stdout] 
[INFO] [stdout] 
[INFO] [stdout] warning: variable `D_L` should have a snake case name
[INFO] [stdout]   --> src/bin/day_12.rs:79:40
[INFO] [stdout]    |
[INFO] [stdout] 79 |     if let [U, D, L, R, U_R, U_L, D_R, D_L] = 
[INFO] [stdout]    |                                        ^^^ help: convert the identifier to snake case: `d_l`
[INFO] [stdout] 
[INFO] [stdout] 
[INFO] [stdout] warning: function `part_1` is never used
[INFO] [stdout]   --> src/bin/day_5.rs:26:4
[INFO] [stdout]    |
[INFO] [stdout] 26 | fn part_1(){
[INFO] [stdout]    |    ^^^^^^
[INFO] [stdout]    |
[INFO] [stdout]    = note: `#[warn(dead_code)]` on by default
[INFO] [stdout] 
[INFO] [stdout] 
[INFO] [stdout] warning: unused variable: `c`
[INFO] [stdout]   --> src/bin/day_8.rs:43:10
[INFO] [stdout]    |
[INFO] [stdout] 43 |     for (c, pos_vec) in &char_map{
[INFO] [stdout]    |          ^ help: if this is intentional, prefix it with an underscore: `_c`
[INFO] [stdout]    |
[INFO] [stdout]    = note: `#[warn(unused_variables)]` on by default
[INFO] [stdout] 
[INFO] [stdout] 
[INFO] [stdout] warning: unused variable: `c`
[INFO] [stdout]   --> src/bin/day_15.rs:36:17
[INFO] [stdout]    |
[INFO] [stdout] 36 |         for (y, c) in row.iter().enumerate(){
[INFO] [stdout]    |                 ^ help: if this is intentional, prefix it with an underscore: `_c`
[INFO] [stdout]    |
[INFO] [stdout]    = note: `#[warn(unused_variables)]` on by default
[INFO] [stdout] 
[INFO] [stdout] 
[INFO] [stdout] warning: unused variable: `i`
[INFO] [stdout]   --> src/bin/day_15.rs:59:10
[INFO] [stdout]    |
[INFO] [stdout] 59 |     for (i, char) in directions.iter().enumerate(){
[INFO] [stdout]    |          ^ help: if this is intentional, prefix it with an underscore: `_i`
[INFO] [stdout] 
[INFO] [stdout] 
[INFO] [stdout] warning: function `get_antinode_positions` is never used
[INFO] [stdout]  --> src/bin/day_8.rs:9:4
[INFO] [stdout]   |
[INFO] [stdout] 9 | fn get_antinode_positions(a:Position, b: Position) -> (Position, Position){
[INFO] [stdout]   |    ^^^^^^^^^^^^^^^^^^^^^^
[INFO] [stdout]   |
[INFO] [stdout]   = note: `#[warn(dead_code)]` on by default
[INFO] [stdout] 
[INFO] [stdout] 
[INFO] [stdout] warning: unused variable: `i`
[INFO] [stdout]    --> src/bin/day_15.rs:127:10
[INFO] [stdout]     |
[INFO] [stdout] 127 |     for (i, char) in directions.iter().enumerate(){
[INFO] [stdout]     |          ^ help: if this is intentional, prefix it with an underscore: `_i`
[INFO] [stdout] 
[INFO] [stdout] 
[INFO] [stdout] warning: unused variable: `idx`
[INFO] [stdout]    --> src/bin/day_15.rs:167:26
[INFO] [stdout]     |
[INFO] [stdout] 167 |                     for (idx, cell) in box_rows[row_idx].iter().enumerate(){
[INFO] [stdout]     |                          ^^^ help: if this is intentional, prefix it with an underscore: `_idx`
[INFO] [stdout] 
[INFO] [stdout] 
[INFO] [stdout] warning: unused variable: `new_pos_char`
[INFO] [stdout]    --> src/bin/day_15.rs:171:29
[INFO] [stdout]     |
[INFO] [stdout] 171 |                         let new_pos_char = doubled_grid[new_pos.0 as usize][new_pos.1 as usize];
[INFO] [stdout]     |                             ^^^^^^^^^^^^ help: if this is intentional, prefix it with an underscore: `_new_pos_char`
[INFO] [stdout] 
[INFO] [stdout] 
[INFO] [stdout] warning: function `part_1` is never used
[INFO] [stdout]   --> src/bin/day_8.rs:23:4
[INFO] [stdout]    |
[INFO] [stdout] 23 | fn part_1(){
[INFO] [stdout]    |    ^^^^^^
[INFO] [stdout] 
[INFO] [stdout] 
[INFO] [stdout] warning: unused variable: `height`
[INFO] [stdout]   --> src/bin/day_10.rs:90:9
[INFO] [stdout]    |
[INFO] [stdout] 90 |     let height = grid.len();
[INFO] [stdout]    |         ^^^^^^ help: if this is intentional, prefix it with an underscore: `_height`
[INFO] [stdout]    |
[INFO] [stdout]    = note: `#[warn(unused_variables)]` on by default
[INFO] [stdout] 
[INFO] [stdout] 
[INFO] [stdout] warning: unused variable: `width`
[INFO] [stdout]   --> src/bin/day_10.rs:91:9
[INFO] [stdout]    |
[INFO] [stdout] 91 |     let width = grid[0].len();
[INFO] [stdout]    |         ^^^^^ help: if this is intentional, prefix it with an underscore: `_width`
[INFO] [stdout] 
[INFO] [stdout] 
[INFO] [stdout] warning: function `get_score` is never used
[INFO] [stdout]   --> src/bin/day_15.rs:33:4
[INFO] [stdout]    |
[INFO] [stdout] 33 | fn get_score(grid: Vec<Vec<char>>) -> usize{
[INFO] [stdout]    |    ^^^^^^^^^
[INFO] [stdout]    |
[INFO] [stdout]    = note: `#[warn(dead_code)]` on by default
[INFO] [stdout] 
[INFO] [stdout] 
[INFO] [stdout] warning: function `part_1` is never used
[INFO] [stdout]   --> src/bin/day_15.rs:45:4
[INFO] [stdout]    |
[INFO] [stdout] 45 | fn part_1(input: &str) -> usize{ 
[INFO] [stdout]    |    ^^^^^^
[INFO] [stdout] 
[INFO] [stdout] 
[INFO] [stdout] warning: variable `empty_spaces` is assigned to, but never used
[INFO] [stdout]   --> src/bin/day_9.rs:36:13
[INFO] [stdout]    |
[INFO] [stdout] 36 |     let mut empty_spaces = 0;
[INFO] [stdout]    |             ^^^^^^^^^^^^
[INFO] [stdout]    |
[INFO] [stdout]    = note: consider using `_empty_spaces` instead
[INFO] [stdout]    = note: `#[warn(unused_variables)]` on by default
[INFO] [stdout] 
[INFO] [stdout] 
[INFO] [stdout] warning: variable `files_count` is assigned to, but never used
[INFO] [stdout]   --> src/bin/day_9.rs:37:13
[INFO] [stdout]    |
[INFO] [stdout] 37 |     let mut files_count = 0;
[INFO] [stdout]    |             ^^^^^^^^^^^
[INFO] [stdout]    |
[INFO] [stdout]    = note: consider using `_files_count` instead
[INFO] [stdout] 
[INFO] [stdout] 
[INFO] [stdout] warning: function `get_trailhead_score` is never used
[INFO] [stdout]  --> src/bin/day_10.rs:5:4
[INFO] [stdout]   |
[INFO] [stdout] 5 | fn get_trailhead_score(pos:Position, grid: &Vec<Vec<i32>>, width: usize, height: usize) -> i32{
[INFO] [stdout]   |    ^^^^^^^^^^^^^^^^^^^
[INFO] [stdout]   |
[INFO] [stdout]   = note: `#[warn(dead_code)]` on by default
[INFO] [stdout] 
[INFO] [stdout] 
[INFO] [stdout] warning: function `part_1` is never used
[INFO] [stdout]   --> src/bin/day_10.rs:31:4
[INFO] [stdout]    |
[INFO] [stdout] 31 | fn part_1(){
[INFO] [stdout]    |    ^^^^^^
[INFO] [stdout] 
[INFO] [stdout] 
[INFO] [stdout] warning: function `loop_condition` is never used
[INFO] [stdout]  --> src/bin/day_9.rs:6:4
[INFO] [stdout]   |
[INFO] [stdout] 6 | fn loop_condition(is_odd: bool, left:usize, right:usize) -> bool{
[INFO] [stdout]   |    ^^^^^^^^^^^^^^
[INFO] [stdout]   |
[INFO] [stdout]   = note: `#[warn(dead_code)]` on by default
[INFO] [stdout] 
[INFO] [stdout] 
[INFO] [stdout] warning: variable does not need to be mutable
[INFO] [stdout]   --> src/bin/day_6.rs:55:9
[INFO] [stdout]    |
[INFO] [stdout] 55 |     let mut lines: Vec<Vec<char>> = read_lines(&input).iter().map(|s| s.chars().collect()).collect();
[INFO] [stdout]    |         ----^^^^^
[INFO] [stdout]    |         |
[INFO] [stdout]    |         help: remove this `mut`
[INFO] [stdout]    |
[INFO] [stdout]    = note: `#[warn(unused_mut)]` on by default
[INFO] [stdout] 
[INFO] [stdout] 
[INFO] [stdout] warning: function `part_1` is never used
[INFO] [stdout]   --> src/bin/day_9.rs:14:4
[INFO] [stdout]    |
[INFO] [stdout] 14 | fn part_1(){
[INFO] [stdout]    |    ^^^^^^
[INFO] [stdout] 
[INFO] [stdout] 
[INFO] [stdout] warning: function `part_1` is never used
[INFO] [stdout]   --> src/bin/day_6.rs:15:4
[INFO] [stdout]    |
[INFO] [stdout] 15 | fn part_1(){
[INFO] [stdout]    |    ^^^^^^
[INFO] [stdout]    |
[INFO] [stdout]    = note: `#[warn(dead_code)]` on by default
[INFO] [stdout] 
[INFO] [stdout] 
[INFO] [stdout] warning: function `display_robots` is never used
[INFO] [stdout]   --> src/bin/day_14.rs:56:4
[INFO] [stdout]    |
[INFO] [stdout] 56 | fn display_robots(robots: &Vec<(Robot)>){
[INFO] [stdout]    |    ^^^^^^^^^^^^^^
[INFO] [stdout]    |
[INFO] [stdout]    = note: `#[warn(dead_code)]` on by default
[INFO] [stdout] 
[INFO] [stdout] 
[INFO] [stderr]     Finished `test` profile [unoptimized + debuginfo] target(s) in 1.60s
[INFO] running `Command { std: "docker" "inspect" "8d192203fe6a2ac7e421f42d2dc18a2ad711d504119f9f015907817e89e8575d", kill_on_drop: false }`
[INFO] running `Command { std: "docker" "rm" "-f" "8d192203fe6a2ac7e421f42d2dc18a2ad711d504119f9f015907817e89e8575d", kill_on_drop: false }`
[INFO] [stdout] 8d192203fe6a2ac7e421f42d2dc18a2ad711d504119f9f015907817e89e8575d
[INFO] running `Command { std: "docker" "create" "-v" "/var/lib/crater-agent-workspace/builds/worker-6-tc2/target:/opt/rustwide/target:rw,Z" "-v" "/var/lib/crater-agent-workspace/builds/worker-6-tc2/source:/opt/rustwide/workdir:ro,Z" "-v" "/var/lib/crater-agent-workspace/cargo-home:/opt/rustwide/cargo-home:ro,Z" "-v" "/var/lib/crater-agent-workspace/rustup-home:/opt/rustwide/rustup-home:ro,Z" "-e" "SOURCE_DIR=/opt/rustwide/workdir" "-e" "CARGO_TARGET_DIR=/opt/rustwide/target" "-e" "CARGO_INCREMENTAL=0" "-e" "RUST_BACKTRACE=full" "-e" "RUSTFLAGS=--cap-lints=forbid -Zrandomize-layout" "-e" "RUSTDOCFLAGS=--cap-lints=forbid" "-e" "CARGO_HOME=/opt/rustwide/cargo-home" "-e" "RUSTUP_HOME=/opt/rustwide/rustup-home" "-w" "/opt/rustwide/workdir" "-m" "1610612736" "--user" "0:0" "--network" "none" "ghcr.io/rust-lang/crates-build-env/linux@sha256:819108c5571ea2e421544af4d832f968d213c87fbe3707a016657f43d2f853bc" "/opt/rustwide/cargo-home/bin/cargo" "+nightly-2025-01-18" "test" "--frozen", kill_on_drop: false }`
[INFO] [stdout] ef2d2c7e4d34572d685d15ca4e7b84934ceb561377ec88b9c7e7965285f732c3
[INFO] running `Command { std: "docker" "start" "-a" "ef2d2c7e4d34572d685d15ca4e7b84934ceb561377ec88b9c7e7965285f732c3", kill_on_drop: false }`
[INFO] [stderr] warning: unnecessary parentheses around type
[INFO] [stderr]   --> src/bin/day_14.rs:56:32
[INFO] [stderr]    |
[INFO] [stderr] 56 | fn display_robots(robots: &Vec<(Robot)>){
[INFO] [stderr]    |                                ^     ^
[INFO] [stderr]    |
[INFO] [stderr]    = note: `#[warn(unused_parens)]` on by default
[INFO] [stderr] help: remove these parentheses
[INFO] [stderr]    |
[INFO] [stderr] 56 - fn display_robots(robots: &Vec<(Robot)>){
[INFO] [stderr] 56 + fn display_robots(robots: &Vec<Robot>){
[INFO] [stderr]    |
[INFO] [stderr] 
[INFO] [stderr] warning: function `display_robots` is never used
[INFO] [stderr]   --> src/bin/day_14.rs:56:4
[INFO] [stderr]    |
[INFO] [stderr] 56 | fn display_robots(robots: &Vec<(Robot)>){
[INFO] [stderr]    |    ^^^^^^^^^^^^^^
[INFO] [stderr]    |
[INFO] [stderr]    = note: `#[warn(dead_code)]` on by default
[INFO] [stderr] 
[INFO] [stderr] warning: function `east` is never used
[INFO] [stderr]  --> src/bin/day_4.rs:3:4
[INFO] [stderr]   |
[INFO] [stderr] 3 | fn east(x:usize, y:usize, grid: &Vec<String>, word: &str)-> bool{
[INFO] [stderr]   |    ^^^^
[INFO] [stderr]   |
[INFO] [stderr]   = note: `#[warn(dead_code)]` on by default
[INFO] [stderr] 
[INFO] [stderr] warning: function `west` is never used
[INFO] [stderr]  --> src/bin/day_4.rs:8:4
[INFO] [stderr]   |
[INFO] [stderr] 8 | fn west(x:usize, y:usize, grid: &Vec<String>, word: &str)-> bool{
[INFO] [stderr]   |    ^^^^
[INFO] [stderr] 
[INFO] [stderr] warning: function `south` is never used
[INFO] [stderr]   --> src/bin/day_4.rs:13:4
[INFO] [stderr]    |
[INFO] [stderr] 13 | fn south(x:usize, y:usize, grid: &Vec<String>, word: &str)-> bool{
[INFO] [stderr]    |    ^^^^^
[INFO] [stderr] 
[INFO] [stderr] warning: function `north` is never used
[INFO] [stderr]   --> src/bin/day_4.rs:25:4
[INFO] [stderr]    |
[INFO] [stderr] 25 | fn north(x:usize, y:usize, grid: &Vec<String>, word: &str)-> bool{
[INFO] [stderr]    |    ^^^^^
[INFO] [stderr] 
[INFO] [stderr] warning: function `detect_word` is never used
[INFO] [stderr]   --> src/bin/day_4.rs:87:4
[INFO] [stderr]    |
[INFO] [stderr] 87 | fn detect_word(x:usize, y:usize, grid: &Vec<String>) -> i32 {
[INFO] [stderr]    |    ^^^^^^^^^^^
[INFO] [stderr] 
[INFO] [stderr] warning: function `part_1` is never used
[INFO] [stderr]    --> src/bin/day_4.rs:149:4
[INFO] [stderr]     |
[INFO] [stderr] 149 | fn part_1(){
[INFO] [stderr]     |    ^^^^^^
[INFO] [stderr] 
[INFO] [stderr] warning: `advent_of_code_2024` (bin "day_14" test) generated 2 warnings (run `cargo fix --bin "day_14" --tests` to apply 1 suggestion)
[INFO] [stderr] warning: `advent_of_code_2024` (bin "day_4" test) generated 6 warnings
[INFO] [stderr] warning: variable does not need to be mutable
[INFO] [stderr]   --> src/bin/day_6.rs:55:9
[INFO] [stderr]    |
[INFO] [stderr] 55 |     let mut lines: Vec<Vec<char>> = read_lines(&input).iter().map(|s| s.chars().collect()).collect();
[INFO] [stderr]    |         ----^^^^^
[INFO] [stderr]    |         |
[INFO] [stderr]    |         help: remove this `mut`
[INFO] [stderr]    |
[INFO] [stderr]    = note: `#[warn(unused_mut)]` on by default
[INFO] [stderr] 
[INFO] [stderr] warning: function `part_1` is never used
[INFO] [stderr]   --> src/bin/day_6.rs:15:4
[INFO] [stderr]    |
[INFO] [stderr] 15 | fn part_1(){
[INFO] [stderr]    |    ^^^^^^
[INFO] [stderr]    |
[INFO] [stderr]    = note: `#[warn(dead_code)]` on by default
[INFO] [stderr] 
[INFO] [stderr] warning: variable `U` should have a snake case name
[INFO] [stderr]   --> src/bin/day_12.rs:79:13
[INFO] [stderr]    |
[INFO] [stderr] 79 |     if let [U, D, L, R, U_R, U_L, D_R, D_L] = 
[INFO] [stderr]    |             ^ help: convert the identifier to snake case (notice the capitalization): `u`
[INFO] [stderr]    |
[INFO] [stderr]    = note: `#[warn(non_snake_case)]` on by default
[INFO] [stderr] 
[INFO] [stderr] warning: variable `D` should have a snake case name
[INFO] [stderr]   --> src/bin/day_12.rs:79:16
[INFO] [stderr]    |
[INFO] [stderr] 79 |     if let [U, D, L, R, U_R, U_L, D_R, D_L] = 
[INFO] [stderr]    |                ^ help: convert the identifier to snake case: `d`
[INFO] [stderr] 
[INFO] [stderr] warning: variable `L` should have a snake case name
[INFO] [stderr]   --> src/bin/day_12.rs:79:19
[INFO] [stderr]    |
[INFO] [stderr] 79 |     if let [U, D, L, R, U_R, U_L, D_R, D_L] = 
[INFO] [stderr]    |                   ^ help: convert the identifier to snake case: `l`
[INFO] [stderr] 
[INFO] [stderr] warning: variable `R` should have a snake case name
[INFO] [stderr]   --> src/bin/day_12.rs:79:22
[INFO] [stderr]    |
[INFO] [stderr] 79 |     if let [U, D, L, R, U_R, U_L, D_R, D_L] = 
[INFO] [stderr]    |                      ^ help: convert the identifier to snake case: `r`
[INFO] [stderr] 
[INFO] [stderr] warning: variable `U_R` should have a snake case name
[INFO] [stderr]   --> src/bin/day_12.rs:79:25
[INFO] [stderr]    |
[INFO] [stderr] 79 |     if let [U, D, L, R, U_R, U_L, D_R, D_L] = 
[INFO] [stderr]    |                         ^^^ help: convert the identifier to snake case: `u_r`
[INFO] [stderr] 
[INFO] [stderr] warning: variable `U_L` should have a snake case name
[INFO] [stderr]   --> src/bin/day_12.rs:79:30
[INFO] [stderr]    |
[INFO] [stderr] 79 |     if let [U, D, L, R, U_R, U_L, D_R, D_L] = 
[INFO] [stderr]    |                              ^^^ help: convert the identifier to snake case: `u_l`
[INFO] [stderr] 
[INFO] [stderr] warning: variable `D_R` should have a snake case name
[INFO] [stderr]   --> src/bin/day_12.rs:79:35
[INFO] [stderr]    |
[INFO] [stderr] 79 |     if let [U, D, L, R, U_R, U_L, D_R, D_L] = 
[INFO] [stderr]    |                                   ^^^ help: convert the identifier to snake case: `d_r`
[INFO] [stderr] 
[INFO] [stderr] warning: variable `D_L` should have a snake case name
[INFO] [stderr]   --> src/bin/day_12.rs:79:40
[INFO] [stderr]    |
[INFO] [stderr] 79 |     if let [U, D, L, R, U_R, U_L, D_R, D_L] = 
[INFO] [stderr]    |                                        ^^^ help: convert the identifier to snake case: `d_l`
[INFO] [stderr] 
[INFO] [stderr] warning: unused variable: `c`
[INFO] [stderr]   --> src/bin/day_8.rs:43:10
[INFO] [stderr]    |
[INFO] [stderr] 43 |     for (c, pos_vec) in &char_map{
[INFO] [stderr]    |          ^ help: if this is intentional, prefix it with an underscore: `_c`
[INFO] [stderr]    |
[INFO] [stderr]    = note: `#[warn(unused_variables)]` on by default
[INFO] [stderr] 
[INFO] [stderr] warning: function `get_antinode_positions` is never used
[INFO] [stderr]  --> src/bin/day_8.rs:9:4
[INFO] [stderr]   |
[INFO] [stderr] 9 | fn get_antinode_positions(a:Position, b: Position) -> (Position, Position){
[INFO] [stderr]   |    ^^^^^^^^^^^^^^^^^^^^^^
[INFO] [stderr]   |
[INFO] [stderr]   = note: `#[warn(dead_code)]` on by default
[INFO] [stderr] 
[INFO] [stderr] warning: function `part_1` is never used
[INFO] [stderr]   --> src/bin/day_8.rs:23:4
[INFO] [stderr]    |
[INFO] [stderr] 23 | fn part_1(){
[INFO] [stderr]    |    ^^^^^^
[INFO] [stderr] 
[INFO] [stderr] warning: function `part_1` is never used
[INFO] [stderr]   --> src/bin/day_5.rs:26:4
[INFO] [stderr]    |
[INFO] [stderr] 26 | fn part_1(){
[INFO] [stderr]    |    ^^^^^^
[INFO] [stderr]    |
[INFO] [stderr]    = note: `#[warn(dead_code)]` on by default
[INFO] [stderr] 
[INFO] [stderr] warning: unused import: `std::collections::HashSet`
[INFO] [stderr]  --> src/bin/day_9.rs:1:5
[INFO] [stderr]   |
[INFO] [stderr] 1 | use std::collections::HashSet;
[INFO] [stderr]   |     ^^^^^^^^^^^^^^^^^^^^^^^^^
[INFO] [stderr]   |
[INFO] [stderr]   = note: `#[warn(unused_imports)]` on by default
[INFO] [stderr] 
[INFO] [stderr] warning: unused import: `itertools::Chunks`
[INFO] [stderr]  --> src/bin/day_9.rs:4:5
[INFO] [stderr]   |
[INFO] [stderr] 4 | use itertools::Chunks;
[INFO] [stderr]   |     ^^^^^^^^^^^^^^^^^
[INFO] [stderr] 
[INFO] [stderr] warning: variable `empty_spaces` is assigned to, but never used
[INFO] [stderr]   --> src/bin/day_9.rs:36:13
[INFO] [stderr]    |
[INFO] [stderr] 36 |     let mut empty_spaces = 0;
[INFO] [stderr]    |             ^^^^^^^^^^^^
[INFO] [stderr]    |
[INFO] [stderr]    = note: consider using `_empty_spaces` instead
[INFO] [stderr]    = note: `#[warn(unused_variables)]` on by default
[INFO] [stderr] 
[INFO] [stderr] warning: variable `files_count` is assigned to, but never used
[INFO] [stderr]   --> src/bin/day_9.rs:37:13
[INFO] [stderr]    |
[INFO] [stderr] 37 |     let mut files_count = 0;
[INFO] [stderr]    |             ^^^^^^^^^^^
[INFO] [stderr]    |
[INFO] [stderr]    = note: consider using `_files_count` instead
[INFO] [stderr] 
[INFO] [stderr] warning: function `loop_condition` is never used
[INFO] [stderr]  --> src/bin/day_9.rs:6:4
[INFO] [stderr]   |
[INFO] [stderr] 6 | fn loop_condition(is_odd: bool, left:usize, right:usize) -> bool{
[INFO] [stderr]   |    ^^^^^^^^^^^^^^
[INFO] [stderr]   |
[INFO] [stderr]   = note: `#[warn(dead_code)]` on by default
[INFO] [stderr] 
[INFO] [stderr] warning: function `part_1` is never used
[INFO] [stderr]   --> src/bin/day_9.rs:14:4
[INFO] [stderr]    |
[INFO] [stderr] 14 | fn part_1(){
[INFO] [stderr]    |    ^^^^^^
[INFO] [stderr] 
[INFO] [stderr] warning: unused variable: `height`
[INFO] [stderr]   --> src/bin/day_10.rs:90:9
[INFO] [stderr]    |
[INFO] [stderr] 90 |     let height = grid.len();
[INFO] [stderr]    |         ^^^^^^ help: if this is intentional, prefix it with an underscore: `_height`
[INFO] [stderr]    |
[INFO] [stderr]    = note: `#[warn(unused_variables)]` on by default
[INFO] [stderr] 
[INFO] [stderr] warning: unused variable: `width`
[INFO] [stderr]   --> src/bin/day_10.rs:91:9
[INFO] [stderr]    |
[INFO] [stderr] 91 |     let width = grid[0].len();
[INFO] [stderr]    |         ^^^^^ help: if this is intentional, prefix it with an underscore: `_width`
[INFO] [stderr] 
[INFO] [stderr] warning: function `get_trailhead_score` is never used
[INFO] [stderr]  --> src/bin/day_10.rs:5:4
[INFO] [stderr]   |
[INFO] [stderr] 5 | fn get_trailhead_score(pos:Position, grid: &Vec<Vec<i32>>, width: usize, height: usize) -> i32{
[INFO] [stderr]   |    ^^^^^^^^^^^^^^^^^^^
[INFO] [stderr]   |
[INFO] [stderr]   = note: `#[warn(dead_code)]` on by default
[INFO] [stderr] 
[INFO] [stderr] warning: function `part_1` is never used
[INFO] [stderr]   --> src/bin/day_10.rs:31:4
[INFO] [stderr]    |
[INFO] [stderr] 31 | fn part_1(){
[INFO] [stderr]    |    ^^^^^^
[INFO] [stderr] 
[INFO] [stderr] warning: unused import: `result`
[INFO] [stderr]  --> src/bin/day_11.rs:1:29
[INFO] [stderr]   |
[INFO] [stderr] 1 | use std::{iter::successors, result};
[INFO] [stderr]   |                             ^^^^^^
[INFO] [stderr]   |
[INFO] [stderr]   = note: `#[warn(unused_imports)]` on by default
[INFO] [stderr] 
[INFO] [stderr] warning: unused variable: `i`
[INFO] [stderr]   --> src/bin/day_11.rs:68:9
[INFO] [stderr]    |
[INFO] [stderr] 68 |     for i in 0..75{
[INFO] [stderr]    |         ^ help: if this is intentional, prefix it with an underscore: `_i`
[INFO] [stderr]    |
[INFO] [stderr]    = note: `#[warn(unused_variables)]` on by default
[INFO] [stderr] 
[INFO] [stderr] warning: function `blink` is never used
[INFO] [stderr]  --> src/bin/day_11.rs:8:4
[INFO] [stderr]   |
[INFO] [stderr] 8 | fn blink(stones: Vec<u64>) -> Vec<u64>{
[INFO] [stderr]   |    ^^^^^
[INFO] [stderr]   |
[INFO] [stderr]   = note: `#[warn(dead_code)]` on by default
[INFO] [stderr] 
[INFO] [stderr] warning: function `part_1` is never used
[INFO] [stderr]   --> src/bin/day_11.rs:31:4
[INFO] [stderr]    |
[INFO] [stderr] 31 | fn part_1(){
[INFO] [stderr]    |    ^^^^^^
[INFO] [stderr] 
[INFO] [stderr] warning: unused import: `substract_coordinates`
[INFO] [stderr]  --> src/bin/day_15.rs:4:56
[INFO] [stderr]   |
[INFO] [stderr] 4 | use advent_of_code_2024::{add_coordinates, read_lines, substract_coordinates, Position, DOWN, LEFT, RIGHT, UP};
[INFO] [stderr]   |                                                        ^^^^^^^^^^^^^^^^^^^^^
[INFO] [stderr]   |
[INFO] [stderr]   = note: `#[warn(unused_imports)]` on by default
[INFO] [stderr] 
[INFO] [stderr] warning: unused variable: `c`
[INFO] [stderr]   --> src/bin/day_15.rs:36:17
[INFO] [stderr]    |
[INFO] [stderr] 36 |         for (y, c) in row.iter().enumerate(){
[INFO] [stderr]    |                 ^ help: if this is intentional, prefix it with an underscore: `_c`
[INFO] [stderr]    |
[INFO] [stderr]    = note: `#[warn(unused_variables)]` on by default
[INFO] [stderr] 
[INFO] [stderr] warning: unused variable: `i`
[INFO] [stderr]   --> src/bin/day_15.rs:59:10
[INFO] [stderr]    |
[INFO] [stderr] 59 |     for (i, char) in directions.iter().enumerate(){
[INFO] [stderr]    |          ^ help: if this is intentional, prefix it with an underscore: `_i`
[INFO] [stderr] 
[INFO] [stderr] warning: unused variable: `i`
[INFO] [stderr]    --> src/bin/day_15.rs:127:10
[INFO] [stderr]     |
[INFO] [stderr] 127 |     for (i, char) in directions.iter().enumerate(){
[INFO] [stderr]     |          ^ help: if this is intentional, prefix it with an underscore: `_i`
[INFO] [stderr] 
[INFO] [stderr] warning: unused variable: `idx`
[INFO] [stderr]    --> src/bin/day_15.rs:167:26
[INFO] [stderr]     |
[INFO] [stderr] 167 |                     for (idx, cell) in box_rows[row_idx].iter().enumerate(){
[INFO] [stderr]     |                          ^^^ help: if this is intentional, prefix it with an underscore: `_idx`
[INFO] [stderr] 
[INFO] [stderr] warning: unused variable: `new_pos_char`
[INFO] [stderr]    --> src/bin/day_15.rs:171:29
[INFO] [stderr]     |
[INFO] [stderr] 171 |                         let new_pos_char = doubled_grid[new_pos.0 as usize][new_pos.1 as usize];
[INFO] [stderr]     |                             ^^^^^^^^^^^^ help: if this is intentional, prefix it with an underscore: `_new_pos_char`
[INFO] [stderr] 
[INFO] [stderr] warning: function `get_score` is never used
[INFO] [stderr]   --> src/bin/day_15.rs:33:4
[INFO] [stderr]    |
[INFO] [stderr] 33 | fn get_score(grid: Vec<Vec<char>>) -> usize{
[INFO] [stderr]    |    ^^^^^^^^^
[INFO] [stderr]    |
[INFO] [stderr]    = note: `#[warn(dead_code)]` on by default
[INFO] [stderr] 
[INFO] [stderr] warning: function `part_1` is never used
[INFO] [stderr]   --> src/bin/day_15.rs:45:4
[INFO] [stderr]    |
[INFO] [stderr] 45 | fn part_1(input: &str) -> usize{ 
[INFO] [stderr]    |    ^^^^^^
[INFO] [stderr] 
[INFO] [stderr] warning: `advent_of_code_2024` (bin "day_6" test) generated 2 warnings (run `cargo fix --bin "day_6" --tests` to apply 1 suggestion)
[INFO] [stderr] warning: `advent_of_code_2024` (bin "day_12" test) generated 8 warnings
[INFO] [stderr] warning: `advent_of_code_2024` (bin "day_8" test) generated 3 warnings
[INFO] [stderr] warning: `advent_of_code_2024` (bin "day_5" test) generated 1 warning
[INFO] [stderr] warning: `advent_of_code_2024` (bin "day_9" test) generated 6 warnings (run `cargo fix --bin "day_9" --tests` to apply 2 suggestions)
[INFO] [stderr] warning: `advent_of_code_2024` (bin "day_10" test) generated 4 warnings
[INFO] [stderr] warning: `advent_of_code_2024` (bin "day_11" test) generated 4 warnings (run `cargo fix --bin "day_11" --tests` to apply 1 suggestion)
[INFO] [stderr] warning: `advent_of_code_2024` (bin "day_15" test) generated 8 warnings (run `cargo fix --bin "day_15" --tests` to apply 1 suggestion)
[INFO] [stderr]     Finished `test` profile [unoptimized + debuginfo] target(s) in 0.21s
[INFO] [stderr]      Running unittests src/lib.rs (/opt/rustwide/target/debug/deps/advent_of_code_2024-8b6545f168557883)
[INFO] [stdout] 
[INFO] [stdout] running 0 tests
[INFO] [stdout] 
[INFO] [stdout] test result: ok. 0 passed; 0 failed; 0 ignored; 0 measured; 0 filtered out; finished in 0.00s
[INFO] [stdout] 
[INFO] [stderr]      Running unittests src/main.rs (/opt/rustwide/target/debug/deps/advent_of_code_2024-571db98eacf6f571)
[INFO] [stdout] 
[INFO] [stdout] running 0 tests
[INFO] [stdout] 
[INFO] [stdout] test result: ok. 0 passed; 0 failed; 0 ignored; 0 measured; 0 filtered out; finished in 0.00s
[INFO] [stdout] 
[INFO] [stderr]      Running unittests src/bin/day_1.rs (/opt/rustwide/target/debug/deps/day_1-d10f916959580e3b)
[INFO] [stdout] 
[INFO] [stdout] running 0 tests
[INFO] [stdout] 
[INFO] [stdout] test result: ok. 0 passed; 0 failed; 0 ignored; 0 measured; 0 filtered out; finished in 0.00s
[INFO] [stdout] 
[INFO] [stderr]      Running unittests src/bin/day_10.rs (/opt/rustwide/target/debug/deps/day_10-c296981fc71fd68f)
[INFO] [stdout] 
[INFO] [stdout] running 0 tests
[INFO] [stdout] 
[INFO] [stdout] test result: ok. 0 passed; 0 failed; 0 ignored; 0 measured; 0 filtered out; finished in 0.00s
[INFO] [stdout] 
[INFO] [stderr]      Running unittests src/bin/day_11.rs (/opt/rustwide/target/debug/deps/day_11-dc52318636928b9d)
[INFO] [stdout] 
[INFO] [stdout] running 0 tests
[INFO] [stdout] 
[INFO] [stdout] test result: ok. 0 passed; 0 failed; 0 ignored; 0 measured; 0 filtered out; finished in 0.00s
[INFO] [stdout] 
[INFO] [stderr]      Running unittests src/bin/day_12.rs (/opt/rustwide/target/debug/deps/day_12-df90016e607c7b01)
[INFO] [stdout] 
[INFO] [stdout] running 4 tests
[INFO] [stdout] test tests::test_part_1_1 ... ok
[INFO] [stdout] test tests::test_part_2_1 ... ok
[INFO] [stdout] test tests::test_part_1_2 ... ok
[INFO] [stdout] test tests::test_part_2_2 ... ok
[INFO] [stdout] 
[INFO] [stdout] test result: ok. 4 passed; 0 failed; 0 ignored; 0 measured; 0 filtered out; finished in 0.00s
[INFO] [stdout] 
[INFO] [stderr]      Running unittests src/bin/day_13.rs (/opt/rustwide/target/debug/deps/day_13-ac7a988e31e185c3)
[INFO] [stdout] 
[INFO] [stdout] running 1 test
[INFO] [stdout] test tests::test_part_1_1 ... ok
[INFO] [stdout] 
[INFO] [stdout] test result: ok. 1 passed; 0 failed; 0 ignored; 0 measured; 0 filtered out; finished in 0.00s
[INFO] [stdout] 
[INFO] [stderr]      Running unittests src/bin/day_14.rs (/opt/rustwide/target/debug/deps/day_14-4f6aa17bac33beb4)
[INFO] [stdout] 
[INFO] [stdout] running 1 test
[INFO] [stdout] test tests::test_part_1_1 ... FAILED
[INFO] [stdout] 
[INFO] [stdout] failures:
[INFO] [stdout] 
[INFO] [stdout] ---- tests::test_part_1_1 stdout ----
[INFO] [stdout] (0, 4) (3, -3)
[INFO] [stdout] (6, 3) (-1, -3)
[INFO] [stdout] (10, 3) (-1, 2)
[INFO] [stdout] (2, 0) (2, -1)
[INFO] [stdout] (0, 0) (1, 3)
[INFO] [stdout] (3, 0) (-2, -2)
[INFO] [stdout] (7, 6) (-1, -3)
[INFO] [stdout] (3, 0) (-1, -2)
[INFO] [stdout] (9, 3) (2, 3)
[INFO] [stdout] (7, 3) (-1, 2)
[INFO] [stdout] (2, 4) (2, -3)
[INFO] [stdout] (9, 5) (-3, -3)
[INFO] [stdout] 
[INFO] [stdout] thread 'tests::test_part_1_1' panicked at src/bin/day_14.rs:163:9:
[INFO] [stdout] assertion `left == right` failed
[INFO] [stdout]   left: 21
[INFO] [stdout]  right: 12
[INFO] [stdout] stack backtrace:
[INFO] [stdout]    0:     0x647aeccd98ba - std::backtrace_rs::backtrace::libunwind::trace::hb059275cfc8d6126
[INFO] [stdout]                                at /rustc/6067b36314ab5eb2eb47cecc464545ba58e1ad24/library/std/src/../../backtrace/src/backtrace/libunwind.rs:116:5
[INFO] [stdout]    1:     0x647aeccd98ba - std::backtrace_rs::backtrace::trace_unsynchronized::h2da071e4327ce3ee
[INFO] [stdout]                                at /rustc/6067b36314ab5eb2eb47cecc464545ba58e1ad24/library/std/src/../../backtrace/src/backtrace/mod.rs:66:5
[INFO] [stdout]    2:     0x647aeccd98ba - std::sys::backtrace::_print_fmt::h842a1474e6f8d23f
[INFO] [stdout]                                at /rustc/6067b36314ab5eb2eb47cecc464545ba58e1ad24/library/std/src/sys/backtrace.rs:66:9
[INFO] [stdout]    3:     0x647aeccd98ba - <std::sys::backtrace::BacktraceLock::print::DisplayBacktrace as core::fmt::Display>::fmt::h71a62eb3b9696b12
[INFO] [stdout]                                at /rustc/6067b36314ab5eb2eb47cecc464545ba58e1ad24/library/std/src/sys/backtrace.rs:39:26
[INFO] [stdout]    4:     0x647aecd01b53 - core::fmt::rt::Argument::fmt::hdb6b616786b41dc1
[INFO] [stdout]                                at /rustc/6067b36314ab5eb2eb47cecc464545ba58e1ad24/library/core/src/fmt/rt.rs:177:76
[INFO] [stdout]    5:     0x647aecd01b53 - core::fmt::write::h2cc1698af7e2d686
[INFO] [stdout]                                at /rustc/6067b36314ab5eb2eb47cecc464545ba58e1ad24/library/core/src/fmt/mod.rs:1440:21
[INFO] [stdout]    6:     0x647aeccd6413 - std::io::Write::write_fmt::hab1b4cd059a79022
[INFO] [stdout]                                at /rustc/6067b36314ab5eb2eb47cecc464545ba58e1ad24/library/std/src/io/mod.rs:1887:15
[INFO] [stdout]    7:     0x647aeccd9702 - std::sys::backtrace::BacktraceLock::print::h147fe35b4ea13b08
[INFO] [stdout]                                at /rustc/6067b36314ab5eb2eb47cecc464545ba58e1ad24/library/std/src/sys/backtrace.rs:42:9
[INFO] [stdout]    8:     0x647aeccdacdf - std::panicking::default_hook::{{closure}}::hbd44223dbdc0d208
[INFO] [stdout]                                at /rustc/6067b36314ab5eb2eb47cecc464545ba58e1ad24/library/std/src/panicking.rs:298:22
[INFO] [stdout]    9:     0x647aeccdaaf8 - std::panicking::default_hook::h20f81eb0576efcec
[INFO] [stdout]                                at /rustc/6067b36314ab5eb2eb47cecc464545ba58e1ad24/library/std/src/panicking.rs:322:9
[INFO] [stdout]   10:     0x647aeca27f13 - <alloc::boxed::Box<F,A> as core::ops::function::Fn<Args>>::call::hdb53814c496a4d34
[INFO] [stdout]                                at /rustc/6067b36314ab5eb2eb47cecc464545ba58e1ad24/library/alloc/src/boxed.rs:2027:9
[INFO] [stdout]   11:     0x647aeca27f13 - test::test_main::{{closure}}::hc0a4963c59427c24
[INFO] [stdout]                                at /rustc/6067b36314ab5eb2eb47cecc464545ba58e1ad24/library/test/src/lib.rs:134:21
[INFO] [stdout]   12:     0x647aeccdb7d3 - <alloc::boxed::Box<F,A> as core::ops::function::Fn<Args>>::call::h591b2225413a77e9
[INFO] [stdout]                                at /rustc/6067b36314ab5eb2eb47cecc464545ba58e1ad24/library/alloc/src/boxed.rs:2027:9
[INFO] [stdout]   13:     0x647aeccdb7d3 - std::panicking::rust_panic_with_hook::h625eea43051b2edc
[INFO] [stdout]                                at /rustc/6067b36314ab5eb2eb47cecc464545ba58e1ad24/library/std/src/panicking.rs:839:13
[INFO] [stdout]   14:     0x647aeccdb48a - std::panicking::begin_panic_handler::{{closure}}::h4f9159cfbc3f6bd3
[INFO] [stdout]                                at /rustc/6067b36314ab5eb2eb47cecc464545ba58e1ad24/library/std/src/panicking.rs:704:13
[INFO] [stdout]   15:     0x647aeccd9db9 - std::sys::backtrace::__rust_end_short_backtrace::h0390abce48353151
[INFO] [stdout]                                at /rustc/6067b36314ab5eb2eb47cecc464545ba58e1ad24/library/std/src/sys/backtrace.rs:168:18
[INFO] [stdout]   16:     0x647aeccdb11d - rust_begin_unwind
[INFO] [stdout]                                at /rustc/6067b36314ab5eb2eb47cecc464545ba58e1ad24/library/std/src/panicking.rs:695:5
[INFO] [stdout]   17:     0x647aecd001e0 - core::panicking::panic_fmt::h9e7c637e9e5f29c9
[INFO] [stdout]                                at /rustc/6067b36314ab5eb2eb47cecc464545ba58e1ad24/library/core/src/panicking.rs:75:14
[INFO] [stdout]   18:     0x647aecd005d2 - core::panicking::assert_failed_inner::h538bec7c1374cd9c
[INFO] [stdout]   19:     0x647aec9e8060 - core::panicking::assert_failed::hde0dac18435e5f0d
[INFO] [stdout]                                at /rustc/6067b36314ab5eb2eb47cecc464545ba58e1ad24/library/core/src/panicking.rs:364:5
[INFO] [stdout]   20:     0x647aec9e8bce - day_14::tests::test_part_1_1::hd6c2d3e9f1da03f0
[INFO] [stdout]                                at /opt/rustwide/workdir/src/bin/day_14.rs:163:9
[INFO] [stdout]   21:     0x647aec9e8b47 - day_14::tests::test_part_1_1::{{closure}}::h35e39b9b08af13cc
[INFO] [stdout]                                at /opt/rustwide/workdir/src/bin/day_14.rs:162:23
[INFO] [stdout]   22:     0x647aec9ea816 - core::ops::function::FnOnce::call_once::h390f6a3f11c2d1c3
[INFO] [stdout]                                at /rustc/6067b36314ab5eb2eb47cecc464545ba58e1ad24/library/core/src/ops/function.rs:250:5
[INFO] [stdout]   23:     0x647aeca2d66b - core::ops::function::FnOnce::call_once::he27718dfdd183f43
[INFO] [stdout]                                at /rustc/6067b36314ab5eb2eb47cecc464545ba58e1ad24/library/core/src/ops/function.rs:250:5
[INFO] [stdout]   24:     0x647aeca2d66b - test::__rust_begin_short_backtrace::h4e84902998457a5d
[INFO] [stdout]                                at /rustc/6067b36314ab5eb2eb47cecc464545ba58e1ad24/library/test/src/lib.rs:632:18
[INFO] [stdout]   25:     0x647aeca2c5a3 - test::run_test_in_process::{{closure}}::h7176fd18fc1feca0
[INFO] [stdout]                                at /rustc/6067b36314ab5eb2eb47cecc464545ba58e1ad24/library/test/src/lib.rs:655:60
[INFO] [stdout]   26:     0x647aeca2c5a3 - <core::panic::unwind_safe::AssertUnwindSafe<F> as core::ops::function::FnOnce<()>>::call_once::hf79cff2a624d8cf7
[INFO] [stdout]                                at /rustc/6067b36314ab5eb2eb47cecc464545ba58e1ad24/library/core/src/panic/unwind_safe.rs:272:9
[INFO] [stdout]   27:     0x647aeca2c5a3 - std::panicking::try::do_call::h3da0561d9ab99c25
[INFO] [stdout]                                at /rustc/6067b36314ab5eb2eb47cecc464545ba58e1ad24/library/std/src/panicking.rs:587:40
[INFO] [stdout]   28:     0x647aeca2c5a3 - std::panicking::try::h41c9fa508bc61df6
[INFO] [stdout]                                at /rustc/6067b36314ab5eb2eb47cecc464545ba58e1ad24/library/std/src/panicking.rs:550:19
[INFO] [stdout]   29:     0x647aeca2c5a3 - std::panic::catch_unwind::h6b3ff07bb5afad93
[INFO] [stdout]                                at /rustc/6067b36314ab5eb2eb47cecc464545ba58e1ad24/library/std/src/panic.rs:358:14
[INFO] [stdout]   30:     0x647aeca2c5a3 - test::run_test_in_process::hc7253dd11b39b9f4
[INFO] [stdout]                                at /rustc/6067b36314ab5eb2eb47cecc464545ba58e1ad24/library/test/src/lib.rs:655:27
[INFO] [stdout]   31:     0x647aeca2c5a3 - test::run_test::{{closure}}::hfb2007f8649c30bb
[INFO] [stdout]                                at /rustc/6067b36314ab5eb2eb47cecc464545ba58e1ad24/library/test/src/lib.rs:576:43
[INFO] [stdout]   32:     0x647aec9ef685 - test::run_test::{{closure}}::h56a17aa7a282a9f4
[INFO] [stdout]                                at /rustc/6067b36314ab5eb2eb47cecc464545ba58e1ad24/library/test/src/lib.rs:606:41
[INFO] [stdout]   33:     0x647aec9ef685 - std::sys::backtrace::__rust_begin_short_backtrace::hd2d2d2fb8e8c6aac
[INFO] [stdout]                                at /rustc/6067b36314ab5eb2eb47cecc464545ba58e1ad24/library/std/src/sys/backtrace.rs:152:18
[INFO] [stdout]   34:     0x647aec9f2f6a - std::thread::Builder::spawn_unchecked_::{{closure}}::{{closure}}::h4faa3f9db6133423
[INFO] [stdout]                                at /rustc/6067b36314ab5eb2eb47cecc464545ba58e1ad24/library/std/src/thread/mod.rs:559:17
[INFO] [stdout]   35:     0x647aec9f2f6a - <core::panic::unwind_safe::AssertUnwindSafe<F> as core::ops::function::FnOnce<()>>::call_once::hf2e855a36a4ea846
[INFO] [stdout]                                at /rustc/6067b36314ab5eb2eb47cecc464545ba58e1ad24/library/core/src/panic/unwind_safe.rs:272:9
[INFO] [stdout]   36:     0x647aec9f2f6a - std::panicking::try::do_call::h2f73af3616c35465
[INFO] [stdout]                                at /rustc/6067b36314ab5eb2eb47cecc464545ba58e1ad24/library/std/src/panicking.rs:587:40
[INFO] [stdout]   37:     0x647aec9f2f6a - std::panicking::try::hd1660ce9efadef5a
[INFO] [stdout]                                at /rustc/6067b36314ab5eb2eb47cecc464545ba58e1ad24/library/std/src/panicking.rs:550:19
[INFO] [stdout]   38:     0x647aec9f2f6a - std::panic::catch_unwind::h5ee8d7823b8ca744
[INFO] [stdout]                                at /rustc/6067b36314ab5eb2eb47cecc464545ba58e1ad24/library/std/src/panic.rs:358:14
[INFO] [stdout]   39:     0x647aec9f2f6a - std::thread::Builder::spawn_unchecked_::{{closure}}::h53c3a1894dce8407
[INFO] [stdout]                                at /rustc/6067b36314ab5eb2eb47cecc464545ba58e1ad24/library/std/src/thread/mod.rs:557:30
[INFO] [stdout]   40:     0x647aec9f2f6a - core::ops::function::FnOnce::call_once{{vtable.shim}}::h048ce291ad4f62bf
[INFO] [stdout]                                at /rustc/6067b36314ab5eb2eb47cecc464545ba58e1ad24/library/core/src/ops/function.rs:250:5
[INFO] [stdout]   41:     0x647aeccdf70b - <alloc::boxed::Box<F,A> as core::ops::function::FnOnce<Args>>::call_once::ha52bedf99a3b4981
[INFO] [stdout]                                at /rustc/6067b36314ab5eb2eb47cecc464545ba58e1ad24/library/alloc/src/boxed.rs:2013:9
[INFO] [stdout]   42:     0x647aeccdf70b - <alloc::boxed::Box<F,A> as core::ops::function::FnOnce<Args>>::call_once::h567748934d80ccf8
[INFO] [stdout]                                at /rustc/6067b36314ab5eb2eb47cecc464545ba58e1ad24/library/alloc/src/boxed.rs:2013:9
[INFO] [stdout]   43:     0x647aeccdf70b - std::sys::pal::unix::thread::Thread::new::thread_start::h2d970728ae887adc
[INFO] [stdout]                                at /rustc/6067b36314ab5eb2eb47cecc464545ba58e1ad24/library/std/src/sys/pal/unix/thread.rs:106:17
[INFO] [stdout]   44:     0x7e8b7ebb0ac3 - <unknown>
[INFO] [stdout]   45:     0x7e8b7ec41a04 - clone
[INFO] [stdout]   46:                0x0 - <unknown>
[INFO] [stdout] 
[INFO] [stdout] 
[INFO] [stdout] failures:
[INFO] [stdout]     tests::test_part_1_1
[INFO] [stdout] 
[INFO] [stdout] test result: FAILED. 0 passed; 1 failed; 0 ignored; 0 measured; 0 filtered out; finished in 0.02s
[INFO] [stdout] 
[INFO] [stderr] error: test failed, to rerun pass `--bin day_14`
[INFO] running `Command { std: "docker" "inspect" "ef2d2c7e4d34572d685d15ca4e7b84934ceb561377ec88b9c7e7965285f732c3", kill_on_drop: false }`
[INFO] running `Command { std: "docker" "rm" "-f" "ef2d2c7e4d34572d685d15ca4e7b84934ceb561377ec88b9c7e7965285f732c3", kill_on_drop: false }`
[INFO] [stdout] ef2d2c7e4d34572d685d15ca4e7b84934ceb561377ec88b9c7e7965285f732c3
