[INFO] cloning repository https://github.com/robinhundt/rust-mpc-exercise
[INFO] running `Command { std: "git" "-c" "credential.helper=" "-c" "credential.helper=/workspace/cargo-home/bin/git-credential-null" "clone" "--bare" "https://github.com/robinhundt/rust-mpc-exercise" "/workspace/cache/git-repos/https%3A%2F%2Fgithub.com%2Frobinhundt%2Frust-mpc-exercise", kill_on_drop: false }`
[INFO] [stderr] Cloning into bare repository '/workspace/cache/git-repos/https%3A%2F%2Fgithub.com%2Frobinhundt%2Frust-mpc-exercise'...
[INFO] running `Command { std: "git" "rev-parse" "HEAD", kill_on_drop: false }`
[INFO] [stdout] 3ec374429f87590cce24bf6f81d1cb7078bf9831
[INFO] testing robinhundt/rust-mpc-exercise against nightly-2025-01-18 for randomize-layout-2
[INFO] running `Command { std: "git" "clone" "/workspace/cache/git-repos/https%3A%2F%2Fgithub.com%2Frobinhundt%2Frust-mpc-exercise" "/workspace/builds/worker-1-tc1/source", kill_on_drop: false }`
[INFO] [stderr] Cloning into '/workspace/builds/worker-1-tc1/source'...
[INFO] [stderr] done.
[INFO] validating manifest of git repo https://github.com/robinhundt/rust-mpc-exercise on toolchain nightly-2025-01-18
[INFO] running `Command { std: CARGO_HOME="/workspace/cargo-home" RUSTUP_HOME="/workspace/rustup-home" "/workspace/cargo-home/bin/cargo" "+nightly-2025-01-18" "metadata" "--manifest-path" "Cargo.toml" "--no-deps", kill_on_drop: false }`
[INFO] started tweaking git repo https://github.com/robinhundt/rust-mpc-exercise
[INFO] finished tweaking git repo https://github.com/robinhundt/rust-mpc-exercise
[INFO] tweaked toml for git repo https://github.com/robinhundt/rust-mpc-exercise written to /workspace/builds/worker-1-tc1/source/Cargo.toml
[INFO] crate git repo https://github.com/robinhundt/rust-mpc-exercise already has a lockfile, it will not be regenerated
[INFO] running `Command { std: CARGO_HOME="/workspace/cargo-home" RUSTUP_HOME="/workspace/rustup-home" "/workspace/cargo-home/bin/cargo" "+nightly-2025-01-18" "fetch" "--manifest-path" "Cargo.toml", kill_on_drop: false }`
[INFO] running `Command { std: "docker" "create" "-v" "/var/lib/crater-agent-workspace/builds/worker-1-tc1/target:/opt/rustwide/target:rw,Z" "-v" "/var/lib/crater-agent-workspace/builds/worker-1-tc1/source:/opt/rustwide/workdir:ro,Z" "-v" "/var/lib/crater-agent-workspace/cargo-home:/opt/rustwide/cargo-home:ro,Z" "-v" "/var/lib/crater-agent-workspace/rustup-home:/opt/rustwide/rustup-home:ro,Z" "-e" "SOURCE_DIR=/opt/rustwide/workdir" "-e" "CARGO_TARGET_DIR=/opt/rustwide/target" "-e" "CARGO_HOME=/opt/rustwide/cargo-home" "-e" "RUSTUP_HOME=/opt/rustwide/rustup-home" "-w" "/opt/rustwide/workdir" "-m" "1610612736" "--user" "0:0" "--network" "none" "ghcr.io/rust-lang/crates-build-env/linux@sha256:819108c5571ea2e421544af4d832f968d213c87fbe3707a016657f43d2f853bc" "/opt/rustwide/cargo-home/bin/cargo" "+nightly-2025-01-18" "metadata" "--no-deps" "--format-version=1", kill_on_drop: false }`
[INFO] [stdout] 91c2c67eeb40cf95431c714c57c34cf8110e468851083556e6676424a2480fb3
[INFO] running `Command { std: "docker" "start" "-a" "91c2c67eeb40cf95431c714c57c34cf8110e468851083556e6676424a2480fb3", kill_on_drop: false }`
[INFO] running `Command { std: "docker" "inspect" "91c2c67eeb40cf95431c714c57c34cf8110e468851083556e6676424a2480fb3", kill_on_drop: false }`
[INFO] running `Command { std: "docker" "rm" "-f" "91c2c67eeb40cf95431c714c57c34cf8110e468851083556e6676424a2480fb3", kill_on_drop: false }`
[INFO] [stdout] 91c2c67eeb40cf95431c714c57c34cf8110e468851083556e6676424a2480fb3
[INFO] running `Command { std: "docker" "create" "-v" "/var/lib/crater-agent-workspace/builds/worker-1-tc1/target:/opt/rustwide/target:rw,Z" "-v" "/var/lib/crater-agent-workspace/builds/worker-1-tc1/source:/opt/rustwide/workdir:ro,Z" "-v" "/var/lib/crater-agent-workspace/cargo-home:/opt/rustwide/cargo-home:ro,Z" "-v" "/var/lib/crater-agent-workspace/rustup-home:/opt/rustwide/rustup-home:ro,Z" "-e" "SOURCE_DIR=/opt/rustwide/workdir" "-e" "CARGO_TARGET_DIR=/opt/rustwide/target" "-e" "CARGO_INCREMENTAL=0" "-e" "RUST_BACKTRACE=full" "-e" "RUSTFLAGS=--cap-lints=forbid" "-e" "RUSTDOCFLAGS=--cap-lints=forbid" "-e" "CARGO_HOME=/opt/rustwide/cargo-home" "-e" "RUSTUP_HOME=/opt/rustwide/rustup-home" "-w" "/opt/rustwide/workdir" "-m" "1610612736" "--user" "0:0" "--network" "none" "ghcr.io/rust-lang/crates-build-env/linux@sha256:819108c5571ea2e421544af4d832f968d213c87fbe3707a016657f43d2f853bc" "/opt/rustwide/cargo-home/bin/cargo" "+nightly-2025-01-18" "build" "--frozen" "--message-format=json", kill_on_drop: false }`
[INFO] [stdout] 04534a2978c238f7d9f5b7b114d098120224680b982c597705347884ad46208e
[INFO] running `Command { std: "docker" "start" "-a" "04534a2978c238f7d9f5b7b114d098120224680b982c597705347884ad46208e", kill_on_drop: false }`
[INFO] [stderr]    Compiling mpc-in-rust v0.1.0 (/opt/rustwide/workdir)
[INFO] [stdout] warning: unused variable: `circuit`
[INFO] [stdout]   --> src/circuit.rs:31:18
[INFO] [stdout]    |
[INFO] [stdout] 31 |     pub fn parse(circuit: &str) -> Self {
[INFO] [stdout]    |                  ^^^^^^^ help: if this is intentional, prefix it with an underscore: `_circuit`
[INFO] [stdout]    |
[INFO] [stdout]    = note: `#[warn(unused_variables)]` on by default
[INFO] [stdout] 
[INFO] [stdout] 
[INFO] [stdout] warning: unused variable: `circuit`
[INFO] [stdout]   --> src/party.rs:15:23
[INFO] [stdout]    |
[INFO] [stdout] 15 | pub fn new_party_pair(circuit: Circuit) -> (Party, Party) {
[INFO] [stdout]    |                       ^^^^^^^ help: if this is intentional, prefix it with an underscore: `_circuit`
[INFO] [stdout] 
[INFO] [stdout] 
[INFO] [stdout] warning: unused variable: `circuit`
[INFO] [stdout]   --> src/party.rs:22:16
[INFO] [stdout]    |
[INFO] [stdout] 22 |     pub fn new(circuit: (), other_args: ()) -> Self {
[INFO] [stdout]    |                ^^^^^^^ help: if this is intentional, prefix it with an underscore: `_circuit`
[INFO] [stdout] 
[INFO] [stdout] 
[INFO] [stdout] warning: unused variable: `other_args`
[INFO] [stdout]   --> src/party.rs:22:29
[INFO] [stdout]    |
[INFO] [stdout] 22 |     pub fn new(circuit: (), other_args: ()) -> Self {
[INFO] [stdout]    |                             ^^^^^^^^^^ help: if this is intentional, prefix it with an underscore: `_other_args`
[INFO] [stdout] 
[INFO] [stdout] 
[INFO] [stdout] warning: unused variable: `input`
[INFO] [stdout]   --> src/party.rs:27:31
[INFO] [stdout]    |
[INFO] [stdout] 27 |     pub fn execute(&mut self, input: Vec<bool>) -> Result<Vec<bool>, ()> { // TODO change error type
[INFO] [stdout]    |                               ^^^^^ help: if this is intentional, prefix it with an underscore: `_input`
[INFO] [stdout] 
[INFO] [stdout] 
[INFO] [stdout] warning: type `Party` is more private than the item `new_party_pair`
[INFO] [stdout]   --> src/party.rs:15:1
[INFO] [stdout]    |
[INFO] [stdout] 15 | pub fn new_party_pair(circuit: Circuit) -> (Party, Party) {
[INFO] [stdout]    | ^^^^^^^^^^^^^^^^^^^^^^^^^^^^^^^^^^^^^^^^^^^^^^^^^^^^^^^^^ function `new_party_pair` is reachable at visibility `pub`
[INFO] [stdout]    |
[INFO] [stdout] note: but type `Party` is only usable at visibility `pub(self)`
[INFO] [stdout]   --> src/party.rs:5:1
[INFO] [stdout]    |
[INFO] [stdout] 5  | struct Party {
[INFO] [stdout]    | ^^^^^^^^^^^^
[INFO] [stdout]    = note: `#[warn(private_interfaces)]` on by default
[INFO] [stdout] 
[INFO] [stdout] 
[INFO] [stdout] warning: struct `Args` is never constructed
[INFO] [stdout]   --> src/main.rs:11:8
[INFO] [stdout]    |
[INFO] [stdout] 11 | struct Args {
[INFO] [stdout]    |        ^^^^
[INFO] [stdout]    |
[INFO] [stdout]    = note: `#[warn(dead_code)]` on by default
[INFO] [stdout] 
[INFO] [stdout] 
[INFO] [stdout] warning: field `circuit` is never read
[INFO] [stdout]  --> src/party.rs:6:5
[INFO] [stdout]   |
[INFO] [stdout] 5 | struct Party {
[INFO] [stdout]   |        ----- field in this struct
[INFO] [stdout] 6 |     circuit: (),
[INFO] [stdout]   |     ^^^^^^^
[INFO] [stdout] 
[INFO] [stdout] 
[INFO] [stdout] warning: associated items `new` and `execute` are never used
[INFO] [stdout]   --> src/party.rs:22:12
[INFO] [stdout]    |
[INFO] [stdout] 20 | impl Party {
[INFO] [stdout]    | ---------- associated items in this implementation
[INFO] [stdout] 21 |     /// Create a new party.
[INFO] [stdout] 22 |     pub fn new(circuit: (), other_args: ()) -> Self {
[INFO] [stdout]    |            ^^^
[INFO] [stdout] ...
[INFO] [stdout] 27 |     pub fn execute(&mut self, input: Vec<bool>) -> Result<Vec<bool>, ()> { // TODO change error type
[INFO] [stdout]    |            ^^^^^^^
[INFO] [stdout] 
[INFO] [stdout] 
[INFO] [stdout] warning: trait `MTProvider` is never used
[INFO] [stdout]   --> src/mul_triple.rs:22:7
[INFO] [stdout]    |
[INFO] [stdout] 22 | trait MTProvider {
[INFO] [stdout]    |       ^^^^^^^^^^
[INFO] [stdout] 
[INFO] [stdout] 
[INFO] [stderr]     Finished `dev` profile [unoptimized + debuginfo] target(s) in 0.30s
[INFO] running `Command { std: "docker" "inspect" "04534a2978c238f7d9f5b7b114d098120224680b982c597705347884ad46208e", kill_on_drop: false }`
[INFO] running `Command { std: "docker" "rm" "-f" "04534a2978c238f7d9f5b7b114d098120224680b982c597705347884ad46208e", kill_on_drop: false }`
[INFO] [stdout] 04534a2978c238f7d9f5b7b114d098120224680b982c597705347884ad46208e
[INFO] running `Command { std: "docker" "create" "-v" "/var/lib/crater-agent-workspace/builds/worker-1-tc1/target:/opt/rustwide/target:rw,Z" "-v" "/var/lib/crater-agent-workspace/builds/worker-1-tc1/source:/opt/rustwide/workdir:ro,Z" "-v" "/var/lib/crater-agent-workspace/cargo-home:/opt/rustwide/cargo-home:ro,Z" "-v" "/var/lib/crater-agent-workspace/rustup-home:/opt/rustwide/rustup-home:ro,Z" "-e" "SOURCE_DIR=/opt/rustwide/workdir" "-e" "CARGO_TARGET_DIR=/opt/rustwide/target" "-e" "CARGO_INCREMENTAL=0" "-e" "RUST_BACKTRACE=full" "-e" "RUSTFLAGS=--cap-lints=forbid" "-e" "RUSTDOCFLAGS=--cap-lints=forbid" "-e" "CARGO_HOME=/opt/rustwide/cargo-home" "-e" "RUSTUP_HOME=/opt/rustwide/rustup-home" "-w" "/opt/rustwide/workdir" "-m" "1610612736" "--user" "0:0" "--network" "none" "ghcr.io/rust-lang/crates-build-env/linux@sha256:819108c5571ea2e421544af4d832f968d213c87fbe3707a016657f43d2f853bc" "/opt/rustwide/cargo-home/bin/cargo" "+nightly-2025-01-18" "test" "--frozen" "--no-run" "--message-format=json", kill_on_drop: false }`
[INFO] [stdout] 7fa8eaefd4bc9daff61a476570e0fa4cf2d12ca64b576595235b14ed9b3e60d4
[INFO] running `Command { std: "docker" "start" "-a" "7fa8eaefd4bc9daff61a476570e0fa4cf2d12ca64b576595235b14ed9b3e60d4", kill_on_drop: false }`
[INFO] [stderr]    Compiling mpc-in-rust v0.1.0 (/opt/rustwide/workdir)
[INFO] [stdout] warning: unused variable: `circuit`
[INFO] [stdout]   --> src/circuit.rs:31:18
[INFO] [stdout]    |
[INFO] [stdout] 31 |     pub fn parse(circuit: &str) -> Self {
[INFO] [stdout]    |                  ^^^^^^^ help: if this is intentional, prefix it with an underscore: `_circuit`
[INFO] [stdout]    |
[INFO] [stdout]    = note: `#[warn(unused_variables)]` on by default
[INFO] [stdout] 
[INFO] [stdout] 
[INFO] [stdout] warning: unused variable: `circuit`
[INFO] [stdout]   --> src/party.rs:15:23
[INFO] [stdout]    |
[INFO] [stdout] 15 | pub fn new_party_pair(circuit: Circuit) -> (Party, Party) {
[INFO] [stdout]    |                       ^^^^^^^ help: if this is intentional, prefix it with an underscore: `_circuit`
[INFO] [stdout] 
[INFO] [stdout] 
[INFO] [stdout] warning: unused variable: `circuit`
[INFO] [stdout]   --> src/party.rs:22:16
[INFO] [stdout]    |
[INFO] [stdout] 22 |     pub fn new(circuit: (), other_args: ()) -> Self {
[INFO] [stdout]    |                ^^^^^^^ help: if this is intentional, prefix it with an underscore: `_circuit`
[INFO] [stdout] 
[INFO] [stdout] 
[INFO] [stdout] warning: unused variable: `other_args`
[INFO] [stdout]   --> src/party.rs:22:29
[INFO] [stdout]    |
[INFO] [stdout] 22 |     pub fn new(circuit: (), other_args: ()) -> Self {
[INFO] [stdout]    |                             ^^^^^^^^^^ help: if this is intentional, prefix it with an underscore: `_other_args`
[INFO] [stdout] 
[INFO] [stdout] 
[INFO] [stdout] warning: unused variable: `input`
[INFO] [stdout]   --> src/party.rs:27:31
[INFO] [stdout]    |
[INFO] [stdout] 27 |     pub fn execute(&mut self, input: Vec<bool>) -> Result<Vec<bool>, ()> { // TODO change error type
[INFO] [stdout]    |                               ^^^^^ help: if this is intentional, prefix it with an underscore: `_input`
[INFO] [stdout] 
[INFO] [stdout] 
[INFO] [stdout] warning: type `Party` is more private than the item `new_party_pair`
[INFO] [stdout]   --> src/party.rs:15:1
[INFO] [stdout]    |
[INFO] [stdout] 15 | pub fn new_party_pair(circuit: Circuit) -> (Party, Party) {
[INFO] [stdout]    | ^^^^^^^^^^^^^^^^^^^^^^^^^^^^^^^^^^^^^^^^^^^^^^^^^^^^^^^^^ function `new_party_pair` is reachable at visibility `pub`
[INFO] [stdout]    |
[INFO] [stdout] note: but type `Party` is only usable at visibility `pub(self)`
[INFO] [stdout]   --> src/party.rs:5:1
[INFO] [stdout]    |
[INFO] [stdout] 5  | struct Party {
[INFO] [stdout]    | ^^^^^^^^^^^^
[INFO] [stdout]    = note: `#[warn(private_interfaces)]` on by default
[INFO] [stdout] 
[INFO] [stdout] 
[INFO] [stdout] warning: struct `Args` is never constructed
[INFO] [stdout]   --> src/main.rs:11:8
[INFO] [stdout]    |
[INFO] [stdout] 11 | struct Args {
[INFO] [stdout]    |        ^^^^
[INFO] [stdout]    |
[INFO] [stdout]    = note: `#[warn(dead_code)]` on by default
[INFO] [stdout] 
[INFO] [stdout] 
[INFO] [stdout] warning: field `circuit` is never read
[INFO] [stdout]  --> src/party.rs:6:5
[INFO] [stdout]   |
[INFO] [stdout] 5 | struct Party {
[INFO] [stdout]   |        ----- field in this struct
[INFO] [stdout] 6 |     circuit: (),
[INFO] [stdout]   |     ^^^^^^^
[INFO] [stdout] 
[INFO] [stdout] 
[INFO] [stdout] warning: associated items `new` and `execute` are never used
[INFO] [stdout]   --> src/party.rs:22:12
[INFO] [stdout]    |
[INFO] [stdout] 20 | impl Party {
[INFO] [stdout]    | ---------- associated items in this implementation
[INFO] [stdout] 21 |     /// Create a new party.
[INFO] [stdout] 22 |     pub fn new(circuit: (), other_args: ()) -> Self {
[INFO] [stdout]    |            ^^^
[INFO] [stdout] ...
[INFO] [stdout] 27 |     pub fn execute(&mut self, input: Vec<bool>) -> Result<Vec<bool>, ()> { // TODO change error type
[INFO] [stdout]    |            ^^^^^^^
[INFO] [stdout] 
[INFO] [stdout] 
[INFO] [stdout] warning: trait `MTProvider` is never used
[INFO] [stdout]   --> src/mul_triple.rs:22:7
[INFO] [stdout]    |
[INFO] [stdout] 22 | trait MTProvider {
[INFO] [stdout]    |       ^^^^^^^^^^
[INFO] [stdout] 
[INFO] [stdout] 
[INFO] [stderr]     Finished `test` profile [unoptimized + debuginfo] target(s) in 0.31s
[INFO] running `Command { std: "docker" "inspect" "7fa8eaefd4bc9daff61a476570e0fa4cf2d12ca64b576595235b14ed9b3e60d4", kill_on_drop: false }`
[INFO] running `Command { std: "docker" "rm" "-f" "7fa8eaefd4bc9daff61a476570e0fa4cf2d12ca64b576595235b14ed9b3e60d4", kill_on_drop: false }`
[INFO] [stdout] 7fa8eaefd4bc9daff61a476570e0fa4cf2d12ca64b576595235b14ed9b3e60d4
[INFO] running `Command { std: "docker" "create" "-v" "/var/lib/crater-agent-workspace/builds/worker-1-tc1/target:/opt/rustwide/target:rw,Z" "-v" "/var/lib/crater-agent-workspace/builds/worker-1-tc1/source:/opt/rustwide/workdir:ro,Z" "-v" "/var/lib/crater-agent-workspace/cargo-home:/opt/rustwide/cargo-home:ro,Z" "-v" "/var/lib/crater-agent-workspace/rustup-home:/opt/rustwide/rustup-home:ro,Z" "-e" "SOURCE_DIR=/opt/rustwide/workdir" "-e" "CARGO_TARGET_DIR=/opt/rustwide/target" "-e" "CARGO_INCREMENTAL=0" "-e" "RUST_BACKTRACE=full" "-e" "RUSTFLAGS=--cap-lints=forbid" "-e" "RUSTDOCFLAGS=--cap-lints=forbid" "-e" "CARGO_HOME=/opt/rustwide/cargo-home" "-e" "RUSTUP_HOME=/opt/rustwide/rustup-home" "-w" "/opt/rustwide/workdir" "-m" "1610612736" "--user" "0:0" "--network" "none" "ghcr.io/rust-lang/crates-build-env/linux@sha256:819108c5571ea2e421544af4d832f968d213c87fbe3707a016657f43d2f853bc" "/opt/rustwide/cargo-home/bin/cargo" "+nightly-2025-01-18" "test" "--frozen", kill_on_drop: false }`
[INFO] [stdout] 23d70673113b67ecc3ec93070ca7015f0e0b80163c3090b88cc4706922a65c6c
[INFO] running `Command { std: "docker" "start" "-a" "23d70673113b67ecc3ec93070ca7015f0e0b80163c3090b88cc4706922a65c6c", kill_on_drop: false }`
[INFO] [stderr] warning: unused variable: `circuit`
[INFO] [stderr]   --> src/circuit.rs:31:18
[INFO] [stderr]    |
[INFO] [stderr] 31 |     pub fn parse(circuit: &str) -> Self {
[INFO] [stderr]    |                  ^^^^^^^ help: if this is intentional, prefix it with an underscore: `_circuit`
[INFO] [stderr]    |
[INFO] [stderr]    = note: `#[warn(unused_variables)]` on by default
[INFO] [stderr] 
[INFO] [stderr] warning: unused variable: `circuit`
[INFO] [stderr]   --> src/party.rs:15:23
[INFO] [stderr]    |
[INFO] [stderr] 15 | pub fn new_party_pair(circuit: Circuit) -> (Party, Party) {
[INFO] [stderr]    |                       ^^^^^^^ help: if this is intentional, prefix it with an underscore: `_circuit`
[INFO] [stderr] 
[INFO] [stderr] warning: unused variable: `circuit`
[INFO] [stderr]   --> src/party.rs:22:16
[INFO] [stderr]    |
[INFO] [stderr] 22 |     pub fn new(circuit: (), other_args: ()) -> Self {
[INFO] [stderr]    |                ^^^^^^^ help: if this is intentional, prefix it with an underscore: `_circuit`
[INFO] [stderr] 
[INFO] [stderr] warning: unused variable: `other_args`
[INFO] [stderr]   --> src/party.rs:22:29
[INFO] [stderr]    |
[INFO] [stderr] 22 |     pub fn new(circuit: (), other_args: ()) -> Self {
[INFO] [stderr]    |                             ^^^^^^^^^^ help: if this is intentional, prefix it with an underscore: `_other_args`
[INFO] [stderr] 
[INFO] [stderr] warning: unused variable: `input`
[INFO] [stderr]   --> src/party.rs:27:31
[INFO] [stderr]    |
[INFO] [stderr] 27 |     pub fn execute(&mut self, input: Vec<bool>) -> Result<Vec<bool>, ()> { // TODO change error type
[INFO] [stderr]    |                               ^^^^^ help: if this is intentional, prefix it with an underscore: `_input`
[INFO] [stderr] 
[INFO] [stderr] warning: type `Party` is more private than the item `new_party_pair`
[INFO] [stderr]   --> src/party.rs:15:1
[INFO] [stderr]    |
[INFO] [stderr] 15 | pub fn new_party_pair(circuit: Circuit) -> (Party, Party) {
[INFO] [stderr]    | ^^^^^^^^^^^^^^^^^^^^^^^^^^^^^^^^^^^^^^^^^^^^^^^^^^^^^^^^^ function `new_party_pair` is reachable at visibility `pub`
[INFO] [stderr]    |
[INFO] [stderr] note: but type `Party` is only usable at visibility `pub(self)`
[INFO] [stderr]   --> src/party.rs:5:1
[INFO] [stderr]    |
[INFO] [stderr] 5  | struct Party {
[INFO] [stderr]    | ^^^^^^^^^^^^
[INFO] [stderr]    = note: `#[warn(private_interfaces)]` on by default
[INFO] [stderr] 
[INFO] [stderr] warning: struct `Args` is never constructed
[INFO] [stderr]   --> src/main.rs:11:8
[INFO] [stderr]    |
[INFO] [stderr] 11 | struct Args {
[INFO] [stderr]    |        ^^^^
[INFO] [stderr]    |
[INFO] [stderr]    = note: `#[warn(dead_code)]` on by default
[INFO] [stderr] 
[INFO] [stderr] warning: field `circuit` is never read
[INFO] [stderr]  --> src/party.rs:6:5
[INFO] [stderr]   |
[INFO] [stderr] 5 | struct Party {
[INFO] [stderr]   |        ----- field in this struct
[INFO] [stderr] 6 |     circuit: (),
[INFO] [stderr]   |     ^^^^^^^
[INFO] [stderr] 
[INFO] [stderr] warning: associated items `new` and `execute` are never used
[INFO] [stderr]   --> src/party.rs:22:12
[INFO] [stderr]    |
[INFO] [stderr] 20 | impl Party {
[INFO] [stderr]    | ---------- associated items in this implementation
[INFO] [stderr] 21 |     /// Create a new party.
[INFO] [stderr] 22 |     pub fn new(circuit: (), other_args: ()) -> Self {
[INFO] [stderr]    |            ^^^
[INFO] [stderr] ...
[INFO] [stderr] 27 |     pub fn execute(&mut self, input: Vec<bool>) -> Result<Vec<bool>, ()> { // TODO change error type
[INFO] [stderr]    |            ^^^^^^^
[INFO] [stderr] 
[INFO] [stderr] warning: trait `MTProvider` is never used
[INFO] [stderr]   --> src/mul_triple.rs:22:7
[INFO] [stderr]    |
[INFO] [stderr] 22 | trait MTProvider {
[INFO] [stderr]    |       ^^^^^^^^^^
[INFO] [stderr] 
[INFO] [stderr] warning: `mpc-in-rust` (bin "mpc-in-rust" test) generated 10 warnings
[INFO] [stderr]     Finished `test` profile [unoptimized + debuginfo] target(s) in 0.01s
[INFO] [stdout] 
[INFO] [stderr]      Running unittests src/main.rs (/opt/rustwide/target/debug/deps/mpc_in_rust-0b8222abecac8260)
[INFO] [stdout] running 1 test
[INFO] [stdout] test circuit::tests::test ... FAILED
[INFO] [stdout] 
[INFO] [stdout] failures:
[INFO] [stdout] 
[INFO] [stdout] ---- circuit::tests::test stdout ----
[INFO] [stdout] 
[INFO] [stdout] thread 'circuit::tests::test' panicked at src/circuit.rs:46:9:
[INFO] [stderr] error: test failed, to rerun pass `--bin mpc-in-rust`
[INFO] [stdout] not yet implemented: Writing tests is good!
[INFO] [stdout] stack backtrace:
[INFO] [stdout]    0:     0x61dcb14b506a - std::backtrace_rs::backtrace::libunwind::trace::hb059275cfc8d6126
[INFO] [stdout]                                at /rustc/6067b36314ab5eb2eb47cecc464545ba58e1ad24/library/std/src/../../backtrace/src/backtrace/libunwind.rs:116:5
[INFO] [stdout]    1:     0x61dcb14b506a - std::backtrace_rs::backtrace::trace_unsynchronized::h2da071e4327ce3ee
[INFO] [stdout]                                at /rustc/6067b36314ab5eb2eb47cecc464545ba58e1ad24/library/std/src/../../backtrace/src/backtrace/mod.rs:66:5
[INFO] [stdout]    2:     0x61dcb14b506a - std::sys::backtrace::_print_fmt::h842a1474e6f8d23f
[INFO] [stdout]                                at /rustc/6067b36314ab5eb2eb47cecc464545ba58e1ad24/library/std/src/sys/backtrace.rs:66:9
[INFO] [stdout]    3:     0x61dcb14b506a - <std::sys::backtrace::BacktraceLock::print::DisplayBacktrace as core::fmt::Display>::fmt::h71a62eb3b9696b12
[INFO] [stdout]                                at /rustc/6067b36314ab5eb2eb47cecc464545ba58e1ad24/library/std/src/sys/backtrace.rs:39:26
[INFO] [stdout]    4:     0x61dcb14dc5d3 - core::fmt::rt::Argument::fmt::hdb6b616786b41dc1
[INFO] [stdout]                                at /rustc/6067b36314ab5eb2eb47cecc464545ba58e1ad24/library/core/src/fmt/rt.rs:177:76
[INFO] [stdout]    5:     0x61dcb14dc5d3 - core::fmt::write::h2cc1698af7e2d686
[INFO] [stdout]                                at /rustc/6067b36314ab5eb2eb47cecc464545ba58e1ad24/library/core/src/fmt/mod.rs:1440:21
[INFO] [stdout]    6:     0x61dcb14b1bc3 - std::io::Write::write_fmt::hab1b4cd059a79022
[INFO] [stdout]                                at /rustc/6067b36314ab5eb2eb47cecc464545ba58e1ad24/library/std/src/io/mod.rs:1887:15
[INFO] [stdout]    7:     0x61dcb14b4eb2 - std::sys::backtrace::BacktraceLock::print::h147fe35b4ea13b08
[INFO] [stdout]                                at /rustc/6067b36314ab5eb2eb47cecc464545ba58e1ad24/library/std/src/sys/backtrace.rs:42:9
[INFO] [stdout]    8:     0x61dcb14b648f - std::panicking::default_hook::{{closure}}::hbd44223dbdc0d208
[INFO] [stdout]                                at /rustc/6067b36314ab5eb2eb47cecc464545ba58e1ad24/library/std/src/panicking.rs:298:22
[INFO] [stdout]    9:     0x61dcb14b62a8 - std::panicking::default_hook::h20f81eb0576efcec
[INFO] [stdout]                                at /rustc/6067b36314ab5eb2eb47cecc464545ba58e1ad24/library/std/src/panicking.rs:322:9
[INFO] [stdout]   10:     0x61dcb147f0c3 - <alloc::boxed::Box<F,A> as core::ops::function::Fn<Args>>::call::hdb53814c496a4d34
[INFO] [stdout]                                at /rustc/6067b36314ab5eb2eb47cecc464545ba58e1ad24/library/alloc/src/boxed.rs:2027:9
[INFO] [stdout]   11:     0x61dcb147f0c3 - test::test_main::{{closure}}::hc0a4963c59427c24
[INFO] [stdout]                                at /rustc/6067b36314ab5eb2eb47cecc464545ba58e1ad24/library/test/src/lib.rs:134:21
[INFO] [stdout]   12:     0x61dcb14b6f83 - <alloc::boxed::Box<F,A> as core::ops::function::Fn<Args>>::call::h591b2225413a77e9
[INFO] [stdout]                                at /rustc/6067b36314ab5eb2eb47cecc464545ba58e1ad24/library/alloc/src/boxed.rs:2027:9
[INFO] [stdout]   13:     0x61dcb14b6f83 - std::panicking::rust_panic_with_hook::h625eea43051b2edc
[INFO] [stdout]                                at /rustc/6067b36314ab5eb2eb47cecc464545ba58e1ad24/library/std/src/panicking.rs:839:13
[INFO] [stdout]   14:     0x61dcb14b6c06 - std::panicking::begin_panic_handler::{{closure}}::h4f9159cfbc3f6bd3
[INFO] [stdout]                                at /rustc/6067b36314ab5eb2eb47cecc464545ba58e1ad24/library/std/src/panicking.rs:697:13
[INFO] [stdout]   15:     0x61dcb14b5569 - std::sys::backtrace::__rust_end_short_backtrace::h0390abce48353151
[INFO] [stdout]                                at /rustc/6067b36314ab5eb2eb47cecc464545ba58e1ad24/library/std/src/sys/backtrace.rs:168:18
[INFO] [stdout]   16:     0x61dcb14b68cd - rust_begin_unwind
[INFO] [stdout]                                at /rustc/6067b36314ab5eb2eb47cecc464545ba58e1ad24/library/std/src/panicking.rs:695:5
[INFO] [stdout]   17:     0x61dcb14db080 - core::panicking::panic_fmt::h9e7c637e9e5f29c9
[INFO] [stdout]                                at /rustc/6067b36314ab5eb2eb47cecc464545ba58e1ad24/library/core/src/panicking.rs:75:14
[INFO] [stdout]   18:     0x61dcb1444fb9 - mpc_in_rust::circuit::tests::test::he9953c8c0eb7e957
[INFO] [stdout]                                at /opt/rustwide/workdir/src/circuit.rs:46:9
[INFO] [stdout]   19:     0x61dcb1444f67 - mpc_in_rust::circuit::tests::test::{{closure}}::h35073290589116fc
[INFO] [stdout]                                at /opt/rustwide/workdir/src/circuit.rs:45:14
[INFO] [stdout]   20:     0x61dcb14448b6 - core::ops::function::FnOnce::call_once::h3e22a73f616c7740
[INFO] [stdout]                                at /rustc/6067b36314ab5eb2eb47cecc464545ba58e1ad24/library/core/src/ops/function.rs:250:5
[INFO] [stdout]   21:     0x61dcb148481b - core::ops::function::FnOnce::call_once::he27718dfdd183f43
[INFO] [stdout]                                at /rustc/6067b36314ab5eb2eb47cecc464545ba58e1ad24/library/core/src/ops/function.rs:250:5
[INFO] [stdout]   22:     0x61dcb148481b - test::__rust_begin_short_backtrace::h4e84902998457a5d
[INFO] [stdout]                                at /rustc/6067b36314ab5eb2eb47cecc464545ba58e1ad24/library/test/src/lib.rs:632:18
[INFO] [stdout]   23:     0x61dcb1483753 - test::run_test_in_process::{{closure}}::h7176fd18fc1feca0
[INFO] [stdout]                                at /rustc/6067b36314ab5eb2eb47cecc464545ba58e1ad24/library/test/src/lib.rs:655:60
[INFO] [stdout]   24:     0x61dcb1483753 - <core::panic::unwind_safe::AssertUnwindSafe<F> as core::ops::function::FnOnce<()>>::call_once::hf79cff2a624d8cf7
[INFO] [stdout]                                at /rustc/6067b36314ab5eb2eb47cecc464545ba58e1ad24/library/core/src/panic/unwind_safe.rs:272:9
[INFO] [stdout]   25:     0x61dcb1483753 - std::panicking::try::do_call::h3da0561d9ab99c25
[INFO] [stdout]                                at /rustc/6067b36314ab5eb2eb47cecc464545ba58e1ad24/library/std/src/panicking.rs:587:40
[INFO] [stdout]   26:     0x61dcb1483753 - std::panicking::try::h41c9fa508bc61df6
[INFO] [stdout]                                at /rustc/6067b36314ab5eb2eb47cecc464545ba58e1ad24/library/std/src/panicking.rs:550:19
[INFO] [stdout]   27:     0x61dcb1483753 - std::panic::catch_unwind::h6b3ff07bb5afad93
[INFO] [stdout]                                at /rustc/6067b36314ab5eb2eb47cecc464545ba58e1ad24/library/std/src/panic.rs:358:14
[INFO] [stdout]   28:     0x61dcb1483753 - test::run_test_in_process::hc7253dd11b39b9f4
[INFO] [stdout]                                at /rustc/6067b36314ab5eb2eb47cecc464545ba58e1ad24/library/test/src/lib.rs:655:27
[INFO] [stdout]   29:     0x61dcb1483753 - test::run_test::{{closure}}::hfb2007f8649c30bb
[INFO] [stdout]                                at /rustc/6067b36314ab5eb2eb47cecc464545ba58e1ad24/library/test/src/lib.rs:576:43
[INFO] [stdout]   30:     0x61dcb1446835 - test::run_test::{{closure}}::h56a17aa7a282a9f4
[INFO] [stdout]                                at /rustc/6067b36314ab5eb2eb47cecc464545ba58e1ad24/library/test/src/lib.rs:606:41
[INFO] [stdout]   31:     0x61dcb1446835 - std::sys::backtrace::__rust_begin_short_backtrace::hd2d2d2fb8e8c6aac
[INFO] [stdout]                                at /rustc/6067b36314ab5eb2eb47cecc464545ba58e1ad24/library/std/src/sys/backtrace.rs:152:18
[INFO] [stdout]   32:     0x61dcb144a11a - std::thread::Builder::spawn_unchecked_::{{closure}}::{{closure}}::h4faa3f9db6133423
[INFO] [stdout]                                at /rustc/6067b36314ab5eb2eb47cecc464545ba58e1ad24/library/std/src/thread/mod.rs:559:17
[INFO] [stdout]   33:     0x61dcb144a11a - <core::panic::unwind_safe::AssertUnwindSafe<F> as core::ops::function::FnOnce<()>>::call_once::hf2e855a36a4ea846
[INFO] [stdout]                                at /rustc/6067b36314ab5eb2eb47cecc464545ba58e1ad24/library/core/src/panic/unwind_safe.rs:272:9
[INFO] [stdout]   34:     0x61dcb144a11a - std::panicking::try::do_call::h2f73af3616c35465
[INFO] [stdout]                                at /rustc/6067b36314ab5eb2eb47cecc464545ba58e1ad24/library/std/src/panicking.rs:587:40
[INFO] [stdout]   35:     0x61dcb144a11a - std::panicking::try::hd1660ce9efadef5a
[INFO] [stdout]                                at /rustc/6067b36314ab5eb2eb47cecc464545ba58e1ad24/library/std/src/panicking.rs:550:19
[INFO] [stdout]   36:     0x61dcb144a11a - std::panic::catch_unwind::h5ee8d7823b8ca744
[INFO] [stdout]                                at /rustc/6067b36314ab5eb2eb47cecc464545ba58e1ad24/library/std/src/panic.rs:358:14
[INFO] [stdout]   37:     0x61dcb144a11a - std::thread::Builder::spawn_unchecked_::{{closure}}::h53c3a1894dce8407
[INFO] [stdout]                                at /rustc/6067b36314ab5eb2eb47cecc464545ba58e1ad24/library/std/src/thread/mod.rs:557:30
[INFO] [stdout]   38:     0x61dcb144a11a - core::ops::function::FnOnce::call_once{{vtable.shim}}::h048ce291ad4f62bf
[INFO] [stdout]                                at /rustc/6067b36314ab5eb2eb47cecc464545ba58e1ad24/library/core/src/ops/function.rs:250:5
[INFO] [stdout]   39:     0x61dcb14baebb - <alloc::boxed::Box<F,A> as core::ops::function::FnOnce<Args>>::call_once::ha52bedf99a3b4981
[INFO] [stdout]                                at /rustc/6067b36314ab5eb2eb47cecc464545ba58e1ad24/library/alloc/src/boxed.rs:2013:9
[INFO] [stdout]   40:     0x61dcb14baebb - <alloc::boxed::Box<F,A> as core::ops::function::FnOnce<Args>>::call_once::h567748934d80ccf8
[INFO] [stdout]                                at /rustc/6067b36314ab5eb2eb47cecc464545ba58e1ad24/library/alloc/src/boxed.rs:2013:9
[INFO] [stdout]   41:     0x61dcb14baebb - std::sys::pal::unix::thread::Thread::new::thread_start::h2d970728ae887adc
[INFO] [stdout]                                at /rustc/6067b36314ab5eb2eb47cecc464545ba58e1ad24/library/std/src/sys/pal/unix/thread.rs:106:17
[INFO] [stdout]   42:     0x7d071993eac3 - <unknown>
[INFO] [stdout]   43:     0x7d07199cfa04 - clone
[INFO] [stdout]   44:                0x0 - <unknown>
[INFO] [stdout] 
[INFO] [stdout] 
[INFO] [stdout] failures:
[INFO] [stdout]     circuit::tests::test
[INFO] [stdout] 
[INFO] [stdout] test result: FAILED. 0 passed; 1 failed; 0 ignored; 0 measured; 0 filtered out; finished in 0.02s
[INFO] [stdout] 
[INFO] running `Command { std: "docker" "inspect" "23d70673113b67ecc3ec93070ca7015f0e0b80163c3090b88cc4706922a65c6c", kill_on_drop: false }`
[INFO] running `Command { std: "docker" "rm" "-f" "23d70673113b67ecc3ec93070ca7015f0e0b80163c3090b88cc4706922a65c6c", kill_on_drop: false }`
[INFO] [stdout] 23d70673113b67ecc3ec93070ca7015f0e0b80163c3090b88cc4706922a65c6c
