[INFO] cloning repository https://github.com/robert-mccausland/nash
[INFO] running `Command { std: "git" "-c" "credential.helper=" "-c" "credential.helper=/workspace/cargo-home/bin/git-credential-null" "clone" "--bare" "https://github.com/robert-mccausland/nash" "/workspace/cache/git-repos/https%3A%2F%2Fgithub.com%2Frobert-mccausland%2Fnash", kill_on_drop: false }`
[INFO] [stderr] Cloning into bare repository '/workspace/cache/git-repos/https%3A%2F%2Fgithub.com%2Frobert-mccausland%2Fnash'...
[INFO] running `Command { std: "git" "rev-parse" "HEAD", kill_on_drop: false }`
[INFO] [stdout] eaaaf24c6b4dc3d4a39c81055c3fa445598151cd
[INFO] testing robert-mccausland/nash against nightly-2025-01-18+rustflags=-Zrandomize-layout for randomize-layout-2
[INFO] running `Command { std: "git" "clone" "/workspace/cache/git-repos/https%3A%2F%2Fgithub.com%2Frobert-mccausland%2Fnash" "/workspace/builds/worker-3-tc2/source", kill_on_drop: false }`
[INFO] [stderr] Cloning into '/workspace/builds/worker-3-tc2/source'...
[INFO] [stderr] done.
[INFO] validating manifest of git repo https://github.com/robert-mccausland/nash on toolchain nightly-2025-01-18
[INFO] running `Command { std: CARGO_HOME="/workspace/cargo-home" RUSTUP_HOME="/workspace/rustup-home" "/workspace/cargo-home/bin/cargo" "+nightly-2025-01-18" "metadata" "--manifest-path" "Cargo.toml" "--no-deps", kill_on_drop: false }`
[INFO] started tweaking git repo https://github.com/robert-mccausland/nash
[INFO] finished tweaking git repo https://github.com/robert-mccausland/nash
[INFO] tweaked toml for git repo https://github.com/robert-mccausland/nash written to /workspace/builds/worker-3-tc2/source/Cargo.toml
[INFO] crate git repo https://github.com/robert-mccausland/nash already has a lockfile, it will not be regenerated
[INFO] running `Command { std: CARGO_HOME="/workspace/cargo-home" RUSTUP_HOME="/workspace/rustup-home" "/workspace/cargo-home/bin/cargo" "+nightly-2025-01-18" "fetch" "--manifest-path" "Cargo.toml", kill_on_drop: false }`
[INFO] [stderr]     Blocking waiting for file lock on package cache
[INFO] running `Command { std: "docker" "create" "-v" "/var/lib/crater-agent-workspace/builds/worker-3-tc2/target:/opt/rustwide/target:rw,Z" "-v" "/var/lib/crater-agent-workspace/builds/worker-3-tc2/source:/opt/rustwide/workdir:ro,Z" "-v" "/var/lib/crater-agent-workspace/cargo-home:/opt/rustwide/cargo-home:ro,Z" "-v" "/var/lib/crater-agent-workspace/rustup-home:/opt/rustwide/rustup-home:ro,Z" "-e" "SOURCE_DIR=/opt/rustwide/workdir" "-e" "CARGO_TARGET_DIR=/opt/rustwide/target" "-e" "CARGO_HOME=/opt/rustwide/cargo-home" "-e" "RUSTUP_HOME=/opt/rustwide/rustup-home" "-w" "/opt/rustwide/workdir" "-m" "1610612736" "--user" "0:0" "--network" "none" "ghcr.io/rust-lang/crates-build-env/linux@sha256:819108c5571ea2e421544af4d832f968d213c87fbe3707a016657f43d2f853bc" "/opt/rustwide/cargo-home/bin/cargo" "+nightly-2025-01-18" "metadata" "--no-deps" "--format-version=1", kill_on_drop: false }`
[INFO] [stdout] 1ae7d00d5af974568fdb8db8696d4bba1098da142874eb0cfe15dd36d1fb8f96
[INFO] running `Command { std: "docker" "start" "-a" "1ae7d00d5af974568fdb8db8696d4bba1098da142874eb0cfe15dd36d1fb8f96", kill_on_drop: false }`
[INFO] running `Command { std: "docker" "inspect" "1ae7d00d5af974568fdb8db8696d4bba1098da142874eb0cfe15dd36d1fb8f96", kill_on_drop: false }`
[INFO] running `Command { std: "docker" "rm" "-f" "1ae7d00d5af974568fdb8db8696d4bba1098da142874eb0cfe15dd36d1fb8f96", kill_on_drop: false }`
[INFO] [stdout] 1ae7d00d5af974568fdb8db8696d4bba1098da142874eb0cfe15dd36d1fb8f96
[INFO] running `Command { std: "docker" "create" "-v" "/var/lib/crater-agent-workspace/builds/worker-3-tc2/target:/opt/rustwide/target:rw,Z" "-v" "/var/lib/crater-agent-workspace/builds/worker-3-tc2/source:/opt/rustwide/workdir:ro,Z" "-v" "/var/lib/crater-agent-workspace/cargo-home:/opt/rustwide/cargo-home:ro,Z" "-v" "/var/lib/crater-agent-workspace/rustup-home:/opt/rustwide/rustup-home:ro,Z" "-e" "SOURCE_DIR=/opt/rustwide/workdir" "-e" "CARGO_TARGET_DIR=/opt/rustwide/target" "-e" "CARGO_INCREMENTAL=0" "-e" "RUST_BACKTRACE=full" "-e" "RUSTFLAGS=--cap-lints=forbid -Zrandomize-layout" "-e" "RUSTDOCFLAGS=--cap-lints=forbid" "-e" "CARGO_HOME=/opt/rustwide/cargo-home" "-e" "RUSTUP_HOME=/opt/rustwide/rustup-home" "-w" "/opt/rustwide/workdir" "-m" "1610612736" "--user" "0:0" "--network" "none" "ghcr.io/rust-lang/crates-build-env/linux@sha256:819108c5571ea2e421544af4d832f968d213c87fbe3707a016657f43d2f853bc" "/opt/rustwide/cargo-home/bin/cargo" "+nightly-2025-01-18" "build" "--frozen" "--message-format=json", kill_on_drop: false }`
[INFO] [stdout] a05757dbd2498e5df0adab5eeb20041c4984f053ea3c396d88ab429312437799
[INFO] running `Command { std: "docker" "start" "-a" "a05757dbd2498e5df0adab5eeb20041c4984f053ea3c396d88ab429312437799", kill_on_drop: false }`
[INFO] [stderr]    Compiling proc-macro2 v1.0.86
[INFO] [stderr]    Compiling unicode-ident v1.0.12
[INFO] [stderr]    Compiling serde v1.0.208
[INFO] [stderr]    Compiling unicode-segmentation v1.11.0
[INFO] [stderr]    Compiling glob v0.3.1
[INFO] [stderr]    Compiling quote v1.0.36
[INFO] [stderr]    Compiling syn v2.0.75
[INFO] [stderr]    Compiling serde_derive v1.0.208
[INFO] [stderr]    Compiling nash v0.1.0 (/opt/rustwide/workdir)
[INFO] [stdout] warning: struct `TestItem` is never constructed
[INFO] [stdout]    --> src/utils/iterators.rs:101:12
[INFO] [stdout]     |
[INFO] [stdout] 101 |     struct TestItem<T> {
[INFO] [stdout]     |            ^^^^^^^^
[INFO] [stdout]     |
[INFO] [stdout]     = note: `#[warn(dead_code)]` on by default
[INFO] [stdout] 
[INFO] [stdout] 
[INFO] [stderr]     Finished `dev` profile [unoptimized + debuginfo] target(s) in 11.29s
[INFO] running `Command { std: "docker" "inspect" "a05757dbd2498e5df0adab5eeb20041c4984f053ea3c396d88ab429312437799", kill_on_drop: false }`
[INFO] running `Command { std: "docker" "rm" "-f" "a05757dbd2498e5df0adab5eeb20041c4984f053ea3c396d88ab429312437799", kill_on_drop: false }`
[INFO] [stdout] a05757dbd2498e5df0adab5eeb20041c4984f053ea3c396d88ab429312437799
[INFO] running `Command { std: "docker" "create" "-v" "/var/lib/crater-agent-workspace/builds/worker-3-tc2/target:/opt/rustwide/target:rw,Z" "-v" "/var/lib/crater-agent-workspace/builds/worker-3-tc2/source:/opt/rustwide/workdir:ro,Z" "-v" "/var/lib/crater-agent-workspace/cargo-home:/opt/rustwide/cargo-home:ro,Z" "-v" "/var/lib/crater-agent-workspace/rustup-home:/opt/rustwide/rustup-home:ro,Z" "-e" "SOURCE_DIR=/opt/rustwide/workdir" "-e" "CARGO_TARGET_DIR=/opt/rustwide/target" "-e" "CARGO_INCREMENTAL=0" "-e" "RUST_BACKTRACE=full" "-e" "RUSTFLAGS=--cap-lints=forbid -Zrandomize-layout" "-e" "RUSTDOCFLAGS=--cap-lints=forbid" "-e" "CARGO_HOME=/opt/rustwide/cargo-home" "-e" "RUSTUP_HOME=/opt/rustwide/rustup-home" "-w" "/opt/rustwide/workdir" "-m" "1610612736" "--user" "0:0" "--network" "none" "ghcr.io/rust-lang/crates-build-env/linux@sha256:819108c5571ea2e421544af4d832f968d213c87fbe3707a016657f43d2f853bc" "/opt/rustwide/cargo-home/bin/cargo" "+nightly-2025-01-18" "test" "--frozen" "--no-run" "--message-format=json", kill_on_drop: false }`
[INFO] [stdout] aa3e88a626dbc6b8f7c8b9f7973e12aee9e7ddd79be9900c36dab5ae10087fc0
[INFO] running `Command { std: "docker" "start" "-a" "aa3e88a626dbc6b8f7c8b9f7973e12aee9e7ddd79be9900c36dab5ae10087fc0", kill_on_drop: false }`
[INFO] [stderr]    Compiling proc-macro2 v1.0.86
[INFO] [stderr]    Compiling libc v0.2.156
[INFO] [stderr]    Compiling mockall_derive v0.13.0
[INFO] [stderr]    Compiling predicates-core v1.0.8
[INFO] [stderr]    Compiling lazy_static v1.5.0
[INFO] [stderr]    Compiling anstyle v1.0.8
[INFO] [stderr]    Compiling termtree v0.4.1
[INFO] [stderr]    Compiling linked-hash-map v0.5.6
[INFO] [stderr]    Compiling similar v2.6.0
[INFO] [stderr]    Compiling downcast v0.11.0
[INFO] [stderr]    Compiling fragile v2.0.0
[INFO] [stderr]    Compiling predicates-tree v1.0.11
[INFO] [stderr]    Compiling predicates v3.1.2
[INFO] [stderr]    Compiling quote v1.0.36
[INFO] [stderr]    Compiling console v0.15.8
[INFO] [stderr]    Compiling syn v2.0.75
[INFO] [stderr]    Compiling serde_derive v1.0.208
[INFO] [stderr]    Compiling mockall v0.13.0
[INFO] [stderr]    Compiling serde v1.0.208
[INFO] [stderr]    Compiling nash v0.1.0 (/opt/rustwide/workdir)
[INFO] [stderr]    Compiling insta v1.39.0
[INFO] [stdout] warning: struct `TestItem` is never constructed
[INFO] [stdout]    --> src/utils/iterators.rs:101:12
[INFO] [stdout]     |
[INFO] [stdout] 101 |     struct TestItem<T> {
[INFO] [stdout]     |            ^^^^^^^^
[INFO] [stdout]     |
[INFO] [stdout]     = note: `#[warn(dead_code)]` on by default
[INFO] [stdout] 
[INFO] [stdout] 
[INFO] [stderr]     Finished `test` profile [unoptimized + debuginfo] target(s) in 16.33s
[INFO] running `Command { std: "docker" "inspect" "aa3e88a626dbc6b8f7c8b9f7973e12aee9e7ddd79be9900c36dab5ae10087fc0", kill_on_drop: false }`
[INFO] running `Command { std: "docker" "rm" "-f" "aa3e88a626dbc6b8f7c8b9f7973e12aee9e7ddd79be9900c36dab5ae10087fc0", kill_on_drop: false }`
[INFO] [stdout] aa3e88a626dbc6b8f7c8b9f7973e12aee9e7ddd79be9900c36dab5ae10087fc0
[INFO] running `Command { std: "docker" "create" "-v" "/var/lib/crater-agent-workspace/builds/worker-3-tc2/target:/opt/rustwide/target:rw,Z" "-v" "/var/lib/crater-agent-workspace/builds/worker-3-tc2/source:/opt/rustwide/workdir:ro,Z" "-v" "/var/lib/crater-agent-workspace/cargo-home:/opt/rustwide/cargo-home:ro,Z" "-v" "/var/lib/crater-agent-workspace/rustup-home:/opt/rustwide/rustup-home:ro,Z" "-e" "SOURCE_DIR=/opt/rustwide/workdir" "-e" "CARGO_TARGET_DIR=/opt/rustwide/target" "-e" "CARGO_INCREMENTAL=0" "-e" "RUST_BACKTRACE=full" "-e" "RUSTFLAGS=--cap-lints=forbid -Zrandomize-layout" "-e" "RUSTDOCFLAGS=--cap-lints=forbid" "-e" "CARGO_HOME=/opt/rustwide/cargo-home" "-e" "RUSTUP_HOME=/opt/rustwide/rustup-home" "-w" "/opt/rustwide/workdir" "-m" "1610612736" "--user" "0:0" "--network" "none" "ghcr.io/rust-lang/crates-build-env/linux@sha256:819108c5571ea2e421544af4d832f968d213c87fbe3707a016657f43d2f853bc" "/opt/rustwide/cargo-home/bin/cargo" "+nightly-2025-01-18" "test" "--frozen", kill_on_drop: false }`
[INFO] [stdout] 1cac869845f7e383b6d876f12012480f6a9c9f6b768544d46d427c6c27019eea
[INFO] running `Command { std: "docker" "start" "-a" "1cac869845f7e383b6d876f12012480f6a9c9f6b768544d46d427c6c27019eea", kill_on_drop: false }`
[INFO] [stderr] warning: struct `TestItem` is never constructed
[INFO] [stderr]    --> src/utils/iterators.rs:101:12
[INFO] [stderr]     |
[INFO] [stderr] 101 |     struct TestItem<T> {
[INFO] [stderr]     |            ^^^^^^^^
[INFO] [stderr]     |
[INFO] [stderr]     = note: `#[warn(dead_code)]` on by default
[INFO] [stderr] 
[INFO] [stderr] warning: `nash` (lib) generated 1 warning
[INFO] [stderr]     Finished `test` profile [unoptimized + debuginfo] target(s) in 0.03s
[INFO] [stderr]      Running unittests src/lib.rs (/opt/rustwide/target/debug/deps/nash-4a015dca1e9159f7)
[INFO] [stdout] 
[INFO] [stdout] running 9 tests
[INFO] [stdout] test utils::iterators::test::are_duplicates_should_return_none_for_empty_collection ... ok
[INFO] [stdout] test utils::iterators::test::are_duplicates_should_return_none_for_collection_with_non_duplicate_values ... ok
[INFO] [stdout] test utils::iterators::test::are_duplicates_should_return_first_item_for_collection_with_duplicate_values ... ok
[INFO] [stdout] test lexer::tests::should_parse_empty_string ... ok
[INFO] [stdout] test lexer::tests::should_parse_nested_expressions_in_string_literal_templates ... ok
[INFO] [stdout] test lexer::tests::should_parse_template_string ... ok
[INFO] [stdout] test lexer::tests::should_parse_template_string_with_keyword_substring ... ok
[INFO] [stdout] test lexer::tests::should_parse_multiline_nested_expressions_in_string_literal_templates ... ok
[INFO] [stdout] test lexer::tests::should_tokenize_valid_file ... ok
[INFO] [stdout] 
[INFO] [stdout] test result: ok. 9 passed; 0 failed; 0 ignored; 0 measured; 0 filtered out; finished in 0.02s
[INFO] [stdout] 
[INFO] [stderr]      Running unittests src/main.rs (/opt/rustwide/target/debug/deps/nash-a2b556aa7f0b6b92)
[INFO] [stdout] 
[INFO] [stdout] running 0 tests
[INFO] [stdout] 
[INFO] [stdout] test result: ok. 0 passed; 0 failed; 0 ignored; 0 measured; 0 filtered out; finished in 0.00s
[INFO] [stdout] 
[INFO] [stderr]      Running tests/integration_test.rs (/opt/rustwide/target/debug/deps/integration_test-64abdeb8423f260d)
[INFO] [stdout] 
[INFO] [stdout] running 83 tests
[INFO] [stdout] test tests::should_accept_input_using_read ... ok
[INFO] [stdout] test tests::function_arguments_should_be_immutable ... ok
[INFO] [stdout] test tests::captured_values_should_be_immutable ... ok
[INFO] [stdout] test tests::for_loop_variable_should_be_non_immutable ... ok
[INFO] [stdout] test tests::should_be_able_to_index_array ... ok
[INFO] [stdout] test tests::should_allow_arrays_with_trailing_commas ... ok
[INFO] [stdout] test tests::should_be_able_to_pipe_literal_to_command ... ok
[INFO] [stdout] test tests::should_allow_expressions_inside_string_templates ... ok
[INFO] [stdout] test tests::should_allow_brackets_to_be_used_to_wrap_expressions ... ok
[INFO] [stdout] test tests::should_be_able_to_mutate_nested_arrays ... ok
[INFO] [stdout] test tests::should_be_able_to_call_const_instance_methods_on_immutable_array ... ok
[INFO] [stdout] test tests::should_allow_singleton_tuples_by_using_trailing_comma ... ok
[INFO] [stdout] test tests::should_be_able_to_return_from_nested_blocks ... ok
[INFO] [stdout] test tests::should_be_able_to_append_to_a_file ... ok
[INFO] [stdout] test tests::should_break_from_while_loop ... ok
[INFO] [stdout] test tests::should_be_able_to_write_input_to_file ... ok
[INFO] [stdout] test tests::should_break_in_for_loop ... ok
[INFO] [stdout] test tests::should_be_able_to_capture_non_zero_exit_code_of_command ... ok
[INFO] [stdout] test tests::should_be_able_to_return_with_an_exit_code ... ok
[INFO] [stdout] test tests::should_be_able_to_capture_data_from_commands ... ok
[INFO] [stdout] test tests::should_capture_output_of_command_in_variable ... ok
[INFO] [stdout] test tests::should_error_if_break_called_directly_from_root ... ok
[INFO] [stdout] test tests::should_error_if_continue_called_directly_from_root ... ok
[INFO] [stdout] test tests::should_error_if_break_called_directly_from_function ... ok
[INFO] [stdout] test tests::should_error_if_continue_called_directly_from_function ... ok
[INFO] [stdout] test tests::should_continue_in_while_loop ... ok
[INFO] [stdout] test tests::should_be_able_to_get_input_from_file ... ok
[INFO] [stdout] test tests::should_be_able_to_capture_stderr_from_command ... ok
[INFO] [stdout] test tests::should_error_when_assigning_void_to_a_variable ... ok
[INFO] [stdout] test tests::should_error_if_function_returns_wrong_type ... ok
[INFO] [stdout] test tests::should_error_when_accessing_unknown_function ... ok
[INFO] [stdout] test tests::should_be_able_to_chain_accessors ... ok
[INFO] [stdout] test tests::should_allow_chaining_commutative_operators ... ok
[INFO] [stdout] test tests::should_error_if_operator_expression_is_invalid ... ok
[INFO] [stdout] test tests::should_error_when_builtin_function_arguments_are_the_incorrect_type ... ok
[INFO] [stdout] test tests::should_error_when_creating_a_function_with_an_argument_of_void ... ok
[INFO] [stdout] test tests::should_error_when_creating_array_with_inconsistent_types ... ok
[INFO] [stdout] test tests::should_error_when_declaring_a_variable_of_type_void ... ok
[INFO] [stdout] test tests::should_error_when_creating_an_empty_array_with_no_type ... ok
[INFO] [stdout] test tests::should_error_when_function_called_with_argument_argument_of_wrong_type ... ok
[INFO] [stdout] test tests::should_error_when_defined_function_arguments_are_the_incorrect_type ... ok
[INFO] [stdout] test tests::should_error_when_assigning_variable_to_wrong_type ... ok
[INFO] [stdout] test tests::should_error_when_invalid_function_called ... ok
[INFO] [stdout] test tests::should_error_when_non_integer_value_used_in_index ... ok
[INFO] [stdout] test tests::should_fail_if_exit_used_with_non_integer ... ok
[INFO] [stdout] test tests::should_error_when_uninitialized_variable_defined_without_type ... ok
[INFO] [stdout] test tests::should_fail_to_create_non_mutable_uninitialized_variable ... ok
[INFO] [stdout] test tests::should_error_when_resolving_uninitialized_variable ... ok
[INFO] [stdout] test tests::should_generate_arrays_correctly ... ok
[INFO] [stdout] test tests::should_fail_to_mutate_array_in_use ... ok
[INFO] [stdout] test tests::should_fail_if_exit_used_with_out_of_range_value ... ok
[INFO] [stdout] test tests::should_handle_divide_operator ... ok
[INFO] [stdout] test tests::should_not_allow_mutable_types_that_are_not_arrays ... ok
[INFO] [stdout] test tests::should_handle_minus_operator ... ok
[INFO] [stdout] test tests::should_format_file_handles_correctly ... ok
[INFO] [stdout] test tests::should_handle_and_operator ... ok
[INFO] [stdout] test tests::should_not_access_outer_scopes_from_function ... ok
[INFO] [stdout] test tests::should_not_be_able_to_assign_mutable_array_to_immutable_array ... ok
[INFO] [stdout] test tests::should_handle_or_operator ... ok
[INFO] [stdout] test tests::should_execute_valid_file ... ok
[INFO] [stdout] test tests::should_handle_multiply_operator ... ok
[INFO] [stdout] test tests::should_not_allow_chaining_non_commutative_operators ... ok
[INFO] [stdout] test tests::should_not_be_able_to_chain_accessor_and_indexes ... ok
[INFO] [stdout] test tests::should_not_be_able_to_index_array_with_out_of_range_value ... ok
[INFO] [stdout] test tests::should_not_be_able_to_mutate_immutable_array ... ok
[INFO] [stdout] test tests::should_fail_to_mutate_non_mutable_variable ... ok
[INFO] [stdout] test tests::should_handle_remainder_operator ... ok
[INFO] [stdout] test tests::should_not_be_able_to_pipe_to_literal ... ok
[INFO] [stdout] test tests::should_not_support_returning_from_root_block ... ok
[INFO] [stdout] test tests::should_not_be_able_to_pipe_from_write ... ok
[INFO] [stdout] test tests::should_parse_nested_array_type ... ok
[INFO] [stdout] test tests::should_not_be_able_to_assign_immutable_array_to_mutable_array ... ok
[INFO] [stdout] test tests::should_not_be_able_to_pipe_to_open ... ok
[INFO] [stdout] test tests::should_not_be_able_to_use_expression_in_indexes ... ok
[INFO] [stdout] test tests::should_return_value_from_function ... ok
[INFO] [stdout] test tests::should_strip_trailing_carriage_return_from_input ... ok
[INFO] [stdout] test tests::should_not_run_any_code_after_exit ... ok
[INFO] [stdout] test tests::strings_should_be_equal_if_contents_is_the_same ... ok
[INFO] [stdout] test tests::should_support_returning_from_nested_blocks ... ok
[INFO] [stdout] test tests::should_use_defined_function_over_builtin ... ok
[INFO] [stdout] test tests::should_format_commands_correctly ... ok
[INFO] [stdout] test tests::should_redirect_stdout_when_piping_commands ... ok
[INFO] [stdout] test tests::should_error_if_command_returns_non_zero_exit_code ... FAILED
[INFO] [stdout] 
[INFO] [stdout] failures:
[INFO] [stdout] 
[INFO] [stdout] ---- tests::should_error_if_command_returns_non_zero_exit_code stdout ----
[INFO] [stdout] 
[INFO] [stdout] thread 'tests::should_error_if_command_returns_non_zero_exit_code' panicked at tests/integration_test.rs:62:5:
[INFO] [stdout] MockPipelineExecutor::run_pipeline: Expectation(var == Pipeline {
[INFO] [stdout]     commands: [
[INFO] [stdout]         CommandDefinition {
[INFO] [stdout]             program: "my_command",
[INFO] [stdout]             arguments: [],
[INFO] [stdout]             capture_stderr: false,
[INFO] [stdout]         },
[INFO] [stdout]     ],
[INFO] [stdout]     source: None,
[INFO] [stdout]     destination: None,
[INFO] [stdout] }) called 0 time(s) which is fewer than expected 1
[INFO] [stdout] stack backtrace:
[INFO] [stdout]    0:     0x60025839345a - std::backtrace_rs::backtrace::libunwind::trace::hb059275cfc8d6126
[INFO] [stdout]                                at /rustc/6067b36314ab5eb2eb47cecc464545ba58e1ad24/library/std/src/../../backtrace/src/backtrace/libunwind.rs:116:5
[INFO] [stdout]    1:     0x60025839345a - std::backtrace_rs::backtrace::trace_unsynchronized::h2da071e4327ce3ee
[INFO] [stdout]                                at /rustc/6067b36314ab5eb2eb47cecc464545ba58e1ad24/library/std/src/../../backtrace/src/backtrace/mod.rs:66:5
[INFO] [stdout]    2:     0x60025839345a - std::sys::backtrace::_print_fmt::h842a1474e6f8d23f
[INFO] [stdout]                                at /rustc/6067b36314ab5eb2eb47cecc464545ba58e1ad24/library/std/src/sys/backtrace.rs:66:9
[INFO] [stdout]    3:     0x60025839345a - <std::sys::backtrace::BacktraceLock::print::DisplayBacktrace as core::fmt::Display>::fmt::h71a62eb3b9696b12
[INFO] [stdout]                                at /rustc/6067b36314ab5eb2eb47cecc464545ba58e1ad24/library/std/src/sys/backtrace.rs:39:26
[INFO] [stdout]    4:     0x6002583be5b3 - core::fmt::rt::Argument::fmt::hdb6b616786b41dc1
[INFO] [stdout]                                at /rustc/6067b36314ab5eb2eb47cecc464545ba58e1ad24/library/core/src/fmt/rt.rs:177:76
[INFO] [stdout]    5:     0x6002583be5b3 - core::fmt::write::h2cc1698af7e2d686
[INFO] [stdout]                                at /rustc/6067b36314ab5eb2eb47cecc464545ba58e1ad24/library/core/src/fmt/mod.rs:1440:21
[INFO] [stdout]    6:     0x60025838f433 - std::io::Write::write_fmt::hab1b4cd059a79022
[INFO] [stdout]                                at /rustc/6067b36314ab5eb2eb47cecc464545ba58e1ad24/library/std/src/io/mod.rs:1887:15
[INFO] [stdout]    7:     0x6002583932a2 - std::sys::backtrace::BacktraceLock::print::h147fe35b4ea13b08
[INFO] [stdout]                                at /rustc/6067b36314ab5eb2eb47cecc464545ba58e1ad24/library/std/src/sys/backtrace.rs:42:9
[INFO] [stdout]    8:     0x60025839487f - std::panicking::default_hook::{{closure}}::hbd44223dbdc0d208
[INFO] [stdout]                                at /rustc/6067b36314ab5eb2eb47cecc464545ba58e1ad24/library/std/src/panicking.rs:298:22
[INFO] [stdout]    9:     0x600258394698 - std::panicking::default_hook::h20f81eb0576efcec
[INFO] [stdout]                                at /rustc/6067b36314ab5eb2eb47cecc464545ba58e1ad24/library/std/src/panicking.rs:322:9
[INFO] [stdout]   10:     0x6002581db183 - <alloc::boxed::Box<F,A> as core::ops::function::Fn<Args>>::call::hdb53814c496a4d34
[INFO] [stdout]                                at /rustc/6067b36314ab5eb2eb47cecc464545ba58e1ad24/library/alloc/src/boxed.rs:2027:9
[INFO] [stdout]   11:     0x6002581db183 - test::test_main::{{closure}}::hc0a4963c59427c24
[INFO] [stdout]                                at /rustc/6067b36314ab5eb2eb47cecc464545ba58e1ad24/library/test/src/lib.rs:134:21
[INFO] [stdout]   12:     0x600258395373 - <alloc::boxed::Box<F,A> as core::ops::function::Fn<Args>>::call::h591b2225413a77e9
[INFO] [stdout]                                at /rustc/6067b36314ab5eb2eb47cecc464545ba58e1ad24/library/alloc/src/boxed.rs:2027:9
[INFO] [stdout]   13:     0x600258395373 - std::panicking::rust_panic_with_hook::h625eea43051b2edc
[INFO] [stdout]                                at /rustc/6067b36314ab5eb2eb47cecc464545ba58e1ad24/library/std/src/panicking.rs:839:13
[INFO] [stdout]   14:     0x60025839502a - std::panicking::begin_panic_handler::{{closure}}::h4f9159cfbc3f6bd3
[INFO] [stdout]                                at /rustc/6067b36314ab5eb2eb47cecc464545ba58e1ad24/library/std/src/panicking.rs:704:13
[INFO] [stdout]   15:     0x600258393959 - std::sys::backtrace::__rust_end_short_backtrace::h0390abce48353151
[INFO] [stdout]                                at /rustc/6067b36314ab5eb2eb47cecc464545ba58e1ad24/library/std/src/sys/backtrace.rs:168:18
[INFO] [stdout]   16:     0x600258394cbd - rust_begin_unwind
[INFO] [stdout]                                at /rustc/6067b36314ab5eb2eb47cecc464545ba58e1ad24/library/std/src/panicking.rs:695:5
[INFO] [stdout]   17:     0x6002583bbfd0 - core::panicking::panic_fmt::h9e7c637e9e5f29c9
[INFO] [stdout]                                at /rustc/6067b36314ab5eb2eb47cecc464545ba58e1ad24/library/core/src/panicking.rs:75:14
[INFO] [stdout]   18:     0x600258197edc - <integration_test::tests::__mock_MockPipelineExecutor_PipelineExecutor::__run_pipeline::Common as core::ops::drop::Drop>::drop::he28653fbf6357888
[INFO] [stdout]                                at /opt/rustwide/workdir/tests/integration_test.rs:62:5
[INFO] [stdout]   19:     0x6002581750b3 - core::ptr::drop_in_place<integration_test::tests::__mock_MockPipelineExecutor_PipelineExecutor::__run_pipeline::Common>::hbd2383ead1812ed3
[INFO] [stdout]                                at /rustc/6067b36314ab5eb2eb47cecc464545ba58e1ad24/library/core/src/ptr/mod.rs:523:1
[INFO] [stdout]   20:     0x600258175243 - core::ptr::drop_in_place<integration_test::tests::__mock_MockPipelineExecutor_PipelineExecutor::__run_pipeline::Expectation>::h30ba1be6ddbcb145
[INFO] [stdout]                                at /rustc/6067b36314ab5eb2eb47cecc464545ba58e1ad24/library/core/src/ptr/mod.rs:523:1
[INFO] [stdout]   21:     0x6002581753f9 - core::ptr::drop_in_place<[integration_test::tests::__mock_MockPipelineExecutor_PipelineExecutor::__run_pipeline::Expectation]>::h94a7830774b94c60
[INFO] [stdout]                                at /rustc/6067b36314ab5eb2eb47cecc464545ba58e1ad24/library/core/src/ptr/mod.rs:523:1
[INFO] [stdout]   22:     0x600258158622 - <alloc::vec::Vec<T,A> as core::ops::drop::Drop>::drop::h64d6a4ef028cdfce
[INFO] [stdout]                                at /rustc/6067b36314ab5eb2eb47cecc464545ba58e1ad24/library/alloc/src/vec/mod.rs:3789:13
[INFO] [stdout]   23:     0x6002581755d3 - core::ptr::drop_in_place<alloc::vec::Vec<integration_test::tests::__mock_MockPipelineExecutor_PipelineExecutor::__run_pipeline::Expectation>>::h02460a536fd07884
[INFO] [stdout]                                at /rustc/6067b36314ab5eb2eb47cecc464545ba58e1ad24/library/core/src/ptr/mod.rs:523:1
[INFO] [stdout]   24:     0x6002581752ea - core::ptr::drop_in_place<integration_test::tests::__mock_MockPipelineExecutor_PipelineExecutor::__run_pipeline::Expectations>::h0dabd466487bb8fe
[INFO] [stdout]                                at /rustc/6067b36314ab5eb2eb47cecc464545ba58e1ad24/library/core/src/ptr/mod.rs:523:1
[INFO] [stdout]   25:     0x60025817686a - core::ptr::drop_in_place<integration_test::tests::MockPipelineExecutor_PipelineExecutor>::h1e9be230eaf64539
[INFO] [stdout]                                at /rustc/6067b36314ab5eb2eb47cecc464545ba58e1ad24/library/core/src/ptr/mod.rs:523:1
[INFO] [stdout]   26:     0x6002581764fa - core::ptr::drop_in_place<integration_test::tests::MockPipelineExecutor>::hcaa47670ddd074ff
[INFO] [stdout]                                at /rustc/6067b36314ab5eb2eb47cecc464545ba58e1ad24/library/core/src/ptr/mod.rs:523:1
[INFO] [stdout]   27:     0x600258174dd3 - core::ptr::drop_in_place<integration_test::tests::MockExecutor<integration_test::tests::MockPipelineExecutor>>::h9f404e030d86be54
[INFO] [stdout]                                at /rustc/6067b36314ab5eb2eb47cecc464545ba58e1ad24/library/core/src/ptr/mod.rs:523:1
[INFO] [stdout]   28:     0x60025811871d - integration_test::tests::run_code::h205a6152dde37245
[INFO] [stdout]                                at /opt/rustwide/workdir/tests/integration_test.rs:99:5
[INFO] [stdout]   29:     0x600258144bfe - integration_test::tests::should_error_if_command_returns_non_zero_exit_code::h4b8e4af622fa133d
[INFO] [stdout]                                at /opt/rustwide/workdir/tests/integration_test.rs:123:39
[INFO] [stdout]   30:     0x600258144b97 - integration_test::tests::should_error_if_command_returns_non_zero_exit_code::{{closure}}::hf0fc291f8aa3cba9
[INFO] [stdout]                                at /opt/rustwide/workdir/tests/integration_test.rs:122:23
[INFO] [stdout]   31:     0x600258173586 - core::ops::function::FnOnce::call_once::h016d2e63fb4b75f6
[INFO] [stdout]                                at /rustc/6067b36314ab5eb2eb47cecc464545ba58e1ad24/library/core/src/ops/function.rs:250:5
[INFO] [stdout]   32:     0x6002581e08db - core::ops::function::FnOnce::call_once::he27718dfdd183f43
[INFO] [stdout]                                at /rustc/6067b36314ab5eb2eb47cecc464545ba58e1ad24/library/core/src/ops/function.rs:250:5
[INFO] [stdout]   33:     0x6002581e08db - test::__rust_begin_short_backtrace::h4e84902998457a5d
[INFO] [stdout]                                at /rustc/6067b36314ab5eb2eb47cecc464545ba58e1ad24/library/test/src/lib.rs:632:18
[INFO] [stdout]   34:     0x6002581df813 - test::run_test_in_process::{{closure}}::h7176fd18fc1feca0
[INFO] [stdout]                                at /rustc/6067b36314ab5eb2eb47cecc464545ba58e1ad24/library/test/src/lib.rs:655:60
[INFO] [stdout]   35:     0x6002581df813 - <core::panic::unwind_safe::AssertUnwindSafe<F> as core::ops::function::FnOnce<()>>::call_once::hf79cff2a624d8cf7
[INFO] [stdout]                                at /rustc/6067b36314ab5eb2eb47cecc464545ba58e1ad24/library/core/src/panic/unwind_safe.rs:272:9
[INFO] [stdout]   36:     0x6002581df813 - std::panicking::try::do_call::h3da0561d9ab99c25
[INFO] [stdout]                                at /rustc/6067b36314ab5eb2eb47cecc464545ba58e1ad24/library/std/src/panicking.rs:587:40
[INFO] [stdout]   37:     0x6002581df813 - std::panicking::try::h41c9fa508bc61df6
[INFO] [stdout]                                at /rustc/6067b36314ab5eb2eb47cecc464545ba58e1ad24/library/std/src/panicking.rs:550:19
[INFO] [stdout]   38:     0x6002581df813 - std::panic::catch_unwind::h6b3ff07bb5afad93
[INFO] [stdout]                                at /rustc/6067b36314ab5eb2eb47cecc464545ba58e1ad24/library/std/src/panic.rs:358:14
[INFO] [stdout]   39:     0x6002581df813 - test::run_test_in_process::hc7253dd11b39b9f4
[INFO] [stdout]                                at /rustc/6067b36314ab5eb2eb47cecc464545ba58e1ad24/library/test/src/lib.rs:655:27
[INFO] [stdout]   40:     0x6002581df813 - test::run_test::{{closure}}::hfb2007f8649c30bb
[INFO] [stdout]                                at /rustc/6067b36314ab5eb2eb47cecc464545ba58e1ad24/library/test/src/lib.rs:576:43
[INFO] [stdout]   41:     0x6002581a28f5 - test::run_test::{{closure}}::h56a17aa7a282a9f4
[INFO] [stdout]                                at /rustc/6067b36314ab5eb2eb47cecc464545ba58e1ad24/library/test/src/lib.rs:606:41
[INFO] [stdout]   42:     0x6002581a28f5 - std::sys::backtrace::__rust_begin_short_backtrace::hd2d2d2fb8e8c6aac
[INFO] [stdout]                                at /rustc/6067b36314ab5eb2eb47cecc464545ba58e1ad24/library/std/src/sys/backtrace.rs:152:18
[INFO] [stdout]   43:     0x6002581a61da - std::thread::Builder::spawn_unchecked_::{{closure}}::{{closure}}::h4faa3f9db6133423
[INFO] [stdout]                                at /rustc/6067b36314ab5eb2eb47cecc464545ba58e1ad24/library/std/src/thread/mod.rs:559:17
[INFO] [stdout]   44:     0x6002581a61da - <core::panic::unwind_safe::AssertUnwindSafe<F> as core::ops::function::FnOnce<()>>::call_once::hf2e855a36a4ea846
[INFO] [stdout]                                at /rustc/6067b36314ab5eb2eb47cecc464545ba58e1ad24/library/core/src/panic/unwind_safe.rs:272:9
[INFO] [stdout]   45:     0x6002581a61da - std::panicking::try::do_call::h2f73af3616c35465
[INFO] [stdout]                                at /rustc/6067b36314ab5eb2eb47cecc464545ba58e1ad24/library/std/src/panicking.rs:587:40
[INFO] [stdout]   46:     0x6002581a61da - std::panicking::try::hd1660ce9efadef5a
[INFO] [stdout]                                at /rustc/6067b36314ab5eb2eb47cecc464545ba58e1ad24/library/std/src/panicking.rs:550:19
[INFO] [stdout]   47:     0x6002581a61da - std::panic::catch_unwind::h5ee8d7823b8ca744
[INFO] [stdout]                                at /rustc/6067b36314ab5eb2eb47cecc464545ba58e1ad24/library/std/src/panic.rs:358:14
[INFO] [stdout]   48:     0x6002581a61da - std::thread::Builder::spawn_unchecked_::{{closure}}::h53c3a1894dce8407
[INFO] [stdout]                                at /rustc/6067b36314ab5eb2eb47cecc464545ba58e1ad24/library/std/src/thread/mod.rs:557:30
[INFO] [stdout]   49:     0x6002581a61da - core::ops::function::FnOnce::call_once{{vtable.shim}}::h048ce291ad4f62bf
[INFO] [stdout]                                at /rustc/6067b36314ab5eb2eb47cecc464545ba58e1ad24/library/core/src/ops/function.rs:250:5
[INFO] [stdout]   50:     0x600258399deb - <alloc::boxed::Box<F,A> as core::ops::function::FnOnce<Args>>::call_once::ha52bedf99a3b4981
[INFO] [stdout]                                at /rustc/6067b36314ab5eb2eb47cecc464545ba58e1ad24/library/alloc/src/boxed.rs:2013:9
[INFO] [stdout]   51:     0x600258399deb - <alloc::boxed::Box<F,A> as core::ops::function::FnOnce<Args>>::call_once::h567748934d80ccf8
[INFO] [stdout]                                at /rustc/6067b36314ab5eb2eb47cecc464545ba58e1ad24/library/alloc/src/boxed.rs:2013:9
[INFO] [stdout]   52:     0x600258399deb - std::sys::pal::unix::thread::Thread::new::thread_start::h2d970728ae887adc
[INFO] [stdout]                                at /rustc/6067b36314ab5eb2eb47cecc464545ba58e1ad24/library/std/src/sys/pal/unix/thread.rs:106:17
[INFO] [stdout]   53:     0x700742569ac3 - <unknown>
[INFO] [stdout]   54:     0x7007425faa04 - clone
[INFO] [stdout]   55:                0x0 - <unknown>
[INFO] [stdout] 
[INFO] [stdout] 
[INFO] [stdout] failures:
[INFO] [stdout]     tests::should_error_if_command_returns_non_zero_exit_code
[INFO] [stdout] 
[INFO] [stdout] test result: FAILED. 82 passed; 1 failed; 0 ignored; 0 measured; 0 filtered out; finished in 0.06s
[INFO] [stdout] 
[INFO] [stderr] error: test failed, to rerun pass `--test integration_test`
[INFO] running `Command { std: "docker" "inspect" "1cac869845f7e383b6d876f12012480f6a9c9f6b768544d46d427c6c27019eea", kill_on_drop: false }`
[INFO] running `Command { std: "docker" "rm" "-f" "1cac869845f7e383b6d876f12012480f6a9c9f6b768544d46d427c6c27019eea", kill_on_drop: false }`
[INFO] [stdout] 1cac869845f7e383b6d876f12012480f6a9c9f6b768544d46d427c6c27019eea
