[INFO] cloning repository https://github.com/roadmanict/2023-advent-of-code
[INFO] running `Command { std: "git" "-c" "credential.helper=" "-c" "credential.helper=/workspace/cargo-home/bin/git-credential-null" "clone" "--bare" "https://github.com/roadmanict/2023-advent-of-code" "/workspace/cache/git-repos/https%3A%2F%2Fgithub.com%2Froadmanict%2F2023-advent-of-code", kill_on_drop: false }`
[INFO] [stderr] Cloning into bare repository '/workspace/cache/git-repos/https%3A%2F%2Fgithub.com%2Froadmanict%2F2023-advent-of-code'...
[INFO] running `Command { std: "git" "rev-parse" "HEAD", kill_on_drop: false }`
[INFO] [stdout] da7c211f1bc77ddbcb4a5de5e793ba90aee6dcf6
[INFO] testing roadmanict/2023-advent-of-code against nightly-2025-01-18+rustflags=-Zrandomize-layout for randomize-layout-2
[INFO] running `Command { std: "git" "clone" "/workspace/cache/git-repos/https%3A%2F%2Fgithub.com%2Froadmanict%2F2023-advent-of-code" "/workspace/builds/worker-1-tc2/source", kill_on_drop: false }`
[INFO] [stderr] Cloning into '/workspace/builds/worker-1-tc2/source'...
[INFO] [stderr] done.
[INFO] validating manifest of git repo https://github.com/roadmanict/2023-advent-of-code on toolchain nightly-2025-01-18
[INFO] running `Command { std: CARGO_HOME="/workspace/cargo-home" RUSTUP_HOME="/workspace/rustup-home" "/workspace/cargo-home/bin/cargo" "+nightly-2025-01-18" "metadata" "--manifest-path" "Cargo.toml" "--no-deps", kill_on_drop: false }`
[INFO] started tweaking git repo https://github.com/roadmanict/2023-advent-of-code
[INFO] finished tweaking git repo https://github.com/roadmanict/2023-advent-of-code
[INFO] tweaked toml for git repo https://github.com/roadmanict/2023-advent-of-code written to /workspace/builds/worker-1-tc2/source/Cargo.toml
[INFO] running `Command { std: CARGO_HOME="/workspace/cargo-home" RUSTUP_HOME="/workspace/rustup-home" "/workspace/cargo-home/bin/cargo" "+nightly-2025-01-18" "generate-lockfile" "--manifest-path" "Cargo.toml", kill_on_drop: false }`
[INFO] [stderr]     Updating crates.io index
[INFO] [stderr]      Locking 6 packages to latest compatible versions
[INFO] [stderr]       Adding thiserror v1.0.69 (available: v2.0.11)
[INFO] running `Command { std: CARGO_HOME="/workspace/cargo-home" RUSTUP_HOME="/workspace/rustup-home" "/workspace/cargo-home/bin/cargo" "+nightly-2025-01-18" "fetch" "--manifest-path" "Cargo.toml", kill_on_drop: false }`
[INFO] running `Command { std: "docker" "create" "-v" "/var/lib/crater-agent-workspace/builds/worker-1-tc2/target:/opt/rustwide/target:rw,Z" "-v" "/var/lib/crater-agent-workspace/builds/worker-1-tc2/source:/opt/rustwide/workdir:ro,Z" "-v" "/var/lib/crater-agent-workspace/cargo-home:/opt/rustwide/cargo-home:ro,Z" "-v" "/var/lib/crater-agent-workspace/rustup-home:/opt/rustwide/rustup-home:ro,Z" "-e" "SOURCE_DIR=/opt/rustwide/workdir" "-e" "CARGO_TARGET_DIR=/opt/rustwide/target" "-e" "CARGO_HOME=/opt/rustwide/cargo-home" "-e" "RUSTUP_HOME=/opt/rustwide/rustup-home" "-w" "/opt/rustwide/workdir" "-m" "1610612736" "--user" "0:0" "--network" "none" "ghcr.io/rust-lang/crates-build-env/linux@sha256:819108c5571ea2e421544af4d832f968d213c87fbe3707a016657f43d2f853bc" "/opt/rustwide/cargo-home/bin/cargo" "+nightly-2025-01-18" "metadata" "--no-deps" "--format-version=1", kill_on_drop: false }`
[INFO] [stdout] e89f20115ef7daec9f453e697068d002dca4025253a94b1a1f040f391e9adb30
[INFO] running `Command { std: "docker" "start" "-a" "e89f20115ef7daec9f453e697068d002dca4025253a94b1a1f040f391e9adb30", kill_on_drop: false }`
[INFO] running `Command { std: "docker" "inspect" "e89f20115ef7daec9f453e697068d002dca4025253a94b1a1f040f391e9adb30", kill_on_drop: false }`
[INFO] running `Command { std: "docker" "rm" "-f" "e89f20115ef7daec9f453e697068d002dca4025253a94b1a1f040f391e9adb30", kill_on_drop: false }`
[INFO] [stdout] e89f20115ef7daec9f453e697068d002dca4025253a94b1a1f040f391e9adb30
[INFO] running `Command { std: "docker" "create" "-v" "/var/lib/crater-agent-workspace/builds/worker-1-tc2/target:/opt/rustwide/target:rw,Z" "-v" "/var/lib/crater-agent-workspace/builds/worker-1-tc2/source:/opt/rustwide/workdir:ro,Z" "-v" "/var/lib/crater-agent-workspace/cargo-home:/opt/rustwide/cargo-home:ro,Z" "-v" "/var/lib/crater-agent-workspace/rustup-home:/opt/rustwide/rustup-home:ro,Z" "-e" "SOURCE_DIR=/opt/rustwide/workdir" "-e" "CARGO_TARGET_DIR=/opt/rustwide/target" "-e" "CARGO_INCREMENTAL=0" "-e" "RUST_BACKTRACE=full" "-e" "RUSTFLAGS=--cap-lints=forbid -Zrandomize-layout" "-e" "RUSTDOCFLAGS=--cap-lints=forbid" "-e" "CARGO_HOME=/opt/rustwide/cargo-home" "-e" "RUSTUP_HOME=/opt/rustwide/rustup-home" "-w" "/opt/rustwide/workdir" "-m" "1610612736" "--user" "0:0" "--network" "none" "ghcr.io/rust-lang/crates-build-env/linux@sha256:819108c5571ea2e421544af4d832f968d213c87fbe3707a016657f43d2f853bc" "/opt/rustwide/cargo-home/bin/cargo" "+nightly-2025-01-18" "build" "--frozen" "--message-format=json", kill_on_drop: false }`
[INFO] [stdout] 77033f6a95a6f589ea9c3fdfef3df596160b1ef7575b4241e9e0eec20931a49e
[INFO] running `Command { std: "docker" "start" "-a" "77033f6a95a6f589ea9c3fdfef3df596160b1ef7575b4241e9e0eec20931a49e", kill_on_drop: false }`
[INFO] [stderr]    Compiling proc-macro2 v1.0.93
[INFO] [stderr]    Compiling unicode-ident v1.0.14
[INFO] [stderr]    Compiling thiserror v1.0.69
[INFO] [stderr]    Compiling quote v1.0.38
[INFO] [stderr]    Compiling syn v2.0.96
[INFO] [stderr]    Compiling thiserror-impl v1.0.69
[INFO] [stderr]    Compiling adventofcode2023 v0.1.0 (/opt/rustwide/workdir)
[INFO] [stdout] warning: fields `raw_value` and `string_value` are never read
[INFO] [stdout]  --> src/callibration_value.rs:4:5
[INFO] [stdout]   |
[INFO] [stdout] 3 | pub struct CalibrationValue {
[INFO] [stdout]   |            ---------------- fields in this struct
[INFO] [stdout] 4 |     raw_value: String,
[INFO] [stdout]   |     ^^^^^^^^^
[INFO] [stdout] 5 |     string_value: String,
[INFO] [stdout]   |     ^^^^^^^^^^^^
[INFO] [stdout]   |
[INFO] [stdout]   = note: `#[warn(dead_code)]` on by default
[INFO] [stdout] 
[INFO] [stdout] 
[INFO] [stderr]     Finished `dev` profile [unoptimized + debuginfo] target(s) in 6.08s
[INFO] running `Command { std: "docker" "inspect" "77033f6a95a6f589ea9c3fdfef3df596160b1ef7575b4241e9e0eec20931a49e", kill_on_drop: false }`
[INFO] running `Command { std: "docker" "rm" "-f" "77033f6a95a6f589ea9c3fdfef3df596160b1ef7575b4241e9e0eec20931a49e", kill_on_drop: false }`
[INFO] [stdout] 77033f6a95a6f589ea9c3fdfef3df596160b1ef7575b4241e9e0eec20931a49e
[INFO] running `Command { std: "docker" "create" "-v" "/var/lib/crater-agent-workspace/builds/worker-1-tc2/target:/opt/rustwide/target:rw,Z" "-v" "/var/lib/crater-agent-workspace/builds/worker-1-tc2/source:/opt/rustwide/workdir:ro,Z" "-v" "/var/lib/crater-agent-workspace/cargo-home:/opt/rustwide/cargo-home:ro,Z" "-v" "/var/lib/crater-agent-workspace/rustup-home:/opt/rustwide/rustup-home:ro,Z" "-e" "SOURCE_DIR=/opt/rustwide/workdir" "-e" "CARGO_TARGET_DIR=/opt/rustwide/target" "-e" "CARGO_INCREMENTAL=0" "-e" "RUST_BACKTRACE=full" "-e" "RUSTFLAGS=--cap-lints=forbid -Zrandomize-layout" "-e" "RUSTDOCFLAGS=--cap-lints=forbid" "-e" "CARGO_HOME=/opt/rustwide/cargo-home" "-e" "RUSTUP_HOME=/opt/rustwide/rustup-home" "-w" "/opt/rustwide/workdir" "-m" "1610612736" "--user" "0:0" "--network" "none" "ghcr.io/rust-lang/crates-build-env/linux@sha256:819108c5571ea2e421544af4d832f968d213c87fbe3707a016657f43d2f853bc" "/opt/rustwide/cargo-home/bin/cargo" "+nightly-2025-01-18" "test" "--frozen" "--no-run" "--message-format=json", kill_on_drop: false }`
[INFO] [stdout] d90f5f1dcb321612cc0ca0d41ecc2f53d82746becbbdac671660d1dbcfd9860c
[INFO] running `Command { std: "docker" "start" "-a" "d90f5f1dcb321612cc0ca0d41ecc2f53d82746becbbdac671660d1dbcfd9860c", kill_on_drop: false }`
[INFO] [stderr]    Compiling adventofcode2023 v0.1.0 (/opt/rustwide/workdir)
[INFO] [stdout] warning: fields `raw_value` and `string_value` are never read
[INFO] [stdout]  --> src/callibration_value.rs:4:5
[INFO] [stdout]   |
[INFO] [stdout] 3 | pub struct CalibrationValue {
[INFO] [stdout]   |            ---------------- fields in this struct
[INFO] [stdout] 4 |     raw_value: String,
[INFO] [stdout]   |     ^^^^^^^^^
[INFO] [stdout] 5 |     string_value: String,
[INFO] [stdout]   |     ^^^^^^^^^^^^
[INFO] [stdout]   |
[INFO] [stdout]   = note: `#[warn(dead_code)]` on by default
[INFO] [stdout] 
[INFO] [stdout] 
[INFO] [stdout] warning: function `test_day_5_part_1` is never used
[INFO] [stdout]  --> tests/day_5.rs:6:4
[INFO] [stdout]   |
[INFO] [stdout] 6 | fn test_day_5_part_1() {
[INFO] [stdout]   |    ^^^^^^^^^^^^^^^^^
[INFO] [stdout]   |
[INFO] [stdout]   = note: `#[warn(dead_code)]` on by default
[INFO] [stdout] 
[INFO] [stdout] 
[INFO] [stdout] warning: function `test_day_5_part_2` is never used
[INFO] [stdout]   --> tests/day_5.rs:62:4
[INFO] [stdout]    |
[INFO] [stdout] 62 | fn test_day_5_part_2() {
[INFO] [stdout]    |    ^^^^^^^^^^^^^^^^^
[INFO] [stdout] 
[INFO] [stdout] 
[INFO] [stdout] warning: function `test_day_3_part_1_line_parsing` is never used
[INFO] [stdout]   --> tests/day_3.rs:16:4
[INFO] [stdout]    |
[INFO] [stdout] 16 | fn test_day_3_part_1_line_parsing() {
[INFO] [stdout]    |    ^^^^^^^^^^^^^^^^^^^^^^^^^^^^^^
[INFO] [stdout]    |
[INFO] [stdout]    = note: `#[warn(dead_code)]` on by default
[INFO] [stdout] 
[INFO] [stdout] 
[INFO] [stdout] warning: fields `raw_value` and `string_value` are never read
[INFO] [stdout]  --> src/callibration_value.rs:4:5
[INFO] [stdout]   |
[INFO] [stdout] 3 | pub struct CalibrationValue {
[INFO] [stdout]   |            ---------------- fields in this struct
[INFO] [stdout] 4 |     raw_value: String,
[INFO] [stdout]   |     ^^^^^^^^^
[INFO] [stdout] 5 |     string_value: String,
[INFO] [stdout]   |     ^^^^^^^^^^^^
[INFO] [stdout]   |
[INFO] [stdout]   = note: `#[warn(dead_code)]` on by default
[INFO] [stdout] 
[INFO] [stdout] 
[INFO] [stdout] warning: function `test_farm_map_try_from_4` is never used
[INFO] [stdout]    --> src/farm_map.rs:215:8
[INFO] [stdout]     |
[INFO] [stdout] 215 |     fn test_farm_map_try_from_4() {
[INFO] [stdout]     |        ^^^^^^^^^^^^^^^^^^^^^^^^
[INFO] [stdout] 
[INFO] [stdout] 
[INFO] [stderr]     Finished `test` profile [unoptimized + debuginfo] target(s) in 1.45s
[INFO] running `Command { std: "docker" "inspect" "d90f5f1dcb321612cc0ca0d41ecc2f53d82746becbbdac671660d1dbcfd9860c", kill_on_drop: false }`
[INFO] running `Command { std: "docker" "rm" "-f" "d90f5f1dcb321612cc0ca0d41ecc2f53d82746becbbdac671660d1dbcfd9860c", kill_on_drop: false }`
[INFO] [stdout] d90f5f1dcb321612cc0ca0d41ecc2f53d82746becbbdac671660d1dbcfd9860c
[INFO] running `Command { std: "docker" "create" "-v" "/var/lib/crater-agent-workspace/builds/worker-1-tc2/target:/opt/rustwide/target:rw,Z" "-v" "/var/lib/crater-agent-workspace/builds/worker-1-tc2/source:/opt/rustwide/workdir:ro,Z" "-v" "/var/lib/crater-agent-workspace/cargo-home:/opt/rustwide/cargo-home:ro,Z" "-v" "/var/lib/crater-agent-workspace/rustup-home:/opt/rustwide/rustup-home:ro,Z" "-e" "SOURCE_DIR=/opt/rustwide/workdir" "-e" "CARGO_TARGET_DIR=/opt/rustwide/target" "-e" "CARGO_INCREMENTAL=0" "-e" "RUST_BACKTRACE=full" "-e" "RUSTFLAGS=--cap-lints=forbid -Zrandomize-layout" "-e" "RUSTDOCFLAGS=--cap-lints=forbid" "-e" "CARGO_HOME=/opt/rustwide/cargo-home" "-e" "RUSTUP_HOME=/opt/rustwide/rustup-home" "-w" "/opt/rustwide/workdir" "-m" "1610612736" "--user" "0:0" "--network" "none" "ghcr.io/rust-lang/crates-build-env/linux@sha256:819108c5571ea2e421544af4d832f968d213c87fbe3707a016657f43d2f853bc" "/opt/rustwide/cargo-home/bin/cargo" "+nightly-2025-01-18" "test" "--frozen", kill_on_drop: false }`
[INFO] [stdout] 5e7e6407bf67a9fdeecce7afcfc29e26359927c8680d04d2101e599ba5140c80
[INFO] running `Command { std: "docker" "start" "-a" "5e7e6407bf67a9fdeecce7afcfc29e26359927c8680d04d2101e599ba5140c80", kill_on_drop: false }`
[INFO] [stderr] warning: fields `raw_value` and `string_value` are never read
[INFO] [stderr]  --> src/callibration_value.rs:4:5
[INFO] [stderr]   |
[INFO] [stderr] 3 | pub struct CalibrationValue {
[INFO] [stderr]   |            ---------------- fields in this struct
[INFO] [stderr] 4 |     raw_value: String,
[INFO] [stderr]   |     ^^^^^^^^^
[INFO] [stderr] 5 |     string_value: String,
[INFO] [stderr]   |     ^^^^^^^^^^^^
[INFO] [stderr]   |
[INFO] [stderr]   = note: `#[warn(dead_code)]` on by default
[INFO] [stderr] 
[INFO] [stderr] warning: function `test_farm_map_try_from_4` is never used
[INFO] [stderr]    --> src/farm_map.rs:215:8
[INFO] [stderr]     |
[INFO] [stderr] 215 |     fn test_farm_map_try_from_4() {
[INFO] [stderr]     |        ^^^^^^^^^^^^^^^^^^^^^^^^
[INFO] [stderr] 
[INFO] [stderr] warning: `adventofcode2023` (lib) generated 1 warning
[INFO] [stderr] warning: `adventofcode2023` (lib test) generated 2 warnings (1 duplicate)
[INFO] [stderr] warning: function `test_day_3_part_1_line_parsing` is never used
[INFO] [stderr]   --> tests/day_3.rs:16:4
[INFO] [stderr]    |
[INFO] [stderr] 16 | fn test_day_3_part_1_line_parsing() {
[INFO] [stderr]    |    ^^^^^^^^^^^^^^^^^^^^^^^^^^^^^^
[INFO] [stderr]    |
[INFO] [stderr]    = note: `#[warn(dead_code)]` on by default
[INFO] [stderr] 
[INFO] [stderr] warning: `adventofcode2023` (test "day_3") generated 1 warning
[INFO] [stderr] warning: function `test_day_5_part_1` is never used
[INFO] [stderr]  --> tests/day_5.rs:6:4
[INFO] [stderr]   |
[INFO] [stderr] 6 | fn test_day_5_part_1() {
[INFO] [stderr]   |    ^^^^^^^^^^^^^^^^^
[INFO] [stderr]   |
[INFO] [stderr]   = note: `#[warn(dead_code)]` on by default
[INFO] [stderr] 
[INFO] [stderr] warning: function `test_day_5_part_2` is never used
[INFO] [stderr]   --> tests/day_5.rs:62:4
[INFO] [stderr]    |
[INFO] [stderr] 62 | fn test_day_5_part_2() {
[INFO] [stderr]    |    ^^^^^^^^^^^^^^^^^
[INFO] [stderr] 
[INFO] [stderr] warning: `adventofcode2023` (test "day_5") generated 2 warnings
[INFO] [stderr]     Finished `test` profile [unoptimized + debuginfo] target(s) in 0.02s
[INFO] [stderr]      Running unittests src/lib.rs (/opt/rustwide/target/debug/deps/adventofcode2023-ddedb8967bc40705)
[INFO] [stdout] 
[INFO] [stdout] running 15 tests
[INFO] [stdout] test camel_hand::tests::test_camel_card ... ok
[INFO] [stdout] test camel_hand::tests::test_camel_card_one_pair ... ok
[INFO] [stdout] test camel_hand::tests::test_camel_card_jokerr ... ok
[INFO] [stdout] test camel_hand::tests::test_camel_card_sort ... ok
[INFO] [stdout] test camel_hand::tests::test_camel_card_three_of_a_kind ... ok
[INFO] [stdout] test cube_game::tests::test_cube_game_2 ... ok
[INFO] [stdout] test cube_game::tests::test_cube_game_set_from_str ... ok
[INFO] [stdout] test farm_map::tests::test_farm_map_try_from ... ok
[INFO] [stdout] test farm_map::tests::test_farm_map_try_from_2 ... ok
[INFO] [stdout] test farm_map::tests::test_farm_map_try_from_3 ... ok
[INFO] [stdout] test scratch_card::tests::test_scratch_game ... ok
[INFO] [stdout] test tests::it_works ... ok
[INFO] [stdout] test cube_game::tests::test_cube_game ... ok
[INFO] [stdout] test cube_game::tests::test_cube_game_from_str ... ok
[INFO] [stdout] test cube_game::tests::test_cube_game_draw_from_str ... ok
[INFO] [stdout] 
[INFO] [stdout] test result: ok. 15 passed; 0 failed; 0 ignored; 0 measured; 0 filtered out; finished in 0.01s
[INFO] [stdout] 
[INFO] [stderr]      Running tests/day_1.rs (/opt/rustwide/target/debug/deps/day_1-33dfe07bb3501a8c)
[INFO] [stdout] 
[INFO] [stdout] running 2 tests
[INFO] [stdout] test test_day_1_part_1 ... ok
[INFO] [stdout] test test_day_1_part_2 ... ok
[INFO] [stdout] 
[INFO] [stdout] test result: ok. 2 passed; 0 failed; 0 ignored; 0 measured; 0 filtered out; finished in 0.02s
[INFO] [stdout] 
[INFO] [stderr]      Running tests/day_2.rs (/opt/rustwide/target/debug/deps/day_2-2f927870ea1b8200)
[INFO] [stdout] 
[INFO] [stderr]      Running tests/day_3.rs (/opt/rustwide/target/debug/deps/day_3-811906839d9b18aa)
[INFO] [stdout] running 1 test
[INFO] [stdout] test test_day_1_part_1 ... ok
[INFO] [stdout] 
[INFO] [stdout] test result: ok. 1 passed; 0 failed; 0 ignored; 0 measured; 0 filtered out; finished in 0.00s
[INFO] [stdout] 
[INFO] [stdout] 
[INFO] [stdout] running 1 test
[INFO] [stdout] test test_day_3_part_1 ... ok
[INFO] [stdout] 
[INFO] [stdout] test result: ok. 1 passed; 0 failed; 0 ignored; 0 measured; 0 filtered out; finished in 0.03s
[INFO] [stdout] 
[INFO] [stderr]      Running tests/day_3_v2.rs (/opt/rustwide/target/debug/deps/day_3_v2-2b209ab0531148a7)
[INFO] [stdout] 
[INFO] [stdout] running 1 test
[INFO] [stdout] test test_day_3_part_1_v2 ... ok
[INFO] [stdout] 
[INFO] [stdout] test result: ok. 1 passed; 0 failed; 0 ignored; 0 measured; 0 filtered out; finished in 0.53s
[INFO] [stdout] 
[INFO] [stderr]      Running tests/day_4.rs (/opt/rustwide/target/debug/deps/day_4-11a6a17af86803e7)
[INFO] [stdout] 
[INFO] [stdout] running 1 test
[INFO] [stdout] test test_day_4_part_1 ... ok
[INFO] [stderr]      Running tests/day_5.rs (/opt/rustwide/target/debug/deps/day_5-15d5046b473e3913)
[INFO] [stdout] 
[INFO] [stdout] test result: ok. 1 passed; 0 failed; 0 ignored; 0 measured; 0 filtered out; finished in 0.01s
[INFO] [stdout] 
[INFO] [stdout] 
[INFO] [stdout] running 0 tests
[INFO] [stdout] 
[INFO] [stdout] test result: ok. 0 passed; 0 failed; 0 ignored; 0 measured; 0 filtered out; finished in 0.00s
[INFO] [stderr]      Running tests/day_6.rs (/opt/rustwide/target/debug/deps/day_6-367bed28c6b69155)
[INFO] [stdout] 
[INFO] [stdout] 
[INFO] [stdout] running 2 tests
[INFO] [stdout] test test_day_6_part_1 ... ok
[INFO] [stdout] test test_day_6_part_2 ... ok
[INFO] [stdout] 
[INFO] [stderr]      Running tests/day_7.rs (/opt/rustwide/target/debug/deps/day_7-9b5eff66b74c2b64)
[INFO] [stdout] test result: ok. 2 passed; 0 failed; 0 ignored; 0 measured; 0 filtered out; finished in 0.51s
[INFO] [stdout] 
[INFO] [stdout] 
[INFO] [stdout] running 2 tests
[INFO] [stdout] test test_day_7_part_1 ... ok
[INFO] [stdout] test test_day_7_part_2 ... ok
[INFO] [stdout] 
[INFO] [stdout] test result: ok. 2 passed; 0 failed; 0 ignored; 0 measured; 0 filtered out; finished in 0.02s
[INFO] [stdout] 
[INFO] [stderr]      Running tests/day_8.rs (/opt/rustwide/target/debug/deps/day_8-23fc854a3a6eed79)
[INFO] [stdout] 
[INFO] [stdout] running 1 test
[INFO] [stdout] test test_day_8_part_1 ... FAILED
[INFO] [stdout] 
[INFO] [stdout] failures:
[INFO] [stdout] 
[INFO] [stdout] ---- test_day_8_part_1 stdout ----
[INFO] [stdout] 
[INFO] [stdout] thread 'test_day_8_part_1' panicked at tests/day_8.rs:10:5:
[INFO] [stdout] assertion `left == right` failed
[INFO] [stdout]   left: 20513
[INFO] [stdout]  right: 0
[INFO] [stdout] stack backtrace:
[INFO] [stdout]    0:     0x653aa1914dea - std::backtrace_rs::backtrace::libunwind::trace::hb059275cfc8d6126
[INFO] [stdout]                                at /rustc/6067b36314ab5eb2eb47cecc464545ba58e1ad24/library/std/src/../../backtrace/src/backtrace/libunwind.rs:116:5
[INFO] [stdout]    1:     0x653aa1914dea - std::backtrace_rs::backtrace::trace_unsynchronized::h2da071e4327ce3ee
[INFO] [stdout]                                at /rustc/6067b36314ab5eb2eb47cecc464545ba58e1ad24/library/std/src/../../backtrace/src/backtrace/mod.rs:66:5
[INFO] [stdout]    2:     0x653aa1914dea - std::sys::backtrace::_print_fmt::h842a1474e6f8d23f
[INFO] [stdout]                                at /rustc/6067b36314ab5eb2eb47cecc464545ba58e1ad24/library/std/src/sys/backtrace.rs:66:9
[INFO] [stdout]    3:     0x653aa1914dea - <std::sys::backtrace::BacktraceLock::print::DisplayBacktrace as core::fmt::Display>::fmt::h71a62eb3b9696b12
[INFO] [stdout]                                at /rustc/6067b36314ab5eb2eb47cecc464545ba58e1ad24/library/std/src/sys/backtrace.rs:39:26
[INFO] [stdout]    4:     0x653aa193c453 - core::fmt::rt::Argument::fmt::hdb6b616786b41dc1
[INFO] [stdout]                                at /rustc/6067b36314ab5eb2eb47cecc464545ba58e1ad24/library/core/src/fmt/rt.rs:177:76
[INFO] [stdout]    5:     0x653aa193c453 - core::fmt::write::h2cc1698af7e2d686
[INFO] [stdout]                                at /rustc/6067b36314ab5eb2eb47cecc464545ba58e1ad24/library/core/src/fmt/mod.rs:1440:21
[INFO] [stdout]    6:     0x653aa1911943 - std::io::Write::write_fmt::hab1b4cd059a79022
[INFO] [stdout]                                at /rustc/6067b36314ab5eb2eb47cecc464545ba58e1ad24/library/std/src/io/mod.rs:1887:15
[INFO] [stdout]    7:     0x653aa1914c32 - std::sys::backtrace::BacktraceLock::print::h147fe35b4ea13b08
[INFO] [stdout]                                at /rustc/6067b36314ab5eb2eb47cecc464545ba58e1ad24/library/std/src/sys/backtrace.rs:42:9
[INFO] [stdout]    8:     0x653aa191620f - std::panicking::default_hook::{{closure}}::hbd44223dbdc0d208
[INFO] [stdout]                                at /rustc/6067b36314ab5eb2eb47cecc464545ba58e1ad24/library/std/src/panicking.rs:298:22
[INFO] [stdout]    9:     0x653aa1916028 - std::panicking::default_hook::h20f81eb0576efcec
[INFO] [stdout]                                at /rustc/6067b36314ab5eb2eb47cecc464545ba58e1ad24/library/std/src/panicking.rs:322:9
[INFO] [stdout]   10:     0x653aa18d0a63 - <alloc::boxed::Box<F,A> as core::ops::function::Fn<Args>>::call::hdb53814c496a4d34
[INFO] [stdout]                                at /rustc/6067b36314ab5eb2eb47cecc464545ba58e1ad24/library/alloc/src/boxed.rs:2027:9
[INFO] [stdout]   11:     0x653aa18d0a63 - test::test_main::{{closure}}::hc0a4963c59427c24
[INFO] [stdout]                                at /rustc/6067b36314ab5eb2eb47cecc464545ba58e1ad24/library/test/src/lib.rs:134:21
[INFO] [stdout]   12:     0x653aa1916d03 - <alloc::boxed::Box<F,A> as core::ops::function::Fn<Args>>::call::h591b2225413a77e9
[INFO] [stdout]                                at /rustc/6067b36314ab5eb2eb47cecc464545ba58e1ad24/library/alloc/src/boxed.rs:2027:9
[INFO] [stdout]   13:     0x653aa1916d03 - std::panicking::rust_panic_with_hook::h625eea43051b2edc
[INFO] [stdout]                                at /rustc/6067b36314ab5eb2eb47cecc464545ba58e1ad24/library/std/src/panicking.rs:839:13
[INFO] [stdout]   14:     0x653aa19169ba - std::panicking::begin_panic_handler::{{closure}}::h4f9159cfbc3f6bd3
[INFO] [stdout]                                at /rustc/6067b36314ab5eb2eb47cecc464545ba58e1ad24/library/std/src/panicking.rs:704:13
[INFO] [stdout]   15:     0x653aa19152e9 - std::sys::backtrace::__rust_end_short_backtrace::h0390abce48353151
[INFO] [stdout]                                at /rustc/6067b36314ab5eb2eb47cecc464545ba58e1ad24/library/std/src/sys/backtrace.rs:168:18
[INFO] [stdout]   16:     0x653aa191664d - rust_begin_unwind
[INFO] [stdout]                                at /rustc/6067b36314ab5eb2eb47cecc464545ba58e1ad24/library/std/src/panicking.rs:695:5
[INFO] [stdout]   17:     0x653aa193aed0 - core::panicking::panic_fmt::h9e7c637e9e5f29c9
[INFO] [stdout]                                at /rustc/6067b36314ab5eb2eb47cecc464545ba58e1ad24/library/core/src/panicking.rs:75:14
[INFO] [stdout]   18:     0x653aa193b222 - core::panicking::assert_failed_inner::h538bec7c1374cd9c
[INFO] [stdout]   19:     0x653aa193b0d9 - core::panicking::assert_failed::h7fe8c93d80615b71
[INFO] [stdout]                                at /rustc/6067b36314ab5eb2eb47cecc464545ba58e1ad24/library/core/src/panicking.rs:364:5
[INFO] [stdout]   20:     0x653aa1896929 - day_8::test_day_8_part_1::hdc74a923c0995ba1
[INFO] [stdout]                                at /opt/rustwide/workdir/tests/day_8.rs:10:5
[INFO] [stdout]   21:     0x653aa18967a7 - day_8::test_day_8_part_1::{{closure}}::hd8e49b2b7076c714
[INFO] [stdout]                                at /opt/rustwide/workdir/tests/day_8.rs:5:23
[INFO] [stdout]   22:     0x653aa1895c16 - core::ops::function::FnOnce::call_once::h95458e886ccc7aba
[INFO] [stdout]                                at /rustc/6067b36314ab5eb2eb47cecc464545ba58e1ad24/library/core/src/ops/function.rs:250:5
[INFO] [stderr] error: test failed, to rerun pass `--test day_8`
[INFO] [stdout]   23:     0x653aa18d61bb - core::ops::function::FnOnce::call_once::he27718dfdd183f43
[INFO] [stdout]                                at /rustc/6067b36314ab5eb2eb47cecc464545ba58e1ad24/library/core/src/ops/function.rs:250:5
[INFO] [stdout]   24:     0x653aa18d61bb - test::__rust_begin_short_backtrace::h4e84902998457a5d
[INFO] [stdout]                                at /rustc/6067b36314ab5eb2eb47cecc464545ba58e1ad24/library/test/src/lib.rs:632:18
[INFO] [stdout]   25:     0x653aa18d50f3 - test::run_test_in_process::{{closure}}::h7176fd18fc1feca0
[INFO] [stdout]                                at /rustc/6067b36314ab5eb2eb47cecc464545ba58e1ad24/library/test/src/lib.rs:655:60
[INFO] [stdout]   26:     0x653aa18d50f3 - <core::panic::unwind_safe::AssertUnwindSafe<F> as core::ops::function::FnOnce<()>>::call_once::hf79cff2a624d8cf7
[INFO] [stdout]                                at /rustc/6067b36314ab5eb2eb47cecc464545ba58e1ad24/library/core/src/panic/unwind_safe.rs:272:9
[INFO] [stdout]   27:     0x653aa18d50f3 - std::panicking::try::do_call::h3da0561d9ab99c25
[INFO] [stdout]                                at /rustc/6067b36314ab5eb2eb47cecc464545ba58e1ad24/library/std/src/panicking.rs:587:40
[INFO] [stdout]   28:     0x653aa18d50f3 - std::panicking::try::h41c9fa508bc61df6
[INFO] [stdout]                                at /rustc/6067b36314ab5eb2eb47cecc464545ba58e1ad24/library/std/src/panicking.rs:550:19
[INFO] [stdout]   29:     0x653aa18d50f3 - std::panic::catch_unwind::h6b3ff07bb5afad93
[INFO] [stdout]                                at /rustc/6067b36314ab5eb2eb47cecc464545ba58e1ad24/library/std/src/panic.rs:358:14
[INFO] [stdout]   30:     0x653aa18d50f3 - test::run_test_in_process::hc7253dd11b39b9f4
[INFO] [stdout]                                at /rustc/6067b36314ab5eb2eb47cecc464545ba58e1ad24/library/test/src/lib.rs:655:27
[INFO] [stdout]   31:     0x653aa18d50f3 - test::run_test::{{closure}}::hfb2007f8649c30bb
[INFO] [stdout]                                at /rustc/6067b36314ab5eb2eb47cecc464545ba58e1ad24/library/test/src/lib.rs:576:43
[INFO] [stdout]   32:     0x653aa18981d5 - test::run_test::{{closure}}::h56a17aa7a282a9f4
[INFO] [stdout]                                at /rustc/6067b36314ab5eb2eb47cecc464545ba58e1ad24/library/test/src/lib.rs:606:41
[INFO] [stdout]   33:     0x653aa18981d5 - std::sys::backtrace::__rust_begin_short_backtrace::hd2d2d2fb8e8c6aac
[INFO] [stdout]                                at /rustc/6067b36314ab5eb2eb47cecc464545ba58e1ad24/library/std/src/sys/backtrace.rs:152:18
[INFO] [stdout]   34:     0x653aa189baba - std::thread::Builder::spawn_unchecked_::{{closure}}::{{closure}}::h4faa3f9db6133423
[INFO] [stdout]                                at /rustc/6067b36314ab5eb2eb47cecc464545ba58e1ad24/library/std/src/thread/mod.rs:559:17
[INFO] [stdout]   35:     0x653aa189baba - <core::panic::unwind_safe::AssertUnwindSafe<F> as core::ops::function::FnOnce<()>>::call_once::hf2e855a36a4ea846
[INFO] [stdout]                                at /rustc/6067b36314ab5eb2eb47cecc464545ba58e1ad24/library/core/src/panic/unwind_safe.rs:272:9
[INFO] [stdout]   36:     0x653aa189baba - std::panicking::try::do_call::h2f73af3616c35465
[INFO] [stdout]                                at /rustc/6067b36314ab5eb2eb47cecc464545ba58e1ad24/library/std/src/panicking.rs:587:40
[INFO] [stdout]   37:     0x653aa189baba - std::panicking::try::hd1660ce9efadef5a
[INFO] [stdout]                                at /rustc/6067b36314ab5eb2eb47cecc464545ba58e1ad24/library/std/src/panicking.rs:550:19
[INFO] [stdout]   38:     0x653aa189baba - std::panic::catch_unwind::h5ee8d7823b8ca744
[INFO] [stdout]                                at /rustc/6067b36314ab5eb2eb47cecc464545ba58e1ad24/library/std/src/panic.rs:358:14
[INFO] [stdout]   39:     0x653aa189baba - std::thread::Builder::spawn_unchecked_::{{closure}}::h53c3a1894dce8407
[INFO] [stdout]                                at /rustc/6067b36314ab5eb2eb47cecc464545ba58e1ad24/library/std/src/thread/mod.rs:557:30
[INFO] [stdout]   40:     0x653aa189baba - core::ops::function::FnOnce::call_once{{vtable.shim}}::h048ce291ad4f62bf
[INFO] [stdout]                                at /rustc/6067b36314ab5eb2eb47cecc464545ba58e1ad24/library/core/src/ops/function.rs:250:5
[INFO] [stdout]   41:     0x653aa191ac3b - <alloc::boxed::Box<F,A> as core::ops::function::FnOnce<Args>>::call_once::ha52bedf99a3b4981
[INFO] [stdout]                                at /rustc/6067b36314ab5eb2eb47cecc464545ba58e1ad24/library/alloc/src/boxed.rs:2013:9
[INFO] [stdout]   42:     0x653aa191ac3b - <alloc::boxed::Box<F,A> as core::ops::function::FnOnce<Args>>::call_once::h567748934d80ccf8
[INFO] [stdout]                                at /rustc/6067b36314ab5eb2eb47cecc464545ba58e1ad24/library/alloc/src/boxed.rs:2013:9
[INFO] [stdout]   43:     0x653aa191ac3b - std::sys::pal::unix::thread::Thread::new::thread_start::h2d970728ae887adc
[INFO] [stdout]                                at /rustc/6067b36314ab5eb2eb47cecc464545ba58e1ad24/library/std/src/sys/pal/unix/thread.rs:106:17
[INFO] [stdout]   44:     0x7474c9e57ac3 - <unknown>
[INFO] [stdout]   45:     0x7474c9ee8a04 - clone
[INFO] [stdout]   46:                0x0 - <unknown>
[INFO] [stdout] 
[INFO] [stdout] 
[INFO] [stdout] failures:
[INFO] [stdout]     test_day_8_part_1
[INFO] [stdout] 
[INFO] [stdout] test result: FAILED. 0 passed; 1 failed; 0 ignored; 0 measured; 0 filtered out; finished in 0.04s
[INFO] [stdout] 
[INFO] running `Command { std: "docker" "inspect" "5e7e6407bf67a9fdeecce7afcfc29e26359927c8680d04d2101e599ba5140c80", kill_on_drop: false }`
[INFO] running `Command { std: "docker" "rm" "-f" "5e7e6407bf67a9fdeecce7afcfc29e26359927c8680d04d2101e599ba5140c80", kill_on_drop: false }`
[INFO] [stdout] 5e7e6407bf67a9fdeecce7afcfc29e26359927c8680d04d2101e599ba5140c80
