[INFO] cloning repository https://github.com/rndlabs/bee-herder
[INFO] running `Command { std: "git" "-c" "credential.helper=" "-c" "credential.helper=/workspace/cargo-home/bin/git-credential-null" "clone" "--bare" "https://github.com/rndlabs/bee-herder" "/workspace/cache/git-repos/https%3A%2F%2Fgithub.com%2Frndlabs%2Fbee-herder", kill_on_drop: false }`
[INFO] [stderr] Cloning into bare repository '/workspace/cache/git-repos/https%3A%2F%2Fgithub.com%2Frndlabs%2Fbee-herder'...
[INFO] running `Command { std: "git" "rev-parse" "HEAD", kill_on_drop: false }`
[INFO] [stdout] 389727f62f8046a51d1f723b6cf75708659eb811
[INFO] testing rndlabs/bee-herder against nightly-2025-01-18 for randomize-layout-2
[INFO] running `Command { std: "git" "clone" "/workspace/cache/git-repos/https%3A%2F%2Fgithub.com%2Frndlabs%2Fbee-herder" "/workspace/builds/worker-3-tc1/source", kill_on_drop: false }`
[INFO] [stderr] Cloning into '/workspace/builds/worker-3-tc1/source'...
[INFO] [stderr] done.
[INFO] validating manifest of git repo https://github.com/rndlabs/bee-herder on toolchain nightly-2025-01-18
[INFO] running `Command { std: CARGO_HOME="/workspace/cargo-home" RUSTUP_HOME="/workspace/rustup-home" "/workspace/cargo-home/bin/cargo" "+nightly-2025-01-18" "metadata" "--manifest-path" "Cargo.toml" "--no-deps", kill_on_drop: false }`
[INFO] started tweaking git repo https://github.com/rndlabs/bee-herder
[INFO] finished tweaking git repo https://github.com/rndlabs/bee-herder
[INFO] tweaked toml for git repo https://github.com/rndlabs/bee-herder written to /workspace/builds/worker-3-tc1/source/Cargo.toml
[INFO] crate git repo https://github.com/rndlabs/bee-herder already has a lockfile, it will not be regenerated
[INFO] running `Command { std: CARGO_HOME="/workspace/cargo-home" RUSTUP_HOME="/workspace/rustup-home" "/workspace/cargo-home/bin/cargo" "+nightly-2025-01-18" "fetch" "--manifest-path" "Cargo.toml", kill_on_drop: false }`
[INFO] [stderr] warning: unused manifest key: package.about
[INFO] [stderr] warning: unused manifest key: package.author
[INFO] [stderr]     Updating git repository `https://github.com/rndlabs/bee-api-rs.git`
[INFO] [stderr]     Updating crates.io index
[INFO] [stderr]     Updating git repository `https://github.com/rndlabs/mantaray-rs.git`
[INFO] [stderr]      Locking 168 packages to latest compatible versions
[INFO] [stderr]       Adding addr2line v0.24.2
[INFO] [stderr]       Adding adler2 v2.0.0
[INFO] [stderr]       Adding ahash v0.7.8
[INFO] [stderr]       Adding aho-corasick v1.1.3
[INFO] [stderr]       Adding android-tzdata v0.1.1
[INFO] [stderr]       Adding android_system_properties v0.1.5
[INFO] [stderr]       Adding anyhow v1.0.95
[INFO] [stderr]       Adding async-recursion v1.1.1
[INFO] [stderr]       Adding async-trait v0.1.85
[INFO] [stderr]       Adding axum v0.6.20
[INFO] [stderr]       Adding axum-core v0.3.4
[INFO] [stderr]       Adding backtrace v0.3.74
[INFO] [stderr]       Adding base64 v0.21.7
[INFO] [stderr]       Adding bee_api v0.1.0 (https://github.com/rndlabs/bee-api-rs.git#49ef4190)
[INFO] [stderr]     Updating cc v1.0.73 -> v1.2.10
[INFO] [stderr]       Adding chrono v0.4.39
[INFO] [stderr]       Adding clap_derive v3.2.17 (available: v3.2.25)
[INFO] [stderr]       Adding console-api v0.5.0
[INFO] [stderr]       Adding console-subscriber v0.1.10 (available: v0.4.1)
[INFO] [stderr]       Adding const_format v0.2.34
[INFO] [stderr]       Adding const_format_proc_macros v0.2.34
[INFO] [stderr]       Adding crossbeam-channel v0.5.14
[INFO] [stderr]     Updating crossbeam-utils v0.8.11 -> v0.8.21
[INFO] [stderr]       Adding crunchy v0.2.2
[INFO] [stderr]       Adding darling v0.20.10
[INFO] [stderr]       Adding darling_core v0.20.10
[INFO] [stderr]       Adding darling_macro v0.20.10
[INFO] [stderr]       Adding dashmap v5.3.4 (available: v5.5.3)
[INFO] [stderr]       Adding deranged v0.3.11
[INFO] [stderr]       Adding either v1.13.0
[INFO] [stderr]       Adding equivalent v1.0.1
[INFO] [stderr]       Adding flate2 v1.0.35
[INFO] [stderr]       Adding futures v0.3.23 (available: v0.3.31)
[INFO] [stderr]       Adding futures-executor v0.3.23 (available: v0.3.31)
[INFO] [stderr]       Adding futures-io v0.3.31
[INFO] [stderr]       Adding futures-macro v0.3.23 (available: v0.3.31)
[INFO] [stderr]       Adding futures-timer v3.0.3
[INFO] [stderr]       Adding getrandom v0.2.15
[INFO] [stderr]       Adding gimli v0.31.1
[INFO] [stderr]       Adding governor v0.4.2 (available: v0.8.0)
[INFO] [stderr]     Updating h2 v0.3.14 -> v0.3.26
[INFO] [stderr]       Adding hashbrown v0.15.2
[INFO] [stderr]       Adding hdrhistogram v7.5.4
[INFO] [stderr]       Adding heck v0.4.1
[INFO] [stderr]     Updating http v0.2.8 -> v0.2.12
[INFO] [stderr]     Updating httparse v1.7.1 -> v1.9.5
[INFO] [stderr]       Adding humantime v2.1.0
[INFO] [stderr]     Updating hyper v0.14.20 -> v0.14.32
[INFO] [stderr]       Adding hyper-rustls v0.23.2
[INFO] [stderr]       Adding hyper-timeout v0.4.1
[INFO] [stderr]       Adding iana-time-zone v0.1.61
[INFO] [stderr]       Adding iana-time-zone-haiku v0.1.2
[INFO] [stderr]       Adding ident_case v1.0.1
[INFO] [stderr]       Adding indexmap v2.7.1
[INFO] [stderr]       Adding itertools v0.10.5
[INFO] [stderr]     Updating itoa v1.0.3 -> v1.0.14
[INFO] [stderr]     Updating js-sys v0.3.59 -> v0.3.76 (available: v0.3.77)
[INFO] [stderr]     Updating libc v0.2.132 -> v0.2.169
[INFO] [stderr]       Adding lru v0.7.8
[INFO] [stderr]       Adding mach v0.3.2
[INFO] [stderr]       Adding mantaray v0.1.0 (https://github.com/rndlabs/mantaray-rs.git#ec84dea1)
[INFO] [stderr]       Adding matchers v0.1.0
[INFO] [stderr]       Adding matchit v0.7.3
[INFO] [stderr]       Adding minimal-lexical v0.2.1
[INFO] [stderr]       Adding miniz_oxide v0.8.3
[INFO] [stderr]     Updating mio v0.8.4 -> v0.8.11
[INFO] [stderr]       Adding no-std-compat v0.4.1
[INFO] [stderr]       Adding nom v7.1.3
[INFO] [stderr]       Adding nonzero_ext v0.3.0
[INFO] [stderr]       Adding num-conv v0.1.0
[INFO] [stderr]       Adding num-traits v0.2.19
[INFO] [stderr]       Adding object v0.36.7
[INFO] [stderr]       Adding pin-project v1.1.8
[INFO] [stderr]       Adding pin-project-internal v1.1.8
[INFO] [stderr]       Adding powerfmt v0.2.0
[INFO] [stderr]       Adding ppv-lite86 v0.2.20
[INFO] [stderr]       Adding proc-macro-error v1.0.4
[INFO] [stderr]       Adding proc-macro-error-attr v1.0.4
[INFO] [stderr]     Updating proc-macro2 v1.0.43 -> v1.0.93
[INFO] [stderr]       Adding prost v0.11.9
[INFO] [stderr]       Adding prost-derive v0.11.9
[INFO] [stderr]       Adding prost-types v0.11.9
[INFO] [stderr]       Adding quanta v0.9.3
[INFO] [stderr]     Updating quote v1.0.21 -> v1.0.38
[INFO] [stderr]       Adding rand v0.8.5
[INFO] [stderr]       Adding rand_chacha v0.3.1
[INFO] [stderr]       Adding rand_core v0.6.4
[INFO] [stderr]       Adding raw-cpuid v10.7.0
[INFO] [stderr]       Adding regex v1.9.4 (available: v1.11.1)
[INFO] [stderr]       Adding regex-automata v0.1.10
[INFO] [stderr]       Adding regex-automata v0.3.7 (available: v0.3.9)
[INFO] [stderr]       Adding regex-syntax v0.6.29
[INFO] [stderr]       Adding regex-syntax v0.7.5
[INFO] [stderr]       Adding ring v0.16.20
[INFO] [stderr]       Adding ring v0.17.8
[INFO] [stderr]       Adding rustc-demangle v0.1.24
[INFO] [stderr]       Adding rustls v0.20.9
[INFO] [stderr]       Adding rustls-pemfile v1.0.4
[INFO] [stderr]       Adding rustversion v1.0.19
[INFO] [stderr]       Adding sct v0.7.1
[INFO] [stderr]     Updating serde v1.0.143 -> v1.0.217
[INFO] [stderr]     Updating serde_derive v1.0.143 -> v1.0.217
[INFO] [stderr]       Adding serde_with v2.3.3
[INFO] [stderr]       Adding serde_with_macros v2.3.3
[INFO] [stderr]       Adding sharded-slab v0.1.7
[INFO] [stderr]       Adding shlex v1.3.0
[INFO] [stderr]       Adding socket2 v0.4.10
[INFO] [stderr]       Adding socket2 v0.5.8
[INFO] [stderr]       Adding spin v0.5.2
[INFO] [stderr]       Adding spin v0.9.8
[INFO] [stderr]       Adding strsim v0.11.1
[INFO] [stderr]       Adding strum v0.24.1 (available: v0.26.3)
[INFO] [stderr]       Adding strum_macros v0.24.3 (available: v0.26.4)
[INFO] [stderr]       Adding syn v2.0.96
[INFO] [stderr]       Adding sync_wrapper v0.1.2
[INFO] [stderr]       Adding thiserror v1.0.69 (available: v2.0.11)
[INFO] [stderr]       Adding thiserror-impl v1.0.69
[INFO] [stderr]       Adding thread_local v1.1.8
[INFO] [stderr]       Adding time v0.3.37
[INFO] [stderr]       Adding time-core v0.1.2
[INFO] [stderr]       Adding time-macros v0.2.19
[INFO] [stderr]       Adding tiny-keccak v2.0.2
[INFO] [stderr]     Updating tokio v1.20.1 -> v1.29.1 (available: v1.43.0)
[INFO] [stderr]       Adding tokio-io-timeout v1.2.0
[INFO] [stderr]     Updating tokio-macros v1.8.0 -> v2.1.0 (available: v2.5.0)
[INFO] [stderr]       Adding tokio-rustls v0.23.4
[INFO] [stderr]       Adding tonic v0.9.2
[INFO] [stderr]       Adding tower v0.4.13
[INFO] [stderr]       Adding tower-layer v0.3.3
[INFO] [stderr]     Updating tracing v0.1.36 -> v0.1.41
[INFO] [stderr]       Adding tracing-attributes v0.1.28
[INFO] [stderr]     Updating tracing-core v0.1.29 -> v0.1.33
[INFO] [stderr]       Adding tracing-subscriber v0.3.19
[INFO] [stderr]       Adding unicode-xid v0.2.6
[INFO] [stderr]       Adding untrusted v0.7.1
[INFO] [stderr]       Adding untrusted v0.9.0
[INFO] [stderr]       Adding valuable v0.1.1
[INFO] [stderr]       Adding version_check v0.9.5
[INFO] [stderr]       Adding wasi v0.10.2+wasi-snapshot-preview1
[INFO] [stderr]     Updating wasm-bindgen v0.2.82 -> v0.2.99 (available: v0.2.100)
[INFO] [stderr]     Updating wasm-bindgen-backend v0.2.82 -> v0.2.99 (available: v0.2.100)
[INFO] [stderr]     Updating wasm-bindgen-macro v0.2.82 -> v0.2.99 (available: v0.2.100)
[INFO] [stderr]     Updating wasm-bindgen-macro-support v0.2.82 -> v0.2.99 (available: v0.2.100)
[INFO] [stderr]     Updating wasm-bindgen-shared v0.2.82 -> v0.2.99 (available: v0.2.100)
[INFO] [stderr]       Adding webpki v0.22.4
[INFO] [stderr]       Adding webpki-roots v0.22.6
[INFO] [stderr]       Adding windows-core v0.52.0
[INFO] [stderr]       Adding windows-sys v0.48.0
[INFO] [stderr]       Adding windows-sys v0.52.0
[INFO] [stderr]       Adding windows-targets v0.48.5
[INFO] [stderr]       Adding windows-targets v0.52.6
[INFO] [stderr]       Adding windows_aarch64_gnullvm v0.48.5
[INFO] [stderr]       Adding windows_aarch64_gnullvm v0.52.6
[INFO] [stderr]       Adding windows_aarch64_msvc v0.48.5
[INFO] [stderr]       Adding windows_aarch64_msvc v0.52.6
[INFO] [stderr]       Adding windows_i686_gnu v0.48.5
[INFO] [stderr]       Adding windows_i686_gnu v0.52.6
[INFO] [stderr]       Adding windows_i686_gnullvm v0.52.6
[INFO] [stderr]       Adding windows_i686_msvc v0.48.5
[INFO] [stderr]       Adding windows_i686_msvc v0.52.6
[INFO] [stderr]       Adding windows_x86_64_gnu v0.48.5
[INFO] [stderr]       Adding windows_x86_64_gnu v0.52.6
[INFO] [stderr]       Adding windows_x86_64_gnullvm v0.48.5
[INFO] [stderr]       Adding windows_x86_64_gnullvm v0.52.6
[INFO] [stderr]       Adding windows_x86_64_msvc v0.48.5
[INFO] [stderr]       Adding windows_x86_64_msvc v0.52.6
[INFO] [stderr]       Adding zerocopy v0.7.35
[INFO] [stderr]       Adding zerocopy-derive v0.7.35
[INFO] [stderr]  Downloading crates ...
[INFO] [stderr]   Downloaded dashmap v5.3.4
[INFO] [stderr]   Downloaded console-subscriber v0.1.10
[INFO] [stderr]   Downloaded indicatif v0.17.0
[INFO] [stderr]   Downloaded console-api v0.5.0
[INFO] [stderr]   Downloaded valuable v0.1.1
[INFO] [stderr]   Downloaded console v0.15.1
[INFO] [stderr]   Downloaded governor v0.4.2
[INFO] [stderr]   Downloaded rustls v0.20.9
[INFO] running `Command { std: "docker" "create" "-v" "/var/lib/crater-agent-workspace/builds/worker-3-tc1/target:/opt/rustwide/target:rw,Z" "-v" "/var/lib/crater-agent-workspace/builds/worker-3-tc1/source:/opt/rustwide/workdir:ro,Z" "-v" "/var/lib/crater-agent-workspace/cargo-home:/opt/rustwide/cargo-home:ro,Z" "-v" "/var/lib/crater-agent-workspace/rustup-home:/opt/rustwide/rustup-home:ro,Z" "-e" "SOURCE_DIR=/opt/rustwide/workdir" "-e" "CARGO_TARGET_DIR=/opt/rustwide/target" "-e" "CARGO_HOME=/opt/rustwide/cargo-home" "-e" "RUSTUP_HOME=/opt/rustwide/rustup-home" "-w" "/opt/rustwide/workdir" "-m" "1610612736" "--user" "0:0" "--network" "none" "ghcr.io/rust-lang/crates-build-env/linux@sha256:819108c5571ea2e421544af4d832f968d213c87fbe3707a016657f43d2f853bc" "/opt/rustwide/cargo-home/bin/cargo" "+nightly-2025-01-18" "metadata" "--no-deps" "--format-version=1", kill_on_drop: false }`
[INFO] [stdout] 035bbfbd3bcaa7571e86cef690c3fd93f8e18e814324e30ffe0d36e47ff8dacc
[INFO] running `Command { std: "docker" "start" "-a" "035bbfbd3bcaa7571e86cef690c3fd93f8e18e814324e30ffe0d36e47ff8dacc", kill_on_drop: false }`
[INFO] running `Command { std: "docker" "inspect" "035bbfbd3bcaa7571e86cef690c3fd93f8e18e814324e30ffe0d36e47ff8dacc", kill_on_drop: false }`
[INFO] running `Command { std: "docker" "rm" "-f" "035bbfbd3bcaa7571e86cef690c3fd93f8e18e814324e30ffe0d36e47ff8dacc", kill_on_drop: false }`
[INFO] [stdout] 035bbfbd3bcaa7571e86cef690c3fd93f8e18e814324e30ffe0d36e47ff8dacc
[INFO] running `Command { std: "docker" "create" "-v" "/var/lib/crater-agent-workspace/builds/worker-3-tc1/target:/opt/rustwide/target:rw,Z" "-v" "/var/lib/crater-agent-workspace/builds/worker-3-tc1/source:/opt/rustwide/workdir:ro,Z" "-v" "/var/lib/crater-agent-workspace/cargo-home:/opt/rustwide/cargo-home:ro,Z" "-v" "/var/lib/crater-agent-workspace/rustup-home:/opt/rustwide/rustup-home:ro,Z" "-e" "SOURCE_DIR=/opt/rustwide/workdir" "-e" "CARGO_TARGET_DIR=/opt/rustwide/target" "-e" "CARGO_INCREMENTAL=0" "-e" "RUST_BACKTRACE=full" "-e" "RUSTFLAGS=--cap-lints=forbid" "-e" "RUSTDOCFLAGS=--cap-lints=forbid" "-e" "CARGO_HOME=/opt/rustwide/cargo-home" "-e" "RUSTUP_HOME=/opt/rustwide/rustup-home" "-w" "/opt/rustwide/workdir" "-m" "1610612736" "--user" "0:0" "--network" "none" "ghcr.io/rust-lang/crates-build-env/linux@sha256:819108c5571ea2e421544af4d832f968d213c87fbe3707a016657f43d2f853bc" "/opt/rustwide/cargo-home/bin/cargo" "+nightly-2025-01-18" "build" "--frozen" "--message-format=json", kill_on_drop: false }`
[INFO] [stdout] 78fbfed153830a85c25aa142b350b5f62738f67722a6d9ffd9063f3ade0a99b0
[INFO] running `Command { std: "docker" "start" "-a" "78fbfed153830a85c25aa142b350b5f62738f67722a6d9ffd9063f3ade0a99b0", kill_on_drop: false }`
[INFO] [stderr] warning: unused manifest key: package.about
[INFO] [stderr] warning: unused manifest key: package.author
[INFO] [stderr]    Compiling proc-macro2 v1.0.93
[INFO] [stderr]    Compiling unicode-ident v1.0.3
[INFO] [stderr]    Compiling libc v0.2.169
[INFO] [stderr]    Compiling once_cell v1.13.1
[INFO] [stderr]    Compiling syn v1.0.99
[INFO] [stderr]    Compiling lock_api v0.4.7
[INFO] [stderr]    Compiling shlex v1.3.0
[INFO] [stderr]    Compiling smallvec v1.9.0
[INFO] [stderr]    Compiling parking_lot_core v0.9.3
[INFO] [stderr]    Compiling futures-core v0.3.23
[INFO] [stderr]    Compiling cc v1.2.10
[INFO] [stderr]    Compiling version_check v0.9.5
[INFO] [stderr]    Compiling tokio v1.29.1
[INFO] [stderr]    Compiling slab v0.4.7
[INFO] [stderr]    Compiling futures-channel v0.3.23
[INFO] [stderr]    Compiling futures-sink v0.3.23
[INFO] [stderr]    Compiling futures-task v0.3.23
[INFO] [stderr]    Compiling futures-util v0.3.23
[INFO] [stderr]    Compiling log v0.4.17
[INFO] [stderr]    Compiling futures-io v0.3.31
[INFO] [stderr]    Compiling itoa v1.0.14
[INFO] [stderr]    Compiling tracing-core v0.1.33
[INFO] [stderr]    Compiling ahash v0.7.8
[INFO] [stderr]    Compiling hashbrown v0.15.2
[INFO] [stderr]    Compiling http v0.2.12
[INFO] [stderr]    Compiling serde v1.0.217
[INFO] [stderr]    Compiling httparse v1.9.5
[INFO] [stderr]    Compiling quote v1.0.38
[INFO] [stderr]    Compiling equivalent v1.0.1
[INFO] [stderr]    Compiling pkg-config v0.3.25
[INFO] [stderr]    Compiling try-lock v0.2.3
[INFO] [stderr]    Compiling rustversion v1.0.19
[INFO] [stderr]    Compiling syn v2.0.96
[INFO] [stderr]    Compiling getrandom v0.2.15
[INFO] [stderr]    Compiling socket2 v0.4.10
[INFO] [stderr]    Compiling mio v0.8.11
[INFO] [stderr]    Compiling signal-hook-registry v1.4.0
[INFO] [stderr]    Compiling parking_lot v0.12.1
[INFO] [stderr]    Compiling num_cpus v1.13.1
[INFO] [stderr]    Compiling http-body v0.4.5
[INFO] [stderr]    Compiling indexmap v2.7.1
[INFO] [stderr]    Compiling hashbrown v0.12.3
[INFO] [stderr]    Compiling openssl-sys v0.9.75
[INFO] [stderr]    Compiling ring v0.17.8
[INFO] [stderr]    Compiling socket2 v0.5.8
[INFO] [stderr]    Compiling want v0.3.0
[INFO] [stderr]    Compiling percent-encoding v2.1.0
[INFO] [stderr]    Compiling untrusted v0.9.0
[INFO] [stderr]    Compiling spin v0.9.8
[INFO] [stderr]    Compiling ring v0.16.20
[INFO] [stderr]    Compiling rand_core v0.6.4
[INFO] [stderr]    Compiling indexmap v1.9.1
[INFO] [stderr]    Compiling mime v0.3.16
[INFO] [stderr]    Compiling base64 v0.21.7
[INFO] [stderr]    Compiling foreign-types-shared v0.1.1
[INFO] [stderr]    Compiling anyhow v1.0.95
[INFO] [stderr]    Compiling openssl v0.10.41
[INFO] [stderr]    Compiling crossbeam-utils v0.8.21
[INFO] [stderr]    Compiling foreign-types v0.3.2
[INFO] [stderr]    Compiling matches v0.1.9
[INFO] [stderr]    Compiling tinyvec_macros v0.1.0
[INFO] [stderr]    Compiling either v1.13.0
[INFO] [stderr]    Compiling native-tls v0.2.10
[INFO] [stderr]    Compiling rustls v0.20.9
[INFO] [stderr]    Compiling tinyvec v1.6.0
[INFO] [stderr]    Compiling itertools v0.10.5
[INFO] [stderr]    Compiling axum-core v0.3.4
[INFO] [stderr]    Compiling openssl-probe v0.1.5
[INFO] [stderr]    Compiling serde_json v1.0.83
[INFO] [stderr]    Compiling ident_case v1.0.1
[INFO] [stderr]    Compiling crc32fast v1.3.2
[INFO] [stderr]    Compiling ryu v1.0.11
[INFO] [stderr]    Compiling strsim v0.11.1
[INFO] [stderr]    Compiling tower-layer v0.3.3
[INFO] [stderr]    Compiling unicode-normalization v0.1.21
[INFO] [stderr]    Compiling darling_core v0.20.10
[INFO] [stderr]    Compiling form_urlencoded v1.0.1
[INFO] [stderr]    Compiling axum v0.6.20
[INFO] [stderr]    Compiling proc-macro-error-attr v1.0.4
[INFO] [stderr]    Compiling encoding_rs v0.8.31
[INFO] [stderr]    Compiling unicode-bidi v0.3.8
[INFO] [stderr]    Compiling proc-macro-error v1.0.4
[INFO] [stderr]    Compiling memoffset v0.6.5
[INFO] [stderr]    Compiling num-traits v0.2.19
[INFO] [stderr]    Compiling idna v0.2.3
[INFO] [stderr]    Compiling matchit v0.7.3
[INFO] [stderr]    Compiling parking_lot_core v0.8.5
[INFO] [stderr]    Compiling adler2 v2.0.0
[INFO] [stderr]    Compiling crunchy v0.2.2
[INFO] [stderr]    Compiling webpki v0.22.4
[INFO] [stderr]    Compiling sct v0.7.1
[INFO] [stderr]    Compiling regex-syntax v0.6.29
[INFO] [stderr]    Compiling futures-macro v0.3.23
[INFO] [stderr]    Compiling openssl-macros v0.1.0
[INFO] [stderr]    Compiling prost-derive v0.11.9
[INFO] [stderr]    Compiling tokio-macros v2.1.0
[INFO] [stderr]    Compiling tracing-attributes v0.1.28
[INFO] [stderr]    Compiling serde_derive v1.0.217
[INFO] [stderr]    Compiling zerocopy-derive v0.7.35
[INFO] [stderr]    Compiling tracing v0.1.41
[INFO] [stderr]    Compiling zerocopy v0.7.35
[INFO] [stderr]    Compiling pin-project-internal v1.1.8
[INFO] [stderr]    Compiling async-trait v0.1.85
[INFO] [stderr]    Compiling ppv-lite86 v0.2.20
[INFO] [stderr]    Compiling rand_chacha v0.3.1
[INFO] [stderr]    Compiling pin-project v1.1.8
[INFO] [stderr]    Compiling rand v0.8.5
[INFO] [stderr]    Compiling futures-executor v0.3.23
[INFO] [stderr]    Compiling prost v0.11.9
[INFO] [stderr]    Compiling darling_macro v0.20.10
[INFO] [stderr]    Compiling sync_wrapper v0.1.2
[INFO] [stderr]    Compiling regex-syntax v0.7.5
[INFO] [stderr]    Compiling futures v0.3.23
[INFO] [stderr]    Compiling darling v0.20.10
[INFO] [stderr]    Compiling regex-automata v0.1.10
[INFO] [stderr]    Compiling webpki-roots v0.22.6
[INFO] [stderr]    Compiling url v2.2.2
[INFO] [stderr]    Compiling miniz_oxide v0.8.3
[INFO] [stderr]    Compiling tokio-util v0.7.3
[INFO] [stderr]    Compiling h2 v0.3.26
[INFO] [stderr]    Compiling tower v0.4.13
[INFO] [stderr]    Compiling tokio-io-timeout v1.2.0
[INFO] [stderr]    Compiling tokio-rustls v0.23.4
[INFO] [stderr]    Compiling tokio-native-tls v0.3.0
[INFO] [stderr]    Compiling tokio-stream v0.1.9
[INFO] [stderr]    Compiling regex-automata v0.3.7
[INFO] [stderr]    Compiling rustls-pemfile v1.0.4
[INFO] [stderr]    Compiling instant v0.1.12
[INFO] [stderr]    Compiling crossbeam-epoch v0.9.10
[INFO] [stderr]    Compiling thiserror v1.0.69
[INFO] [stderr]    Compiling ipnet v2.5.0
[INFO] [stderr]    Compiling hex v0.4.3
[INFO] [stderr]    Compiling minimal-lexical v0.2.1
[INFO] [stderr]    Compiling base64 v0.13.0
[INFO] [stderr]    Compiling tiny-keccak v2.0.2
[INFO] [stderr]    Compiling unicode-xid v0.2.6
[INFO] [stderr]    Compiling heck v0.4.1
[INFO] [stderr]    Compiling const_format_proc_macros v0.2.34
[INFO] [stderr]    Compiling nom v7.1.3
[INFO] [stderr]    Compiling regex v1.9.4
[INFO] [stderr]    Compiling matchers v0.1.0
[INFO] [stderr]    Compiling flate2 v1.0.35
[INFO] [stderr]    Compiling serde_with_macros v2.3.3
[INFO] [stderr]    Compiling hyper v0.14.32
[INFO] [stderr]    Compiling serde_urlencoded v0.7.1
[INFO] [stderr]    Compiling prost-types v0.11.9
[INFO] [stderr]    Compiling thiserror-impl v1.0.69
[INFO] [stderr]    Compiling sharded-slab v0.1.7
[INFO] [stderr]    Compiling terminal_size v0.1.17
[INFO] [stderr]    Compiling raw-cpuid v10.7.0
[INFO] [stderr]    Compiling thread_local v1.1.8
[INFO] [stderr]    Compiling os_str_bytes v6.3.0
[INFO] [stderr]    Compiling unicode-width v0.1.9
[INFO] [stderr]    Compiling console v0.15.1
[INFO] [stderr]    Compiling clap_lex v0.2.4
[INFO] [stderr]    Compiling tracing-subscriber v0.3.19
[INFO] [stderr]    Compiling hdrhistogram v7.5.4
[INFO] [stderr]    Compiling serde_with v2.3.3
[INFO] [stderr]    Compiling const_format v0.2.34
[INFO] [stderr]    Compiling clap_derive v3.2.17
[INFO] [stderr]    Compiling quanta v0.9.3
[INFO] [stderr]    Compiling parking_lot v0.11.2
[INFO] [stderr]    Compiling async-recursion v1.1.1
[INFO] [stderr]    Compiling crossbeam-channel v0.5.14
[INFO] [stderr]    Compiling dashmap v5.3.4
[INFO] [stderr]    Compiling lru v0.7.8
[INFO] [stderr]    Compiling atty v0.2.14
[INFO] [stderr]    Compiling fs2 v0.4.3
[INFO] [stderr]    Compiling fxhash v0.2.1
[INFO] [stderr]    Compiling nonzero_ext v0.3.0
[INFO] [stderr]    Compiling no-std-compat v0.4.1
[INFO] [stderr]    Compiling futures-timer v3.0.3
[INFO] [stderr]    Compiling strsim v0.10.0
[INFO] [stderr]    Compiling termcolor v1.1.3
[INFO] [stderr]    Compiling hyper-rustls v0.23.2
[INFO] [stderr]    Compiling hyper-tls v0.5.0
[INFO] [stderr]    Compiling hyper-timeout v0.4.1
[INFO] [stderr]    Compiling reqwest v0.11.11
[INFO] [stderr]    Compiling textwrap v0.15.0
[INFO] [stderr]    Compiling humantime v2.1.0
[INFO] [stderr]    Compiling indicatif v0.17.0
[INFO] [stderr]    Compiling governor v0.4.2
[INFO] [stderr]    Compiling clap v3.2.17
[INFO] [stderr]    Compiling sled v0.34.7
[INFO] [stderr]    Compiling bincode v1.3.3
[INFO] [stderr]    Compiling strum_macros v0.24.3
[INFO] [stderr]    Compiling strum v0.24.1
[INFO] [stderr]    Compiling bee_api v0.1.0 (https://github.com/rndlabs/bee-api-rs.git#49ef4190)
[INFO] [stderr]    Compiling mantaray v0.1.0 (https://github.com/rndlabs/mantaray-rs.git#ec84dea1)
[INFO] [stderr]    Compiling tonic v0.9.2
[INFO] [stderr]    Compiling console-api v0.5.0
[INFO] [stderr]    Compiling console-subscriber v0.1.10
[INFO] [stderr]    Compiling bee_herder v0.2.0 (/opt/rustwide/workdir)
[INFO] [stdout] warning: unused import: `walker::walk_node`
[INFO] [stdout]   --> src/manifest.rs:11:5
[INFO] [stdout]    |
[INFO] [stdout] 11 |     walker::walk_node,
[INFO] [stdout]    |     ^^^^^^^^^^^^^^^^^
[INFO] [stdout]    |
[INFO] [stdout]    = note: `#[warn(unused_imports)]` on by default
[INFO] [stdout] 
[INFO] [stdout] 
[INFO] [stderr]     Finished `dev` profile [unoptimized + debuginfo] target(s) in 2m 48s
[INFO] running `Command { std: "docker" "inspect" "78fbfed153830a85c25aa142b350b5f62738f67722a6d9ffd9063f3ade0a99b0", kill_on_drop: false }`
[INFO] running `Command { std: "docker" "rm" "-f" "78fbfed153830a85c25aa142b350b5f62738f67722a6d9ffd9063f3ade0a99b0", kill_on_drop: false }`
[INFO] [stdout] 78fbfed153830a85c25aa142b350b5f62738f67722a6d9ffd9063f3ade0a99b0
[INFO] running `Command { std: "docker" "create" "-v" "/var/lib/crater-agent-workspace/builds/worker-3-tc1/target:/opt/rustwide/target:rw,Z" "-v" "/var/lib/crater-agent-workspace/builds/worker-3-tc1/source:/opt/rustwide/workdir:ro,Z" "-v" "/var/lib/crater-agent-workspace/cargo-home:/opt/rustwide/cargo-home:ro,Z" "-v" "/var/lib/crater-agent-workspace/rustup-home:/opt/rustwide/rustup-home:ro,Z" "-e" "SOURCE_DIR=/opt/rustwide/workdir" "-e" "CARGO_TARGET_DIR=/opt/rustwide/target" "-e" "CARGO_INCREMENTAL=0" "-e" "RUST_BACKTRACE=full" "-e" "RUSTFLAGS=--cap-lints=forbid" "-e" "RUSTDOCFLAGS=--cap-lints=forbid" "-e" "CARGO_HOME=/opt/rustwide/cargo-home" "-e" "RUSTUP_HOME=/opt/rustwide/rustup-home" "-w" "/opt/rustwide/workdir" "-m" "1610612736" "--user" "0:0" "--network" "none" "ghcr.io/rust-lang/crates-build-env/linux@sha256:819108c5571ea2e421544af4d832f968d213c87fbe3707a016657f43d2f853bc" "/opt/rustwide/cargo-home/bin/cargo" "+nightly-2025-01-18" "test" "--frozen" "--no-run" "--message-format=json", kill_on_drop: false }`
[INFO] [stdout] 7b62cc621f2d079e866ba0ab265dfe2e04606bd15c56103158baa1059779abab
[INFO] running `Command { std: "docker" "start" "-a" "7b62cc621f2d079e866ba0ab265dfe2e04606bd15c56103158baa1059779abab", kill_on_drop: false }`
[INFO] [stderr] warning: unused manifest key: package.about
[INFO] [stderr] warning: unused manifest key: package.author
[INFO] [stdout] warning: unused import: `walker::walk_node`
[INFO] [stdout]   --> src/manifest.rs:11:5
[INFO] [stdout]    |
[INFO] [stdout] 11 |     walker::walk_node,
[INFO] [stdout]    |     ^^^^^^^^^^^^^^^^^
[INFO] [stdout]    |
[INFO] [stdout]    = note: `#[warn(unused_imports)]` on by default
[INFO] [stdout] 
[INFO] [stdout] 
[INFO] [stderr]    Compiling bee_herder v0.2.0 (/opt/rustwide/workdir)
[INFO] [stdout] warning: unused import: `walker::walk_node`
[INFO] [stdout]   --> src/manifest.rs:11:5
[INFO] [stdout]    |
[INFO] [stdout] 11 |     walker::walk_node,
[INFO] [stdout]    |     ^^^^^^^^^^^^^^^^^
[INFO] [stdout]    |
[INFO] [stdout]    = note: `#[warn(unused_imports)]` on by default
[INFO] [stdout] 
[INFO] [stdout] 
[INFO] [stderr]     Finished `test` profile [unoptimized + debuginfo] target(s) in 1.98s
[INFO] running `Command { std: "docker" "inspect" "7b62cc621f2d079e866ba0ab265dfe2e04606bd15c56103158baa1059779abab", kill_on_drop: false }`
[INFO] running `Command { std: "docker" "rm" "-f" "7b62cc621f2d079e866ba0ab265dfe2e04606bd15c56103158baa1059779abab", kill_on_drop: false }`
[INFO] [stdout] 7b62cc621f2d079e866ba0ab265dfe2e04606bd15c56103158baa1059779abab
[INFO] running `Command { std: "docker" "create" "-v" "/var/lib/crater-agent-workspace/builds/worker-3-tc1/target:/opt/rustwide/target:rw,Z" "-v" "/var/lib/crater-agent-workspace/builds/worker-3-tc1/source:/opt/rustwide/workdir:ro,Z" "-v" "/var/lib/crater-agent-workspace/cargo-home:/opt/rustwide/cargo-home:ro,Z" "-v" "/var/lib/crater-agent-workspace/rustup-home:/opt/rustwide/rustup-home:ro,Z" "-e" "SOURCE_DIR=/opt/rustwide/workdir" "-e" "CARGO_TARGET_DIR=/opt/rustwide/target" "-e" "CARGO_INCREMENTAL=0" "-e" "RUST_BACKTRACE=full" "-e" "RUSTFLAGS=--cap-lints=forbid" "-e" "RUSTDOCFLAGS=--cap-lints=forbid" "-e" "CARGO_HOME=/opt/rustwide/cargo-home" "-e" "RUSTUP_HOME=/opt/rustwide/rustup-home" "-w" "/opt/rustwide/workdir" "-m" "1610612736" "--user" "0:0" "--network" "none" "ghcr.io/rust-lang/crates-build-env/linux@sha256:819108c5571ea2e421544af4d832f968d213c87fbe3707a016657f43d2f853bc" "/opt/rustwide/cargo-home/bin/cargo" "+nightly-2025-01-18" "test" "--frozen", kill_on_drop: false }`
[INFO] [stdout] 9189c3afac40a368567beb8da00966f9e028d6ec233f83e56cfd830ee2f0fb2b
[INFO] running `Command { std: "docker" "start" "-a" "9189c3afac40a368567beb8da00966f9e028d6ec233f83e56cfd830ee2f0fb2b", kill_on_drop: false }`
[INFO] [stderr] warning: unused manifest key: package.about
[INFO] [stderr] warning: unused manifest key: package.author
[INFO] [stderr] warning: unused import: `walker::walk_node`
[INFO] [stderr]   --> src/manifest.rs:11:5
[INFO] [stderr]    |
[INFO] [stderr] 11 |     walker::walk_node,
[INFO] [stderr]    |     ^^^^^^^^^^^^^^^^^
[INFO] [stderr]    |
[INFO] [stderr]    = note: `#[warn(unused_imports)]` on by default
[INFO] [stderr] 
[INFO] [stderr] warning: `bee_herder` (lib) generated 1 warning (run `cargo fix --lib -p bee_herder` to apply 1 suggestion)
[INFO] [stderr] warning: `bee_herder` (lib test) generated 1 warning (1 duplicate)
[INFO] [stderr]     Finished `test` profile [unoptimized + debuginfo] target(s) in 0.34s
[INFO] [stderr]      Running unittests src/lib.rs (/opt/rustwide/target/debug/deps/bee_herder-67ed628a3df75c31)
[INFO] [stdout] 
[INFO] [stdout] running 1 test
[INFO] [stdout] test test::url_test ... FAILED
[INFO] [stdout] 
[INFO] [stdout] failures:
[INFO] [stdout] 
[INFO] [stdout] ---- test::url_test stdout ----
[INFO] [stdout] 
[INFO] [stdout] thread 'test::url_test' panicked at src/lib.rs:187:42:
[INFO] [stdout] called `Result::unwrap()` on an `Err` value: RelativeUrlWithoutBase
[INFO] [stdout] stack backtrace:
[INFO] [stdout]    0:     0x57a76487755a - std::backtrace_rs::backtrace::libunwind::trace::hb059275cfc8d6126
[INFO] [stdout]                                at /rustc/6067b36314ab5eb2eb47cecc464545ba58e1ad24/library/std/src/../../backtrace/src/backtrace/libunwind.rs:116:5
[INFO] [stdout]    1:     0x57a76487755a - std::backtrace_rs::backtrace::trace_unsynchronized::h2da071e4327ce3ee
[INFO] [stdout]                                at /rustc/6067b36314ab5eb2eb47cecc464545ba58e1ad24/library/std/src/../../backtrace/src/backtrace/mod.rs:66:5
[INFO] [stdout]    2:     0x57a76487755a - std::sys::backtrace::_print_fmt::h842a1474e6f8d23f
[INFO] [stdout]                                at /rustc/6067b36314ab5eb2eb47cecc464545ba58e1ad24/library/std/src/sys/backtrace.rs:66:9
[INFO] [stdout]    3:     0x57a76487755a - <std::sys::backtrace::BacktraceLock::print::DisplayBacktrace as core::fmt::Display>::fmt::h71a62eb3b9696b12
[INFO] [stdout]                                at /rustc/6067b36314ab5eb2eb47cecc464545ba58e1ad24/library/std/src/sys/backtrace.rs:39:26
[INFO] [stdout]    4:     0x57a76489f003 - core::fmt::rt::Argument::fmt::hdb6b616786b41dc1
[INFO] [stdout]                                at /rustc/6067b36314ab5eb2eb47cecc464545ba58e1ad24/library/core/src/fmt/rt.rs:177:76
[INFO] [stdout]    5:     0x57a76489f003 - core::fmt::write::h2cc1698af7e2d686
[INFO] [stdout]                                at /rustc/6067b36314ab5eb2eb47cecc464545ba58e1ad24/library/core/src/fmt/mod.rs:1440:21
[INFO] [stdout]    6:     0x57a7648740b3 - std::io::Write::write_fmt::hab1b4cd059a79022
[INFO] [stdout]                                at /rustc/6067b36314ab5eb2eb47cecc464545ba58e1ad24/library/std/src/io/mod.rs:1887:15
[INFO] [stdout]    7:     0x57a7648773a2 - std::sys::backtrace::BacktraceLock::print::h147fe35b4ea13b08
[INFO] [stdout]                                at /rustc/6067b36314ab5eb2eb47cecc464545ba58e1ad24/library/std/src/sys/backtrace.rs:42:9
[INFO] [stdout]    8:     0x57a76487897f - std::panicking::default_hook::{{closure}}::hbd44223dbdc0d208
[INFO] [stdout]                                at /rustc/6067b36314ab5eb2eb47cecc464545ba58e1ad24/library/std/src/panicking.rs:298:22
[INFO] [stdout]    9:     0x57a764878798 - std::panicking::default_hook::h20f81eb0576efcec
[INFO] [stdout]                                at /rustc/6067b36314ab5eb2eb47cecc464545ba58e1ad24/library/std/src/panicking.rs:322:9
[INFO] [stdout]   10:     0x57a764801203 - <alloc::boxed::Box<F,A> as core::ops::function::Fn<Args>>::call::hdb53814c496a4d34
[INFO] [stdout]                                at /rustc/6067b36314ab5eb2eb47cecc464545ba58e1ad24/library/alloc/src/boxed.rs:2027:9
[INFO] [stdout]   11:     0x57a764801203 - test::test_main::{{closure}}::hc0a4963c59427c24
[INFO] [stdout]                                at /rustc/6067b36314ab5eb2eb47cecc464545ba58e1ad24/library/test/src/lib.rs:134:21
[INFO] [stdout]   12:     0x57a764879473 - <alloc::boxed::Box<F,A> as core::ops::function::Fn<Args>>::call::h591b2225413a77e9
[INFO] [stdout]                                at /rustc/6067b36314ab5eb2eb47cecc464545ba58e1ad24/library/alloc/src/boxed.rs:2027:9
[INFO] [stdout]   13:     0x57a764879473 - std::panicking::rust_panic_with_hook::h625eea43051b2edc
[INFO] [stdout]                                at /rustc/6067b36314ab5eb2eb47cecc464545ba58e1ad24/library/std/src/panicking.rs:839:13
[INFO] [stdout]   14:     0x57a76487912a - std::panicking::begin_panic_handler::{{closure}}::h4f9159cfbc3f6bd3
[INFO] [stdout]                                at /rustc/6067b36314ab5eb2eb47cecc464545ba58e1ad24/library/std/src/panicking.rs:704:13
[INFO] [stdout]   15:     0x57a764877a59 - std::sys::backtrace::__rust_end_short_backtrace::h0390abce48353151
[INFO] [stdout]                                at /rustc/6067b36314ab5eb2eb47cecc464545ba58e1ad24/library/std/src/sys/backtrace.rs:168:18
[INFO] [stdout]   16:     0x57a764878dbd - rust_begin_unwind
[INFO] [stdout]                                at /rustc/6067b36314ab5eb2eb47cecc464545ba58e1ad24/library/std/src/panicking.rs:695:5
[INFO] [stdout]   17:     0x57a76489d9a0 - core::panicking::panic_fmt::h9e7c637e9e5f29c9
[INFO] [stdout]                                at /rustc/6067b36314ab5eb2eb47cecc464545ba58e1ad24/library/core/src/panicking.rs:75:14
[INFO] [stdout]   18:     0x57a76489dd46 - core::result::unwrap_failed::h7979f09313fe1849
[INFO] [stdout]                                at /rustc/6067b36314ab5eb2eb47cecc464545ba58e1ad24/library/core/src/result.rs:1704:5
[INFO] [stdout]   19:     0x57a7647c6f6f - core::result::Result<T,E>::unwrap::h9c0cc4e5a8457abe
[INFO] [stdout]                                at /rustc/6067b36314ab5eb2eb47cecc464545ba58e1ad24/library/core/src/result.rs:1109:23
[INFO] [stdout]   20:     0x57a7647c6f6f - bee_herder::test::url_test::h2d462cfa10cfc637
[INFO] [stdout]                                at /opt/rustwide/workdir/src/lib.rs:187:19
[INFO] [stdout]   21:     0x57a7647c6ec7 - bee_herder::test::url_test::{{closure}}::h6602755c4fa25ca0
[INFO] [stdout]                                at /opt/rustwide/workdir/src/lib.rs:185:18
[INFO] [stdout]   22:     0x57a7647c6b26 - core::ops::function::FnOnce::call_once::h1dd5b1606d3763c0
[INFO] [stdout]                                at /rustc/6067b36314ab5eb2eb47cecc464545ba58e1ad24/library/core/src/ops/function.rs:250:5
[INFO] [stdout]   23:     0x57a76480695b - core::ops::function::FnOnce::call_once::he27718dfdd183f43
[INFO] [stdout]                                at /rustc/6067b36314ab5eb2eb47cecc464545ba58e1ad24/library/core/src/ops/function.rs:250:5
[INFO] [stdout]   24:     0x57a76480695b - test::__rust_begin_short_backtrace::h4e84902998457a5d
[INFO] [stdout]                                at /rustc/6067b36314ab5eb2eb47cecc464545ba58e1ad24/library/test/src/lib.rs:632:18
[INFO] [stdout]   25:     0x57a764805893 - test::run_test_in_process::{{closure}}::h7176fd18fc1feca0
[INFO] [stdout]                                at /rustc/6067b36314ab5eb2eb47cecc464545ba58e1ad24/library/test/src/lib.rs:655:60
[INFO] [stdout]   26:     0x57a764805893 - <core::panic::unwind_safe::AssertUnwindSafe<F> as core::ops::function::FnOnce<()>>::call_once::hf79cff2a624d8cf7
[INFO] [stdout]                                at /rustc/6067b36314ab5eb2eb47cecc464545ba58e1ad24/library/core/src/panic/unwind_safe.rs:272:9
[INFO] [stdout]   27:     0x57a764805893 - std::panicking::try::do_call::h3da0561d9ab99c25
[INFO] [stdout]                                at /rustc/6067b36314ab5eb2eb47cecc464545ba58e1ad24/library/std/src/panicking.rs:587:40
[INFO] [stdout]   28:     0x57a764805893 - std::panicking::try::h41c9fa508bc61df6
[INFO] [stdout]                                at /rustc/6067b36314ab5eb2eb47cecc464545ba58e1ad24/library/std/src/panicking.rs:550:19
[INFO] [stdout]   29:     0x57a764805893 - std::panic::catch_unwind::h6b3ff07bb5afad93
[INFO] [stdout]                                at /rustc/6067b36314ab5eb2eb47cecc464545ba58e1ad24/library/std/src/panic.rs:358:14
[INFO] [stdout]   30:     0x57a764805893 - test::run_test_in_process::hc7253dd11b39b9f4
[INFO] [stdout]                                at /rustc/6067b36314ab5eb2eb47cecc464545ba58e1ad24/library/test/src/lib.rs:655:27
[INFO] [stdout]   31:     0x57a764805893 - test::run_test::{{closure}}::hfb2007f8649c30bb
[INFO] [stdout]                                at /rustc/6067b36314ab5eb2eb47cecc464545ba58e1ad24/library/test/src/lib.rs:576:43
[INFO] [stdout]   32:     0x57a7647c8975 - test::run_test::{{closure}}::h56a17aa7a282a9f4
[INFO] [stdout]                                at /rustc/6067b36314ab5eb2eb47cecc464545ba58e1ad24/library/test/src/lib.rs:606:41
[INFO] [stdout]   33:     0x57a7647c8975 - std::sys::backtrace::__rust_begin_short_backtrace::hd2d2d2fb8e8c6aac
[INFO] [stdout]                                at /rustc/6067b36314ab5eb2eb47cecc464545ba58e1ad24/library/std/src/sys/backtrace.rs:152:18
[INFO] [stdout]   34:     0x57a7647cc25a - std::thread::Builder::spawn_unchecked_::{{closure}}::{{closure}}::h4faa3f9db6133423
[INFO] [stdout]                                at /rustc/6067b36314ab5eb2eb47cecc464545ba58e1ad24/library/std/src/thread/mod.rs:559:17
[INFO] [stdout]   35:     0x57a7647cc25a - <core::panic::unwind_safe::AssertUnwindSafe<F> as core::ops::function::FnOnce<()>>::call_once::hf2e855a36a4ea846
[INFO] [stdout]                                at /rustc/6067b36314ab5eb2eb47cecc464545ba58e1ad24/library/core/src/panic/unwind_safe.rs:272:9
[INFO] [stdout]   36:     0x57a7647cc25a - std::panicking::try::do_call::h2f73af3616c35465
[INFO] [stdout]                                at /rustc/6067b36314ab5eb2eb47cecc464545ba58e1ad24/library/std/src/panicking.rs:587:40
[INFO] [stdout]   37:     0x57a7647cc25a - std::panicking::try::hd1660ce9efadef5a
[INFO] [stdout]                                at /rustc/6067b36314ab5eb2eb47cecc464545ba58e1ad24/library/std/src/panicking.rs:550:19
[INFO] [stdout]   38:     0x57a7647cc25a - std::panic::catch_unwind::h5ee8d7823b8ca744
[INFO] [stdout]                                at /rustc/6067b36314ab5eb2eb47cecc464545ba58e1ad24/library/std/src/panic.rs:358:14
[INFO] [stdout]   39:     0x57a7647cc25a - std::thread::Builder::spawn_unchecked_::{{closure}}::h53c3a1894dce8407
[INFO] [stdout]                                at /rustc/6067b36314ab5eb2eb47cecc464545ba58e1ad24/library/std/src/thread/mod.rs:557:30
[INFO] [stdout]   40:     0x57a7647cc25a - core::ops::function::FnOnce::call_once{{vtable.shim}}::h048ce291ad4f62bf
[INFO] [stdout]                                at /rustc/6067b36314ab5eb2eb47cecc464545ba58e1ad24/library/core/src/ops/function.rs:250:5
[INFO] [stdout]   41:     0x57a76487d3ab - <alloc::boxed::Box<F,A> as core::ops::function::FnOnce<Args>>::call_once::ha52bedf99a3b4981
[INFO] [stdout]                                at /rustc/6067b36314ab5eb2eb47cecc464545ba58e1ad24/library/alloc/src/boxed.rs:2013:9
[INFO] [stdout]   42:     0x57a76487d3ab - <alloc::boxed::Box<F,A> as core::ops::function::FnOnce<Args>>::call_once::h567748934d80ccf8
[INFO] [stdout]                                at /rustc/6067b36314ab5eb2eb47cecc464545ba58e1ad24/library/alloc/src/boxed.rs:2013:9
[INFO] [stdout]   43:     0x57a76487d3ab - std::sys::pal::unix::thread::Thread::new::thread_start::h2d970728ae887adc
[INFO] [stdout]                                at /rustc/6067b36314ab5eb2eb47cecc464545ba58e1ad24/library/std/src/sys/pal/unix/thread.rs:106:17
[INFO] [stdout]   44:     0x70bca423fac3 - <unknown>
[INFO] [stdout]   45:     0x70bca42d0a04 - clone
[INFO] [stdout]   46:                0x0 - <unknown>
[INFO] [stdout] 
[INFO] [stdout] 
[INFO] [stdout] failures:
[INFO] [stdout]     test::url_test
[INFO] [stdout] 
[INFO] [stdout] test result: FAILED. 0 passed; 1 failed; 0 ignored; 0 measured; 0 filtered out; finished in 0.04s
[INFO] [stdout] 
[INFO] [stderr] error: test failed, to rerun pass `--lib`
[INFO] running `Command { std: "docker" "inspect" "9189c3afac40a368567beb8da00966f9e028d6ec233f83e56cfd830ee2f0fb2b", kill_on_drop: false }`
[INFO] running `Command { std: "docker" "rm" "-f" "9189c3afac40a368567beb8da00966f9e028d6ec233f83e56cfd830ee2f0fb2b", kill_on_drop: false }`
[INFO] [stdout] 9189c3afac40a368567beb8da00966f9e028d6ec233f83e56cfd830ee2f0fb2b
