[INFO] cloning repository https://github.com/ricomateo/lc3-vm
[INFO] running `Command { std: "git" "-c" "credential.helper=" "-c" "credential.helper=/workspace/cargo-home/bin/git-credential-null" "clone" "--bare" "https://github.com/ricomateo/lc3-vm" "/workspace/cache/git-repos/https%3A%2F%2Fgithub.com%2Fricomateo%2Flc3-vm", kill_on_drop: false }`
[INFO] [stderr] Cloning into bare repository '/workspace/cache/git-repos/https%3A%2F%2Fgithub.com%2Fricomateo%2Flc3-vm'...
[INFO] running `Command { std: "git" "rev-parse" "HEAD", kill_on_drop: false }`
[INFO] [stdout] 3b42ac8fae348aadc8c52c7abb8c8e74c7e130a9
[INFO] testing ricomateo/lc3-vm against nightly-2025-01-18 for randomize-layout-2
[INFO] running `Command { std: "git" "clone" "/workspace/cache/git-repos/https%3A%2F%2Fgithub.com%2Fricomateo%2Flc3-vm" "/workspace/builds/worker-6-tc1/source", kill_on_drop: false }`
[INFO] [stderr] Cloning into '/workspace/builds/worker-6-tc1/source'...
[INFO] [stderr] done.
[INFO] validating manifest of git repo https://github.com/ricomateo/lc3-vm on toolchain nightly-2025-01-18
[INFO] running `Command { std: CARGO_HOME="/workspace/cargo-home" RUSTUP_HOME="/workspace/rustup-home" "/workspace/cargo-home/bin/cargo" "+nightly-2025-01-18" "metadata" "--manifest-path" "Cargo.toml" "--no-deps", kill_on_drop: false }`
[INFO] started tweaking git repo https://github.com/ricomateo/lc3-vm
[INFO] finished tweaking git repo https://github.com/ricomateo/lc3-vm
[INFO] tweaked toml for git repo https://github.com/ricomateo/lc3-vm written to /workspace/builds/worker-6-tc1/source/Cargo.toml
[INFO] crate git repo https://github.com/ricomateo/lc3-vm already has a lockfile, it will not be regenerated
[INFO] running `Command { std: CARGO_HOME="/workspace/cargo-home" RUSTUP_HOME="/workspace/rustup-home" "/workspace/cargo-home/bin/cargo" "+nightly-2025-01-18" "fetch" "--manifest-path" "Cargo.toml", kill_on_drop: false }`
[INFO] running `Command { std: "docker" "create" "-v" "/var/lib/crater-agent-workspace/builds/worker-6-tc1/target:/opt/rustwide/target:rw,Z" "-v" "/var/lib/crater-agent-workspace/builds/worker-6-tc1/source:/opt/rustwide/workdir:ro,Z" "-v" "/var/lib/crater-agent-workspace/cargo-home:/opt/rustwide/cargo-home:ro,Z" "-v" "/var/lib/crater-agent-workspace/rustup-home:/opt/rustwide/rustup-home:ro,Z" "-e" "SOURCE_DIR=/opt/rustwide/workdir" "-e" "CARGO_TARGET_DIR=/opt/rustwide/target" "-e" "CARGO_HOME=/opt/rustwide/cargo-home" "-e" "RUSTUP_HOME=/opt/rustwide/rustup-home" "-w" "/opt/rustwide/workdir" "-m" "1610612736" "--user" "0:0" "--network" "none" "ghcr.io/rust-lang/crates-build-env/linux@sha256:819108c5571ea2e421544af4d832f968d213c87fbe3707a016657f43d2f853bc" "/opt/rustwide/cargo-home/bin/cargo" "+nightly-2025-01-18" "metadata" "--no-deps" "--format-version=1", kill_on_drop: false }`
[INFO] [stdout] 2d4815066ecc2e713626da2f348afef4472c0b8a6de0f1fa266fdf701c4965e5
[INFO] running `Command { std: "docker" "start" "-a" "2d4815066ecc2e713626da2f348afef4472c0b8a6de0f1fa266fdf701c4965e5", kill_on_drop: false }`
[INFO] running `Command { std: "docker" "inspect" "2d4815066ecc2e713626da2f348afef4472c0b8a6de0f1fa266fdf701c4965e5", kill_on_drop: false }`
[INFO] running `Command { std: "docker" "rm" "-f" "2d4815066ecc2e713626da2f348afef4472c0b8a6de0f1fa266fdf701c4965e5", kill_on_drop: false }`
[INFO] [stdout] 2d4815066ecc2e713626da2f348afef4472c0b8a6de0f1fa266fdf701c4965e5
[INFO] running `Command { std: "docker" "create" "-v" "/var/lib/crater-agent-workspace/builds/worker-6-tc1/target:/opt/rustwide/target:rw,Z" "-v" "/var/lib/crater-agent-workspace/builds/worker-6-tc1/source:/opt/rustwide/workdir:ro,Z" "-v" "/var/lib/crater-agent-workspace/cargo-home:/opt/rustwide/cargo-home:ro,Z" "-v" "/var/lib/crater-agent-workspace/rustup-home:/opt/rustwide/rustup-home:ro,Z" "-e" "SOURCE_DIR=/opt/rustwide/workdir" "-e" "CARGO_TARGET_DIR=/opt/rustwide/target" "-e" "CARGO_INCREMENTAL=0" "-e" "RUST_BACKTRACE=full" "-e" "RUSTFLAGS=--cap-lints=forbid" "-e" "RUSTDOCFLAGS=--cap-lints=forbid" "-e" "CARGO_HOME=/opt/rustwide/cargo-home" "-e" "RUSTUP_HOME=/opt/rustwide/rustup-home" "-w" "/opt/rustwide/workdir" "-m" "1610612736" "--user" "0:0" "--network" "none" "ghcr.io/rust-lang/crates-build-env/linux@sha256:819108c5571ea2e421544af4d832f968d213c87fbe3707a016657f43d2f853bc" "/opt/rustwide/cargo-home/bin/cargo" "+nightly-2025-01-18" "build" "--frozen" "--message-format=json", kill_on_drop: false }`
[INFO] [stdout] 216262753a06d5c1f5df0aea683198dfb49846d5b3bddfeb0478a5b2364e0a7b
[INFO] running `Command { std: "docker" "start" "-a" "216262753a06d5c1f5df0aea683198dfb49846d5b3bddfeb0478a5b2364e0a7b", kill_on_drop: false }`
[INFO] [stderr]    Compiling libc v0.2.155
[INFO] [stderr]    Compiling unicode-width v0.1.12
[INFO] [stderr]    Compiling lazy_static v1.4.0
[INFO] [stderr]    Compiling byteorder v1.5.0
[INFO] [stderr]    Compiling console v0.15.8
[INFO] [stderr]    Compiling lc3-vm v0.1.0 (/opt/rustwide/workdir)
[INFO] [stderr]     Finished `dev` profile [unoptimized + debuginfo] target(s) in 3.60s
[INFO] running `Command { std: "docker" "inspect" "216262753a06d5c1f5df0aea683198dfb49846d5b3bddfeb0478a5b2364e0a7b", kill_on_drop: false }`
[INFO] running `Command { std: "docker" "rm" "-f" "216262753a06d5c1f5df0aea683198dfb49846d5b3bddfeb0478a5b2364e0a7b", kill_on_drop: false }`
[INFO] [stdout] 216262753a06d5c1f5df0aea683198dfb49846d5b3bddfeb0478a5b2364e0a7b
[INFO] running `Command { std: "docker" "create" "-v" "/var/lib/crater-agent-workspace/builds/worker-6-tc1/target:/opt/rustwide/target:rw,Z" "-v" "/var/lib/crater-agent-workspace/builds/worker-6-tc1/source:/opt/rustwide/workdir:ro,Z" "-v" "/var/lib/crater-agent-workspace/cargo-home:/opt/rustwide/cargo-home:ro,Z" "-v" "/var/lib/crater-agent-workspace/rustup-home:/opt/rustwide/rustup-home:ro,Z" "-e" "SOURCE_DIR=/opt/rustwide/workdir" "-e" "CARGO_TARGET_DIR=/opt/rustwide/target" "-e" "CARGO_INCREMENTAL=0" "-e" "RUST_BACKTRACE=full" "-e" "RUSTFLAGS=--cap-lints=forbid" "-e" "RUSTDOCFLAGS=--cap-lints=forbid" "-e" "CARGO_HOME=/opt/rustwide/cargo-home" "-e" "RUSTUP_HOME=/opt/rustwide/rustup-home" "-w" "/opt/rustwide/workdir" "-m" "1610612736" "--user" "0:0" "--network" "none" "ghcr.io/rust-lang/crates-build-env/linux@sha256:819108c5571ea2e421544af4d832f968d213c87fbe3707a016657f43d2f853bc" "/opt/rustwide/cargo-home/bin/cargo" "+nightly-2025-01-18" "test" "--frozen" "--no-run" "--message-format=json", kill_on_drop: false }`
[INFO] [stdout] 907d764dc455d2d617223d75c4a3c322d3e188a8911727b6673fc137ed124bf1
[INFO] running `Command { std: "docker" "start" "-a" "907d764dc455d2d617223d75c4a3c322d3e188a8911727b6673fc137ed124bf1", kill_on_drop: false }`
[INFO] [stderr]    Compiling lc3-vm v0.1.0 (/opt/rustwide/workdir)
[INFO] [stdout] warning: unused import: `crate::constants::*`
[INFO] [stdout]    --> src/instructions.rs:160:9
[INFO] [stdout]     |
[INFO] [stdout] 160 |     use crate::constants::*;
[INFO] [stdout]     |         ^^^^^^^^^^^^^^^^^^^
[INFO] [stdout]     |
[INFO] [stdout]     = note: `#[warn(unused_imports)]` on by default
[INFO] [stdout] 
[INFO] [stdout] 
[INFO] [stdout] warning: unused import: `crate::constants::*`
[INFO] [stdout]   --> src/traps.rs:85:9
[INFO] [stdout]    |
[INFO] [stdout] 85 |     use crate::constants::*;
[INFO] [stdout]    |         ^^^^^^^^^^^^^^^^^^^
[INFO] [stdout] 
[INFO] [stdout] 
[INFO] [stdout] warning: unused variable: `pc_offset`
[INFO] [stdout]    --> src/instructions.rs:305:13
[INFO] [stdout]     |
[INFO] [stdout] 305 |         let pc_offset = 2;
[INFO] [stdout]     |             ^^^^^^^^^ help: if this is intentional, prefix it with an underscore: `_pc_offset`
[INFO] [stdout]     |
[INFO] [stdout]     = note: `#[warn(unused_variables)]` on by default
[INFO] [stdout] 
[INFO] [stdout] 
[INFO] [stdout] warning: unused variable: `reg`
[INFO] [stdout]   --> src/traps.rs:90:17
[INFO] [stdout]    |
[INFO] [stdout] 90 |         let mut reg: [u16; R_COUNT] = [0; R_COUNT];
[INFO] [stdout]    |                 ^^^ help: if this is intentional, prefix it with an underscore: `_reg`
[INFO] [stdout] 
[INFO] [stdout] 
[INFO] [stdout] warning: unused variable: `chars`
[INFO] [stdout]   --> src/traps.rs:92:13
[INFO] [stdout]    |
[INFO] [stdout] 92 |         let chars = vec!['h', 'e', 'l', 'l', 'o'];
[INFO] [stdout]    |             ^^^^^ help: if this is intentional, prefix it with an underscore: `_chars`
[INFO] [stdout] 
[INFO] [stdout] 
[INFO] [stdout] warning: variable does not need to be mutable
[INFO] [stdout]   --> src/traps.rs:90:13
[INFO] [stdout]    |
[INFO] [stdout] 90 |         let mut reg: [u16; R_COUNT] = [0; R_COUNT];
[INFO] [stdout]    |             ----^^^
[INFO] [stdout]    |             |
[INFO] [stdout]    |             help: remove this `mut`
[INFO] [stdout]    |
[INFO] [stdout]    = note: `#[warn(unused_mut)]` on by default
[INFO] [stdout] 
[INFO] [stdout] 
[INFO] [stdout] warning: unused variable: `reg`
[INFO] [stdout]    --> src/traps.rs:115:17
[INFO] [stdout]     |
[INFO] [stdout] 115 |         let mut reg: [u16; R_COUNT] = [0; R_COUNT];
[INFO] [stdout]     |                 ^^^ help: if this is intentional, prefix it with an underscore: `_reg`
[INFO] [stdout] 
[INFO] [stdout] 
[INFO] [stdout] warning: variable does not need to be mutable
[INFO] [stdout]    --> src/traps.rs:115:13
[INFO] [stdout]     |
[INFO] [stdout] 115 |         let mut reg: [u16; R_COUNT] = [0; R_COUNT];
[INFO] [stdout]     |             ----^^^
[INFO] [stdout]     |             |
[INFO] [stdout]     |             help: remove this `mut`
[INFO] [stdout] 
[INFO] [stdout] 
[INFO] [stderr]     Finished `test` profile [unoptimized + debuginfo] target(s) in 0.62s
[INFO] running `Command { std: "docker" "inspect" "907d764dc455d2d617223d75c4a3c322d3e188a8911727b6673fc137ed124bf1", kill_on_drop: false }`
[INFO] running `Command { std: "docker" "rm" "-f" "907d764dc455d2d617223d75c4a3c322d3e188a8911727b6673fc137ed124bf1", kill_on_drop: false }`
[INFO] [stdout] 907d764dc455d2d617223d75c4a3c322d3e188a8911727b6673fc137ed124bf1
[INFO] running `Command { std: "docker" "create" "-v" "/var/lib/crater-agent-workspace/builds/worker-6-tc1/target:/opt/rustwide/target:rw,Z" "-v" "/var/lib/crater-agent-workspace/builds/worker-6-tc1/source:/opt/rustwide/workdir:ro,Z" "-v" "/var/lib/crater-agent-workspace/cargo-home:/opt/rustwide/cargo-home:ro,Z" "-v" "/var/lib/crater-agent-workspace/rustup-home:/opt/rustwide/rustup-home:ro,Z" "-e" "SOURCE_DIR=/opt/rustwide/workdir" "-e" "CARGO_TARGET_DIR=/opt/rustwide/target" "-e" "CARGO_INCREMENTAL=0" "-e" "RUST_BACKTRACE=full" "-e" "RUSTFLAGS=--cap-lints=forbid" "-e" "RUSTDOCFLAGS=--cap-lints=forbid" "-e" "CARGO_HOME=/opt/rustwide/cargo-home" "-e" "RUSTUP_HOME=/opt/rustwide/rustup-home" "-w" "/opt/rustwide/workdir" "-m" "1610612736" "--user" "0:0" "--network" "none" "ghcr.io/rust-lang/crates-build-env/linux@sha256:819108c5571ea2e421544af4d832f968d213c87fbe3707a016657f43d2f853bc" "/opt/rustwide/cargo-home/bin/cargo" "+nightly-2025-01-18" "test" "--frozen", kill_on_drop: false }`
[INFO] [stdout] 9068c113680362c4f99509545af5e0dcf9607f1aa8bf4e99c5e93e0b796e7833
[INFO] running `Command { std: "docker" "start" "-a" "9068c113680362c4f99509545af5e0dcf9607f1aa8bf4e99c5e93e0b796e7833", kill_on_drop: false }`
[INFO] [stderr] warning: unused import: `crate::constants::*`
[INFO] [stderr]    --> src/instructions.rs:160:9
[INFO] [stderr]     |
[INFO] [stderr] 160 |     use crate::constants::*;
[INFO] [stderr]     |         ^^^^^^^^^^^^^^^^^^^
[INFO] [stderr]     |
[INFO] [stderr]     = note: `#[warn(unused_imports)]` on by default
[INFO] [stderr] 
[INFO] [stderr] warning: unused import: `crate::constants::*`
[INFO] [stderr]   --> src/traps.rs:85:9
[INFO] [stderr]    |
[INFO] [stderr] 85 |     use crate::constants::*;
[INFO] [stderr]    |         ^^^^^^^^^^^^^^^^^^^
[INFO] [stderr] 
[INFO] [stderr] warning: unused variable: `pc_offset`
[INFO] [stderr]    --> src/instructions.rs:305:13
[INFO] [stderr]     |
[INFO] [stderr] 305 |         let pc_offset = 2;
[INFO] [stderr]     |             ^^^^^^^^^ help: if this is intentional, prefix it with an underscore: `_pc_offset`
[INFO] [stderr]     |
[INFO] [stderr]     = note: `#[warn(unused_variables)]` on by default
[INFO] [stderr] 
[INFO] [stderr] warning: unused variable: `reg`
[INFO] [stderr]   --> src/traps.rs:90:17
[INFO] [stderr]    |
[INFO] [stderr] 90 |         let mut reg: [u16; R_COUNT] = [0; R_COUNT];
[INFO] [stderr]    |                 ^^^ help: if this is intentional, prefix it with an underscore: `_reg`
[INFO] [stderr] 
[INFO] [stderr] warning: unused variable: `chars`
[INFO] [stderr]   --> src/traps.rs:92:13
[INFO] [stderr]    |
[INFO] [stderr] 92 |         let chars = vec!['h', 'e', 'l', 'l', 'o'];
[INFO] [stderr]    |             ^^^^^ help: if this is intentional, prefix it with an underscore: `_chars`
[INFO] [stderr] 
[INFO] [stderr] warning: variable does not need to be mutable
[INFO] [stderr]   --> src/traps.rs:90:13
[INFO] [stderr]    |
[INFO] [stderr] 90 |         let mut reg: [u16; R_COUNT] = [0; R_COUNT];
[INFO] [stderr]    |             ----^^^
[INFO] [stderr]    |             |
[INFO] [stderr]    |             help: remove this `mut`
[INFO] [stderr]    |
[INFO] [stderr]    = note: `#[warn(unused_mut)]` on by default
[INFO] [stderr] 
[INFO] [stderr] warning: unused variable: `reg`
[INFO] [stderr]    --> src/traps.rs:115:17
[INFO] [stderr]     |
[INFO] [stderr] 115 |         let mut reg: [u16; R_COUNT] = [0; R_COUNT];
[INFO] [stderr]     |                 ^^^ help: if this is intentional, prefix it with an underscore: `_reg`
[INFO] [stderr] 
[INFO] [stderr] warning: variable does not need to be mutable
[INFO] [stderr]    --> src/traps.rs:115:13
[INFO] [stderr]     |
[INFO] [stderr] 115 |         let mut reg: [u16; R_COUNT] = [0; R_COUNT];
[INFO] [stderr]     |             ----^^^
[INFO] [stderr]     |             |
[INFO] [stderr]     |             help: remove this `mut`
[INFO] [stderr] 
[INFO] [stderr] warning: `lc3-vm` (bin "lc3-vm" test) generated 8 warnings (run `cargo fix --bin "lc3-vm" --tests` to apply 4 suggestions)
[INFO] [stderr]     Finished `test` profile [unoptimized + debuginfo] target(s) in 0.03s
[INFO] [stderr]      Running unittests src/main.rs (/opt/rustwide/target/debug/deps/lc3_vm-648b02fb259de352)
[INFO] [stdout] 
[INFO] [stdout] running 16 tests
[INFO] [stdout] test instructions::tests::jump_register_works_correctly ... ok
[INFO] [stdout] test instructions::tests::jump_works_correctly ... ok
[INFO] [stdout] test instructions::tests::ld_works_correctly ... ok
[INFO] [stdout] test instructions::tests::ldr_works_correctly ... ok
[INFO] [stdout] test instructions::tests::lea_works_correctly ... ok
[INFO] [stdout] test instructions::tests::not_works_correctly ... ok
[INFO] [stdout] test instructions::tests::store_register_works_correctly ... ok
[INFO] [stdout] test instructions::tests::adding_two_plus_two_works_correctly ... ok
[INFO] [stdout] test instructions::tests::store_indirect_works_correctly ... ok
[INFO] [stdout] test instructions::tests::store_works_correctly ... ok
[INFO] [stdout] test instructions::tests::branch_works_correctly ... ok
[INFO] [stdout] test instructions::tests::and_works_correctly ... ok
[INFO] [stdout] test traps::tests::puts_works_correctly ... ok
[INFO] [stdout] test traps::tests::putsp_works_correctly ... ok
[INFO] [stdout] test instructions::tests::ldi_works_correctly ... ok
[INFO] [stdout] test traps::tests::getc_works_correctly ... FAILED
[INFO] [stdout] 
[INFO] [stdout] failures:
[INFO] [stdout] 
[INFO] [stdout] ---- traps::tests::getc_works_correctly stdout ----
[INFO] [stdout] 
[INFO] [stdout] thread 'traps::tests::getc_works_correctly' panicked at src/utils.rs:30:33:
[INFO] [stdout] error while reading char: Custom { kind: NotConnected, error: "Not a terminal" }
[INFO] [stdout] stack backtrace:
[INFO] [stdout]    0:     0x62b1536b682a - std::backtrace_rs::backtrace::libunwind::trace::hb059275cfc8d6126
[INFO] [stdout]                                at /rustc/6067b36314ab5eb2eb47cecc464545ba58e1ad24/library/std/src/../../backtrace/src/backtrace/libunwind.rs:116:5
[INFO] [stdout]    1:     0x62b1536b682a - std::backtrace_rs::backtrace::trace_unsynchronized::h2da071e4327ce3ee
[INFO] [stdout]                                at /rustc/6067b36314ab5eb2eb47cecc464545ba58e1ad24/library/std/src/../../backtrace/src/backtrace/mod.rs:66:5
[INFO] [stdout]    2:     0x62b1536b682a - std::sys::backtrace::_print_fmt::h842a1474e6f8d23f
[INFO] [stdout]                                at /rustc/6067b36314ab5eb2eb47cecc464545ba58e1ad24/library/std/src/sys/backtrace.rs:66:9
[INFO] [stdout]    3:     0x62b1536b682a - <std::sys::backtrace::BacktraceLock::print::DisplayBacktrace as core::fmt::Display>::fmt::h71a62eb3b9696b12
[INFO] [stdout]                                at /rustc/6067b36314ab5eb2eb47cecc464545ba58e1ad24/library/std/src/sys/backtrace.rs:39:26
[INFO] [stdout]    4:     0x62b1536dde63 - core::fmt::rt::Argument::fmt::hdb6b616786b41dc1
[INFO] [stdout]                                at /rustc/6067b36314ab5eb2eb47cecc464545ba58e1ad24/library/core/src/fmt/rt.rs:177:76
[INFO] [stdout]    5:     0x62b1536dde63 - core::fmt::write::h2cc1698af7e2d686
[INFO] [stdout]                                at /rustc/6067b36314ab5eb2eb47cecc464545ba58e1ad24/library/core/src/fmt/mod.rs:1440:21
[INFO] [stdout]    6:     0x62b1536b32a3 - std::io::Write::write_fmt::hab1b4cd059a79022
[INFO] [stdout]                                at /rustc/6067b36314ab5eb2eb47cecc464545ba58e1ad24/library/std/src/io/mod.rs:1887:15
[INFO] [stdout]    7:     0x62b1536b6672 - std::sys::backtrace::BacktraceLock::print::h147fe35b4ea13b08
[INFO] [stdout]                                at /rustc/6067b36314ab5eb2eb47cecc464545ba58e1ad24/library/std/src/sys/backtrace.rs:42:9
[INFO] [stdout]    8:     0x62b1536b7c4f - std::panicking::default_hook::{{closure}}::hbd44223dbdc0d208
[INFO] [stdout]                                at /rustc/6067b36314ab5eb2eb47cecc464545ba58e1ad24/library/std/src/panicking.rs:298:22
[INFO] [stdout]    9:     0x62b1536b7a68 - std::panicking::default_hook::h20f81eb0576efcec
[INFO] [stdout]                                at /rustc/6067b36314ab5eb2eb47cecc464545ba58e1ad24/library/std/src/panicking.rs:322:9
[INFO] [stdout]   10:     0x62b153677093 - <alloc::boxed::Box<F,A> as core::ops::function::Fn<Args>>::call::hdb53814c496a4d34
[INFO] [stdout]                                at /rustc/6067b36314ab5eb2eb47cecc464545ba58e1ad24/library/alloc/src/boxed.rs:2027:9
[INFO] [stdout]   11:     0x62b153677093 - test::test_main::{{closure}}::hc0a4963c59427c24
[INFO] [stdout]                                at /rustc/6067b36314ab5eb2eb47cecc464545ba58e1ad24/library/test/src/lib.rs:134:21
[INFO] [stdout]   12:     0x62b1536b8743 - <alloc::boxed::Box<F,A> as core::ops::function::Fn<Args>>::call::h591b2225413a77e9
[INFO] [stdout]                                at /rustc/6067b36314ab5eb2eb47cecc464545ba58e1ad24/library/alloc/src/boxed.rs:2027:9
[INFO] [stdout]   13:     0x62b1536b8743 - std::panicking::rust_panic_with_hook::h625eea43051b2edc
[INFO] [stdout]                                at /rustc/6067b36314ab5eb2eb47cecc464545ba58e1ad24/library/std/src/panicking.rs:839:13
[INFO] [stdout]   14:     0x62b1536b83fa - std::panicking::begin_panic_handler::{{closure}}::h4f9159cfbc3f6bd3
[INFO] [stdout]                                at /rustc/6067b36314ab5eb2eb47cecc464545ba58e1ad24/library/std/src/panicking.rs:704:13
[INFO] [stdout]   15:     0x62b1536b6d29 - std::sys::backtrace::__rust_end_short_backtrace::h0390abce48353151
[INFO] [stdout]                                at /rustc/6067b36314ab5eb2eb47cecc464545ba58e1ad24/library/std/src/sys/backtrace.rs:168:18
[INFO] [stdout]   16:     0x62b1536b808d - rust_begin_unwind
[INFO] [stdout]                                at /rustc/6067b36314ab5eb2eb47cecc464545ba58e1ad24/library/std/src/panicking.rs:695:5
[INFO] [stdout]   17:     0x62b1536dc870 - core::panicking::panic_fmt::h9e7c637e9e5f29c9
[INFO] [stdout]                                at /rustc/6067b36314ab5eb2eb47cecc464545ba58e1ad24/library/core/src/panicking.rs:75:14
[INFO] [stdout]   18:     0x62b1536dccb6 - core::result::unwrap_failed::h7979f09313fe1849
[INFO] [stdout]                                at /rustc/6067b36314ab5eb2eb47cecc464545ba58e1ad24/library/core/src/result.rs:1704:5
[INFO] [stdout]   19:     0x62b153639ccd - core::result::Result<T,E>::expect::hba1bf06f720db270
[INFO] [stdout]                                at /rustc/6067b36314ab5eb2eb47cecc464545ba58e1ad24/library/core/src/result.rs:1061:23
[INFO] [stdout]   20:     0x62b15363b395 - lc3_vm::utils::get_char::h84946b601e252b4b
[INFO] [stdout]                                at /opt/rustwide/workdir/src/utils.rs:30:16
[INFO] [stdout]   21:     0x62b15363b1f2 - lc3_vm::traps::getc::h8a3a3d6a698bddee
[INFO] [stdout]                                at /opt/rustwide/workdir/src/traps.rs:28:21
[INFO] [stdout]   22:     0x62b15363cb61 - lc3_vm::traps::tests::getc_works_correctly::h84442344fbc87a0a
[INFO] [stdout]                                at /opt/rustwide/workdir/src/traps.rs:108:9
[INFO] [stdout]   23:     0x62b15363cac7 - lc3_vm::traps::tests::getc_works_correctly::{{closure}}::hd05cf2e1b77e5e3f
[INFO] [stdout]                                at /opt/rustwide/workdir/src/traps.rs:105:30
[INFO] [stdout]   24:     0x62b1536394a6 - core::ops::function::FnOnce::call_once::h0e22ce52813e4f75
[INFO] [stdout]                                at /rustc/6067b36314ab5eb2eb47cecc464545ba58e1ad24/library/core/src/ops/function.rs:250:5
[INFO] [stdout]   25:     0x62b15367c7eb - core::ops::function::FnOnce::call_once::he27718dfdd183f43
[INFO] [stdout]                                at /rustc/6067b36314ab5eb2eb47cecc464545ba58e1ad24/library/core/src/ops/function.rs:250:5
[INFO] [stdout]   26:     0x62b15367c7eb - test::__rust_begin_short_backtrace::h4e84902998457a5d
[INFO] [stdout]                                at /rustc/6067b36314ab5eb2eb47cecc464545ba58e1ad24/library/test/src/lib.rs:632:18
[INFO] [stdout]   27:     0x62b15367b723 - test::run_test_in_process::{{closure}}::h7176fd18fc1feca0
[INFO] [stdout]                                at /rustc/6067b36314ab5eb2eb47cecc464545ba58e1ad24/library/test/src/lib.rs:655:60
[INFO] [stdout]   28:     0x62b15367b723 - <core::panic::unwind_safe::AssertUnwindSafe<F> as core::ops::function::FnOnce<()>>::call_once::hf79cff2a624d8cf7
[INFO] [stdout]                                at /rustc/6067b36314ab5eb2eb47cecc464545ba58e1ad24/library/core/src/panic/unwind_safe.rs:272:9
[INFO] [stdout]   29:     0x62b15367b723 - std::panicking::try::do_call::h3da0561d9ab99c25
[INFO] [stdout]                                at /rustc/6067b36314ab5eb2eb47cecc464545ba58e1ad24/library/std/src/panicking.rs:587:40
[INFO] [stdout]   30:     0x62b15367b723 - std::panicking::try::h41c9fa508bc61df6
[INFO] [stdout]                                at /rustc/6067b36314ab5eb2eb47cecc464545ba58e1ad24/library/std/src/panicking.rs:550:19
[INFO] [stdout]   31:     0x62b15367b723 - std::panic::catch_unwind::h6b3ff07bb5afad93
[INFO] [stdout]                                at /rustc/6067b36314ab5eb2eb47cecc464545ba58e1ad24/library/std/src/panic.rs:358:14
[INFO] [stdout]   32:     0x62b15367b723 - test::run_test_in_process::hc7253dd11b39b9f4
[INFO] [stdout]                                at /rustc/6067b36314ab5eb2eb47cecc464545ba58e1ad24/library/test/src/lib.rs:655:27
[INFO] [stdout]   33:     0x62b15367b723 - test::run_test::{{closure}}::hfb2007f8649c30bb
[INFO] [stdout]                                at /rustc/6067b36314ab5eb2eb47cecc464545ba58e1ad24/library/test/src/lib.rs:576:43
[INFO] [stdout]   34:     0x62b15363e805 - test::run_test::{{closure}}::h56a17aa7a282a9f4
[INFO] [stdout]                                at /rustc/6067b36314ab5eb2eb47cecc464545ba58e1ad24/library/test/src/lib.rs:606:41
[INFO] [stdout]   35:     0x62b15363e805 - std::sys::backtrace::__rust_begin_short_backtrace::hd2d2d2fb8e8c6aac
[INFO] [stdout]                                at /rustc/6067b36314ab5eb2eb47cecc464545ba58e1ad24/library/std/src/sys/backtrace.rs:152:18
[INFO] [stdout]   36:     0x62b1536420ea - std::thread::Builder::spawn_unchecked_::{{closure}}::{{closure}}::h4faa3f9db6133423
[INFO] [stdout]                                at /rustc/6067b36314ab5eb2eb47cecc464545ba58e1ad24/library/std/src/thread/mod.rs:559:17
[INFO] [stdout]   37:     0x62b1536420ea - <core::panic::unwind_safe::AssertUnwindSafe<F> as core::ops::function::FnOnce<()>>::call_once::hf2e855a36a4ea846
[INFO] [stdout]                                at /rustc/6067b36314ab5eb2eb47cecc464545ba58e1ad24/library/core/src/panic/unwind_safe.rs:272:9
[INFO] [stdout]   38:     0x62b1536420ea - std::panicking::try::do_call::h2f73af3616c35465
[INFO] [stdout]                                at /rustc/6067b36314ab5eb2eb47cecc464545ba58e1ad24/library/std/src/panicking.rs:587:40
[INFO] [stdout]   39:     0x62b1536420ea - std::panicking::try::hd1660ce9efadef5a
[INFO] [stdout]                                at /rustc/6067b36314ab5eb2eb47cecc464545ba58e1ad24/library/std/src/panicking.rs:550:19
[INFO] [stdout]   40:     0x62b1536420ea - std::panic::catch_unwind::h5ee8d7823b8ca744
[INFO] [stdout]                                at /rustc/6067b36314ab5eb2eb47cecc464545ba58e1ad24/library/std/src/panic.rs:358:14
[INFO] [stdout]   41:     0x62b1536420ea - std::thread::Builder::spawn_unchecked_::{{closure}}::h53c3a1894dce8407
[INFO] [stdout]                                at /rustc/6067b36314ab5eb2eb47cecc464545ba58e1ad24/library/std/src/thread/mod.rs:557:30
[INFO] [stdout]   42:     0x62b1536420ea - core::ops::function::FnOnce::call_once{{vtable.shim}}::h048ce291ad4f62bf
[INFO] [stdout]                                at /rustc/6067b36314ab5eb2eb47cecc464545ba58e1ad24/library/core/src/ops/function.rs:250:5
[INFO] [stdout]   43:     0x62b1536bc68b - <alloc::boxed::Box<F,A> as core::ops::function::FnOnce<Args>>::call_once::ha52bedf99a3b4981
[INFO] [stdout]                                at /rustc/6067b36314ab5eb2eb47cecc464545ba58e1ad24/library/alloc/src/boxed.rs:2013:9
[INFO] [stdout]   44:     0x62b1536bc68b - <alloc::boxed::Box<F,A> as core::ops::function::FnOnce<Args>>::call_once::h567748934d80ccf8
[INFO] [stdout]                                at /rustc/6067b36314ab5eb2eb47cecc464545ba58e1ad24/library/alloc/src/boxed.rs:2013:9
[INFO] [stdout]   45:     0x62b1536bc68b - std::sys::pal::unix::thread::Thread::new::thread_start::h2d970728ae887adc
[INFO] [stdout]                                at /rustc/6067b36314ab5eb2eb47cecc464545ba58e1ad24/library/std/src/sys/pal/unix/thread.rs:106:17
[INFO] [stdout]   46:     0x79661ea7aac3 - <unknown>
[INFO] [stdout]   47:     0x79661eb0ba04 - clone
[INFO] [stdout]   48:                0x0 - <unknown>
[INFO] [stdout] 
[INFO] [stdout] 
[INFO] [stdout] failures:
[INFO] [stdout]     traps::tests::getc_works_correctly
[INFO] [stdout] 
[INFO] [stdout] test result: FAILED. 15 passed; 1 failed; 0 ignored; 0 measured; 0 filtered out; finished in 0.05s
[INFO] [stdout] 
[INFO] [stderr] error: test failed, to rerun pass `--bin lc3-vm`
[INFO] running `Command { std: "docker" "inspect" "9068c113680362c4f99509545af5e0dcf9607f1aa8bf4e99c5e93e0b796e7833", kill_on_drop: false }`
[INFO] running `Command { std: "docker" "rm" "-f" "9068c113680362c4f99509545af5e0dcf9607f1aa8bf4e99c5e93e0b796e7833", kill_on_drop: false }`
[INFO] [stdout] 9068c113680362c4f99509545af5e0dcf9607f1aa8bf4e99c5e93e0b796e7833
