[INFO] cloning repository https://github.com/rgreen32/rust-httpserver
[INFO] running `Command { std: "git" "-c" "credential.helper=" "-c" "credential.helper=/workspace/cargo-home/bin/git-credential-null" "clone" "--bare" "https://github.com/rgreen32/rust-httpserver" "/workspace/cache/git-repos/https%3A%2F%2Fgithub.com%2Frgreen32%2Frust-httpserver", kill_on_drop: false }`
[INFO] [stderr] Cloning into bare repository '/workspace/cache/git-repos/https%3A%2F%2Fgithub.com%2Frgreen32%2Frust-httpserver'...
[INFO] running `Command { std: "git" "rev-parse" "HEAD", kill_on_drop: false }`
[INFO] [stdout] c65ec39962aaf7bf000a036ce0ffb5375d6492b2
[INFO] testing rgreen32/rust-httpserver against nightly-2025-01-18 for randomize-layout-2
[INFO] running `Command { std: "git" "clone" "/workspace/cache/git-repos/https%3A%2F%2Fgithub.com%2Frgreen32%2Frust-httpserver" "/workspace/builds/worker-6-tc1/source", kill_on_drop: false }`
[INFO] [stderr] Cloning into '/workspace/builds/worker-6-tc1/source'...
[INFO] [stderr] done.
[INFO] validating manifest of git repo https://github.com/rgreen32/rust-httpserver on toolchain nightly-2025-01-18
[INFO] running `Command { std: CARGO_HOME="/workspace/cargo-home" RUSTUP_HOME="/workspace/rustup-home" "/workspace/cargo-home/bin/cargo" "+nightly-2025-01-18" "metadata" "--manifest-path" "Cargo.toml" "--no-deps", kill_on_drop: false }`
[INFO] started tweaking git repo https://github.com/rgreen32/rust-httpserver
[INFO] finished tweaking git repo https://github.com/rgreen32/rust-httpserver
[INFO] tweaked toml for git repo https://github.com/rgreen32/rust-httpserver written to /workspace/builds/worker-6-tc1/source/Cargo.toml
[INFO] crate git repo https://github.com/rgreen32/rust-httpserver already has a lockfile, it will not be regenerated
[INFO] running `Command { std: CARGO_HOME="/workspace/cargo-home" RUSTUP_HOME="/workspace/rustup-home" "/workspace/cargo-home/bin/cargo" "+nightly-2025-01-18" "fetch" "--manifest-path" "Cargo.toml", kill_on_drop: false }`
[INFO] [stderr]  Downloading crates ...
[INFO] [stderr]   Downloaded cc v1.1.12
[INFO] running `Command { std: "docker" "create" "-v" "/var/lib/crater-agent-workspace/builds/worker-6-tc1/target:/opt/rustwide/target:rw,Z" "-v" "/var/lib/crater-agent-workspace/builds/worker-6-tc1/source:/opt/rustwide/workdir:ro,Z" "-v" "/var/lib/crater-agent-workspace/cargo-home:/opt/rustwide/cargo-home:ro,Z" "-v" "/var/lib/crater-agent-workspace/rustup-home:/opt/rustwide/rustup-home:ro,Z" "-e" "SOURCE_DIR=/opt/rustwide/workdir" "-e" "CARGO_TARGET_DIR=/opt/rustwide/target" "-e" "CARGO_HOME=/opt/rustwide/cargo-home" "-e" "RUSTUP_HOME=/opt/rustwide/rustup-home" "-w" "/opt/rustwide/workdir" "-m" "1610612736" "--user" "0:0" "--network" "none" "ghcr.io/rust-lang/crates-build-env/linux@sha256:819108c5571ea2e421544af4d832f968d213c87fbe3707a016657f43d2f853bc" "/opt/rustwide/cargo-home/bin/cargo" "+nightly-2025-01-18" "metadata" "--no-deps" "--format-version=1", kill_on_drop: false }`
[INFO] [stdout] df3e5262e095c5d1dafe70605bbc0f383669a4df2c9f522ef39ffb95afd7a7d1
[INFO] running `Command { std: "docker" "start" "-a" "df3e5262e095c5d1dafe70605bbc0f383669a4df2c9f522ef39ffb95afd7a7d1", kill_on_drop: false }`
[INFO] running `Command { std: "docker" "inspect" "df3e5262e095c5d1dafe70605bbc0f383669a4df2c9f522ef39ffb95afd7a7d1", kill_on_drop: false }`
[INFO] running `Command { std: "docker" "rm" "-f" "df3e5262e095c5d1dafe70605bbc0f383669a4df2c9f522ef39ffb95afd7a7d1", kill_on_drop: false }`
[INFO] [stdout] df3e5262e095c5d1dafe70605bbc0f383669a4df2c9f522ef39ffb95afd7a7d1
[INFO] running `Command { std: "docker" "create" "-v" "/var/lib/crater-agent-workspace/builds/worker-6-tc1/target:/opt/rustwide/target:rw,Z" "-v" "/var/lib/crater-agent-workspace/builds/worker-6-tc1/source:/opt/rustwide/workdir:ro,Z" "-v" "/var/lib/crater-agent-workspace/cargo-home:/opt/rustwide/cargo-home:ro,Z" "-v" "/var/lib/crater-agent-workspace/rustup-home:/opt/rustwide/rustup-home:ro,Z" "-e" "SOURCE_DIR=/opt/rustwide/workdir" "-e" "CARGO_TARGET_DIR=/opt/rustwide/target" "-e" "CARGO_INCREMENTAL=0" "-e" "RUST_BACKTRACE=full" "-e" "RUSTFLAGS=--cap-lints=forbid" "-e" "RUSTDOCFLAGS=--cap-lints=forbid" "-e" "CARGO_HOME=/opt/rustwide/cargo-home" "-e" "RUSTUP_HOME=/opt/rustwide/rustup-home" "-w" "/opt/rustwide/workdir" "-m" "1610612736" "--user" "0:0" "--network" "none" "ghcr.io/rust-lang/crates-build-env/linux@sha256:819108c5571ea2e421544af4d832f968d213c87fbe3707a016657f43d2f853bc" "/opt/rustwide/cargo-home/bin/cargo" "+nightly-2025-01-18" "build" "--frozen" "--message-format=json", kill_on_drop: false }`
[INFO] [stdout] a9bc1d867e2e290021b31ef64dd6005cc18048dc5577c580da40c12f959e1c2f
[INFO] running `Command { std: "docker" "start" "-a" "a9bc1d867e2e290021b31ef64dd6005cc18048dc5577c580da40c12f959e1c2f", kill_on_drop: false }`
[INFO] [stderr]    Compiling proc-macro2 v1.0.86
[INFO] [stderr]    Compiling libc v0.2.155
[INFO] [stderr]    Compiling unicode-ident v1.0.12
[INFO] [stderr]    Compiling autocfg v1.3.0
[INFO] [stderr]    Compiling parking_lot_core v0.9.10
[INFO] [stderr]    Compiling scopeguard v1.2.0
[INFO] [stderr]    Compiling smallvec v1.13.2
[INFO] [stderr]    Compiling anyhow v1.0.86
[INFO] [stderr]    Compiling thiserror v1.0.63
[INFO] [stderr]    Compiling memchr v2.7.4
[INFO] [stderr]    Compiling bytes v1.7.1
[INFO] [stderr]    Compiling either v1.13.0
[INFO] [stderr]    Compiling pin-project-lite v0.2.14
[INFO] [stderr]    Compiling once_cell v1.19.0
[INFO] [stderr]    Compiling lazy_static v1.5.0
[INFO] [stderr]    Compiling itertools v0.11.0
[INFO] [stderr]    Compiling lock_api v0.4.12
[INFO] [stderr]    Compiling nom v7.1.3
[INFO] [stderr]    Compiling quote v1.0.36
[INFO] [stderr]    Compiling socket2 v0.5.7
[INFO] [stderr]    Compiling mio v1.0.2
[INFO] [stderr]    Compiling signal-hook-registry v1.4.2
[INFO] [stderr]    Compiling syn v2.0.74
[INFO] [stderr]    Compiling parking_lot v0.12.3
[INFO] [stderr]    Compiling tokio-macros v2.4.0
[INFO] [stderr]    Compiling thiserror-impl v1.0.63
[INFO] [stderr]    Compiling tokio v1.39.2
[INFO] [stderr]    Compiling http-server-starter-rust v0.1.0 (/opt/rustwide/workdir)
[INFO] [stdout] warning: unused import: `lazy_static::lazy_static`
[INFO] [stdout]  --> src/lib.rs:2:5
[INFO] [stdout]   |
[INFO] [stdout] 2 | use lazy_static::lazy_static;
[INFO] [stdout]   |     ^^^^^^^^^^^^^^^^^^^^^^^^
[INFO] [stdout]   |
[INFO] [stdout]   = note: `#[warn(unused_imports)]` on by default
[INFO] [stdout] 
[INFO] [stdout] 
[INFO] [stdout] warning: unused variable: `path_components`
[INFO] [stdout]  --> src/request_handler.rs:8:9
[INFO] [stdout]   |
[INFO] [stdout] 8 |     let path_components: Vec<&str> = request.request_line.target[1..]
[INFO] [stdout]   |         ^^^^^^^^^^^^^^^ help: if this is intentional, prefix it with an underscore: `_path_components`
[INFO] [stdout]   |
[INFO] [stdout]   = note: `#[warn(unused_variables)]` on by default
[INFO] [stdout] 
[INFO] [stdout] 
[INFO] [stdout] warning: variable does not need to be mutable
[INFO] [stdout]   --> src/request_handler.rs:66:125
[INFO] [stdout]    |
[INFO] [stdout] 66 | ...                   let mut file_contents_string: Option<String> = match File::open(file_path) {
[INFO] [stdout]    |                           ----^^^^^^^^^^^^^^^^^^^^
[INFO] [stdout]    |                           |
[INFO] [stdout]    |                           help: remove this `mut`
[INFO] [stdout]    |
[INFO] [stdout]    = note: `#[warn(unused_mut)]` on by default
[INFO] [stdout] 
[INFO] [stdout] 
[INFO] [stdout] warning: unused variable: `e`
[INFO] [stdout]    --> src/request_handler.rs:228:13
[INFO] [stdout]     |
[INFO] [stdout] 228 |         Err(e) => return Err(io::Error::new(io::ErrorKind::InvalidData, "Could not parse request_line into UTF8 string"))
[INFO] [stdout]     |             ^ help: if this is intentional, prefix it with an underscore: `_e`
[INFO] [stdout] 
[INFO] [stdout] 
[INFO] [stdout] warning: unused variable: `e`
[INFO] [stdout]    --> src/request_handler.rs:233:13
[INFO] [stdout]     |
[INFO] [stdout] 233 |         Err(e) => return Err(io::Error::new(io::ErrorKind::InvalidData, "Could not parse headers into UTF8 string"))
[INFO] [stdout]     |             ^ help: if this is intentional, prefix it with an underscore: `_e`
[INFO] [stdout] 
[INFO] [stdout] 
[INFO] [stdout] warning: unused variable: `e`
[INFO] [stdout]    --> src/request_handler.rs:238:13
[INFO] [stdout]     |
[INFO] [stdout] 238 |         Err(e) => return Err(io::Error::new(io::ErrorKind::InvalidData, "Could not parse body into UTF8 string"))
[INFO] [stdout]     |             ^ help: if this is intentional, prefix it with an underscore: `_e`
[INFO] [stdout] 
[INFO] [stdout] 
[INFO] [stdout] warning: unused `Result` that must be used
[INFO] [stdout]   --> src/lib.rs:28:9
[INFO] [stdout]    |
[INFO] [stdout] 28 |         write!(f, "{} ", self.version);
[INFO] [stdout]    |         ^^^^^^^^^^^^^^^^^^^^^^^^^^^^^^
[INFO] [stdout]    |
[INFO] [stdout]    = note: this `Result` may be an `Err` variant, which should be handled
[INFO] [stdout]    = note: `#[warn(unused_must_use)]` on by default
[INFO] [stdout]    = note: this warning originates in the macro `write` (in Nightly builds, run with -Z macro-backtrace for more info)
[INFO] [stdout] 
[INFO] [stdout] 
[INFO] [stdout] warning: unused `Result` that must be used
[INFO] [stdout]   --> src/lib.rs:29:9
[INFO] [stdout]    |
[INFO] [stdout] 29 |         write!(f, "{} ", self.status_code);
[INFO] [stdout]    |         ^^^^^^^^^^^^^^^^^^^^^^^^^^^^^^^^^^
[INFO] [stdout]    |
[INFO] [stdout]    = note: this `Result` may be an `Err` variant, which should be handled
[INFO] [stdout]    = note: this warning originates in the macro `write` (in Nightly builds, run with -Z macro-backtrace for more info)
[INFO] [stdout] 
[INFO] [stdout] 
[INFO] [stdout] warning: unused `Result` that must be used
[INFO] [stdout]   --> src/lib.rs:30:9
[INFO] [stdout]    |
[INFO] [stdout] 30 |         write!(f, "{}", self.reason_phrase);
[INFO] [stdout]    |         ^^^^^^^^^^^^^^^^^^^^^^^^^^^^^^^^^^^
[INFO] [stdout]    |
[INFO] [stdout]    = note: this `Result` may be an `Err` variant, which should be handled
[INFO] [stdout]    = note: this warning originates in the macro `write` (in Nightly builds, run with -Z macro-backtrace for more info)
[INFO] [stdout] 
[INFO] [stdout] 
[INFO] [stdout] warning: unused `Result` that must be used
[INFO] [stdout]   --> src/lib.rs:31:9
[INFO] [stdout]    |
[INFO] [stdout] 31 |         write!(f, "\r\n");
[INFO] [stdout]    |         ^^^^^^^^^^^^^^^^^
[INFO] [stdout]    |
[INFO] [stdout]    = note: this `Result` may be an `Err` variant, which should be handled
[INFO] [stdout]    = note: this warning originates in the macro `write` (in Nightly builds, run with -Z macro-backtrace for more info)
[INFO] [stdout] 
[INFO] [stdout] 
[INFO] [stdout] warning: unused `Result` that must be used
[INFO] [stdout]   --> src/lib.rs:34:13
[INFO] [stdout]    |
[INFO] [stdout] 34 |             write!(f, "{}: {}\r\n", header, value);
[INFO] [stdout]    |             ^^^^^^^^^^^^^^^^^^^^^^^^^^^^^^^^^^^^^^
[INFO] [stdout]    |
[INFO] [stdout]    = note: this `Result` may be an `Err` variant, which should be handled
[INFO] [stdout]    = note: this warning originates in the macro `write` (in Nightly builds, run with -Z macro-backtrace for more info)
[INFO] [stdout] 
[INFO] [stdout] 
[INFO] [stdout] warning: unused `Result` that must be used
[INFO] [stdout]   --> src/lib.rs:36:9
[INFO] [stdout]    |
[INFO] [stdout] 36 |         write!(f, "\r\n");
[INFO] [stdout]    |         ^^^^^^^^^^^^^^^^^
[INFO] [stdout]    |
[INFO] [stdout]    = note: this `Result` may be an `Err` variant, which should be handled
[INFO] [stdout]    = note: this warning originates in the macro `write` (in Nightly builds, run with -Z macro-backtrace for more info)
[INFO] [stdout] 
[INFO] [stdout] 
[INFO] [stdout] warning: unused `Result` that must be used
[INFO] [stdout]    --> src/request_handler.rs:284:5
[INFO] [stdout]     |
[INFO] [stdout] 284 |     stream.set_read_timeout(Some(Duration::new(1, 0)));
[INFO] [stdout]     |     ^^^^^^^^^^^^^^^^^^^^^^^^^^^^^^^^^^^^^^^^^^^^^^^^^^
[INFO] [stdout]     |
[INFO] [stdout]     = note: this `Result` may be an `Err` variant, which should be handled
[INFO] [stdout] help: use `let _ = ...` to ignore the resulting value
[INFO] [stdout]     |
[INFO] [stdout] 284 |     let _ = stream.set_read_timeout(Some(Duration::new(1, 0)));
[INFO] [stdout]     |     +++++++
[INFO] [stdout] 
[INFO] [stdout] 
[INFO] [stdout] warning: unused import: `APP_CONFIG_INSTANCE`
[INFO] [stdout]  --> src/main.rs:4:52
[INFO] [stdout]   |
[INFO] [stdout] 4 | use http_server_starter_rust::{config::{AppConfig, APP_CONFIG_INSTANCE}};
[INFO] [stdout]   |                                                    ^^^^^^^^^^^^^^^^^^^
[INFO] [stdout]   |
[INFO] [stdout]   = note: `#[warn(unused_imports)]` on by default
[INFO] [stdout] 
[INFO] [stdout] 
[INFO] [stdout] warning: unused `Result` that must be used
[INFO] [stdout]   --> src/main.rs:19:21
[INFO] [stdout]    |
[INFO] [stdout] 19 |                     _stream.set_read_timeout(Some(Duration::new(1, 0)));
[INFO] [stdout]    |                     ^^^^^^^^^^^^^^^^^^^^^^^^^^^^^^^^^^^^^^^^^^^^^^^^^^^
[INFO] [stdout]    |
[INFO] [stdout]    = note: this `Result` may be an `Err` variant, which should be handled
[INFO] [stdout]    = note: `#[warn(unused_must_use)]` on by default
[INFO] [stdout] help: use `let _ = ...` to ignore the resulting value
[INFO] [stdout]    |
[INFO] [stdout] 19 |                     let _ = _stream.set_read_timeout(Some(Duration::new(1, 0)));
[INFO] [stdout]    |                     +++++++
[INFO] [stdout] 
[INFO] [stdout] 
[INFO] [stderr]     Finished `dev` profile [unoptimized + debuginfo] target(s) in 14.46s
[INFO] running `Command { std: "docker" "inspect" "a9bc1d867e2e290021b31ef64dd6005cc18048dc5577c580da40c12f959e1c2f", kill_on_drop: false }`
[INFO] running `Command { std: "docker" "rm" "-f" "a9bc1d867e2e290021b31ef64dd6005cc18048dc5577c580da40c12f959e1c2f", kill_on_drop: false }`
[INFO] [stdout] a9bc1d867e2e290021b31ef64dd6005cc18048dc5577c580da40c12f959e1c2f
[INFO] running `Command { std: "docker" "create" "-v" "/var/lib/crater-agent-workspace/builds/worker-6-tc1/target:/opt/rustwide/target:rw,Z" "-v" "/var/lib/crater-agent-workspace/builds/worker-6-tc1/source:/opt/rustwide/workdir:ro,Z" "-v" "/var/lib/crater-agent-workspace/cargo-home:/opt/rustwide/cargo-home:ro,Z" "-v" "/var/lib/crater-agent-workspace/rustup-home:/opt/rustwide/rustup-home:ro,Z" "-e" "SOURCE_DIR=/opt/rustwide/workdir" "-e" "CARGO_TARGET_DIR=/opt/rustwide/target" "-e" "CARGO_INCREMENTAL=0" "-e" "RUST_BACKTRACE=full" "-e" "RUSTFLAGS=--cap-lints=forbid" "-e" "RUSTDOCFLAGS=--cap-lints=forbid" "-e" "CARGO_HOME=/opt/rustwide/cargo-home" "-e" "RUSTUP_HOME=/opt/rustwide/rustup-home" "-w" "/opt/rustwide/workdir" "-m" "1610612736" "--user" "0:0" "--network" "none" "ghcr.io/rust-lang/crates-build-env/linux@sha256:819108c5571ea2e421544af4d832f968d213c87fbe3707a016657f43d2f853bc" "/opt/rustwide/cargo-home/bin/cargo" "+nightly-2025-01-18" "test" "--frozen" "--no-run" "--message-format=json", kill_on_drop: false }`
[INFO] [stdout] cb5362bbffeba325dbcc849cbd6b19e8cf50f1e32382e8e635c5be837575b15e
[INFO] running `Command { std: "docker" "start" "-a" "cb5362bbffeba325dbcc849cbd6b19e8cf50f1e32382e8e635c5be837575b15e", kill_on_drop: false }`
[INFO] [stderr]    Compiling diff v0.1.13
[INFO] [stderr]    Compiling yansi v0.5.1
[INFO] [stdout] warning: unused import: `lazy_static::lazy_static`
[INFO] [stdout]  --> src/lib.rs:2:5
[INFO] [stdout]   |
[INFO] [stdout] 2 | use lazy_static::lazy_static;
[INFO] [stdout]   |     ^^^^^^^^^^^^^^^^^^^^^^^^
[INFO] [stdout]   |
[INFO] [stdout]   = note: `#[warn(unused_imports)]` on by default
[INFO] [stdout] 
[INFO] [stdout] 
[INFO] [stdout] warning: unused variable: `path_components`
[INFO] [stdout]  --> src/request_handler.rs:8:9
[INFO] [stdout]   |
[INFO] [stdout] 8 |     let path_components: Vec<&str> = request.request_line.target[1..]
[INFO] [stdout]   |         ^^^^^^^^^^^^^^^ help: if this is intentional, prefix it with an underscore: `_path_components`
[INFO] [stdout]   |
[INFO] [stdout]   = note: `#[warn(unused_variables)]` on by default
[INFO] [stdout] 
[INFO] [stdout] 
[INFO] [stdout] warning: variable does not need to be mutable
[INFO] [stdout]   --> src/request_handler.rs:66:125
[INFO] [stdout]    |
[INFO] [stdout] 66 | ...                   let mut file_contents_string: Option<String> = match File::open(file_path) {
[INFO] [stdout]    |                           ----^^^^^^^^^^^^^^^^^^^^
[INFO] [stdout]    |                           |
[INFO] [stdout]    |                           help: remove this `mut`
[INFO] [stdout]    |
[INFO] [stdout]    = note: `#[warn(unused_mut)]` on by default
[INFO] [stdout] 
[INFO] [stdout] 
[INFO] [stdout] warning: unused variable: `e`
[INFO] [stdout]    --> src/request_handler.rs:228:13
[INFO] [stdout]     |
[INFO] [stdout] 228 |         Err(e) => return Err(io::Error::new(io::ErrorKind::InvalidData, "Could not parse request_line into UTF8 string"))
[INFO] [stdout]     |             ^ help: if this is intentional, prefix it with an underscore: `_e`
[INFO] [stdout] 
[INFO] [stdout] 
[INFO] [stdout] warning: unused variable: `e`
[INFO] [stdout]    --> src/request_handler.rs:233:13
[INFO] [stdout]     |
[INFO] [stdout] 233 |         Err(e) => return Err(io::Error::new(io::ErrorKind::InvalidData, "Could not parse headers into UTF8 string"))
[INFO] [stdout]     |             ^ help: if this is intentional, prefix it with an underscore: `_e`
[INFO] [stdout] 
[INFO] [stdout] 
[INFO] [stdout] warning: unused variable: `e`
[INFO] [stdout]    --> src/request_handler.rs:238:13
[INFO] [stdout]     |
[INFO] [stdout] 238 |         Err(e) => return Err(io::Error::new(io::ErrorKind::InvalidData, "Could not parse body into UTF8 string"))
[INFO] [stdout]     |             ^ help: if this is intentional, prefix it with an underscore: `_e`
[INFO] [stdout] 
[INFO] [stdout] 
[INFO] [stdout] warning: unused `Result` that must be used
[INFO] [stdout]   --> src/lib.rs:28:9
[INFO] [stdout]    |
[INFO] [stdout] 28 |         write!(f, "{} ", self.version);
[INFO] [stdout]    |         ^^^^^^^^^^^^^^^^^^^^^^^^^^^^^^
[INFO] [stdout]    |
[INFO] [stdout]    = note: this `Result` may be an `Err` variant, which should be handled
[INFO] [stdout]    = note: `#[warn(unused_must_use)]` on by default
[INFO] [stdout]    = note: this warning originates in the macro `write` (in Nightly builds, run with -Z macro-backtrace for more info)
[INFO] [stdout] 
[INFO] [stdout] 
[INFO] [stdout] warning: unused `Result` that must be used
[INFO] [stdout]   --> src/lib.rs:29:9
[INFO] [stdout]    |
[INFO] [stdout] 29 |         write!(f, "{} ", self.status_code);
[INFO] [stdout]    |         ^^^^^^^^^^^^^^^^^^^^^^^^^^^^^^^^^^
[INFO] [stdout]    |
[INFO] [stdout]    = note: this `Result` may be an `Err` variant, which should be handled
[INFO] [stdout]    = note: this warning originates in the macro `write` (in Nightly builds, run with -Z macro-backtrace for more info)
[INFO] [stdout] 
[INFO] [stdout] 
[INFO] [stdout] warning: unused `Result` that must be used
[INFO] [stdout]   --> src/lib.rs:30:9
[INFO] [stdout]    |
[INFO] [stdout] 30 |         write!(f, "{}", self.reason_phrase);
[INFO] [stdout]    |         ^^^^^^^^^^^^^^^^^^^^^^^^^^^^^^^^^^^
[INFO] [stdout]    |
[INFO] [stdout]    = note: this `Result` may be an `Err` variant, which should be handled
[INFO] [stdout]    = note: this warning originates in the macro `write` (in Nightly builds, run with -Z macro-backtrace for more info)
[INFO] [stdout] 
[INFO] [stdout] 
[INFO] [stdout] warning: unused `Result` that must be used
[INFO] [stdout]   --> src/lib.rs:31:9
[INFO] [stdout]    |
[INFO] [stdout] 31 |         write!(f, "\r\n");
[INFO] [stdout]    |         ^^^^^^^^^^^^^^^^^
[INFO] [stdout]    |
[INFO] [stdout]    = note: this `Result` may be an `Err` variant, which should be handled
[INFO] [stdout]    = note: this warning originates in the macro `write` (in Nightly builds, run with -Z macro-backtrace for more info)
[INFO] [stdout] 
[INFO] [stdout] 
[INFO] [stdout] warning: unused `Result` that must be used
[INFO] [stdout]   --> src/lib.rs:34:13
[INFO] [stdout]    |
[INFO] [stdout] 34 |             write!(f, "{}: {}\r\n", header, value);
[INFO] [stdout]    |             ^^^^^^^^^^^^^^^^^^^^^^^^^^^^^^^^^^^^^^
[INFO] [stdout]    |
[INFO] [stdout]    = note: this `Result` may be an `Err` variant, which should be handled
[INFO] [stdout]    = note: this warning originates in the macro `write` (in Nightly builds, run with -Z macro-backtrace for more info)
[INFO] [stdout] 
[INFO] [stdout] 
[INFO] [stdout] warning: unused `Result` that must be used
[INFO] [stdout]   --> src/lib.rs:36:9
[INFO] [stdout]    |
[INFO] [stdout] 36 |         write!(f, "\r\n");
[INFO] [stdout]    |         ^^^^^^^^^^^^^^^^^
[INFO] [stdout]    |
[INFO] [stdout]    = note: this `Result` may be an `Err` variant, which should be handled
[INFO] [stdout]    = note: this warning originates in the macro `write` (in Nightly builds, run with -Z macro-backtrace for more info)
[INFO] [stdout] 
[INFO] [stdout] 
[INFO] [stdout] warning: unused `Result` that must be used
[INFO] [stdout]    --> src/request_handler.rs:284:5
[INFO] [stdout]     |
[INFO] [stdout] 284 |     stream.set_read_timeout(Some(Duration::new(1, 0)));
[INFO] [stdout]     |     ^^^^^^^^^^^^^^^^^^^^^^^^^^^^^^^^^^^^^^^^^^^^^^^^^^
[INFO] [stdout]     |
[INFO] [stdout]     = note: this `Result` may be an `Err` variant, which should be handled
[INFO] [stdout] help: use `let _ = ...` to ignore the resulting value
[INFO] [stdout]     |
[INFO] [stdout] 284 |     let _ = stream.set_read_timeout(Some(Duration::new(1, 0)));
[INFO] [stdout]     |     +++++++
[INFO] [stdout] 
[INFO] [stdout] 
[INFO] [stdout] warning: unused import: `APP_CONFIG_INSTANCE`
[INFO] [stdout]  --> src/main.rs:4:52
[INFO] [stdout]   |
[INFO] [stdout] 4 | use http_server_starter_rust::{config::{AppConfig, APP_CONFIG_INSTANCE}};
[INFO] [stdout]   |                                                    ^^^^^^^^^^^^^^^^^^^
[INFO] [stdout]   |
[INFO] [stdout]   = note: `#[warn(unused_imports)]` on by default
[INFO] [stdout] 
[INFO] [stdout] 
[INFO] [stdout] warning: unused `Result` that must be used
[INFO] [stdout]   --> src/main.rs:19:21
[INFO] [stdout]    |
[INFO] [stdout] 19 |                     _stream.set_read_timeout(Some(Duration::new(1, 0)));
[INFO] [stdout]    |                     ^^^^^^^^^^^^^^^^^^^^^^^^^^^^^^^^^^^^^^^^^^^^^^^^^^^
[INFO] [stdout]    |
[INFO] [stdout]    = note: this `Result` may be an `Err` variant, which should be handled
[INFO] [stdout]    = note: `#[warn(unused_must_use)]` on by default
[INFO] [stdout] help: use `let _ = ...` to ignore the resulting value
[INFO] [stdout]    |
[INFO] [stdout] 19 |                     let _ = _stream.set_read_timeout(Some(Duration::new(1, 0)));
[INFO] [stdout]    |                     +++++++
[INFO] [stdout] 
[INFO] [stdout] 
[INFO] [stderr]    Compiling pretty_assertions v1.4.0
[INFO] [stderr]    Compiling http-server-starter-rust v0.1.0 (/opt/rustwide/workdir)
[INFO] [stdout] warning: unused import: `lazy_static::lazy_static`
[INFO] [stdout]  --> src/lib.rs:2:5
[INFO] [stdout]   |
[INFO] [stdout] 2 | use lazy_static::lazy_static;
[INFO] [stdout]   |     ^^^^^^^^^^^^^^^^^^^^^^^^
[INFO] [stdout]   |
[INFO] [stdout]   = note: `#[warn(unused_imports)]` on by default
[INFO] [stdout] 
[INFO] [stdout] 
[INFO] [stdout] warning: unused import: `APP_CONFIG_INSTANCE`
[INFO] [stdout]  --> src/main.rs:4:52
[INFO] [stdout]   |
[INFO] [stdout] 4 | use http_server_starter_rust::{config::{AppConfig, APP_CONFIG_INSTANCE}};
[INFO] [stdout]   |                                                    ^^^^^^^^^^^^^^^^^^^
[INFO] [stdout]   |
[INFO] [stdout]   = note: `#[warn(unused_imports)]` on by default
[INFO] [stdout] 
[INFO] [stdout] 
[INFO] [stdout] warning: unused `Result` that must be used
[INFO] [stdout]   --> src/main.rs:19:21
[INFO] [stdout]    |
[INFO] [stdout] 19 |                     _stream.set_read_timeout(Some(Duration::new(1, 0)));
[INFO] [stdout]    |                     ^^^^^^^^^^^^^^^^^^^^^^^^^^^^^^^^^^^^^^^^^^^^^^^^^^^
[INFO] [stdout]    |
[INFO] [stdout]    = note: this `Result` may be an `Err` variant, which should be handled
[INFO] [stdout]    = note: `#[warn(unused_must_use)]` on by default
[INFO] [stdout] help: use `let _ = ...` to ignore the resulting value
[INFO] [stdout]    |
[INFO] [stdout] 19 |                     let _ = _stream.set_read_timeout(Some(Duration::new(1, 0)));
[INFO] [stdout]    |                     +++++++
[INFO] [stdout] 
[INFO] [stdout] 
[INFO] [stdout] warning: unused import: `net::TcpStream`
[INFO] [stdout]  --> tests/request_handler.rs:1:33
[INFO] [stdout]   |
[INFO] [stdout] 1 | use std::{collections::HashMap, net::TcpStream};
[INFO] [stdout]   |                                 ^^^^^^^^^^^^^^
[INFO] [stdout]   |
[INFO] [stdout]   = note: `#[warn(unused_imports)]` on by default
[INFO] [stdout] 
[INFO] [stdout] 
[INFO] [stdout] warning: unused import: `std::io::Write`
[INFO] [stdout]  --> tests/request_handler.rs:2:5
[INFO] [stdout]   |
[INFO] [stdout] 2 | use std::io::Write;
[INFO] [stdout]   |     ^^^^^^^^^^^^^^
[INFO] [stdout] 
[INFO] [stdout] 
[INFO] [stdout] warning: unused import: `std::str::from_utf8`
[INFO] [stdout]  --> tests/request_handler.rs:3:5
[INFO] [stdout]   |
[INFO] [stdout] 3 | use std::str::from_utf8;
[INFO] [stdout]   |     ^^^^^^^^^^^^^^^^^^^
[INFO] [stdout] 
[INFO] [stdout] 
[INFO] [stdout] warning: unused import: `HttpResponse`
[INFO] [stdout]  --> tests/request_handler.rs:5:62
[INFO] [stdout]   |
[INFO] [stdout] 5 | use http_server_starter_rust::{request_handler, HttpRequest, HttpResponse, RequestLine};
[INFO] [stdout]   |                                                              ^^^^^^^^^^^^
[INFO] [stdout] 
[INFO] [stdout] 
[INFO] [stdout] warning: unused import: `Read`
[INFO] [stdout]  --> tests/request_handler.rs:6:23
[INFO] [stdout]   |
[INFO] [stdout] 6 | use std::io::{Cursor, Read};
[INFO] [stdout]   |                       ^^^^
[INFO] [stdout] 
[INFO] [stdout] 
[INFO] [stdout] warning: unused variable: `path_components`
[INFO] [stdout]  --> src/request_handler.rs:8:9
[INFO] [stdout]   |
[INFO] [stdout] 8 |     let path_components: Vec<&str> = request.request_line.target[1..]
[INFO] [stdout]   |         ^^^^^^^^^^^^^^^ help: if this is intentional, prefix it with an underscore: `_path_components`
[INFO] [stdout]   |
[INFO] [stdout]   = note: `#[warn(unused_variables)]` on by default
[INFO] [stdout] 
[INFO] [stdout] 
[INFO] [stdout] warning: variable does not need to be mutable
[INFO] [stdout]   --> src/request_handler.rs:66:125
[INFO] [stdout]    |
[INFO] [stdout] 66 | ...                   let mut file_contents_string: Option<String> = match File::open(file_path) {
[INFO] [stdout]    |                           ----^^^^^^^^^^^^^^^^^^^^
[INFO] [stdout]    |                           |
[INFO] [stdout]    |                           help: remove this `mut`
[INFO] [stdout]    |
[INFO] [stdout]    = note: `#[warn(unused_mut)]` on by default
[INFO] [stdout] 
[INFO] [stdout] 
[INFO] [stdout] warning: unused variable: `e`
[INFO] [stdout]    --> src/request_handler.rs:228:13
[INFO] [stdout]     |
[INFO] [stdout] 228 |         Err(e) => return Err(io::Error::new(io::ErrorKind::InvalidData, "Could not parse request_line into UTF8 string"))
[INFO] [stdout]     |             ^ help: if this is intentional, prefix it with an underscore: `_e`
[INFO] [stdout] 
[INFO] [stdout] 
[INFO] [stdout] warning: unused variable: `e`
[INFO] [stdout]    --> src/request_handler.rs:233:13
[INFO] [stdout]     |
[INFO] [stdout] 233 |         Err(e) => return Err(io::Error::new(io::ErrorKind::InvalidData, "Could not parse headers into UTF8 string"))
[INFO] [stdout]     |             ^ help: if this is intentional, prefix it with an underscore: `_e`
[INFO] [stdout] 
[INFO] [stdout] 
[INFO] [stdout] warning: unused variable: `e`
[INFO] [stdout]    --> src/request_handler.rs:238:13
[INFO] [stdout]     |
[INFO] [stdout] 238 |         Err(e) => return Err(io::Error::new(io::ErrorKind::InvalidData, "Could not parse body into UTF8 string"))
[INFO] [stdout]     |             ^ help: if this is intentional, prefix it with an underscore: `_e`
[INFO] [stdout] 
[INFO] [stdout] 
[INFO] [stdout] warning: unused `Result` that must be used
[INFO] [stdout]   --> src/lib.rs:28:9
[INFO] [stdout]    |
[INFO] [stdout] 28 |         write!(f, "{} ", self.version);
[INFO] [stdout]    |         ^^^^^^^^^^^^^^^^^^^^^^^^^^^^^^
[INFO] [stdout]    |
[INFO] [stdout]    = note: this `Result` may be an `Err` variant, which should be handled
[INFO] [stdout]    = note: `#[warn(unused_must_use)]` on by default
[INFO] [stdout]    = note: this warning originates in the macro `write` (in Nightly builds, run with -Z macro-backtrace for more info)
[INFO] [stdout] 
[INFO] [stdout] 
[INFO] [stdout] warning: unused `Result` that must be used
[INFO] [stdout]   --> src/lib.rs:29:9
[INFO] [stdout]    |
[INFO] [stdout] 29 |         write!(f, "{} ", self.status_code);
[INFO] [stdout]    |         ^^^^^^^^^^^^^^^^^^^^^^^^^^^^^^^^^^
[INFO] [stdout]    |
[INFO] [stdout]    = note: this `Result` may be an `Err` variant, which should be handled
[INFO] [stdout]    = note: this warning originates in the macro `write` (in Nightly builds, run with -Z macro-backtrace for more info)
[INFO] [stdout] 
[INFO] [stdout] 
[INFO] [stdout] warning: unused `Result` that must be used
[INFO] [stdout]   --> src/lib.rs:30:9
[INFO] [stdout]    |
[INFO] [stdout] 30 |         write!(f, "{}", self.reason_phrase);
[INFO] [stdout]    |         ^^^^^^^^^^^^^^^^^^^^^^^^^^^^^^^^^^^
[INFO] [stdout]    |
[INFO] [stdout]    = note: this `Result` may be an `Err` variant, which should be handled
[INFO] [stdout]    = note: this warning originates in the macro `write` (in Nightly builds, run with -Z macro-backtrace for more info)
[INFO] [stdout] 
[INFO] [stdout] 
[INFO] [stdout] warning: unused `Result` that must be used
[INFO] [stdout]   --> src/lib.rs:31:9
[INFO] [stdout]    |
[INFO] [stdout] 31 |         write!(f, "\r\n");
[INFO] [stdout]    |         ^^^^^^^^^^^^^^^^^
[INFO] [stdout]    |
[INFO] [stdout]    = note: this `Result` may be an `Err` variant, which should be handled
[INFO] [stdout]    = note: this warning originates in the macro `write` (in Nightly builds, run with -Z macro-backtrace for more info)
[INFO] [stdout] 
[INFO] [stdout] 
[INFO] [stdout] warning: unused `Result` that must be used
[INFO] [stdout]   --> src/lib.rs:34:13
[INFO] [stdout]    |
[INFO] [stdout] 34 |             write!(f, "{}: {}\r\n", header, value);
[INFO] [stdout]    |             ^^^^^^^^^^^^^^^^^^^^^^^^^^^^^^^^^^^^^^
[INFO] [stdout]    |
[INFO] [stdout]    = note: this `Result` may be an `Err` variant, which should be handled
[INFO] [stdout]    = note: this warning originates in the macro `write` (in Nightly builds, run with -Z macro-backtrace for more info)
[INFO] [stdout] 
[INFO] [stdout] 
[INFO] [stdout] warning: unused `Result` that must be used
[INFO] [stdout]   --> src/lib.rs:36:9
[INFO] [stdout]    |
[INFO] [stdout] 36 |         write!(f, "\r\n");
[INFO] [stdout]    |         ^^^^^^^^^^^^^^^^^
[INFO] [stdout]    |
[INFO] [stdout]    = note: this `Result` may be an `Err` variant, which should be handled
[INFO] [stdout]    = note: this warning originates in the macro `write` (in Nightly builds, run with -Z macro-backtrace for more info)
[INFO] [stdout] 
[INFO] [stdout] 
[INFO] [stdout] warning: unused `Result` that must be used
[INFO] [stdout]    --> src/request_handler.rs:284:5
[INFO] [stdout]     |
[INFO] [stdout] 284 |     stream.set_read_timeout(Some(Duration::new(1, 0)));
[INFO] [stdout]     |     ^^^^^^^^^^^^^^^^^^^^^^^^^^^^^^^^^^^^^^^^^^^^^^^^^^
[INFO] [stdout]     |
[INFO] [stdout]     = note: this `Result` may be an `Err` variant, which should be handled
[INFO] [stdout] help: use `let _ = ...` to ignore the resulting value
[INFO] [stdout]     |
[INFO] [stdout] 284 |     let _ = stream.set_read_timeout(Some(Duration::new(1, 0)));
[INFO] [stdout]     |     +++++++
[INFO] [stdout] 
[INFO] [stdout] 
[INFO] [stderr]     Finished `test` profile [unoptimized + debuginfo] target(s) in 0.79s
[INFO] running `Command { std: "docker" "inspect" "cb5362bbffeba325dbcc849cbd6b19e8cf50f1e32382e8e635c5be837575b15e", kill_on_drop: false }`
[INFO] running `Command { std: "docker" "rm" "-f" "cb5362bbffeba325dbcc849cbd6b19e8cf50f1e32382e8e635c5be837575b15e", kill_on_drop: false }`
[INFO] [stdout] cb5362bbffeba325dbcc849cbd6b19e8cf50f1e32382e8e635c5be837575b15e
[INFO] running `Command { std: "docker" "create" "-v" "/var/lib/crater-agent-workspace/builds/worker-6-tc1/target:/opt/rustwide/target:rw,Z" "-v" "/var/lib/crater-agent-workspace/builds/worker-6-tc1/source:/opt/rustwide/workdir:ro,Z" "-v" "/var/lib/crater-agent-workspace/cargo-home:/opt/rustwide/cargo-home:ro,Z" "-v" "/var/lib/crater-agent-workspace/rustup-home:/opt/rustwide/rustup-home:ro,Z" "-e" "SOURCE_DIR=/opt/rustwide/workdir" "-e" "CARGO_TARGET_DIR=/opt/rustwide/target" "-e" "CARGO_INCREMENTAL=0" "-e" "RUST_BACKTRACE=full" "-e" "RUSTFLAGS=--cap-lints=forbid" "-e" "RUSTDOCFLAGS=--cap-lints=forbid" "-e" "CARGO_HOME=/opt/rustwide/cargo-home" "-e" "RUSTUP_HOME=/opt/rustwide/rustup-home" "-w" "/opt/rustwide/workdir" "-m" "1610612736" "--user" "0:0" "--network" "none" "ghcr.io/rust-lang/crates-build-env/linux@sha256:819108c5571ea2e421544af4d832f968d213c87fbe3707a016657f43d2f853bc" "/opt/rustwide/cargo-home/bin/cargo" "+nightly-2025-01-18" "test" "--frozen", kill_on_drop: false }`
[INFO] [stdout] d0140dad0b4833c1dc4f982284a0a4a273d308788fe77ded17c5b8e7de20a6a4
[INFO] running `Command { std: "docker" "start" "-a" "d0140dad0b4833c1dc4f982284a0a4a273d308788fe77ded17c5b8e7de20a6a4", kill_on_drop: false }`
[INFO] [stderr] warning: unused import: `lazy_static::lazy_static`
[INFO] [stderr]  --> src/lib.rs:2:5
[INFO] [stderr]   |
[INFO] [stderr] 2 | use lazy_static::lazy_static;
[INFO] [stderr]   |     ^^^^^^^^^^^^^^^^^^^^^^^^
[INFO] [stderr]   |
[INFO] [stderr]   = note: `#[warn(unused_imports)]` on by default
[INFO] [stderr] 
[INFO] [stderr] warning: unused variable: `path_components`
[INFO] [stderr]  --> src/request_handler.rs:8:9
[INFO] [stderr]   |
[INFO] [stderr] 8 |     let path_components: Vec<&str> = request.request_line.target[1..]
[INFO] [stderr]   |         ^^^^^^^^^^^^^^^ help: if this is intentional, prefix it with an underscore: `_path_components`
[INFO] [stderr]   |
[INFO] [stderr]   = note: `#[warn(unused_variables)]` on by default
[INFO] [stderr] 
[INFO] [stderr] warning: variable does not need to be mutable
[INFO] [stderr]   --> src/request_handler.rs:66:125
[INFO] [stderr]    |
[INFO] [stderr] 66 | ...                   let mut file_contents_string: Option<String> = match File::open(file_path) {
[INFO] [stderr]    |                           ----^^^^^^^^^^^^^^^^^^^^
[INFO] [stderr]    |                           |
[INFO] [stderr]    |                           help: remove this `mut`
[INFO] [stderr]    |
[INFO] [stderr]    = note: `#[warn(unused_mut)]` on by default
[INFO] [stderr] 
[INFO] [stderr] warning: unused variable: `e`
[INFO] [stderr]    --> src/request_handler.rs:228:13
[INFO] [stderr]     |
[INFO] [stderr] 228 |         Err(e) => return Err(io::Error::new(io::ErrorKind::InvalidData, "Could not parse request_line into UTF8 string"))
[INFO] [stderr]     |             ^ help: if this is intentional, prefix it with an underscore: `_e`
[INFO] [stderr] 
[INFO] [stderr] warning: unused variable: `e`
[INFO] [stderr]    --> src/request_handler.rs:233:13
[INFO] [stderr]     |
[INFO] [stderr] 233 |         Err(e) => return Err(io::Error::new(io::ErrorKind::InvalidData, "Could not parse headers into UTF8 string"))
[INFO] [stderr]     |             ^ help: if this is intentional, prefix it with an underscore: `_e`
[INFO] [stderr] 
[INFO] [stderr] warning: unused variable: `e`
[INFO] [stderr]    --> src/request_handler.rs:238:13
[INFO] [stderr]     |
[INFO] [stderr] 238 |         Err(e) => return Err(io::Error::new(io::ErrorKind::InvalidData, "Could not parse body into UTF8 string"))
[INFO] [stderr]     |             ^ help: if this is intentional, prefix it with an underscore: `_e`
[INFO] [stderr] 
[INFO] [stderr] warning: unused `Result` that must be used
[INFO] [stderr]   --> src/lib.rs:28:9
[INFO] [stderr]    |
[INFO] [stderr] 28 |         write!(f, "{} ", self.version);
[INFO] [stderr]    |         ^^^^^^^^^^^^^^^^^^^^^^^^^^^^^^
[INFO] [stderr]    |
[INFO] [stderr]    = note: this `Result` may be an `Err` variant, which should be handled
[INFO] [stderr]    = note: `#[warn(unused_must_use)]` on by default
[INFO] [stderr]    = note: this warning originates in the macro `write` (in Nightly builds, run with -Z macro-backtrace for more info)
[INFO] [stderr] 
[INFO] [stderr] warning: unused `Result` that must be used
[INFO] [stderr]   --> src/lib.rs:29:9
[INFO] [stderr]    |
[INFO] [stderr] 29 |         write!(f, "{} ", self.status_code);
[INFO] [stderr]    |         ^^^^^^^^^^^^^^^^^^^^^^^^^^^^^^^^^^
[INFO] [stderr]    |
[INFO] [stderr]    = note: this `Result` may be an `Err` variant, which should be handled
[INFO] [stderr]    = note: this warning originates in the macro `write` (in Nightly builds, run with -Z macro-backtrace for more info)
[INFO] [stderr] 
[INFO] [stderr] warning: unused `Result` that must be used
[INFO] [stderr]   --> src/lib.rs:30:9
[INFO] [stderr]    |
[INFO] [stderr] 30 |         write!(f, "{}", self.reason_phrase);
[INFO] [stderr]    |         ^^^^^^^^^^^^^^^^^^^^^^^^^^^^^^^^^^^
[INFO] [stderr]    |
[INFO] [stderr]    = note: this `Result` may be an `Err` variant, which should be handled
[INFO] [stderr]    = note: this warning originates in the macro `write` (in Nightly builds, run with -Z macro-backtrace for more info)
[INFO] [stderr] 
[INFO] [stderr] warning: unused `Result` that must be used
[INFO] [stderr]   --> src/lib.rs:31:9
[INFO] [stderr]    |
[INFO] [stderr] 31 |         write!(f, "\r\n");
[INFO] [stderr]    |         ^^^^^^^^^^^^^^^^^
[INFO] [stderr]    |
[INFO] [stderr]    = note: this `Result` may be an `Err` variant, which should be handled
[INFO] [stderr]    = note: this warning originates in the macro `write` (in Nightly builds, run with -Z macro-backtrace for more info)
[INFO] [stderr] 
[INFO] [stderr] warning: unused `Result` that must be used
[INFO] [stderr]   --> src/lib.rs:34:13
[INFO] [stderr]    |
[INFO] [stderr] 34 |             write!(f, "{}: {}\r\n", header, value);
[INFO] [stderr]    |             ^^^^^^^^^^^^^^^^^^^^^^^^^^^^^^^^^^^^^^
[INFO] [stderr]    |
[INFO] [stderr]    = note: this `Result` may be an `Err` variant, which should be handled
[INFO] [stderr]    = note: this warning originates in the macro `write` (in Nightly builds, run with -Z macro-backtrace for more info)
[INFO] [stderr] 
[INFO] [stderr] warning: unused `Result` that must be used
[INFO] [stderr]   --> src/lib.rs:36:9
[INFO] [stderr]    |
[INFO] [stderr] 36 |         write!(f, "\r\n");
[INFO] [stderr]    |         ^^^^^^^^^^^^^^^^^
[INFO] [stderr]    |
[INFO] [stderr]    = note: this `Result` may be an `Err` variant, which should be handled
[INFO] [stderr]    = note: this warning originates in the macro `write` (in Nightly builds, run with -Z macro-backtrace for more info)
[INFO] [stderr] 
[INFO] [stderr] warning: unused `Result` that must be used
[INFO] [stderr]    --> src/request_handler.rs:284:5
[INFO] [stderr]     |
[INFO] [stderr] 284 |     stream.set_read_timeout(Some(Duration::new(1, 0)));
[INFO] [stderr]     |     ^^^^^^^^^^^^^^^^^^^^^^^^^^^^^^^^^^^^^^^^^^^^^^^^^^
[INFO] [stderr]     |
[INFO] [stderr]     = note: this `Result` may be an `Err` variant, which should be handled
[INFO] [stderr] help: use `let _ = ...` to ignore the resulting value
[INFO] [stderr]     |
[INFO] [stderr] 284 |     let _ = stream.set_read_timeout(Some(Duration::new(1, 0)));
[INFO] [stderr]     |     +++++++
[INFO] [stderr] 
[INFO] [stderr] warning: `http-server-starter-rust` (lib) generated 13 warnings (run `cargo fix --lib -p http-server-starter-rust` to apply 2 suggestions)
[INFO] [stderr] warning: `http-server-starter-rust` (lib test) generated 13 warnings (13 duplicates)
[INFO] [stderr] warning: unused import: `net::TcpStream`
[INFO] [stderr]  --> tests/request_handler.rs:1:33
[INFO] [stderr]   |
[INFO] [stderr] 1 | use std::{collections::HashMap, net::TcpStream};
[INFO] [stderr]   |                                 ^^^^^^^^^^^^^^
[INFO] [stderr]   |
[INFO] [stderr]   = note: `#[warn(unused_imports)]` on by default
[INFO] [stderr] 
[INFO] [stderr] warning: unused import: `std::io::Write`
[INFO] [stderr]  --> tests/request_handler.rs:2:5
[INFO] [stderr]   |
[INFO] [stderr] 2 | use std::io::Write;
[INFO] [stderr]   |     ^^^^^^^^^^^^^^
[INFO] [stderr] 
[INFO] [stderr] warning: unused import: `std::str::from_utf8`
[INFO] [stderr]  --> tests/request_handler.rs:3:5
[INFO] [stderr]   |
[INFO] [stderr] 3 | use std::str::from_utf8;
[INFO] [stderr]   |     ^^^^^^^^^^^^^^^^^^^
[INFO] [stderr] 
[INFO] [stderr] warning: unused import: `HttpResponse`
[INFO] [stderr]  --> tests/request_handler.rs:5:62
[INFO] [stderr]   |
[INFO] [stderr] 5 | use http_server_starter_rust::{request_handler, HttpRequest, HttpResponse, RequestLine};
[INFO] [stderr]   |                                                              ^^^^^^^^^^^^
[INFO] [stderr] 
[INFO] [stderr] warning: unused import: `Read`
[INFO] [stderr]  --> tests/request_handler.rs:6:23
[INFO] [stderr]   |
[INFO] [stderr] 6 | use std::io::{Cursor, Read};
[INFO] [stderr]   |                       ^^^^
[INFO] [stderr] 
[INFO] [stderr] warning: unused import: `APP_CONFIG_INSTANCE`
[INFO] [stderr]  --> src/main.rs:4:52
[INFO] [stderr]   |
[INFO] [stderr] 4 | use http_server_starter_rust::{config::{AppConfig, APP_CONFIG_INSTANCE}};
[INFO] [stderr]   |                                                    ^^^^^^^^^^^^^^^^^^^
[INFO] [stderr]   |
[INFO] [stderr]   = note: `#[warn(unused_imports)]` on by default
[INFO] [stderr] 
[INFO] [stderr] warning: unused `Result` that must be used
[INFO] [stderr]   --> src/main.rs:19:21
[INFO] [stderr]    |
[INFO] [stderr] 19 |                     _stream.set_read_timeout(Some(Duration::new(1, 0)));
[INFO] [stderr]    |                     ^^^^^^^^^^^^^^^^^^^^^^^^^^^^^^^^^^^^^^^^^^^^^^^^^^^
[INFO] [stderr]    |
[INFO] [stderr]    = note: this `Result` may be an `Err` variant, which should be handled
[INFO] [stderr]    = note: `#[warn(unused_must_use)]` on by default
[INFO] [stderr] help: use `let _ = ...` to ignore the resulting value
[INFO] [stderr]    |
[INFO] [stderr] 19 |                     let _ = _stream.set_read_timeout(Some(Duration::new(1, 0)));
[INFO] [stderr]    |                     +++++++
[INFO] [stderr] 
[INFO] [stderr] warning: `http-server-starter-rust` (test "request_handler") generated 5 warnings (run `cargo fix --test "request_handler"` to apply 5 suggestions)
[INFO] [stderr] warning: `http-server-starter-rust` (bin "http-server-starter-rust" test) generated 2 warnings (run `cargo fix --bin "http-server-starter-rust" --tests` to apply 1 suggestion)
[INFO] [stderr] warning: `http-server-starter-rust` (bin "http-server-starter-rust") generated 2 warnings (2 duplicates)
[INFO] [stderr]     Finished `test` profile [unoptimized + debuginfo] target(s) in 0.04s
[INFO] [stderr]      Running unittests src/lib.rs (/opt/rustwide/target/debug/deps/http_server_starter_rust-275d0fea4ecbe410)
[INFO] [stdout] 
[INFO] [stdout] running 0 tests
[INFO] [stdout] 
[INFO] [stdout] test result: ok. 0 passed; 0 failed; 0 ignored; 0 measured; 0 filtered out; finished in 0.00s
[INFO] [stdout] 
[INFO] [stderr]      Running unittests src/main.rs (/opt/rustwide/target/debug/deps/http_server_starter_rust-63c28b303165848c)
[INFO] [stdout] 
[INFO] [stdout] running 0 tests
[INFO] [stdout] 
[INFO] [stdout] test result: ok. 0 passed; 0 failed; 0 ignored; 0 measured; 0 filtered out; finished in 0.00s
[INFO] [stdout] 
[INFO] [stderr]      Running tests/request_handler.rs (/opt/rustwide/target/debug/deps/request_handler-0884e98dad2e8245)
[INFO] [stdout] 
[INFO] [stdout] running 16 tests
[INFO] [stdout] test init ... ok
[INFO] [stdout] test test_deserialize_headers_returns_headers_2 ... ok
[INFO] [stdout] test test_deserialize_requestline_returns_requestline ... ok
[INFO] [stdout] test test_deserialize_headers_returns_headers_1 ... ok
[INFO] [stdout] test test_echo_path_returns_body_1 ... ok
[INFO] [stdout] test test_echo_path_returns_body_2 ... ok
[INFO] [stdout] test test_echo_path_returns_body_3 ... ok
[INFO] [stdout] test test_files_path_returns_404_for_nonexistant_file ... ok
[INFO] [stdout] test test_handle_request_404 ... ok
[INFO] [stdout] test test_handle_request_root ... ok
[INFO] [stdout] test test_read_stream_into_request_1 ... ok
[INFO] [stdout] test test_read_stream_into_request_2 ... ok
[INFO] [stdout] test test_read_stream_into_request_3 ... ok
[INFO] [stdout] test test_useragent_path_returns_body_1 ... ok
[INFO] [stdout] test test_useragent_path_returns_body_2 ... ok
[INFO] [stdout] test test_files_path_returns_file_content ... FAILED
[INFO] [stdout] 
[INFO] [stdout] failures:
[INFO] [stdout] 
[INFO] [stdout] ---- test_files_path_returns_file_content stdout ----
[INFO] [stdout] 
[INFO] [stdout] thread 'test_files_path_returns_file_content' panicked at tests/request_handler.rs:250:5:
[INFO] [stdout] assertion `left == right` failed
[INFO] [stdout]   left: 404
[INFO] [stdout]  right: 200
[INFO] [stdout] stack backtrace:
[INFO] [stdout]    0:     0x651d478819fa - std::backtrace_rs::backtrace::libunwind::trace::hb059275cfc8d6126
[INFO] [stdout]                                at /rustc/6067b36314ab5eb2eb47cecc464545ba58e1ad24/library/std/src/../../backtrace/src/backtrace/libunwind.rs:116:5
[INFO] [stdout]    1:     0x651d478819fa - std::backtrace_rs::backtrace::trace_unsynchronized::h2da071e4327ce3ee
[INFO] [stdout]                                at /rustc/6067b36314ab5eb2eb47cecc464545ba58e1ad24/library/std/src/../../backtrace/src/backtrace/mod.rs:66:5
[INFO] [stdout]    2:     0x651d478819fa - std::sys::backtrace::_print_fmt::h842a1474e6f8d23f
[INFO] [stdout]                                at /rustc/6067b36314ab5eb2eb47cecc464545ba58e1ad24/library/std/src/sys/backtrace.rs:66:9
[INFO] [stdout]    3:     0x651d478819fa - <std::sys::backtrace::BacktraceLock::print::DisplayBacktrace as core::fmt::Display>::fmt::h71a62eb3b9696b12
[INFO] [stdout]                                at /rustc/6067b36314ab5eb2eb47cecc464545ba58e1ad24/library/std/src/sys/backtrace.rs:39:26
[INFO] [stdout]    4:     0x651d478a9123 - core::fmt::rt::Argument::fmt::hdb6b616786b41dc1
[INFO] [stdout]                                at /rustc/6067b36314ab5eb2eb47cecc464545ba58e1ad24/library/core/src/fmt/rt.rs:177:76
[INFO] [stdout]    5:     0x651d478a9123 - core::fmt::write::h2cc1698af7e2d686
[INFO] [stdout]                                at /rustc/6067b36314ab5eb2eb47cecc464545ba58e1ad24/library/core/src/fmt/mod.rs:1440:21
[INFO] [stdout]    6:     0x651d4787e553 - std::io::Write::write_fmt::hab1b4cd059a79022
[INFO] [stdout]                                at /rustc/6067b36314ab5eb2eb47cecc464545ba58e1ad24/library/std/src/io/mod.rs:1887:15
[INFO] [stdout]    7:     0x651d47881842 - std::sys::backtrace::BacktraceLock::print::h147fe35b4ea13b08
[INFO] [stdout]                                at /rustc/6067b36314ab5eb2eb47cecc464545ba58e1ad24/library/std/src/sys/backtrace.rs:42:9
[INFO] [stdout]    8:     0x651d47882e1f - std::panicking::default_hook::{{closure}}::hbd44223dbdc0d208
[INFO] [stdout]                                at /rustc/6067b36314ab5eb2eb47cecc464545ba58e1ad24/library/std/src/panicking.rs:298:22
[INFO] [stdout]    9:     0x651d47882c38 - std::panicking::default_hook::h20f81eb0576efcec
[INFO] [stdout]                                at /rustc/6067b36314ab5eb2eb47cecc464545ba58e1ad24/library/std/src/panicking.rs:322:9
[INFO] [stdout]   10:     0x651d478348e3 - <alloc::boxed::Box<F,A> as core::ops::function::Fn<Args>>::call::hdb53814c496a4d34
[INFO] [stdout]                                at /rustc/6067b36314ab5eb2eb47cecc464545ba58e1ad24/library/alloc/src/boxed.rs:2027:9
[INFO] [stdout]   11:     0x651d478348e3 - test::test_main::{{closure}}::hc0a4963c59427c24
[INFO] [stdout]                                at /rustc/6067b36314ab5eb2eb47cecc464545ba58e1ad24/library/test/src/lib.rs:134:21
[INFO] [stdout]   12:     0x651d47883913 - <alloc::boxed::Box<F,A> as core::ops::function::Fn<Args>>::call::h591b2225413a77e9
[INFO] [stdout]                                at /rustc/6067b36314ab5eb2eb47cecc464545ba58e1ad24/library/alloc/src/boxed.rs:2027:9
[INFO] [stdout]   13:     0x651d47883913 - std::panicking::rust_panic_with_hook::h625eea43051b2edc
[INFO] [stdout]                                at /rustc/6067b36314ab5eb2eb47cecc464545ba58e1ad24/library/std/src/panicking.rs:839:13
[INFO] [stdout]   14:     0x651d478835ca - std::panicking::begin_panic_handler::{{closure}}::h4f9159cfbc3f6bd3
[INFO] [stdout]                                at /rustc/6067b36314ab5eb2eb47cecc464545ba58e1ad24/library/std/src/panicking.rs:704:13
[INFO] [stdout]   15:     0x651d47881ef9 - std::sys::backtrace::__rust_end_short_backtrace::h0390abce48353151
[INFO] [stdout]                                at /rustc/6067b36314ab5eb2eb47cecc464545ba58e1ad24/library/std/src/sys/backtrace.rs:168:18
[INFO] [stdout]   16:     0x651d4788325d - rust_begin_unwind
[INFO] [stdout]                                at /rustc/6067b36314ab5eb2eb47cecc464545ba58e1ad24/library/std/src/panicking.rs:695:5
[INFO] [stdout]   17:     0x651d478a7b00 - core::panicking::panic_fmt::h9e7c637e9e5f29c9
[INFO] [stdout]                                at /rustc/6067b36314ab5eb2eb47cecc464545ba58e1ad24/library/core/src/panicking.rs:75:14
[INFO] [stdout]   18:     0x651d478a7ef2 - core::panicking::assert_failed_inner::h538bec7c1374cd9c
[INFO] [stdout]   19:     0x651d477f5833 - core::panicking::assert_failed::h2435b790a14020cd
[INFO] [stdout]                                at /rustc/6067b36314ab5eb2eb47cecc464545ba58e1ad24/library/core/src/panicking.rs:364:5
[INFO] [stdout]   20:     0x651d477fa114 - request_handler::test_files_path_returns_file_content::hd543c0fd440a20b9
[INFO] [stdout]                                at /opt/rustwide/workdir/tests/request_handler.rs:250:5
[INFO] [stdout]   21:     0x651d477f9da7 - request_handler::test_files_path_returns_file_content::{{closure}}::h749e1a376bdc089f
[INFO] [stdout]                                at /opt/rustwide/workdir/tests/request_handler.rs:235:42
[INFO] [stdout]   22:     0x651d477f4ef6 - core::ops::function::FnOnce::call_once::h6506f284e106ed53
[INFO] [stdout]                                at /rustc/6067b36314ab5eb2eb47cecc464545ba58e1ad24/library/core/src/ops/function.rs:250:5
[INFO] [stdout]   23:     0x651d4783a03b - core::ops::function::FnOnce::call_once::he27718dfdd183f43
[INFO] [stdout]                                at /rustc/6067b36314ab5eb2eb47cecc464545ba58e1ad24/library/core/src/ops/function.rs:250:5
[INFO] [stdout]   24:     0x651d4783a03b - test::__rust_begin_short_backtrace::h4e84902998457a5d
[INFO] [stdout]                                at /rustc/6067b36314ab5eb2eb47cecc464545ba58e1ad24/library/test/src/lib.rs:632:18
[INFO] [stdout]   25:     0x651d47838f73 - test::run_test_in_process::{{closure}}::h7176fd18fc1feca0
[INFO] [stdout]                                at /rustc/6067b36314ab5eb2eb47cecc464545ba58e1ad24/library/test/src/lib.rs:655:60
[INFO] [stdout]   26:     0x651d47838f73 - <core::panic::unwind_safe::AssertUnwindSafe<F> as core::ops::function::FnOnce<()>>::call_once::hf79cff2a624d8cf7
[INFO] [stdout]                                at /rustc/6067b36314ab5eb2eb47cecc464545ba58e1ad24/library/core/src/panic/unwind_safe.rs:272:9
[INFO] [stdout]   27:     0x651d47838f73 - std::panicking::try::do_call::h3da0561d9ab99c25
[INFO] [stdout]                                at /rustc/6067b36314ab5eb2eb47cecc464545ba58e1ad24/library/std/src/panicking.rs:587:40
[INFO] [stdout]   28:     0x651d47838f73 - std::panicking::try::h41c9fa508bc61df6
[INFO] [stdout]                                at /rustc/6067b36314ab5eb2eb47cecc464545ba58e1ad24/library/std/src/panicking.rs:550:19
[INFO] [stdout]   29:     0x651d47838f73 - std::panic::catch_unwind::h6b3ff07bb5afad93
[INFO] [stdout]                                at /rustc/6067b36314ab5eb2eb47cecc464545ba58e1ad24/library/std/src/panic.rs:358:14
[INFO] [stdout]   30:     0x651d47838f73 - test::run_test_in_process::hc7253dd11b39b9f4
[INFO] [stdout]                                at /rustc/6067b36314ab5eb2eb47cecc464545ba58e1ad24/library/test/src/lib.rs:655:27
[INFO] [stdout]   31:     0x651d47838f73 - test::run_test::{{closure}}::hfb2007f8649c30bb
[INFO] [stdout]                                at /rustc/6067b36314ab5eb2eb47cecc464545ba58e1ad24/library/test/src/lib.rs:576:43
[INFO] [stdout]   32:     0x651d477fc055 - test::run_test::{{closure}}::h56a17aa7a282a9f4
[INFO] [stdout]                                at /rustc/6067b36314ab5eb2eb47cecc464545ba58e1ad24/library/test/src/lib.rs:606:41
[INFO] [stdout]   33:     0x651d477fc055 - std::sys::backtrace::__rust_begin_short_backtrace::hd2d2d2fb8e8c6aac
[INFO] [stdout]                                at /rustc/6067b36314ab5eb2eb47cecc464545ba58e1ad24/library/std/src/sys/backtrace.rs:152:18
[INFO] [stdout]   34:     0x651d477ff93a - std::thread::Builder::spawn_unchecked_::{{closure}}::{{closure}}::h4faa3f9db6133423
[INFO] [stdout]                                at /rustc/6067b36314ab5eb2eb47cecc464545ba58e1ad24/library/std/src/thread/mod.rs:559:17
[INFO] [stdout]   35:     0x651d477ff93a - <core::panic::unwind_safe::AssertUnwindSafe<F> as core::ops::function::FnOnce<()>>::call_once::hf2e855a36a4ea846
[INFO] [stdout]                                at /rustc/6067b36314ab5eb2eb47cecc464545ba58e1ad24/library/core/src/panic/unwind_safe.rs:272:9
[INFO] [stdout]   36:     0x651d477ff93a - std::panicking::try::do_call::h2f73af3616c35465
[INFO] [stdout]                                at /rustc/6067b36314ab5eb2eb47cecc464545ba58e1ad24/library/std/src/panicking.rs:587:40
[INFO] [stdout]   37:     0x651d477ff93a - std::panicking::try::hd1660ce9efadef5a
[INFO] [stdout]                                at /rustc/6067b36314ab5eb2eb47cecc464545ba58e1ad24/library/std/src/panicking.rs:550:19
[INFO] [stdout]   38:     0x651d477ff93a - std::panic::catch_unwind::h5ee8d7823b8ca744
[INFO] [stdout]                                at /rustc/6067b36314ab5eb2eb47cecc464545ba58e1ad24/library/std/src/panic.rs:358:14
[INFO] [stdout]   39:     0x651d477ff93a - std::thread::Builder::spawn_unchecked_::{{closure}}::h53c3a1894dce8407
[INFO] [stdout]                                at /rustc/6067b36314ab5eb2eb47cecc464545ba58e1ad24/library/std/src/thread/mod.rs:557:30
[INFO] [stdout]   40:     0x651d477ff93a - core::ops::function::FnOnce::call_once{{vtable.shim}}::h048ce291ad4f62bf
[INFO] [stdout]                                at /rustc/6067b36314ab5eb2eb47cecc464545ba58e1ad24/library/core/src/ops/function.rs:250:5
[INFO] [stdout]   41:     0x651d4788785b - <alloc::boxed::Box<F,A> as core::ops::function::FnOnce<Args>>::call_once::ha52bedf99a3b4981
[INFO] [stdout]                                at /rustc/6067b36314ab5eb2eb47cecc464545ba58e1ad24/library/alloc/src/boxed.rs:2013:9
[INFO] [stdout]   42:     0x651d4788785b - <alloc::boxed::Box<F,A> as core::ops::function::FnOnce<Args>>::call_once::h567748934d80ccf8
[INFO] [stdout]                                at /rustc/6067b36314ab5eb2eb47cecc464545ba58e1ad24/library/alloc/src/boxed.rs:2013:9
[INFO] [stdout]   43:     0x651d4788785b - std::sys::pal::unix::thread::Thread::new::thread_start::h2d970728ae887adc
[INFO] [stdout]                                at /rustc/6067b36314ab5eb2eb47cecc464545ba58e1ad24/library/std/src/sys/pal/unix/thread.rs:106:17
[INFO] [stdout]   44:     0x706868a9bac3 - <unknown>
[INFO] [stdout]   45:     0x706868b2ca04 - clone
[INFO] [stdout]   46:                0x0 - <unknown>
[INFO] [stdout] 
[INFO] [stdout] 
[INFO] [stdout] failures:
[INFO] [stdout]     test_files_path_returns_file_content
[INFO] [stdout] 
[INFO] [stdout] test result: FAILED. 15 passed; 1 failed; 0 ignored; 0 measured; 0 filtered out; finished in 0.01s
[INFO] [stdout] 
[INFO] [stderr] error: test failed, to rerun pass `--test request_handler`
[INFO] running `Command { std: "docker" "inspect" "d0140dad0b4833c1dc4f982284a0a4a273d308788fe77ded17c5b8e7de20a6a4", kill_on_drop: false }`
[INFO] running `Command { std: "docker" "rm" "-f" "d0140dad0b4833c1dc4f982284a0a4a273d308788fe77ded17c5b8e7de20a6a4", kill_on_drop: false }`
[INFO] [stdout] d0140dad0b4833c1dc4f982284a0a4a273d308788fe77ded17c5b8e7de20a6a4
