[INFO] cloning repository https://github.com/reinaldorauch/bt
[INFO] running `Command { std: "git" "-c" "credential.helper=" "-c" "credential.helper=/workspace/cargo-home/bin/git-credential-null" "clone" "--bare" "https://github.com/reinaldorauch/bt" "/workspace/cache/git-repos/https%3A%2F%2Fgithub.com%2Freinaldorauch%2Fbt", kill_on_drop: false }`
[INFO] [stderr] Cloning into bare repository '/workspace/cache/git-repos/https%3A%2F%2Fgithub.com%2Freinaldorauch%2Fbt'...
[INFO] running `Command { std: "git" "rev-parse" "HEAD", kill_on_drop: false }`
[INFO] [stdout] 9c1463559c0a9b7b88b10e79fa5c4747d3fb024e
[INFO] testing reinaldorauch/bt against nightly-2025-01-18 for randomize-layout-2
[INFO] running `Command { std: "git" "clone" "/workspace/cache/git-repos/https%3A%2F%2Fgithub.com%2Freinaldorauch%2Fbt" "/workspace/builds/worker-5-tc1/source", kill_on_drop: false }`
[INFO] [stderr] Cloning into '/workspace/builds/worker-5-tc1/source'...
[INFO] [stderr] done.
[INFO] validating manifest of git repo https://github.com/reinaldorauch/bt on toolchain nightly-2025-01-18
[INFO] running `Command { std: CARGO_HOME="/workspace/cargo-home" RUSTUP_HOME="/workspace/rustup-home" "/workspace/cargo-home/bin/cargo" "+nightly-2025-01-18" "metadata" "--manifest-path" "Cargo.toml" "--no-deps", kill_on_drop: false }`
[INFO] started tweaking git repo https://github.com/reinaldorauch/bt
[INFO] finished tweaking git repo https://github.com/reinaldorauch/bt
[INFO] tweaked toml for git repo https://github.com/reinaldorauch/bt written to /workspace/builds/worker-5-tc1/source/Cargo.toml
[INFO] crate git repo https://github.com/reinaldorauch/bt already has a lockfile, it will not be regenerated
[INFO] running `Command { std: CARGO_HOME="/workspace/cargo-home" RUSTUP_HOME="/workspace/rustup-home" "/workspace/cargo-home/bin/cargo" "+nightly-2025-01-18" "fetch" "--manifest-path" "Cargo.toml", kill_on_drop: false }`
[INFO] [stderr] warning: the cargo feature `edition2024` has been stabilized in the 1.85 release and is no longer necessary to be listed in the manifest
[INFO] [stderr]   See https://doc.rust-lang.org/nightly/cargo/reference/manifest.html#the-edition-field for more information about using this feature.
[INFO] [stderr]     Updating crates.io index
[INFO] [stderr]  Downloading crates ...
[INFO] [stderr]   Downloaded url-escape v0.1.1
[INFO] [stderr]   Downloaded bendy v0.3.3
[INFO] [stderr]   Downloaded sha1-checked v0.10.0
[INFO] running `Command { std: "docker" "create" "-v" "/var/lib/crater-agent-workspace/builds/worker-5-tc1/target:/opt/rustwide/target:rw,Z" "-v" "/var/lib/crater-agent-workspace/builds/worker-5-tc1/source:/opt/rustwide/workdir:ro,Z" "-v" "/var/lib/crater-agent-workspace/cargo-home:/opt/rustwide/cargo-home:ro,Z" "-v" "/var/lib/crater-agent-workspace/rustup-home:/opt/rustwide/rustup-home:ro,Z" "-e" "SOURCE_DIR=/opt/rustwide/workdir" "-e" "CARGO_TARGET_DIR=/opt/rustwide/target" "-e" "CARGO_HOME=/opt/rustwide/cargo-home" "-e" "RUSTUP_HOME=/opt/rustwide/rustup-home" "-w" "/opt/rustwide/workdir" "-m" "1610612736" "--user" "0:0" "--network" "none" "ghcr.io/rust-lang/crates-build-env/linux@sha256:819108c5571ea2e421544af4d832f968d213c87fbe3707a016657f43d2f853bc" "/opt/rustwide/cargo-home/bin/cargo" "+nightly-2025-01-18" "metadata" "--no-deps" "--format-version=1", kill_on_drop: false }`
[INFO] [stdout] fe14c4816815749cd5a00e88fefbdda97f09afa5a4340c39185214c97f70db56
[INFO] running `Command { std: "docker" "start" "-a" "fe14c4816815749cd5a00e88fefbdda97f09afa5a4340c39185214c97f70db56", kill_on_drop: false }`
[INFO] running `Command { std: "docker" "inspect" "fe14c4816815749cd5a00e88fefbdda97f09afa5a4340c39185214c97f70db56", kill_on_drop: false }`
[INFO] running `Command { std: "docker" "rm" "-f" "fe14c4816815749cd5a00e88fefbdda97f09afa5a4340c39185214c97f70db56", kill_on_drop: false }`
[INFO] [stdout] fe14c4816815749cd5a00e88fefbdda97f09afa5a4340c39185214c97f70db56
[INFO] running `Command { std: "docker" "create" "-v" "/var/lib/crater-agent-workspace/builds/worker-5-tc1/target:/opt/rustwide/target:rw,Z" "-v" "/var/lib/crater-agent-workspace/builds/worker-5-tc1/source:/opt/rustwide/workdir:ro,Z" "-v" "/var/lib/crater-agent-workspace/cargo-home:/opt/rustwide/cargo-home:ro,Z" "-v" "/var/lib/crater-agent-workspace/rustup-home:/opt/rustwide/rustup-home:ro,Z" "-e" "SOURCE_DIR=/opt/rustwide/workdir" "-e" "CARGO_TARGET_DIR=/opt/rustwide/target" "-e" "CARGO_INCREMENTAL=0" "-e" "RUST_BACKTRACE=full" "-e" "RUSTFLAGS=--cap-lints=forbid" "-e" "RUSTDOCFLAGS=--cap-lints=forbid" "-e" "CARGO_HOME=/opt/rustwide/cargo-home" "-e" "RUSTUP_HOME=/opt/rustwide/rustup-home" "-w" "/opt/rustwide/workdir" "-m" "1610612736" "--user" "0:0" "--network" "none" "ghcr.io/rust-lang/crates-build-env/linux@sha256:819108c5571ea2e421544af4d832f968d213c87fbe3707a016657f43d2f853bc" "/opt/rustwide/cargo-home/bin/cargo" "+nightly-2025-01-18" "build" "--frozen" "--message-format=json", kill_on_drop: false }`
[INFO] [stdout] 70c1162ae84b93904cab145757088f8183384bac69feab1eb295fa64788a7af7
[INFO] running `Command { std: "docker" "start" "-a" "70c1162ae84b93904cab145757088f8183384bac69feab1eb295fa64788a7af7", kill_on_drop: false }`
[INFO] [stderr] warning: the cargo feature `edition2024` has been stabilized in the 1.85 release and is no longer necessary to be listed in the manifest
[INFO] [stderr]   See https://doc.rust-lang.org/nightly/cargo/reference/manifest.html#the-edition-field for more information about using this feature.
[INFO] [stderr]    Compiling proc-macro2 v1.0.89
[INFO] [stderr]    Compiling unicode-ident v1.0.13
[INFO] [stderr]    Compiling cfg-if v1.0.0
[INFO] [stderr]    Compiling libc v0.2.167
[INFO] [stderr]    Compiling autocfg v1.4.0
[INFO] [stderr]    Compiling smallvec v1.13.2
[INFO] [stderr]    Compiling shlex v1.3.0
[INFO] [stderr]    Compiling version_check v0.9.5
[INFO] [stderr]    Compiling vcpkg v0.2.15
[INFO] [stderr]    Compiling once_cell v1.20.2
[INFO] [stderr]    Compiling cc v1.2.3
[INFO] [stderr]    Compiling pkg-config v0.3.31
[INFO] [stderr]    Compiling stable_deref_trait v1.2.0
[INFO] [stderr]    Compiling bytes v1.9.0
[INFO] [stderr]    Compiling pin-project-lite v0.2.15
[INFO] [stderr]    Compiling parking_lot_core v0.9.10
[INFO] [stderr]    Compiling lock_api v0.4.12
[INFO] [stderr]    Compiling quote v1.0.37
[INFO] [stderr]    Compiling futures-core v0.3.31
[INFO] [stderr]    Compiling scopeguard v1.2.0
[INFO] [stderr]    Compiling itoa v1.0.14
[INFO] [stderr]    Compiling writeable v0.5.5
[INFO] [stderr]    Compiling syn v2.0.87
[INFO] [stderr]    Compiling litemap v0.7.4
[INFO] [stderr]    Compiling fnv v1.0.7
[INFO] [stderr]    Compiling byteorder v1.5.0
[INFO] [stderr]    Compiling typenum v1.17.0
[INFO] [stderr]    Compiling http v1.2.0
[INFO] [stderr]    Compiling slab v0.4.9
[INFO] [stderr]    Compiling generic-array v0.14.7
[INFO] [stderr]    Compiling mio v1.0.3
[INFO] [stderr]    Compiling signal-hook-registry v1.4.2
[INFO] [stderr]    Compiling socket2 v0.5.8
[INFO] [stderr]    Compiling parking_lot v0.12.3
[INFO] [stderr]    Compiling icu_locid_transform_data v1.5.0
[INFO] [stderr]    Compiling tracing-core v0.1.33
[INFO] [stderr]    Compiling httparse v1.9.5
[INFO] [stderr]    Compiling pin-utils v0.1.0
[INFO] [stderr]    Compiling equivalent v1.0.1
[INFO] [stderr]    Compiling hashbrown v0.15.2
[INFO] [stderr]    Compiling foreign-types-shared v0.1.1
[INFO] [stderr]    Compiling futures-sink v0.3.31
[INFO] [stderr]    Compiling openssl-sys v0.9.104
[INFO] [stderr]    Compiling icu_properties_data v1.5.0
[INFO] [stderr]    Compiling bitflags v2.6.0
[INFO] [stderr]    Compiling syn v1.0.109
[INFO] [stderr]    Compiling futures-task v0.3.31
[INFO] [stderr]    Compiling openssl v0.10.68
[INFO] [stderr]    Compiling indexmap v2.7.0
[INFO] [stderr]    Compiling futures-util v0.3.31
[INFO] [stderr]    Compiling tracing v0.1.41
[INFO] [stderr]    Compiling foreign-types v0.3.2
[INFO] [stderr]    Compiling http-body v1.0.1
[INFO] [stderr]    Compiling ahash v0.8.11
[INFO] [stderr]    Compiling utf8_iter v1.0.4
[INFO] [stderr]    Compiling try-lock v0.2.5
[INFO] [stderr]    Compiling percent-encoding v2.3.1
[INFO] [stderr]    Compiling icu_normalizer_data v1.5.0
[INFO] [stderr]    Compiling write16 v1.0.0
[INFO] [stderr]    Compiling utf16_iter v1.0.5
[INFO] [stderr]    Compiling atomic-waker v1.1.2
[INFO] [stderr]    Compiling native-tls v0.2.12
[INFO] [stderr]    Compiling want v0.3.1
[INFO] [stderr]    Compiling futures-channel v0.3.31
[INFO] [stderr]    Compiling openssl-probe v0.1.5
[INFO] [stderr]    Compiling log v0.4.22
[INFO] [stderr]    Compiling failure_derive v0.1.8
[INFO] [stderr]    Compiling gimli v0.31.1
[INFO] [stderr]    Compiling utf8parse v0.2.2
[INFO] [stderr]    Compiling unicode-xid v0.2.6
[INFO] [stderr]    Compiling memchr v2.7.4
[INFO] [stderr]    Compiling serde v1.0.215
[INFO] [stderr]    Compiling adler2 v2.0.0
[INFO] [stderr]    Compiling anstyle-parse v0.2.6
[INFO] [stderr]    Compiling crypto-common v0.1.6
[INFO] [stderr]    Compiling miniz_oxide v0.8.0
[INFO] [stderr]    Compiling block-buffer v0.10.4
[INFO] [stderr]    Compiling form_urlencoded v1.2.1
[INFO] [stderr]    Compiling libsqlite3-sys v0.30.1
[INFO] [stderr]    Compiling getrandom v0.2.15
[INFO] [stderr]    Compiling num-traits v0.2.19
[INFO] [stderr]    Compiling anstyle-query v1.1.2
[INFO] [stderr]    Compiling is_terminal_polyfill v1.70.1
[INFO] [stderr]    Compiling const-oid v0.9.6
[INFO] [stderr]    Compiling rustc-demangle v0.1.24
[INFO] [stderr]    Compiling anstyle v1.0.10
[INFO] [stderr]    Compiling tower-service v0.3.3
[INFO] [stderr]    Compiling colorchoice v1.0.3
[INFO] [stderr]    Compiling digest v0.10.7
[INFO] [stderr]    Compiling anstream v0.6.18
[INFO] [stderr]    Compiling object v0.36.5
[INFO] [stderr]    Compiling rand_core v0.6.4
[INFO] [stderr]    Compiling http-body-util v0.1.2
[INFO] [stderr]    Compiling clap_lex v0.7.4
[INFO] [stderr]    Compiling strsim v0.11.1
[INFO] [stderr]    Compiling synstructure v0.13.1
[INFO] [stderr]    Compiling ryu v1.0.18
[INFO] [stderr]    Compiling synstructure v0.12.6
[INFO] [stderr]    Compiling addr2line v0.24.2
[INFO] [stderr]    Compiling heck v0.5.0
[INFO] [stderr]    Compiling cpufeatures v0.2.16
[INFO] [stderr]    Compiling rustls-pki-types v1.10.0
[INFO] [stderr]    Compiling sha1 v0.10.6
[INFO] [stderr]    Compiling clap_builder v4.5.23
[INFO] [stderr]    Compiling rustls-pemfile v2.2.0
[INFO] [stderr]    Compiling sync_wrapper v1.0.2
[INFO] [stderr]    Compiling encoding_rs v0.8.35
[INFO] [stderr]    Compiling ipnet v2.10.1
[INFO] [stderr]    Compiling zerofrom-derive v0.1.5
[INFO] [stderr]    Compiling yoke-derive v0.7.5
[INFO] [stderr]    Compiling zerovec-derive v0.10.3
[INFO] [stderr]    Compiling displaydoc v0.2.5
[INFO] [stderr]    Compiling zerocopy-derive v0.7.35
[INFO] [stderr]    Compiling icu_provider_macros v1.5.0
[INFO] [stderr]    Compiling tokio-macros v2.4.0
[INFO] [stderr]    Compiling openssl-macros v0.1.1
[INFO] [stderr]    Compiling zerofrom v0.1.5
[INFO] [stderr]    Compiling backtrace v0.3.74
[INFO] [stderr]    Compiling yoke v0.7.5
[INFO] [stderr]    Compiling zerovec v0.10.4
[INFO] [stderr]    Compiling zerocopy v0.7.35
[INFO] [stderr]    Compiling tokio v1.42.0
[INFO] [stderr]    Compiling failure v0.1.8
[INFO] [stderr]    Compiling ppv-lite86 v0.2.20
[INFO] [stderr]    Compiling tinystr v0.7.6
[INFO] [stderr]    Compiling icu_collections v1.5.0
[INFO] [stderr]    Compiling icu_locid v1.5.0
[INFO] [stderr]    Compiling hashbrown v0.14.5
[INFO] [stderr]    Compiling rand_chacha v0.3.1
[INFO] [stderr]    Compiling hashlink v0.9.1
[INFO] [stderr]    Compiling icu_provider v1.5.0
[INFO] [stderr]    Compiling serde_urlencoded v0.7.1
[INFO] [stderr]    Compiling clap_derive v4.5.18
[INFO] [stderr]    Compiling icu_locid_transform v1.5.0
[INFO] [stderr]    Compiling base64 v0.22.1
[INFO] [stderr]    Compiling mime v0.3.17
[INFO] [stderr]    Compiling fallible-streaming-iterator v0.1.9
[INFO] [stderr]    Compiling iana-time-zone v0.1.61
[INFO] [stderr]    Compiling fallible-iterator v0.3.0
[INFO] [stderr]    Compiling rand v0.8.5
[INFO] [stderr]    Compiling chrono v0.4.38
[INFO] [stderr]    Compiling icu_properties v1.5.1
[INFO] [stderr]    Compiling bendy v0.3.3
[INFO] [stderr]    Compiling sha1-checked v0.10.0
[INFO] [stderr]    Compiling url-escape v0.1.1
[INFO] [stderr]    Compiling hex v0.4.3
[INFO] [stderr]    Compiling clap v4.5.23
[INFO] [stderr]    Compiling tokio-util v0.7.13
[INFO] [stderr]    Compiling tokio-native-tls v0.3.1
[INFO] [stderr]    Compiling icu_normalizer v1.5.0
[INFO] [stderr]    Compiling rusqlite v0.32.1
[INFO] [stderr]    Compiling h2 v0.4.7
[INFO] [stderr]    Compiling idna_adapter v1.2.0
[INFO] [stderr]    Compiling idna v1.0.3
[INFO] [stderr]    Compiling url v2.5.4
[INFO] [stderr]    Compiling hyper v1.5.1
[INFO] [stderr]    Compiling hyper-util v0.1.10
[INFO] [stderr]    Compiling hyper-tls v0.6.0
[INFO] [stderr]    Compiling reqwest v0.12.9
[INFO] [stderr]    Compiling bt v0.1.0 (/opt/rustwide/workdir)
[INFO] [stdout] warning: unused import: `write`
[INFO] [stdout]  --> src/bittorrent.rs:2:20
[INFO] [stdout]   |
[INFO] [stdout] 2 |     fmt::{Display, write},
[INFO] [stdout]   |                    ^^^^^
[INFO] [stdout]   |
[INFO] [stdout]   = note: `#[warn(unused_imports)]` on by default
[INFO] [stdout] 
[INFO] [stdout] 
[INFO] [stdout] warning: unused import: `url_escape::encode_component_to_string`
[INFO] [stdout]  --> src/util.rs:3:5
[INFO] [stdout]   |
[INFO] [stdout] 3 | use url_escape::encode_component_to_string;
[INFO] [stdout]   |     ^^^^^^^^^^^^^^^^^^^^^^^^^^^^^^^^^^^^^^
[INFO] [stdout] 
[INFO] [stdout] 
[INFO] [stdout] warning: unused variable: `peers`
[INFO] [stdout]    --> src/download.rs:101:25
[INFO] [stdout]     |
[INFO] [stdout] 101 |                 let mut peers: Vec<PeerConnection> = Vec::new();
[INFO] [stdout]     |                         ^^^^^ help: if this is intentional, prefix it with an underscore: `_peers`
[INFO] [stdout]     |
[INFO] [stdout]     = note: `#[warn(unused_variables)]` on by default
[INFO] [stdout] 
[INFO] [stdout] 
[INFO] [stdout] warning: variable does not need to be mutable
[INFO] [stdout]    --> src/download.rs:101:21
[INFO] [stdout]     |
[INFO] [stdout] 101 |                 let mut peers: Vec<PeerConnection> = Vec::new();
[INFO] [stdout]     |                     ----^^^^^
[INFO] [stdout]     |                     |
[INFO] [stdout]     |                     help: remove this `mut`
[INFO] [stdout]     |
[INFO] [stdout]     = note: `#[warn(unused_mut)]` on by default
[INFO] [stdout] 
[INFO] [stdout] 
[INFO] [stdout] warning: unused variable: `maybe_trackers`
[INFO] [stdout]    --> src/download.rs:178:5
[INFO] [stdout]     |
[INFO] [stdout] 178 |     maybe_trackers: Option<Vec<String>>,
[INFO] [stdout]     |     ^^^^^^^^^^^^^^ help: if this is intentional, prefix it with an underscore: `_maybe_trackers`
[INFO] [stdout] 
[INFO] [stdout] 
[INFO] [stdout] warning: unused variable: `maybe_web_seeds`
[INFO] [stdout]    --> src/download.rs:179:5
[INFO] [stdout]     |
[INFO] [stdout] 179 |     maybe_web_seeds: Option<Vec<String>>,
[INFO] [stdout]     |     ^^^^^^^^^^^^^^^ help: if this is intentional, prefix it with an underscore: `_maybe_web_seeds`
[INFO] [stdout] 
[INFO] [stdout] 
[INFO] [stdout] warning: unused variable: `file_handle`
[INFO] [stdout]    --> src/download.rs:180:5
[INFO] [stdout]     |
[INFO] [stdout] 180 |     file_handle: &mut File,
[INFO] [stdout]     |     ^^^^^^^^^^^ help: if this is intentional, prefix it with an underscore: `_file_handle`
[INFO] [stdout] 
[INFO] [stdout] 
[INFO] [stdout] warning: unused variable: `pieces_downloaded`
[INFO] [stdout]    --> src/download.rs:182:13
[INFO] [stdout]     |
[INFO] [stdout] 182 |     let mut pieces_downloaded: Vec<bool> = Vec::with_capacity(pieces.len());
[INFO] [stdout]     |             ^^^^^^^^^^^^^^^^^ help: if this is intentional, prefix it with an underscore: `_pieces_downloaded`
[INFO] [stdout] 
[INFO] [stdout] 
[INFO] [stdout] warning: variable does not need to be mutable
[INFO] [stdout]    --> src/download.rs:182:9
[INFO] [stdout]     |
[INFO] [stdout] 182 |     let mut pieces_downloaded: Vec<bool> = Vec::with_capacity(pieces.len());
[INFO] [stdout]     |         ----^^^^^^^^^^^^^^^^^
[INFO] [stdout]     |         |
[INFO] [stdout]     |         help: remove this `mut`
[INFO] [stdout] 
[INFO] [stdout] 
[INFO] [stdout] warning: unused variable: `piece_length`
[INFO] [stdout]   --> src/main.rs:86:13
[INFO] [stdout]    |
[INFO] [stdout] 86 |             piece_length,
[INFO] [stdout]    |             ^^^^^^^^^^^^ help: try ignoring the field: `piece_length: _`
[INFO] [stdout] 
[INFO] [stdout] 
[INFO] [stdout] warning: unused variable: `private`
[INFO] [stdout]   --> src/main.rs:88:13
[INFO] [stdout]    |
[INFO] [stdout] 88 |             private,
[INFO] [stdout]    |             ^^^^^^^ help: try ignoring the field: `private: _`
[INFO] [stdout] 
[INFO] [stdout] 
[INFO] [stdout] warning: unused variable: `length`
[INFO] [stdout]   --> src/main.rs:89:13
[INFO] [stdout]    |
[INFO] [stdout] 89 |             length,
[INFO] [stdout]    |             ^^^^^^ help: try ignoring the field: `length: _`
[INFO] [stdout] 
[INFO] [stdout] 
[INFO] [stdout] warning: unused variable: `piece_length`
[INFO] [stdout]    --> src/main.rs:120:13
[INFO] [stdout]     |
[INFO] [stdout] 120 |             piece_length,
[INFO] [stdout]     |             ^^^^^^^^^^^^ help: try ignoring the field: `piece_length: _`
[INFO] [stdout] 
[INFO] [stdout] 
[INFO] [stdout] warning: unused variable: `pieces`
[INFO] [stdout]    --> src/main.rs:121:13
[INFO] [stdout]     |
[INFO] [stdout] 121 |             pieces,
[INFO] [stdout]     |             ^^^^^^ help: try ignoring the field: `pieces: _`
[INFO] [stdout] 
[INFO] [stdout] 
[INFO] [stdout] warning: unused variable: `private`
[INFO] [stdout]    --> src/main.rs:122:13
[INFO] [stdout]     |
[INFO] [stdout] 122 |             private,
[INFO] [stdout]     |             ^^^^^^^ help: try ignoring the field: `private: _`
[INFO] [stdout] 
[INFO] [stdout] 
[INFO] [stdout] warning: unused variable: `files`
[INFO] [stdout]    --> src/main.rs:123:13
[INFO] [stdout]     |
[INFO] [stdout] 123 |             files,
[INFO] [stdout]     |             ^^^^^ help: try ignoring the field: `files: _`
[INFO] [stdout] 
[INFO] [stdout] 
[INFO] [stdout] warning: method `as_bytes` is never used
[INFO] [stdout]   --> src/bittorrent.rs:38:12
[INFO] [stdout]    |
[INFO] [stdout] 23 | impl PeerId {
[INFO] [stdout]    | ----------- method in this implementation
[INFO] [stdout] ...
[INFO] [stdout] 38 |     pub fn as_bytes(&self) -> &[u8] {
[INFO] [stdout]    |            ^^^^^^^^
[INFO] [stdout]    |
[INFO] [stdout]    = note: `#[warn(dead_code)]` on by default
[INFO] [stdout] 
[INFO] [stdout] 
[INFO] [stdout] warning: method `as_bytes` is never used
[INFO] [stdout]   --> src/bittorrent.rs:69:12
[INFO] [stdout]    |
[INFO] [stdout] 64 | impl InfoHash {
[INFO] [stdout]    | ------------- method in this implementation
[INFO] [stdout] ...
[INFO] [stdout] 69 |     pub fn as_bytes(&self) -> &[u8] {
[INFO] [stdout]    |            ^^^^^^^^
[INFO] [stdout] 
[INFO] [stdout] 
[INFO] [stdout] warning: variants `InvalidUrl`, `SocketUnavailable`, and `Other` are never constructed
[INFO] [stdout]   --> src/bittorrent.rs:75:5
[INFO] [stdout]    |
[INFO] [stdout] 74 | pub enum PeerConnectionError {
[INFO] [stdout]    |          ------------------- variants in this enum
[INFO] [stdout] 75 |     InvalidUrl(String),
[INFO] [stdout]    |     ^^^^^^^^^^
[INFO] [stdout] 76 |     SocketUnavailable(String),
[INFO] [stdout]    |     ^^^^^^^^^^^^^^^^^
[INFO] [stdout] 77 |     Other(String),
[INFO] [stdout]    |     ^^^^^
[INFO] [stdout] 
[INFO] [stdout] 
[INFO] [stdout] warning: fields `hostname`, `socket`, `me_choked`, `me_interested`, `they_choked`, and `they_interested` are never read
[INFO] [stdout]   --> src/bittorrent.rs:94:9
[INFO] [stdout]    |
[INFO] [stdout] 93 | pub struct PeerConnection {
[INFO] [stdout]    |            -------------- fields in this struct
[INFO] [stdout] 94 |     pub hostname: String,
[INFO] [stdout]    |         ^^^^^^^^
[INFO] [stdout] 95 |     socket: TcpStream,
[INFO] [stdout]    |     ^^^^^^
[INFO] [stdout] 96 |     pub me_choked: bool,
[INFO] [stdout]    |         ^^^^^^^^^
[INFO] [stdout] 97 |     pub me_interested: bool,
[INFO] [stdout]    |         ^^^^^^^^^^^^^
[INFO] [stdout] 98 |     pub they_choked: bool,
[INFO] [stdout]    |         ^^^^^^^^^^^
[INFO] [stdout] 99 |     pub they_interested: bool,
[INFO] [stdout]    |         ^^^^^^^^^^^^^^^
[INFO] [stdout]    |
[INFO] [stdout]    = note: `PeerConnection` has a derived impl for the trait `Debug`, but this is intentionally ignored during dead code analysis
[INFO] [stdout] 
[INFO] [stdout] 
[INFO] [stdout] warning: associated items `connect` and `handshake` are never used
[INFO] [stdout]    --> src/bittorrent.rs:103:18
[INFO] [stdout]     |
[INFO] [stdout] 102 | impl PeerConnection {
[INFO] [stdout]     | ------------------- associated items in this implementation
[INFO] [stdout] 103 |     pub async fn connect(
[INFO] [stdout]     |                  ^^^^^^^
[INFO] [stdout] ...
[INFO] [stdout] 128 |     pub async fn handshake(
[INFO] [stdout]     |                  ^^^^^^^^^
[INFO] [stdout] 
[INFO] [stdout] 
[INFO] [stdout] warning: fields `bytes_uploaded` and `pieces_fetched` are never read
[INFO] [stdout]    --> src/bittorrent.rs:156:9
[INFO] [stdout]     |
[INFO] [stdout] 153 | pub struct DownloadProgress {
[INFO] [stdout]     |            ---------------- fields in this struct
[INFO] [stdout] ...
[INFO] [stdout] 156 |     pub bytes_uploaded: u64,
[INFO] [stdout]     |         ^^^^^^^^^^^^^^
[INFO] [stdout] 157 |     pub pieces_fetched: Vec<bool>,
[INFO] [stdout]     |         ^^^^^^^^^^^^^^
[INFO] [stdout]     |
[INFO] [stdout]     = note: `DownloadProgress` has a derived impl for the trait `Debug`, but this is intentionally ignored during dead code analysis
[INFO] [stdout] 
[INFO] [stdout] 
[INFO] [stdout] warning: method `hostname` is never used
[INFO] [stdout]    --> src/bittorrent.rs:174:12
[INFO] [stdout]     |
[INFO] [stdout] 173 | impl Peer {
[INFO] [stdout]     | --------- method in this implementation
[INFO] [stdout] 174 |     pub fn hostname(&self) -> String {
[INFO] [stdout]     |            ^^^^^^^^
[INFO] [stdout] 
[INFO] [stdout] 
[INFO] [stderr]     Finished `dev` profile [unoptimized + debuginfo] target(s) in 1m 56s
[INFO] running `Command { std: "docker" "inspect" "70c1162ae84b93904cab145757088f8183384bac69feab1eb295fa64788a7af7", kill_on_drop: false }`
[INFO] running `Command { std: "docker" "rm" "-f" "70c1162ae84b93904cab145757088f8183384bac69feab1eb295fa64788a7af7", kill_on_drop: false }`
[INFO] [stdout] 70c1162ae84b93904cab145757088f8183384bac69feab1eb295fa64788a7af7
[INFO] running `Command { std: "docker" "create" "-v" "/var/lib/crater-agent-workspace/builds/worker-5-tc1/target:/opt/rustwide/target:rw,Z" "-v" "/var/lib/crater-agent-workspace/builds/worker-5-tc1/source:/opt/rustwide/workdir:ro,Z" "-v" "/var/lib/crater-agent-workspace/cargo-home:/opt/rustwide/cargo-home:ro,Z" "-v" "/var/lib/crater-agent-workspace/rustup-home:/opt/rustwide/rustup-home:ro,Z" "-e" "SOURCE_DIR=/opt/rustwide/workdir" "-e" "CARGO_TARGET_DIR=/opt/rustwide/target" "-e" "CARGO_INCREMENTAL=0" "-e" "RUST_BACKTRACE=full" "-e" "RUSTFLAGS=--cap-lints=forbid" "-e" "RUSTDOCFLAGS=--cap-lints=forbid" "-e" "CARGO_HOME=/opt/rustwide/cargo-home" "-e" "RUSTUP_HOME=/opt/rustwide/rustup-home" "-w" "/opt/rustwide/workdir" "-m" "1610612736" "--user" "0:0" "--network" "none" "ghcr.io/rust-lang/crates-build-env/linux@sha256:819108c5571ea2e421544af4d832f968d213c87fbe3707a016657f43d2f853bc" "/opt/rustwide/cargo-home/bin/cargo" "+nightly-2025-01-18" "test" "--frozen" "--no-run" "--message-format=json", kill_on_drop: false }`
[INFO] [stdout] cb716a6e28bbde38e5f33be8d00c7f4d42cc30bd8027225d3d6530702b42f408
[INFO] running `Command { std: "docker" "start" "-a" "cb716a6e28bbde38e5f33be8d00c7f4d42cc30bd8027225d3d6530702b42f408", kill_on_drop: false }`
[INFO] [stderr] warning: the cargo feature `edition2024` has been stabilized in the 1.85 release and is no longer necessary to be listed in the manifest
[INFO] [stderr]   See https://doc.rust-lang.org/nightly/cargo/reference/manifest.html#the-edition-field for more information about using this feature.
[INFO] [stderr]    Compiling bt v0.1.0 (/opt/rustwide/workdir)
[INFO] [stdout] warning: unused import: `write`
[INFO] [stdout]  --> src/bittorrent.rs:2:20
[INFO] [stdout]   |
[INFO] [stdout] 2 |     fmt::{Display, write},
[INFO] [stdout]   |                    ^^^^^
[INFO] [stdout]   |
[INFO] [stdout]   = note: `#[warn(unused_imports)]` on by default
[INFO] [stdout] 
[INFO] [stdout] 
[INFO] [stdout] warning: unused variable: `peers`
[INFO] [stdout]    --> src/download.rs:101:25
[INFO] [stdout]     |
[INFO] [stdout] 101 |                 let mut peers: Vec<PeerConnection> = Vec::new();
[INFO] [stdout]     |                         ^^^^^ help: if this is intentional, prefix it with an underscore: `_peers`
[INFO] [stdout]     |
[INFO] [stdout]     = note: `#[warn(unused_variables)]` on by default
[INFO] [stdout] 
[INFO] [stdout] 
[INFO] [stdout] warning: variable does not need to be mutable
[INFO] [stdout]    --> src/download.rs:101:21
[INFO] [stdout]     |
[INFO] [stdout] 101 |                 let mut peers: Vec<PeerConnection> = Vec::new();
[INFO] [stdout]     |                     ----^^^^^
[INFO] [stdout]     |                     |
[INFO] [stdout]     |                     help: remove this `mut`
[INFO] [stdout]     |
[INFO] [stdout]     = note: `#[warn(unused_mut)]` on by default
[INFO] [stdout] 
[INFO] [stdout] 
[INFO] [stdout] warning: unused variable: `maybe_trackers`
[INFO] [stdout]    --> src/download.rs:178:5
[INFO] [stdout]     |
[INFO] [stdout] 178 |     maybe_trackers: Option<Vec<String>>,
[INFO] [stdout]     |     ^^^^^^^^^^^^^^ help: if this is intentional, prefix it with an underscore: `_maybe_trackers`
[INFO] [stdout] 
[INFO] [stdout] 
[INFO] [stdout] warning: unused variable: `maybe_web_seeds`
[INFO] [stdout]    --> src/download.rs:179:5
[INFO] [stdout]     |
[INFO] [stdout] 179 |     maybe_web_seeds: Option<Vec<String>>,
[INFO] [stdout]     |     ^^^^^^^^^^^^^^^ help: if this is intentional, prefix it with an underscore: `_maybe_web_seeds`
[INFO] [stdout] 
[INFO] [stdout] 
[INFO] [stdout] warning: unused variable: `file_handle`
[INFO] [stdout]    --> src/download.rs:180:5
[INFO] [stdout]     |
[INFO] [stdout] 180 |     file_handle: &mut File,
[INFO] [stdout]     |     ^^^^^^^^^^^ help: if this is intentional, prefix it with an underscore: `_file_handle`
[INFO] [stdout] 
[INFO] [stdout] 
[INFO] [stdout] warning: unused variable: `pieces_downloaded`
[INFO] [stdout]    --> src/download.rs:182:13
[INFO] [stdout]     |
[INFO] [stdout] 182 |     let mut pieces_downloaded: Vec<bool> = Vec::with_capacity(pieces.len());
[INFO] [stdout]     |             ^^^^^^^^^^^^^^^^^ help: if this is intentional, prefix it with an underscore: `_pieces_downloaded`
[INFO] [stdout] 
[INFO] [stdout] 
[INFO] [stdout] warning: variable does not need to be mutable
[INFO] [stdout]    --> src/download.rs:182:9
[INFO] [stdout]     |
[INFO] [stdout] 182 |     let mut pieces_downloaded: Vec<bool> = Vec::with_capacity(pieces.len());
[INFO] [stdout]     |         ----^^^^^^^^^^^^^^^^^
[INFO] [stdout]     |         |
[INFO] [stdout]     |         help: remove this `mut`
[INFO] [stdout] 
[INFO] [stdout] 
[INFO] [stdout] warning: unused variable: `piece_length`
[INFO] [stdout]   --> src/main.rs:86:13
[INFO] [stdout]    |
[INFO] [stdout] 86 |             piece_length,
[INFO] [stdout]    |             ^^^^^^^^^^^^ help: try ignoring the field: `piece_length: _`
[INFO] [stdout] 
[INFO] [stdout] 
[INFO] [stdout] warning: unused variable: `private`
[INFO] [stdout]   --> src/main.rs:88:13
[INFO] [stdout]    |
[INFO] [stdout] 88 |             private,
[INFO] [stdout]    |             ^^^^^^^ help: try ignoring the field: `private: _`
[INFO] [stdout] 
[INFO] [stdout] 
[INFO] [stdout] warning: unused variable: `length`
[INFO] [stdout]   --> src/main.rs:89:13
[INFO] [stdout]    |
[INFO] [stdout] 89 |             length,
[INFO] [stdout]    |             ^^^^^^ help: try ignoring the field: `length: _`
[INFO] [stdout] 
[INFO] [stdout] 
[INFO] [stdout] warning: unused variable: `piece_length`
[INFO] [stdout]    --> src/main.rs:120:13
[INFO] [stdout]     |
[INFO] [stdout] 120 |             piece_length,
[INFO] [stdout]     |             ^^^^^^^^^^^^ help: try ignoring the field: `piece_length: _`
[INFO] [stdout] 
[INFO] [stdout] 
[INFO] [stdout] warning: unused variable: `pieces`
[INFO] [stdout]    --> src/main.rs:121:13
[INFO] [stdout]     |
[INFO] [stdout] 121 |             pieces,
[INFO] [stdout]     |             ^^^^^^ help: try ignoring the field: `pieces: _`
[INFO] [stdout] 
[INFO] [stdout] 
[INFO] [stdout] warning: unused variable: `private`
[INFO] [stdout]    --> src/main.rs:122:13
[INFO] [stdout]     |
[INFO] [stdout] 122 |             private,
[INFO] [stdout]     |             ^^^^^^^ help: try ignoring the field: `private: _`
[INFO] [stdout] 
[INFO] [stdout] 
[INFO] [stdout] warning: unused variable: `files`
[INFO] [stdout]    --> src/main.rs:123:13
[INFO] [stdout]     |
[INFO] [stdout] 123 |             files,
[INFO] [stdout]     |             ^^^^^ help: try ignoring the field: `files: _`
[INFO] [stdout] 
[INFO] [stdout] 
[INFO] [stdout] warning: method `as_bytes` is never used
[INFO] [stdout]   --> src/bittorrent.rs:38:12
[INFO] [stdout]    |
[INFO] [stdout] 23 | impl PeerId {
[INFO] [stdout]    | ----------- method in this implementation
[INFO] [stdout] ...
[INFO] [stdout] 38 |     pub fn as_bytes(&self) -> &[u8] {
[INFO] [stdout]    |            ^^^^^^^^
[INFO] [stdout]    |
[INFO] [stdout]    = note: `#[warn(dead_code)]` on by default
[INFO] [stdout] 
[INFO] [stdout] 
[INFO] [stdout] warning: method `as_bytes` is never used
[INFO] [stdout]   --> src/bittorrent.rs:69:12
[INFO] [stdout]    |
[INFO] [stdout] 64 | impl InfoHash {
[INFO] [stdout]    | ------------- method in this implementation
[INFO] [stdout] ...
[INFO] [stdout] 69 |     pub fn as_bytes(&self) -> &[u8] {
[INFO] [stdout]    |            ^^^^^^^^
[INFO] [stdout] 
[INFO] [stdout] 
[INFO] [stdout] warning: variants `InvalidUrl`, `SocketUnavailable`, and `Other` are never constructed
[INFO] [stdout]   --> src/bittorrent.rs:75:5
[INFO] [stdout]    |
[INFO] [stdout] 74 | pub enum PeerConnectionError {
[INFO] [stdout]    |          ------------------- variants in this enum
[INFO] [stdout] 75 |     InvalidUrl(String),
[INFO] [stdout]    |     ^^^^^^^^^^
[INFO] [stdout] 76 |     SocketUnavailable(String),
[INFO] [stdout]    |     ^^^^^^^^^^^^^^^^^
[INFO] [stdout] 77 |     Other(String),
[INFO] [stdout]    |     ^^^^^
[INFO] [stdout] 
[INFO] [stdout] 
[INFO] [stdout] warning: fields `hostname`, `socket`, `me_choked`, `me_interested`, `they_choked`, and `they_interested` are never read
[INFO] [stdout]   --> src/bittorrent.rs:94:9
[INFO] [stdout]    |
[INFO] [stdout] 93 | pub struct PeerConnection {
[INFO] [stdout]    |            -------------- fields in this struct
[INFO] [stdout] 94 |     pub hostname: String,
[INFO] [stdout]    |         ^^^^^^^^
[INFO] [stdout] 95 |     socket: TcpStream,
[INFO] [stdout]    |     ^^^^^^
[INFO] [stdout] 96 |     pub me_choked: bool,
[INFO] [stdout]    |         ^^^^^^^^^
[INFO] [stdout] 97 |     pub me_interested: bool,
[INFO] [stdout]    |         ^^^^^^^^^^^^^
[INFO] [stdout] 98 |     pub they_choked: bool,
[INFO] [stdout]    |         ^^^^^^^^^^^
[INFO] [stdout] 99 |     pub they_interested: bool,
[INFO] [stdout]    |         ^^^^^^^^^^^^^^^
[INFO] [stdout]    |
[INFO] [stdout]    = note: `PeerConnection` has a derived impl for the trait `Debug`, but this is intentionally ignored during dead code analysis
[INFO] [stdout] 
[INFO] [stdout] 
[INFO] [stdout] warning: associated items `connect` and `handshake` are never used
[INFO] [stdout]    --> src/bittorrent.rs:103:18
[INFO] [stdout]     |
[INFO] [stdout] 102 | impl PeerConnection {
[INFO] [stdout]     | ------------------- associated items in this implementation
[INFO] [stdout] 103 |     pub async fn connect(
[INFO] [stdout]     |                  ^^^^^^^
[INFO] [stdout] ...
[INFO] [stdout] 128 |     pub async fn handshake(
[INFO] [stdout]     |                  ^^^^^^^^^
[INFO] [stdout] 
[INFO] [stdout] 
[INFO] [stdout] warning: fields `bytes_uploaded` and `pieces_fetched` are never read
[INFO] [stdout]    --> src/bittorrent.rs:156:9
[INFO] [stdout]     |
[INFO] [stdout] 153 | pub struct DownloadProgress {
[INFO] [stdout]     |            ---------------- fields in this struct
[INFO] [stdout] ...
[INFO] [stdout] 156 |     pub bytes_uploaded: u64,
[INFO] [stdout]     |         ^^^^^^^^^^^^^^
[INFO] [stdout] 157 |     pub pieces_fetched: Vec<bool>,
[INFO] [stdout]     |         ^^^^^^^^^^^^^^
[INFO] [stdout]     |
[INFO] [stdout]     = note: `DownloadProgress` has a derived impl for the trait `Debug`, but this is intentionally ignored during dead code analysis
[INFO] [stdout] 
[INFO] [stdout] 
[INFO] [stdout] warning: method `hostname` is never used
[INFO] [stdout]    --> src/bittorrent.rs:174:12
[INFO] [stdout]     |
[INFO] [stdout] 173 | impl Peer {
[INFO] [stdout]     | --------- method in this implementation
[INFO] [stdout] 174 |     pub fn hostname(&self) -> String {
[INFO] [stdout]     |            ^^^^^^^^
[INFO] [stdout] 
[INFO] [stdout] 
[INFO] [stderr]     Finished `test` profile [unoptimized + debuginfo] target(s) in 1.64s
[INFO] running `Command { std: "docker" "inspect" "cb716a6e28bbde38e5f33be8d00c7f4d42cc30bd8027225d3d6530702b42f408", kill_on_drop: false }`
[INFO] running `Command { std: "docker" "rm" "-f" "cb716a6e28bbde38e5f33be8d00c7f4d42cc30bd8027225d3d6530702b42f408", kill_on_drop: false }`
[INFO] [stdout] cb716a6e28bbde38e5f33be8d00c7f4d42cc30bd8027225d3d6530702b42f408
[INFO] running `Command { std: "docker" "create" "-v" "/var/lib/crater-agent-workspace/builds/worker-5-tc1/target:/opt/rustwide/target:rw,Z" "-v" "/var/lib/crater-agent-workspace/builds/worker-5-tc1/source:/opt/rustwide/workdir:ro,Z" "-v" "/var/lib/crater-agent-workspace/cargo-home:/opt/rustwide/cargo-home:ro,Z" "-v" "/var/lib/crater-agent-workspace/rustup-home:/opt/rustwide/rustup-home:ro,Z" "-e" "SOURCE_DIR=/opt/rustwide/workdir" "-e" "CARGO_TARGET_DIR=/opt/rustwide/target" "-e" "CARGO_INCREMENTAL=0" "-e" "RUST_BACKTRACE=full" "-e" "RUSTFLAGS=--cap-lints=forbid" "-e" "RUSTDOCFLAGS=--cap-lints=forbid" "-e" "CARGO_HOME=/opt/rustwide/cargo-home" "-e" "RUSTUP_HOME=/opt/rustwide/rustup-home" "-w" "/opt/rustwide/workdir" "-m" "1610612736" "--user" "0:0" "--network" "none" "ghcr.io/rust-lang/crates-build-env/linux@sha256:819108c5571ea2e421544af4d832f968d213c87fbe3707a016657f43d2f853bc" "/opt/rustwide/cargo-home/bin/cargo" "+nightly-2025-01-18" "test" "--frozen", kill_on_drop: false }`
[INFO] [stdout] 77aa3219d24a0a28042ba7d267c60efec3b3c331f29321a26a554728a0445c18
[INFO] running `Command { std: "docker" "start" "-a" "77aa3219d24a0a28042ba7d267c60efec3b3c331f29321a26a554728a0445c18", kill_on_drop: false }`
[INFO] [stderr] warning: the cargo feature `edition2024` has been stabilized in the 1.85 release and is no longer necessary to be listed in the manifest
[INFO] [stderr]   See https://doc.rust-lang.org/nightly/cargo/reference/manifest.html#the-edition-field for more information about using this feature.
[INFO] [stderr] warning: unused import: `write`
[INFO] [stderr]  --> src/bittorrent.rs:2:20
[INFO] [stderr]   |
[INFO] [stderr] 2 |     fmt::{Display, write},
[INFO] [stderr]   |                    ^^^^^
[INFO] [stderr]   |
[INFO] [stderr]   = note: `#[warn(unused_imports)]` on by default
[INFO] [stderr] 
[INFO] [stderr] warning: unused variable: `peers`
[INFO] [stderr]    --> src/download.rs:101:25
[INFO] [stderr]     |
[INFO] [stderr] 101 |                 let mut peers: Vec<PeerConnection> = Vec::new();
[INFO] [stderr]     |                         ^^^^^ help: if this is intentional, prefix it with an underscore: `_peers`
[INFO] [stderr]     |
[INFO] [stderr]     = note: `#[warn(unused_variables)]` on by default
[INFO] [stderr] 
[INFO] [stderr] warning: variable does not need to be mutable
[INFO] [stderr]    --> src/download.rs:101:21
[INFO] [stderr]     |
[INFO] [stderr] 101 |                 let mut peers: Vec<PeerConnection> = Vec::new();
[INFO] [stderr]     |                     ----^^^^^
[INFO] [stderr]     |                     |
[INFO] [stderr]     |                     help: remove this `mut`
[INFO] [stderr]     |
[INFO] [stderr]     = note: `#[warn(unused_mut)]` on by default
[INFO] [stderr] 
[INFO] [stderr] warning: unused variable: `maybe_trackers`
[INFO] [stderr]    --> src/download.rs:178:5
[INFO] [stderr]     |
[INFO] [stderr] 178 |     maybe_trackers: Option<Vec<String>>,
[INFO] [stderr]     |     ^^^^^^^^^^^^^^ help: if this is intentional, prefix it with an underscore: `_maybe_trackers`
[INFO] [stderr] 
[INFO] [stderr] warning: unused variable: `maybe_web_seeds`
[INFO] [stderr]    --> src/download.rs:179:5
[INFO] [stderr]     |
[INFO] [stderr] 179 |     maybe_web_seeds: Option<Vec<String>>,
[INFO] [stderr]     |     ^^^^^^^^^^^^^^^ help: if this is intentional, prefix it with an underscore: `_maybe_web_seeds`
[INFO] [stderr] 
[INFO] [stderr] warning: unused variable: `file_handle`
[INFO] [stderr]    --> src/download.rs:180:5
[INFO] [stderr]     |
[INFO] [stderr] 180 |     file_handle: &mut File,
[INFO] [stderr]     |     ^^^^^^^^^^^ help: if this is intentional, prefix it with an underscore: `_file_handle`
[INFO] [stderr] 
[INFO] [stderr] warning: unused variable: `pieces_downloaded`
[INFO] [stderr]    --> src/download.rs:182:13
[INFO] [stderr]     |
[INFO] [stderr] 182 |     let mut pieces_downloaded: Vec<bool> = Vec::with_capacity(pieces.len());
[INFO] [stderr]     |             ^^^^^^^^^^^^^^^^^ help: if this is intentional, prefix it with an underscore: `_pieces_downloaded`
[INFO] [stderr] 
[INFO] [stderr] warning: variable does not need to be mutable
[INFO] [stderr]    --> src/download.rs:182:9
[INFO] [stderr]     |
[INFO] [stderr] 182 |     let mut pieces_downloaded: Vec<bool> = Vec::with_capacity(pieces.len());
[INFO] [stderr]     |         ----^^^^^^^^^^^^^^^^^
[INFO] [stderr]     |         |
[INFO] [stderr]     |         help: remove this `mut`
[INFO] [stderr] 
[INFO] [stderr] warning: unused variable: `piece_length`
[INFO] [stderr]   --> src/main.rs:86:13
[INFO] [stderr]    |
[INFO] [stderr] 86 |             piece_length,
[INFO] [stderr]    |             ^^^^^^^^^^^^ help: try ignoring the field: `piece_length: _`
[INFO] [stderr] 
[INFO] [stderr] warning: unused variable: `private`
[INFO] [stderr]   --> src/main.rs:88:13
[INFO] [stderr]    |
[INFO] [stderr] 88 |             private,
[INFO] [stderr]    |             ^^^^^^^ help: try ignoring the field: `private: _`
[INFO] [stderr] 
[INFO] [stderr] warning: unused variable: `length`
[INFO] [stderr]   --> src/main.rs:89:13
[INFO] [stderr]    |
[INFO] [stderr] 89 |             length,
[INFO] [stderr]    |             ^^^^^^ help: try ignoring the field: `length: _`
[INFO] [stderr] 
[INFO] [stderr] warning: unused variable: `piece_length`
[INFO] [stderr]    --> src/main.rs:120:13
[INFO] [stderr]     |
[INFO] [stderr] 120 |             piece_length,
[INFO] [stderr]     |             ^^^^^^^^^^^^ help: try ignoring the field: `piece_length: _`
[INFO] [stderr] 
[INFO] [stderr] warning: unused variable: `pieces`
[INFO] [stderr]    --> src/main.rs:121:13
[INFO] [stderr]     |
[INFO] [stderr] 121 |             pieces,
[INFO] [stderr]     |             ^^^^^^ help: try ignoring the field: `pieces: _`
[INFO] [stderr] 
[INFO] [stderr] warning: unused variable: `private`
[INFO] [stderr]    --> src/main.rs:122:13
[INFO] [stderr]     |
[INFO] [stderr] 122 |             private,
[INFO] [stderr]     |             ^^^^^^^ help: try ignoring the field: `private: _`
[INFO] [stderr] 
[INFO] [stderr] warning: unused variable: `files`
[INFO] [stderr]    --> src/main.rs:123:13
[INFO] [stderr]     |
[INFO] [stderr] 123 |             files,
[INFO] [stderr]     |             ^^^^^ help: try ignoring the field: `files: _`
[INFO] [stderr] 
[INFO] [stderr] warning: method `as_bytes` is never used
[INFO] [stderr]   --> src/bittorrent.rs:38:12
[INFO] [stderr]    |
[INFO] [stderr] 23 | impl PeerId {
[INFO] [stderr]    | ----------- method in this implementation
[INFO] [stderr] ...
[INFO] [stderr] 38 |     pub fn as_bytes(&self) -> &[u8] {
[INFO] [stderr]    |            ^^^^^^^^
[INFO] [stderr]    |
[INFO] [stderr]    = note: `#[warn(dead_code)]` on by default
[INFO] [stderr] 
[INFO] [stderr] warning: method `as_bytes` is never used
[INFO] [stderr]   --> src/bittorrent.rs:69:12
[INFO] [stderr]    |
[INFO] [stderr] 64 | impl InfoHash {
[INFO] [stderr]    | ------------- method in this implementation
[INFO] [stderr] ...
[INFO] [stderr] 69 |     pub fn as_bytes(&self) -> &[u8] {
[INFO] [stderr]    |            ^^^^^^^^
[INFO] [stderr] 
[INFO] [stderr] warning: variants `InvalidUrl`, `SocketUnavailable`, and `Other` are never constructed
[INFO] [stderr]   --> src/bittorrent.rs:75:5
[INFO] [stderr]    |
[INFO] [stderr] 74 | pub enum PeerConnectionError {
[INFO] [stderr]    |          ------------------- variants in this enum
[INFO] [stderr] 75 |     InvalidUrl(String),
[INFO] [stderr]    |     ^^^^^^^^^^
[INFO] [stderr] 76 |     SocketUnavailable(String),
[INFO] [stderr]    |     ^^^^^^^^^^^^^^^^^
[INFO] [stderr] 77 |     Other(String),
[INFO] [stderr]    |     ^^^^^
[INFO] [stderr] 
[INFO] [stderr] warning: fields `hostname`, `socket`, `me_choked`, `me_interested`, `they_choked`, and `they_interested` are never read
[INFO] [stderr]   --> src/bittorrent.rs:94:9
[INFO] [stderr]    |
[INFO] [stderr] 93 | pub struct PeerConnection {
[INFO] [stderr]    |            -------------- fields in this struct
[INFO] [stderr] 94 |     pub hostname: String,
[INFO] [stderr]    |         ^^^^^^^^
[INFO] [stderr] 95 |     socket: TcpStream,
[INFO] [stderr]    |     ^^^^^^
[INFO] [stderr] 96 |     pub me_choked: bool,
[INFO] [stderr]    |         ^^^^^^^^^
[INFO] [stderr] 97 |     pub me_interested: bool,
[INFO] [stderr]    |         ^^^^^^^^^^^^^
[INFO] [stderr] 98 |     pub they_choked: bool,
[INFO] [stderr]    |         ^^^^^^^^^^^
[INFO] [stderr] 99 |     pub they_interested: bool,
[INFO] [stderr]    |         ^^^^^^^^^^^^^^^
[INFO] [stderr]    |
[INFO] [stderr]    = note: `PeerConnection` has a derived impl for the trait `Debug`, but this is intentionally ignored during dead code analysis
[INFO] [stderr] 
[INFO] [stderr] warning: associated items `connect` and `handshake` are never used
[INFO] [stderr]    --> src/bittorrent.rs:103:18
[INFO] [stderr]     |
[INFO] [stderr] 102 | impl PeerConnection {
[INFO] [stderr]     | ------------------- associated items in this implementation
[INFO] [stderr] 103 |     pub async fn connect(
[INFO] [stderr]     |                  ^^^^^^^
[INFO] [stderr] ...
[INFO] [stderr] 128 |     pub async fn handshake(
[INFO] [stderr]     |                  ^^^^^^^^^
[INFO] [stderr] 
[INFO] [stderr] warning: fields `bytes_uploaded` and `pieces_fetched` are never read
[INFO] [stderr]    --> src/bittorrent.rs:156:9
[INFO] [stderr]     |
[INFO] [stderr] 153 | pub struct DownloadProgress {
[INFO] [stderr]     |            ---------------- fields in this struct
[INFO] [stderr] ...
[INFO] [stderr] 156 |     pub bytes_uploaded: u64,
[INFO] [stderr]     |         ^^^^^^^^^^^^^^
[INFO] [stderr] 157 |     pub pieces_fetched: Vec<bool>,
[INFO] [stderr]     |         ^^^^^^^^^^^^^^
[INFO] [stderr]     |
[INFO] [stderr]     = note: `DownloadProgress` has a derived impl for the trait `Debug`, but this is intentionally ignored during dead code analysis
[INFO] [stderr] 
[INFO] [stderr] warning: method `hostname` is never used
[INFO] [stderr]    --> src/bittorrent.rs:174:12
[INFO] [stderr]     |
[INFO] [stderr] 173 | impl Peer {
[INFO] [stderr]     | --------- method in this implementation
[INFO] [stderr] 174 |     pub fn hostname(&self) -> String {
[INFO] [stderr]     |            ^^^^^^^^
[INFO] [stderr] 
[INFO] [stderr] warning: `bt` (bin "bt" test) generated 22 warnings (run `cargo fix --bin "bt" --tests` to apply 3 suggestions)
[INFO] [stderr]     Finished `test` profile [unoptimized + debuginfo] target(s) in 0.24s
[INFO] [stderr]      Running unittests src/main.rs (/opt/rustwide/target/debug/deps/bt-3b3ead48dd79c661)
[INFO] [stdout] 
[INFO] [stdout] running 2 tests
[INFO] [stdout] test util::test_encode_byte_string ... FAILED
[INFO] [stdout] test bittorrent::test_peer_from_slice ... FAILED
[INFO] [stdout] 
[INFO] [stdout] failures:
[INFO] [stdout] 
[INFO] [stdout] ---- util::test_encode_byte_string stdout ----
[INFO] [stdout] 
[INFO] [stdout] thread 'util::test_encode_byte_string' panicked at src/util.rs:30:5:
[INFO] [stdout] assertion `left == right` failed
[INFO] [stdout]   left: "BR%5B%25b6%25d3%25b0%25dc%2506%25bbx%25aeT%25873%25e8%25fb%25b5TF%25b3"
[INFO] [stdout]  right: "BR%5B%EF%BF%BD%D3%B0%EF%BF%BD%06%EF%BF%BDx%EF%BF%BDT%EF%BF%BD3%EF%BF%BD%EF%BF%BD%EF%BF%BDTF%EF%BF%BD"
[INFO] [stdout] stack backtrace:
[INFO] [stdout]    0:     0x57fe176b752a - std::backtrace_rs::backtrace::libunwind::trace::hb059275cfc8d6126
[INFO] [stdout]                                at /rustc/6067b36314ab5eb2eb47cecc464545ba58e1ad24/library/std/src/../../backtrace/src/backtrace/libunwind.rs:116:5
[INFO] [stdout]    1:     0x57fe176b752a - std::backtrace_rs::backtrace::trace_unsynchronized::h2da071e4327ce3ee
[INFO] [stdout]                                at /rustc/6067b36314ab5eb2eb47cecc464545ba58e1ad24/library/std/src/../../backtrace/src/backtrace/mod.rs:66:5
[INFO] [stdout]    2:     0x57fe176b752a - std::sys::backtrace::_print_fmt::h842a1474e6f8d23f
[INFO] [stdout]                                at /rustc/6067b36314ab5eb2eb47cecc464545ba58e1ad24/library/std/src/sys/backtrace.rs:66:9
[INFO] [stdout]    3:     0x57fe176b752a - <std::sys::backtrace::BacktraceLock::print::DisplayBacktrace as core::fmt::Display>::fmt::h71a62eb3b9696b12
[INFO] [stdout]                                at /rustc/6067b36314ab5eb2eb47cecc464545ba58e1ad24/library/std/src/sys/backtrace.rs:39:26
[INFO] [stdout]    4:     0x57fe176deb73 - core::fmt::rt::Argument::fmt::hdb6b616786b41dc1
[INFO] [stdout]                                at /rustc/6067b36314ab5eb2eb47cecc464545ba58e1ad24/library/core/src/fmt/rt.rs:177:76
[INFO] [stdout]    5:     0x57fe176deb73 - core::fmt::write::h2cc1698af7e2d686
[INFO] [stdout]                                at /rustc/6067b36314ab5eb2eb47cecc464545ba58e1ad24/library/core/src/fmt/mod.rs:1440:21
[INFO] [stdout]    6:     0x57fe176b4083 - std::io::Write::write_fmt::hab1b4cd059a79022
[INFO] [stdout]                                at /rustc/6067b36314ab5eb2eb47cecc464545ba58e1ad24/library/std/src/io/mod.rs:1887:15
[INFO] [stdout]    7:     0x57fe176b7372 - std::sys::backtrace::BacktraceLock::print::h147fe35b4ea13b08
[INFO] [stdout]                                at /rustc/6067b36314ab5eb2eb47cecc464545ba58e1ad24/library/std/src/sys/backtrace.rs:42:9
[INFO] [stdout]    8:     0x57fe176b894f - std::panicking::default_hook::{{closure}}::hbd44223dbdc0d208
[INFO] [stdout]                                at /rustc/6067b36314ab5eb2eb47cecc464545ba58e1ad24/library/std/src/panicking.rs:298:22
[INFO] [stdout]    9:     0x57fe176b8768 - std::panicking::default_hook::h20f81eb0576efcec
[INFO] [stdout]                                at /rustc/6067b36314ab5eb2eb47cecc464545ba58e1ad24/library/std/src/panicking.rs:322:9
[INFO] [stdout]   10:     0x57fe1767af63 - <alloc::boxed::Box<F,A> as core::ops::function::Fn<Args>>::call::hdb53814c496a4d34
[INFO] [stdout]                                at /rustc/6067b36314ab5eb2eb47cecc464545ba58e1ad24/library/alloc/src/boxed.rs:2027:9
[INFO] [stdout]   11:     0x57fe1767af63 - test::test_main::{{closure}}::hc0a4963c59427c24
[INFO] [stdout]                                at /rustc/6067b36314ab5eb2eb47cecc464545ba58e1ad24/library/test/src/lib.rs:134:21
[INFO] [stdout]   12:     0x57fe176b9443 - <alloc::boxed::Box<F,A> as core::ops::function::Fn<Args>>::call::h591b2225413a77e9
[INFO] [stdout]                                at /rustc/6067b36314ab5eb2eb47cecc464545ba58e1ad24/library/alloc/src/boxed.rs:2027:9
[INFO] [stdout]   13:     0x57fe176b9443 - std::panicking::rust_panic_with_hook::h625eea43051b2edc
[INFO] [stdout]                                at /rustc/6067b36314ab5eb2eb47cecc464545ba58e1ad24/library/std/src/panicking.rs:839:13
[INFO] [stdout]   14:     0x57fe176b90fa - std::panicking::begin_panic_handler::{{closure}}::h4f9159cfbc3f6bd3
[INFO] [stdout]                                at /rustc/6067b36314ab5eb2eb47cecc464545ba58e1ad24/library/std/src/panicking.rs:704:13
[INFO] [stdout]   15:     0x57fe176b7a29 - std::sys::backtrace::__rust_end_short_backtrace::h0390abce48353151
[INFO] [stdout]                                at /rustc/6067b36314ab5eb2eb47cecc464545ba58e1ad24/library/std/src/sys/backtrace.rs:168:18
[INFO] [stdout]   16:     0x57fe176b8d8d - rust_begin_unwind
[INFO] [stdout]                                at /rustc/6067b36314ab5eb2eb47cecc464545ba58e1ad24/library/std/src/panicking.rs:695:5
[INFO] [stdout]   17:     0x57fe176dd620 - core::panicking::panic_fmt::h9e7c637e9e5f29c9
[INFO] [stdout]                                at /rustc/6067b36314ab5eb2eb47cecc464545ba58e1ad24/library/core/src/panicking.rs:75:14
[INFO] [stdout]   18:     0x57fe176dd942 - core::panicking::assert_failed_inner::h538bec7c1374cd9c
[INFO] [stdout]   19:     0x57fe1763ef5e - core::panicking::assert_failed::h1adb57d33e3e447e
[INFO] [stdout]                                at /rustc/6067b36314ab5eb2eb47cecc464545ba58e1ad24/library/core/src/panicking.rs:364:5
[INFO] [stdout]   20:     0x57fe17640c4f - bt::util::test_encode_byte_string::h0b659b8068bea0f3
[INFO] [stdout]                                at /opt/rustwide/workdir/src/util.rs:30:5
[INFO] [stdout]   21:     0x57fe17640a97 - bt::util::test_encode_byte_string::{{closure}}::h6793e3ed76971b3f
[INFO] [stdout]                                at /opt/rustwide/workdir/src/util.rs:21:29
[INFO] [stdout]   22:     0x57fe1763dd36 - core::ops::function::FnOnce::call_once::hf16853025e85af46
[INFO] [stdout]                                at /rustc/6067b36314ab5eb2eb47cecc464545ba58e1ad24/library/core/src/ops/function.rs:250:5
[INFO] [stdout]   23:     0x57fe176806bb - core::ops::function::FnOnce::call_once::he27718dfdd183f43
[INFO] [stdout]                                at /rustc/6067b36314ab5eb2eb47cecc464545ba58e1ad24/library/core/src/ops/function.rs:250:5
[INFO] [stdout]   24:     0x57fe176806bb - test::__rust_begin_short_backtrace::h4e84902998457a5d
[INFO] [stdout]                                at /rustc/6067b36314ab5eb2eb47cecc464545ba58e1ad24/library/test/src/lib.rs:632:18
[INFO] [stdout]   25:     0x57fe1767f5f3 - test::run_test_in_process::{{closure}}::h7176fd18fc1feca0
[INFO] [stdout]                                at /rustc/6067b36314ab5eb2eb47cecc464545ba58e1ad24/library/test/src/lib.rs:655:60
[INFO] [stdout]   26:     0x57fe1767f5f3 - <core::panic::unwind_safe::AssertUnwindSafe<F> as core::ops::function::FnOnce<()>>::call_once::hf79cff2a624d8cf7
[INFO] [stdout]                                at /rustc/6067b36314ab5eb2eb47cecc464545ba58e1ad24/library/core/src/panic/unwind_safe.rs:272:9
[INFO] [stdout]   27:     0x57fe1767f5f3 - std::panicking::try::do_call::h3da0561d9ab99c25
[INFO] [stdout]                                at /rustc/6067b36314ab5eb2eb47cecc464545ba58e1ad24/library/std/src/panicking.rs:587:40
[INFO] [stdout]   28:     0x57fe1767f5f3 - std::panicking::try::h41c9fa508bc61df6
[INFO] [stdout]                                at /rustc/6067b36314ab5eb2eb47cecc464545ba58e1ad24/library/std/src/panicking.rs:550:19
[INFO] [stdout]   29:     0x57fe1767f5f3 - std::panic::catch_unwind::h6b3ff07bb5afad93
[INFO] [stdout]                                at /rustc/6067b36314ab5eb2eb47cecc464545ba58e1ad24/library/std/src/panic.rs:358:14
[INFO] [stdout]   30:     0x57fe1767f5f3 - test::run_test_in_process::hc7253dd11b39b9f4
[INFO] [stdout]                                at /rustc/6067b36314ab5eb2eb47cecc464545ba58e1ad24/library/test/src/lib.rs:655:27
[INFO] [stdout]   31:     0x57fe1767f5f3 - test::run_test::{{closure}}::hfb2007f8649c30bb
[INFO] [stdout]                                at /rustc/6067b36314ab5eb2eb47cecc464545ba58e1ad24/library/test/src/lib.rs:576:43
[INFO] [stdout]   32:     0x57fe176426d5 - test::run_test::{{closure}}::h56a17aa7a282a9f4
[INFO] [stdout]                                at /rustc/6067b36314ab5eb2eb47cecc464545ba58e1ad24/library/test/src/lib.rs:606:41
[INFO] [stdout]   33:     0x57fe176426d5 - std::sys::backtrace::__rust_begin_short_backtrace::hd2d2d2fb8e8c6aac
[INFO] [stdout]                                at /rustc/6067b36314ab5eb2eb47cecc464545ba58e1ad24/library/std/src/sys/backtrace.rs:152:18
[INFO] [stdout]   34:     0x57fe17645fba - std::thread::Builder::spawn_unchecked_::{{closure}}::{{closure}}::h4faa3f9db6133423
[INFO] [stdout]                                at /rustc/6067b36314ab5eb2eb47cecc464545ba58e1ad24/library/std/src/thread/mod.rs:559:17
[INFO] [stdout]   35:     0x57fe17645fba - <core::panic::unwind_safe::AssertUnwindSafe<F> as core::ops::function::FnOnce<()>>::call_once::hf2e855a36a4ea846
[INFO] [stdout]                                at /rustc/6067b36314ab5eb2eb47cecc464545ba58e1ad24/library/core/src/panic/unwind_safe.rs:272:9
[INFO] [stdout]   36:     0x57fe17645fba - std::panicking::try::do_call::h2f73af3616c35465
[INFO] [stdout]                                at /rustc/6067b36314ab5eb2eb47cecc464545ba58e1ad24/library/std/src/panicking.rs:587:40
[INFO] [stdout]   37:     0x57fe17645fba - std::panicking::try::hd1660ce9efadef5a
[INFO] [stdout]                                at /rustc/6067b36314ab5eb2eb47cecc464545ba58e1ad24/library/std/src/panicking.rs:550:19
[INFO] [stdout]   38:     0x57fe17645fba - std::panic::catch_unwind::h5ee8d7823b8ca744
[INFO] [stdout]                                at /rustc/6067b36314ab5eb2eb47cecc464545ba58e1ad24/library/std/src/panic.rs:358:14
[INFO] [stdout]   39:     0x57fe17645fba - std::thread::Builder::spawn_unchecked_::{{closure}}::h53c3a1894dce8407
[INFO] [stdout]                                at /rustc/6067b36314ab5eb2eb47cecc464545ba58e1ad24/library/std/src/thread/mod.rs:557:30
[INFO] [stdout]   40:     0x57fe17645fba - core::ops::function::FnOnce::call_once{{vtable.shim}}::h048ce291ad4f62bf
[INFO] [stdout]                                at /rustc/6067b36314ab5eb2eb47cecc464545ba58e1ad24/library/core/src/ops/function.rs:250:5
[INFO] [stdout]   41:     0x57fe176bd37b - <alloc::boxed::Box<F,A> as core::ops::function::FnOnce<Args>>::call_once::ha52bedf99a3b4981
[INFO] [stdout]                                at /rustc/6067b36314ab5eb2eb47cecc464545ba58e1ad24/library/alloc/src/boxed.rs:2013:9
[INFO] [stdout]   42:     0x57fe176bd37b - <alloc::boxed::Box<F,A> as core::ops::function::FnOnce<Args>>::call_once::h567748934d80ccf8
[INFO] [stdout]                                at /rustc/6067b36314ab5eb2eb47cecc464545ba58e1ad24/library/alloc/src/boxed.rs:2013:9
[INFO] [stdout]   43:     0x57fe176bd37b - std::sys::pal::unix::thread::Thread::new::thread_start::h2d970728ae887adc
[INFO] [stdout]                                at /rustc/6067b36314ab5eb2eb47cecc464545ba58e1ad24/library/std/src/sys/pal/unix/thread.rs:106:17
[INFO] [stdout]   44:     0x7a1c002f3ac3 - <unknown>
[INFO] [stdout]   45:     0x7a1c00384a04 - clone
[INFO] [stdout]   46:                0x0 - <unknown>
[INFO] [stdout] 
[INFO] [stdout] ---- bittorrent::test_peer_from_slice stdout ----
[INFO] [stdout] 
[INFO] [stdout] thread 'bittorrent::test_peer_from_slice' panicked at src/bittorrent.rs:189:16:
[INFO] [stdout] copy_from_slice: source slice length (1) does not match destination slice length (8)
[INFO] [stdout] stack backtrace:
[INFO] [stdout]    0:     0x57fe176b752a - std::backtrace_rs::backtrace::libunwind::trace::hb059275cfc8d6126
[INFO] [stdout]                                at /rustc/6067b36314ab5eb2eb47cecc464545ba58e1ad24/library/std/src/../../backtrace/src/backtrace/libunwind.rs:116:5
[INFO] [stdout]    1:     0x57fe176b752a - std::backtrace_rs::backtrace::trace_unsynchronized::h2da071e4327ce3ee
[INFO] [stdout]                                at /rustc/6067b36314ab5eb2eb47cecc464545ba58e1ad24/library/std/src/../../backtrace/src/backtrace/mod.rs:66:5
[INFO] [stdout]    2:     0x57fe176b752a - std::sys::backtrace::_print_fmt::h842a1474e6f8d23f
[INFO] [stdout]                                at /rustc/6067b36314ab5eb2eb47cecc464545ba58e1ad24/library/std/src/sys/backtrace.rs:66:9
[INFO] [stdout]    3:     0x57fe176b752a - <std::sys::backtrace::BacktraceLock::print::DisplayBacktrace as core::fmt::Display>::fmt::h71a62eb3b9696b12
[INFO] [stdout]                                at /rustc/6067b36314ab5eb2eb47cecc464545ba58e1ad24/library/std/src/sys/backtrace.rs:39:26
[INFO] [stdout]    4:     0x57fe176deb73 - core::fmt::rt::Argument::fmt::hdb6b616786b41dc1
[INFO] [stdout]                                at /rustc/6067b36314ab5eb2eb47cecc464545ba58e1ad24/library/core/src/fmt/rt.rs:177:76
[INFO] [stdout]    5:     0x57fe176deb73 - core::fmt::write::h2cc1698af7e2d686
[INFO] [stdout]                                at /rustc/6067b36314ab5eb2eb47cecc464545ba58e1ad24/library/core/src/fmt/mod.rs:1440:21
[INFO] [stdout]    6:     0x57fe176b4083 - std::io::Write::write_fmt::hab1b4cd059a79022
[INFO] [stdout]                                at /rustc/6067b36314ab5eb2eb47cecc464545ba58e1ad24/library/std/src/io/mod.rs:1887:15
[INFO] [stdout]    7:     0x57fe176b7372 - std::sys::backtrace::BacktraceLock::print::h147fe35b4ea13b08
[INFO] [stdout]                                at /rustc/6067b36314ab5eb2eb47cecc464545ba58e1ad24/library/std/src/sys/backtrace.rs:42:9
[INFO] [stdout]    8:     0x57fe176b894f - std::panicking::default_hook::{{closure}}::hbd44223dbdc0d208
[INFO] [stdout]                                at /rustc/6067b36314ab5eb2eb47cecc464545ba58e1ad24/library/std/src/panicking.rs:298:22
[INFO] [stdout]    9:     0x57fe176b8768 - std::panicking::default_hook::h20f81eb0576efcec
[INFO] [stdout]                                at /rustc/6067b36314ab5eb2eb47cecc464545ba58e1ad24/library/std/src/panicking.rs:322:9
[INFO] [stdout]   10:     0x57fe1767af63 - <alloc::boxed::Box<F,A> as core::ops::function::Fn<Args>>::call::hdb53814c496a4d34
[INFO] [stdout]                                at /rustc/6067b36314ab5eb2eb47cecc464545ba58e1ad24/library/alloc/src/boxed.rs:2027:9
[INFO] [stdout]   11:     0x57fe1767af63 - test::test_main::{{closure}}::hc0a4963c59427c24
[INFO] [stdout]                                at /rustc/6067b36314ab5eb2eb47cecc464545ba58e1ad24/library/test/src/lib.rs:134:21
[INFO] [stdout]   12:     0x57fe176b9443 - <alloc::boxed::Box<F,A> as core::ops::function::Fn<Args>>::call::h591b2225413a77e9
[INFO] [stdout]                                at /rustc/6067b36314ab5eb2eb47cecc464545ba58e1ad24/library/alloc/src/boxed.rs:2027:9
[INFO] [stdout]   13:     0x57fe176b9443 - std::panicking::rust_panic_with_hook::h625eea43051b2edc
[INFO] [stdout]                                at /rustc/6067b36314ab5eb2eb47cecc464545ba58e1ad24/library/std/src/panicking.rs:839:13
[INFO] [stdout]   14:     0x57fe176b90fa - std::panicking::begin_panic_handler::{{closure}}::h4f9159cfbc3f6bd3
[INFO] [stdout]                                at /rustc/6067b36314ab5eb2eb47cecc464545ba58e1ad24/library/std/src/panicking.rs:704:13
[INFO] [stdout]   15:     0x57fe176b7a29 - std::sys::backtrace::__rust_end_short_backtrace::h0390abce48353151
[INFO] [stdout]                                at /rustc/6067b36314ab5eb2eb47cecc464545ba58e1ad24/library/std/src/sys/backtrace.rs:168:18
[INFO] [stdout]   16:     0x57fe176b8d8d - rust_begin_unwind
[INFO] [stdout]                                at /rustc/6067b36314ab5eb2eb47cecc464545ba58e1ad24/library/std/src/panicking.rs:695:5
[INFO] [stdout]   17:     0x57fe176dd620 - core::panicking::panic_fmt::h9e7c637e9e5f29c9
[INFO] [stdout]                                at /rustc/6067b36314ab5eb2eb47cecc464545ba58e1ad24/library/core/src/panicking.rs:75:14
[INFO] [stdout]   18:     0x57fe176e4c87 - core::slice::<impl [T]>::copy_from_slice::len_mismatch_fail::do_panic::runtime::hedae48ae51043ee3
[INFO] [stdout]                                at /rustc/6067b36314ab5eb2eb47cecc464545ba58e1ad24/library/core/src/panic.rs:218:21
[INFO] [stdout]   19:     0x57fe176e0a93 - core::slice::<impl [T]>::copy_from_slice::len_mismatch_fail::do_panic::h1a7fd9bbb260d0ff
[INFO] [stdout]                                at /rustc/6067b36314ab5eb2eb47cecc464545ba58e1ad24/library/core/src/intrinsics/mod.rs:3861:9
[INFO] [stdout]   20:     0x57fe176e0a93 - core::slice::<impl [T]>::copy_from_slice::len_mismatch_fail::hc39586465c3d2bc6
[INFO] [stdout]                                at /rustc/6067b36314ab5eb2eb47cecc464545ba58e1ad24/library/core/src/panic.rs:223:9
[INFO] [stdout]   21:     0x57fe17685fa9 - core::slice::<impl [T]>::copy_from_slice::h6652a226c67213a6
[INFO] [stdout]                                at /rustc/6067b36314ab5eb2eb47cecc464545ba58e1ad24/library/core/src/slice/mod.rs:3729:13
[INFO] [stdout]   22:     0x57fe1764004e - bt::bittorrent::Peer::from_slice::h67abaf75e7e3aac5
[INFO] [stdout]                                at /opt/rustwide/workdir/src/bittorrent.rs:189:9
[INFO] [stdout]   23:     0x57fe1764098a - bt::bittorrent::test_peer_from_slice::hd5e1f3846230af62
[INFO] [stdout]                                at /opt/rustwide/workdir/src/bittorrent.rs:219:9
[INFO] [stdout]   24:     0x57fe176408b7 - bt::bittorrent::test_peer_from_slice::{{closure}}::h662c05b303fb1923
[INFO] [stdout]                                at /opt/rustwide/workdir/src/bittorrent.rs:210:26
[INFO] [stdout]   25:     0x57fe1763dc46 - core::ops::function::FnOnce::call_once::h015509089a836d8a
[INFO] [stdout]                                at /rustc/6067b36314ab5eb2eb47cecc464545ba58e1ad24/library/core/src/ops/function.rs:250:5
[INFO] [stdout]   26:     0x57fe176806bb - core::ops::function::FnOnce::call_once::he27718dfdd183f43
[INFO] [stdout]                                at /rustc/6067b36314ab5eb2eb47cecc464545ba58e1ad24/library/core/src/ops/function.rs:250:5
[INFO] [stdout]   27:     0x57fe176806bb - test::__rust_begin_short_backtrace::h4e84902998457a5d
[INFO] [stdout]                                at /rustc/6067b36314ab5eb2eb47cecc464545ba58e1ad24/library/test/src/lib.rs:632:18
[INFO] [stdout]   28:     0x57fe1767f5f3 - test::run_test_in_process::{{closure}}::h7176fd18fc1feca0
[INFO] [stdout]                                at /rustc/6067b36314ab5eb2eb47cecc464545ba58e1ad24/library/test/src/lib.rs:655:60
[INFO] [stdout]   29:     0x57fe1767f5f3 - <core::panic::unwind_safe::AssertUnwindSafe<F> as core::ops::function::FnOnce<()>>::call_once::hf79cff2a624d8cf7
[INFO] [stdout]                                at /rustc/6067b36314ab5eb2eb47cecc464545ba58e1ad24/library/core/src/panic/unwind_safe.rs:272:9
[INFO] [stdout]   30:     0x57fe1767f5f3 - std::panicking::try::do_call::h3da0561d9ab99c25
[INFO] [stdout]                                at /rustc/6067b36314ab5eb2eb47cecc464545ba58e1ad24/library/std/src/panicking.rs:587:40
[INFO] [stdout]   31:     0x57fe1767f5f3 - std::panicking::try::h41c9fa508bc61df6
[INFO] [stdout]                                at /rustc/6067b36314ab5eb2eb47cecc464545ba58e1ad24/library/std/src/panicking.rs:550:19
[INFO] [stdout]   32:     0x57fe1767f5f3 - std::panic::catch_unwind::h6b3ff07bb5afad93
[INFO] [stdout]                                at /rustc/6067b36314ab5eb2eb47cecc464545ba58e1ad24/library/std/src/panic.rs:358:14
[INFO] [stdout]   33:     0x57fe1767f5f3 - test::run_test_in_process::hc7253dd11b39b9f4
[INFO] [stdout]                                at /rustc/6067b36314ab5eb2eb47cecc464545ba58e1ad24/library/test/src/lib.rs:655:27
[INFO] [stdout]   34:     0x57fe1767f5f3 - test::run_test::{{closure}}::hfb2007f8649c30bb
[INFO] [stdout]                                at /rustc/6067b36314ab5eb2eb47cecc464545ba58e1ad24/library/test/src/lib.rs:576:43
[INFO] [stdout]   35:     0x57fe176426d5 - test::run_test::{{closure}}::h56a17aa7a282a9f4
[INFO] [stdout]                                at /rustc/6067b36314ab5eb2eb47cecc464545ba58e1ad24/library/test/src/lib.rs:606:41
[INFO] [stdout]   36:     0x57fe176426d5 - std::sys::backtrace::__rust_begin_short_backtrace::hd2d2d2fb8e8c6aac
[INFO] [stdout]                                at /rustc/6067b36314ab5eb2eb47cecc464545ba58e1ad24/library/std/src/sys/backtrace.rs:152:18
[INFO] [stdout]   37:     0x57fe17645fba - std::thread::Builder::spawn_unchecked_::{{closure}}::{{closure}}::h4faa3f9db6133423
[INFO] [stdout]                                at /rustc/6067b36314ab5eb2eb47cecc464545ba58e1ad24/library/std/src/thread/mod.rs:559:17
[INFO] [stdout]   38:     0x57fe17645fba - <core::panic::unwind_safe::AssertUnwindSafe<F> as core::ops::function::FnOnce<()>>::call_once::hf2e855a36a4ea846
[INFO] [stdout]                                at /rustc/6067b36314ab5eb2eb47cecc464545ba58e1ad24/library/core/src/panic/unwind_safe.rs:272:9
[INFO] [stdout]   39:     0x57fe17645fba - std::panicking::try::do_call::h2f73af3616c35465
[INFO] [stdout]                                at /rustc/6067b36314ab5eb2eb47cecc464545ba58e1ad24/library/std/src/panicking.rs:587:40
[INFO] [stdout]   40:     0x57fe17645fba - std::panicking::try::hd1660ce9efadef5a
[INFO] [stdout]                                at /rustc/6067b36314ab5eb2eb47cecc464545ba58e1ad24/library/std/src/panicking.rs:550:19
[INFO] [stdout]   41:     0x57fe17645fba - std::panic::catch_unwind::h5ee8d7823b8ca744
[INFO] [stdout]                                at /rustc/6067b36314ab5eb2eb47cecc464545ba58e1ad24/library/std/src/panic.rs:358:14
[INFO] [stdout]   42:     0x57fe17645fba - std::thread::Builder::spawn_unchecked_::{{closure}}::h53c3a1894dce8407
[INFO] [stdout]                                at /rustc/6067b36314ab5eb2eb47cecc464545ba58e1ad24/library/std/src/thread/mod.rs:557:30
[INFO] [stdout]   43:     0x57fe17645fba - core::ops::function::FnOnce::call_once{{vtable.shim}}::h048ce291ad4f62bf
[INFO] [stdout]                                at /rustc/6067b36314ab5eb2eb47cecc464545ba58e1ad24/library/core/src/ops/function.rs:250:5
[INFO] [stdout]   44:     0x57fe176bd37b - <alloc::boxed::Box<F,A> as core::ops::function::FnOnce<Args>>::call_once::ha52bedf99a3b4981
[INFO] [stdout]                                at /rustc/6067b36314ab5eb2eb47cecc464545ba58e1ad24/library/alloc/src/boxed.rs:2013:9
[INFO] [stdout]   45:     0x57fe176bd37b - <alloc::boxed::Box<F,A> as core::ops::function::FnOnce<Args>>::call_once::h567748934d80ccf8
[INFO] [stdout]                                at /rustc/6067b36314ab5eb2eb47cecc464545ba58e1ad24/library/alloc/src/boxed.rs:2013:9
[INFO] [stdout]   46:     0x57fe176bd37b - std::sys::pal::unix::thread::Thread::new::thread_start::h2d970728ae887adc
[INFO] [stdout]                                at /rustc/6067b36314ab5eb2eb47cecc464545ba58e1ad24/library/std/src/sys/pal/unix/thread.rs:106:17
[INFO] [stdout]   47:     0x7a1c002f3ac3 - <unknown>
[INFO] [stdout]   48:     0x7a1c00384a04 - clone
[INFO] [stdout]   49:                0x0 - <unknown>
[INFO] [stdout] 
[INFO] [stdout] 
[INFO] [stdout] failures:
[INFO] [stdout]     bittorrent::test_peer_from_slice
[INFO] [stdout]     util::test_encode_byte_string
[INFO] [stdout] 
[INFO] [stdout] test result: FAILED. 0 passed; 2 failed; 0 ignored; 0 measured; 0 filtered out; finished in 0.16s
[INFO] [stdout] 
[INFO] [stderr] error: test failed, to rerun pass `--bin bt`
[INFO] running `Command { std: "docker" "inspect" "77aa3219d24a0a28042ba7d267c60efec3b3c331f29321a26a554728a0445c18", kill_on_drop: false }`
[INFO] running `Command { std: "docker" "rm" "-f" "77aa3219d24a0a28042ba7d267c60efec3b3c331f29321a26a554728a0445c18", kill_on_drop: false }`
[INFO] [stdout] 77aa3219d24a0a28042ba7d267c60efec3b3c331f29321a26a554728a0445c18
