[INFO] cloning repository https://github.com/reese/rox
[INFO] running `Command { std: "git" "-c" "credential.helper=" "-c" "credential.helper=/workspace/cargo-home/bin/git-credential-null" "clone" "--bare" "https://github.com/reese/rox" "/workspace/cache/git-repos/https%3A%2F%2Fgithub.com%2Freese%2Frox", kill_on_drop: false }`
[INFO] [stderr] Cloning into bare repository '/workspace/cache/git-repos/https%3A%2F%2Fgithub.com%2Freese%2Frox'...
[INFO] running `Command { std: "git" "rev-parse" "HEAD", kill_on_drop: false }`
[INFO] [stdout] d5570e71d1b1b51c7b55738daf742272c48042ac
[INFO] testing reese/rox against nightly-2025-01-18 for randomize-layout-2
[INFO] running `Command { std: "git" "clone" "/workspace/cache/git-repos/https%3A%2F%2Fgithub.com%2Freese%2Frox" "/workspace/builds/worker-7-tc1/source", kill_on_drop: false }`
[INFO] [stderr] Cloning into '/workspace/builds/worker-7-tc1/source'...
[INFO] [stderr] done.
[INFO] validating manifest of git repo https://github.com/reese/rox on toolchain nightly-2025-01-18
[INFO] running `Command { std: CARGO_HOME="/workspace/cargo-home" RUSTUP_HOME="/workspace/rustup-home" "/workspace/cargo-home/bin/cargo" "+nightly-2025-01-18" "metadata" "--manifest-path" "Cargo.toml" "--no-deps", kill_on_drop: false }`
[INFO] started tweaking git repo https://github.com/reese/rox
[INFO] finished tweaking git repo https://github.com/reese/rox
[INFO] tweaked toml for git repo https://github.com/reese/rox written to /workspace/builds/worker-7-tc1/source/Cargo.toml
[INFO] crate git repo https://github.com/reese/rox already has a lockfile, it will not be regenerated
[INFO] running `Command { std: CARGO_HOME="/workspace/cargo-home" RUSTUP_HOME="/workspace/rustup-home" "/workspace/cargo-home/bin/cargo" "+nightly-2025-01-18" "fetch" "--manifest-path" "Cargo.toml", kill_on_drop: false }`
[INFO] [stderr]  Downloading crates ...
[INFO] [stderr]   Downloaded serde_derive v1.0.141
[INFO] [stderr]   Downloaded codespan-reporting v0.9.5
[INFO] [stderr]   Downloaded plotters-svg v0.3.2
[INFO] [stderr]   Downloaded llvm-sys v100.2.3
[INFO] [stderr]   Downloaded plotters v0.3.2
[INFO] running `Command { std: "docker" "create" "-v" "/var/lib/crater-agent-workspace/builds/worker-7-tc1/target:/opt/rustwide/target:rw,Z" "-v" "/var/lib/crater-agent-workspace/builds/worker-7-tc1/source:/opt/rustwide/workdir:ro,Z" "-v" "/var/lib/crater-agent-workspace/cargo-home:/opt/rustwide/cargo-home:ro,Z" "-v" "/var/lib/crater-agent-workspace/rustup-home:/opt/rustwide/rustup-home:ro,Z" "-e" "SOURCE_DIR=/opt/rustwide/workdir" "-e" "CARGO_TARGET_DIR=/opt/rustwide/target" "-e" "CARGO_HOME=/opt/rustwide/cargo-home" "-e" "RUSTUP_HOME=/opt/rustwide/rustup-home" "-w" "/opt/rustwide/workdir" "-m" "1610612736" "--user" "0:0" "--network" "none" "ghcr.io/rust-lang/crates-build-env/linux@sha256:819108c5571ea2e421544af4d832f968d213c87fbe3707a016657f43d2f853bc" "/opt/rustwide/cargo-home/bin/cargo" "+nightly-2025-01-18" "metadata" "--no-deps" "--format-version=1", kill_on_drop: false }`
[INFO] [stdout] 99b1dff13d192678beb0c5a4ed46d46f4545859d81ee7325b5396abba13fe8ff
[INFO] running `Command { std: "docker" "start" "-a" "99b1dff13d192678beb0c5a4ed46d46f4545859d81ee7325b5396abba13fe8ff", kill_on_drop: false }`
[INFO] running `Command { std: "docker" "inspect" "99b1dff13d192678beb0c5a4ed46d46f4545859d81ee7325b5396abba13fe8ff", kill_on_drop: false }`
[INFO] running `Command { std: "docker" "rm" "-f" "99b1dff13d192678beb0c5a4ed46d46f4545859d81ee7325b5396abba13fe8ff", kill_on_drop: false }`
[INFO] [stdout] 99b1dff13d192678beb0c5a4ed46d46f4545859d81ee7325b5396abba13fe8ff
[INFO] running `Command { std: "docker" "create" "-v" "/var/lib/crater-agent-workspace/builds/worker-7-tc1/target:/opt/rustwide/target:rw,Z" "-v" "/var/lib/crater-agent-workspace/builds/worker-7-tc1/source:/opt/rustwide/workdir:ro,Z" "-v" "/var/lib/crater-agent-workspace/cargo-home:/opt/rustwide/cargo-home:ro,Z" "-v" "/var/lib/crater-agent-workspace/rustup-home:/opt/rustwide/rustup-home:ro,Z" "-e" "SOURCE_DIR=/opt/rustwide/workdir" "-e" "CARGO_TARGET_DIR=/opt/rustwide/target" "-e" "CARGO_INCREMENTAL=0" "-e" "RUST_BACKTRACE=full" "-e" "RUSTFLAGS=--cap-lints=forbid" "-e" "RUSTDOCFLAGS=--cap-lints=forbid" "-e" "CARGO_HOME=/opt/rustwide/cargo-home" "-e" "RUSTUP_HOME=/opt/rustwide/rustup-home" "-w" "/opt/rustwide/workdir" "-m" "1610612736" "--user" "0:0" "--network" "none" "ghcr.io/rust-lang/crates-build-env/linux@sha256:819108c5571ea2e421544af4d832f968d213c87fbe3707a016657f43d2f853bc" "/opt/rustwide/cargo-home/bin/cargo" "+nightly-2025-01-18" "build" "--frozen" "--message-format=json", kill_on_drop: false }`
[INFO] [stdout] 1afe157176f48038e96adefc311512b32ac3a6a01c9c47ed72f4db4d0c8c0f72
[INFO] running `Command { std: "docker" "start" "-a" "1afe157176f48038e96adefc311512b32ac3a6a01c9c47ed72f4db4d0c8c0f72", kill_on_drop: false }`
[INFO] [stderr]    Compiling libc v0.2.126
[INFO] [stderr]    Compiling memchr v2.5.0
[INFO] [stderr]    Compiling cfg-if v1.0.0
[INFO] [stderr]    Compiling autocfg v1.1.0
[INFO] [stderr]    Compiling proc-macro2 v1.0.42
[INFO] [stderr]    Compiling regex-syntax v0.6.27
[INFO] [stderr]    Compiling unicode-ident v1.0.2
[INFO] [stderr]    Compiling quote v1.0.20
[INFO] [stderr]    Compiling version_check v0.9.4
[INFO] [stderr]    Compiling parking_lot_core v0.9.3
[INFO] [stderr]    Compiling scopeguard v1.1.0
[INFO] [stderr]    Compiling syn v1.0.98
[INFO] [stderr]    Compiling smallvec v1.9.0
[INFO] [stderr]    Compiling log v0.4.17
[INFO] [stderr]    Compiling lazy_static v1.4.0
[INFO] [stderr]    Compiling semver-parser v0.7.0
[INFO] [stderr]    Compiling crunchy v0.2.2
[INFO] [stderr]    Compiling once_cell v1.13.0
[INFO] [stderr]    Compiling tiny-keccak v2.0.2
[INFO] [stderr]    Compiling cc v1.0.73
[INFO] [stderr]    Compiling siphasher v0.3.10
[INFO] [stderr]    Compiling hashbrown v0.12.3
[INFO] [stderr]    Compiling either v1.7.0
[INFO] [stderr]    Compiling phf_shared v0.10.0
[INFO] [stderr]    Compiling precomputed-hash v0.1.1
[INFO] [stderr]    Compiling unicode-width v0.1.9
[INFO] [stderr]    Compiling fixedbitset v0.4.2
[INFO] [stderr]    Compiling semver v0.9.0
[INFO] [stderr]    Compiling new_debug_unreachable v1.0.4
[INFO] [stderr]    Compiling bit-vec v0.6.3
[INFO] [stderr]    Compiling ena v0.14.0
[INFO] [stderr]    Compiling itertools v0.10.3
[INFO] [stderr]    Compiling same-file v1.0.6
[INFO] [stderr]    Compiling lock_api v0.4.7
[INFO] [stderr]    Compiling indexmap v1.9.1
[INFO] [stderr]    Compiling proc-macro-error-attr v1.0.4
[INFO] [stderr]    Compiling proc-macro-error v1.0.4
[INFO] [stderr]    Compiling pico-args v0.4.2
[INFO] [stderr]    Compiling bit-set v0.5.3
[INFO] [stderr]    Compiling unicode-segmentation v1.9.0
[INFO] [stderr]    Compiling unicode-xid v0.2.3
[INFO] [stderr]    Compiling diff v0.1.13
[INFO] [stderr]    Compiling walkdir v2.3.2
[INFO] [stderr]    Compiling textwrap v0.11.0
[INFO] [stderr]    Compiling bitflags v1.3.2
[INFO] [stderr]    Compiling inkwell v0.1.0 (https://github.com/TheDan64/inkwell?branch=master#25b9fc58)
[INFO] [stderr]    Compiling strsim v0.8.0
[INFO] [stderr]    Compiling petgraph v0.6.2
[INFO] [stderr]    Compiling ansi_term v0.12.1
[INFO] [stderr]    Compiling vec_map v0.8.2
[INFO] [stderr]    Compiling termcolor v1.1.3
[INFO] [stderr]    Compiling fastrand v1.8.0
[INFO] [stderr]    Compiling remove_dir_all v0.5.3
[INFO] [stderr]    Compiling heck v0.3.3
[INFO] [stderr]    Compiling codespan-reporting v0.9.5
[INFO] [stderr]    Compiling aho-corasick v0.7.18
[INFO] [stderr]    Compiling dirs-sys-next v0.1.2
[INFO] [stderr]    Compiling atty v0.2.14
[INFO] [stderr]    Compiling tempfile v3.3.0
[INFO] [stderr]    Compiling clap v2.34.0
[INFO] [stderr]    Compiling dirs-next v2.0.0
[INFO] [stderr]    Compiling term v0.7.0
[INFO] [stderr]    Compiling parking_lot v0.12.1
[INFO] [stderr]    Compiling ascii-canvas v3.0.0
[INFO] [stderr]    Compiling string_cache v0.8.4
[INFO] [stderr]    Compiling regex v1.6.0
[INFO] [stderr]    Compiling lalrpop-util v0.19.8
[INFO] [stderr]    Compiling lalrpop v0.19.8
[INFO] [stderr]    Compiling llvm-sys v100.2.3
[INFO] [stderr]    Compiling inkwell_internals v0.5.0 (https://github.com/TheDan64/inkwell?branch=master#25b9fc58)
[INFO] [stderr]    Compiling structopt-derive v0.4.18
[INFO] [stderr]    Compiling structopt v0.3.26
[INFO] [stderr]    Compiling rox-lang v0.0.1 (/opt/rustwide/workdir)
[INFO] [stdout] warning: fields `0` and `1` are never read
[INFO] [stdout]   --> src/roxc/parser/syntax.rs:28:15
[INFO] [stdout]    |
[INFO] [stdout] 28 |     DotAccess(Box<Expression>, Identifier),
[INFO] [stdout]    |     --------- ^^^^^^^^^^^^^^^  ^^^^^^^^^^
[INFO] [stdout]    |     |
[INFO] [stdout]    |     fields in this variant
[INFO] [stdout]    |
[INFO] [stdout]    = note: `Expression` has derived impls for the traits `Debug` and `Clone`, but these are intentionally ignored during dead code analysis
[INFO] [stdout]    = note: `#[warn(dead_code)]` on by default
[INFO] [stdout] help: consider changing the fields to be of unit type to suppress this warning while preserving the field numbering, or remove the fields
[INFO] [stdout]    |
[INFO] [stdout] 28 |     DotAccess((), ()),
[INFO] [stdout]    |               ~~  ~~
[INFO] [stdout] 
[INFO] [stdout] 
[INFO] [stdout] warning: associated function `to_triple` is never used
[INFO] [stdout]      --> /opt/rustwide/target/debug/build/rox-lang-447df902461292fd/out/rox_parser.rs:12365:8
[INFO] [stdout]       |
[INFO] [stdout] 12363 | pub trait __ToTriple<'input, 'err, >
[INFO] [stdout]       |           ---------- associated function in this trait
[INFO] [stdout] 12364 | {
[INFO] [stdout] 12365 |     fn to_triple(value: Self) -> Result<(usize,Token<'input>,usize), __lalrpop_util::ParseError<usize, Token<'input>, &'static str>>;
[INFO] [stdout]       |        ^^^^^^^^^
[INFO] [stdout] 
[INFO] [stdout] 
[INFO] [stdout] warning: call to `.borrow()` on a reference in this situation does nothing
[INFO] [stdout]   --> src/roxc/function_translator.rs:43:24
[INFO] [stdout]    |
[INFO] [stdout] 43 |         match statement.borrow() {
[INFO] [stdout]    |                        ^^^^^^^^^
[INFO] [stdout]    |
[INFO] [stdout]    = note: the type `tagged_syntax::TaggedStatement` does not implement `Borrow`, so calling `borrow` on `&tagged_syntax::TaggedStatement` copies the reference, which does not do anything and can be removed
[INFO] [stdout]    = note: `#[warn(noop_method_call)]` on by default
[INFO] [stdout] help: remove this redundant call
[INFO] [stdout]    |
[INFO] [stdout] 43 -         match statement.borrow() {
[INFO] [stdout] 43 +         match statement {
[INFO] [stdout]    |
[INFO] [stdout] help: if you meant to clone `tagged_syntax::TaggedStatement`, implement `Clone` for it
[INFO] [stdout]   --> src/roxc/semant/tagged_syntax.rs:82:1
[INFO] [stdout]    |
[INFO] [stdout] 82 + #[derive(Clone)]
[INFO] [stdout] 83 | pub(crate) enum TaggedStatement {
[INFO] [stdout]    |
[INFO] [stdout] 
[INFO] [stdout] 
[INFO] [stderr]     Finished `dev` profile [unoptimized + debuginfo] target(s) in 31.67s
[INFO] [stderr] warning: the following packages contain code that will be rejected by a future version of Rust: lalrpop v0.19.8
[INFO] [stderr] note: to see what the problems were, use the option `--future-incompat-report`, or run `cargo report future-incompatibilities --id 1`
[INFO] running `Command { std: "docker" "inspect" "1afe157176f48038e96adefc311512b32ac3a6a01c9c47ed72f4db4d0c8c0f72", kill_on_drop: false }`
[INFO] running `Command { std: "docker" "rm" "-f" "1afe157176f48038e96adefc311512b32ac3a6a01c9c47ed72f4db4d0c8c0f72", kill_on_drop: false }`
[INFO] [stdout] 1afe157176f48038e96adefc311512b32ac3a6a01c9c47ed72f4db4d0c8c0f72
[INFO] running `Command { std: "docker" "create" "-v" "/var/lib/crater-agent-workspace/builds/worker-7-tc1/target:/opt/rustwide/target:rw,Z" "-v" "/var/lib/crater-agent-workspace/builds/worker-7-tc1/source:/opt/rustwide/workdir:ro,Z" "-v" "/var/lib/crater-agent-workspace/cargo-home:/opt/rustwide/cargo-home:ro,Z" "-v" "/var/lib/crater-agent-workspace/rustup-home:/opt/rustwide/rustup-home:ro,Z" "-e" "SOURCE_DIR=/opt/rustwide/workdir" "-e" "CARGO_TARGET_DIR=/opt/rustwide/target" "-e" "CARGO_INCREMENTAL=0" "-e" "RUST_BACKTRACE=full" "-e" "RUSTFLAGS=--cap-lints=forbid" "-e" "RUSTDOCFLAGS=--cap-lints=forbid" "-e" "CARGO_HOME=/opt/rustwide/cargo-home" "-e" "RUSTUP_HOME=/opt/rustwide/rustup-home" "-w" "/opt/rustwide/workdir" "-m" "1610612736" "--user" "0:0" "--network" "none" "ghcr.io/rust-lang/crates-build-env/linux@sha256:819108c5571ea2e421544af4d832f968d213c87fbe3707a016657f43d2f853bc" "/opt/rustwide/cargo-home/bin/cargo" "+nightly-2025-01-18" "test" "--frozen" "--no-run" "--message-format=json", kill_on_drop: false }`
[INFO] [stdout] d14f45640b9d143b9d74af0a485979cc915a27cae311e2db8c693464bfe71ecd
[INFO] running `Command { std: "docker" "start" "-a" "d14f45640b9d143b9d74af0a485979cc915a27cae311e2db8c693464bfe71ecd", kill_on_drop: false }`
[INFO] [stderr]    Compiling crossbeam-utils v0.8.11
[INFO] [stderr]    Compiling serde v1.0.141
[INFO] [stderr]    Compiling itertools v0.10.3
[INFO] [stderr]    Compiling memoffset v0.6.5
[INFO] [stderr]    Compiling crossbeam-epoch v0.9.10
[INFO] [stderr]    Compiling same-file v1.0.6
[INFO] [stderr]    Compiling rayon-core v1.9.3
[INFO] [stderr]    Compiling num-traits v0.2.15
[INFO] [stderr]    Compiling ryu v1.0.11
[INFO] [stderr]    Compiling serde_json v1.0.82
[INFO] [stderr]    Compiling num_cpus v1.13.1
[INFO] [stderr]    Compiling rayon v1.5.3
[INFO] [stderr]    Compiling serde_derive v1.0.141
[INFO] [stderr]    Compiling plotters-backend v0.3.4
[INFO] [stderr]    Compiling regex-automata v0.1.10
[INFO] [stderr]    Compiling itoa v1.0.2
[INFO] [stderr]    Compiling walkdir v2.3.2
[INFO] [stderr]    Compiling csv-core v0.1.10
[INFO] [stderr]    Compiling cast v0.3.0
[INFO] [stderr]    Compiling half v1.8.2
[INFO] [stderr]    Compiling plotters-svg v0.3.2
[INFO] [stderr]    Compiling itoa v0.4.8
[INFO] [stderr]    Compiling oorandom v11.1.3
[INFO] [stderr]    Compiling crossbeam-channel v0.5.6
[INFO] [stderr]    Compiling crossbeam-deque v0.8.2
[INFO] [stderr]    Compiling plotters v0.3.2
[INFO] [stderr]    Compiling lalrpop v0.19.8
[INFO] [stderr]    Compiling criterion-plot v0.4.5
[INFO] [stderr]    Compiling bstr v0.2.17
[INFO] [stderr]    Compiling serde_cbor v0.11.2
[INFO] [stderr]    Compiling csv v1.1.6
[INFO] [stderr]    Compiling tinytemplate v1.2.1
[INFO] [stderr]    Compiling criterion v0.3.6
[INFO] [stderr]    Compiling rox-lang v0.0.1 (/opt/rustwide/workdir)
[INFO] [stdout] warning: fields `0` and `1` are never read
[INFO] [stdout]   --> src/roxc/parser/syntax.rs:28:15
[INFO] [stdout]    |
[INFO] [stdout] 28 |     DotAccess(Box<Expression>, Identifier),
[INFO] [stdout]    |     --------- ^^^^^^^^^^^^^^^  ^^^^^^^^^^
[INFO] [stdout]    |     |
[INFO] [stdout]    |     fields in this variant
[INFO] [stdout]    |
[INFO] [stdout]    = note: `Expression` has derived impls for the traits `Debug` and `Clone`, but these are intentionally ignored during dead code analysis
[INFO] [stdout]    = note: `#[warn(dead_code)]` on by default
[INFO] [stdout] help: consider changing the fields to be of unit type to suppress this warning while preserving the field numbering, or remove the fields
[INFO] [stdout]    |
[INFO] [stdout] 28 |     DotAccess((), ()),
[INFO] [stdout]    |               ~~  ~~
[INFO] [stdout] 
[INFO] [stdout] 
[INFO] [stdout] warning: associated function `to_triple` is never used
[INFO] [stdout]      --> /opt/rustwide/target/debug/build/rox-lang-d4d89b134ff66bb3/out/rox_parser.rs:12365:8
[INFO] [stdout]       |
[INFO] [stdout] 12363 | pub trait __ToTriple<'input, 'err, >
[INFO] [stdout]       |           ---------- associated function in this trait
[INFO] [stdout] 12364 | {
[INFO] [stdout] 12365 |     fn to_triple(value: Self) -> Result<(usize,Token<'input>,usize), __lalrpop_util::ParseError<usize, Token<'input>, &'static str>>;
[INFO] [stdout]       |        ^^^^^^^^^
[INFO] [stdout] 
[INFO] [stdout] 
[INFO] [stdout] warning: call to `.borrow()` on a reference in this situation does nothing
[INFO] [stdout]   --> src/roxc/function_translator.rs:43:24
[INFO] [stdout]    |
[INFO] [stdout] 43 |         match statement.borrow() {
[INFO] [stdout]    |                        ^^^^^^^^^
[INFO] [stdout]    |
[INFO] [stdout]    = note: the type `tagged_syntax::TaggedStatement` does not implement `Borrow`, so calling `borrow` on `&tagged_syntax::TaggedStatement` copies the reference, which does not do anything and can be removed
[INFO] [stdout]    = note: `#[warn(noop_method_call)]` on by default
[INFO] [stdout] help: remove this redundant call
[INFO] [stdout]    |
[INFO] [stdout] 43 -         match statement.borrow() {
[INFO] [stdout] 43 +         match statement {
[INFO] [stdout]    |
[INFO] [stdout] help: if you meant to clone `tagged_syntax::TaggedStatement`, implement `Clone` for it
[INFO] [stdout]   --> src/roxc/semant/tagged_syntax.rs:82:1
[INFO] [stdout]    |
[INFO] [stdout] 82 + #[derive(Clone)]
[INFO] [stdout] 83 | pub(crate) enum TaggedStatement {
[INFO] [stdout]    |
[INFO] [stdout] 
[INFO] [stdout] 
[INFO] [stdout] warning: fields `0` and `1` are never read
[INFO] [stdout]   --> src/roxc/parser/syntax.rs:28:15
[INFO] [stdout]    |
[INFO] [stdout] 28 |     DotAccess(Box<Expression>, Identifier),
[INFO] [stdout]    |     --------- ^^^^^^^^^^^^^^^  ^^^^^^^^^^
[INFO] [stdout]    |     |
[INFO] [stdout]    |     fields in this variant
[INFO] [stdout]    |
[INFO] [stdout]    = note: `Expression` has derived impls for the traits `Debug` and `Clone`, but these are intentionally ignored during dead code analysis
[INFO] [stdout]    = note: `#[warn(dead_code)]` on by default
[INFO] [stdout] help: consider changing the fields to be of unit type to suppress this warning while preserving the field numbering, or remove the fields
[INFO] [stdout]    |
[INFO] [stdout] 28 |     DotAccess((), ()),
[INFO] [stdout]    |               ~~  ~~
[INFO] [stdout] 
[INFO] [stdout] 
[INFO] [stdout] warning: associated function `to_triple` is never used
[INFO] [stdout]      --> /opt/rustwide/target/debug/build/rox-lang-d4d89b134ff66bb3/out/rox_parser.rs:12365:8
[INFO] [stdout]       |
[INFO] [stdout] 12363 | pub trait __ToTriple<'input, 'err, >
[INFO] [stdout]       |           ---------- associated function in this trait
[INFO] [stdout] 12364 | {
[INFO] [stdout] 12365 |     fn to_triple(value: Self) -> Result<(usize,Token<'input>,usize), __lalrpop_util::ParseError<usize, Token<'input>, &'static str>>;
[INFO] [stdout]       |        ^^^^^^^^^
[INFO] [stdout] 
[INFO] [stdout] 
[INFO] [stdout] warning: call to `.borrow()` on a reference in this situation does nothing
[INFO] [stdout]   --> src/roxc/function_translator.rs:43:24
[INFO] [stdout]    |
[INFO] [stdout] 43 |         match statement.borrow() {
[INFO] [stdout]    |                        ^^^^^^^^^
[INFO] [stdout]    |
[INFO] [stdout]    = note: the type `tagged_syntax::TaggedStatement` does not implement `Borrow`, so calling `borrow` on `&tagged_syntax::TaggedStatement` copies the reference, which does not do anything and can be removed
[INFO] [stdout]    = note: `#[warn(noop_method_call)]` on by default
[INFO] [stdout] help: remove this redundant call
[INFO] [stdout]    |
[INFO] [stdout] 43 -         match statement.borrow() {
[INFO] [stdout] 43 +         match statement {
[INFO] [stdout]    |
[INFO] [stdout] help: if you meant to clone `tagged_syntax::TaggedStatement`, implement `Clone` for it
[INFO] [stdout]   --> src/roxc/semant/tagged_syntax.rs:82:1
[INFO] [stdout]    |
[INFO] [stdout] 82 + #[derive(Clone)]
[INFO] [stdout] 83 | pub(crate) enum TaggedStatement {
[INFO] [stdout]    |
[INFO] [stdout] 
[INFO] [stdout] 
[INFO] [stderr]     Finished `test` profile [unoptimized + debuginfo] target(s) in 28.60s
[INFO] [stderr] warning: the following packages contain code that will be rejected by a future version of Rust: lalrpop v0.19.8
[INFO] [stderr] note: to see what the problems were, use the option `--future-incompat-report`, or run `cargo report future-incompatibilities --id 1`
[INFO] running `Command { std: "docker" "inspect" "d14f45640b9d143b9d74af0a485979cc915a27cae311e2db8c693464bfe71ecd", kill_on_drop: false }`
[INFO] running `Command { std: "docker" "rm" "-f" "d14f45640b9d143b9d74af0a485979cc915a27cae311e2db8c693464bfe71ecd", kill_on_drop: false }`
[INFO] [stdout] d14f45640b9d143b9d74af0a485979cc915a27cae311e2db8c693464bfe71ecd
[INFO] running `Command { std: "docker" "create" "-v" "/var/lib/crater-agent-workspace/builds/worker-7-tc1/target:/opt/rustwide/target:rw,Z" "-v" "/var/lib/crater-agent-workspace/builds/worker-7-tc1/source:/opt/rustwide/workdir:ro,Z" "-v" "/var/lib/crater-agent-workspace/cargo-home:/opt/rustwide/cargo-home:ro,Z" "-v" "/var/lib/crater-agent-workspace/rustup-home:/opt/rustwide/rustup-home:ro,Z" "-e" "SOURCE_DIR=/opt/rustwide/workdir" "-e" "CARGO_TARGET_DIR=/opt/rustwide/target" "-e" "CARGO_INCREMENTAL=0" "-e" "RUST_BACKTRACE=full" "-e" "RUSTFLAGS=--cap-lints=forbid" "-e" "RUSTDOCFLAGS=--cap-lints=forbid" "-e" "CARGO_HOME=/opt/rustwide/cargo-home" "-e" "RUSTUP_HOME=/opt/rustwide/rustup-home" "-w" "/opt/rustwide/workdir" "-m" "1610612736" "--user" "0:0" "--network" "none" "ghcr.io/rust-lang/crates-build-env/linux@sha256:819108c5571ea2e421544af4d832f968d213c87fbe3707a016657f43d2f853bc" "/opt/rustwide/cargo-home/bin/cargo" "+nightly-2025-01-18" "test" "--frozen", kill_on_drop: false }`
[INFO] [stdout] e42f6297e24c604da314c50157c7c4525f23f75369ffbface44b7e9b5b4574c4
[INFO] running `Command { std: "docker" "start" "-a" "e42f6297e24c604da314c50157c7c4525f23f75369ffbface44b7e9b5b4574c4", kill_on_drop: false }`
[INFO] [stderr] warning: fields `0` and `1` are never read
[INFO] [stderr]   --> src/roxc/parser/syntax.rs:28:15
[INFO] [stderr]    |
[INFO] [stderr] 28 |     DotAccess(Box<Expression>, Identifier),
[INFO] [stderr]    |     --------- ^^^^^^^^^^^^^^^  ^^^^^^^^^^
[INFO] [stderr]    |     |
[INFO] [stderr]    |     fields in this variant
[INFO] [stderr]    |
[INFO] [stderr]    = note: `Expression` has derived impls for the traits `Debug` and `Clone`, but these are intentionally ignored during dead code analysis
[INFO] [stderr]    = note: `#[warn(dead_code)]` on by default
[INFO] [stderr] help: consider changing the fields to be of unit type to suppress this warning while preserving the field numbering, or remove the fields
[INFO] [stderr]    |
[INFO] [stderr] 28 |     DotAccess((), ()),
[INFO] [stderr]    |               ~~  ~~
[INFO] [stderr] 
[INFO] [stderr] warning: associated function `to_triple` is never used
[INFO] [stderr]      --> /opt/rustwide/target/debug/build/rox-lang-d4d89b134ff66bb3/out/rox_parser.rs:12365:8
[INFO] [stderr]       |
[INFO] [stderr] 12363 | pub trait __ToTriple<'input, 'err, >
[INFO] [stderr]       |           ---------- associated function in this trait
[INFO] [stderr] 12364 | {
[INFO] [stderr] 12365 |     fn to_triple(value: Self) -> Result<(usize,Token<'input>,usize), __lalrpop_util::ParseError<usize, Token<'input>, &'static str>>;
[INFO] [stderr]       |        ^^^^^^^^^
[INFO] [stderr] 
[INFO] [stderr] warning: call to `.borrow()` on a reference in this situation does nothing
[INFO] [stderr]   --> src/roxc/function_translator.rs:43:24
[INFO] [stderr]    |
[INFO] [stderr] 43 |         match statement.borrow() {
[INFO] [stderr]    |                        ^^^^^^^^^
[INFO] [stderr]    |
[INFO] [stderr]    = note: the type `tagged_syntax::TaggedStatement` does not implement `Borrow`, so calling `borrow` on `&tagged_syntax::TaggedStatement` copies the reference, which does not do anything and can be removed
[INFO] [stderr]    = note: `#[warn(noop_method_call)]` on by default
[INFO] [stderr] help: remove this redundant call
[INFO] [stderr]    |
[INFO] [stderr] 43 -         match statement.borrow() {
[INFO] [stderr] 43 +         match statement {
[INFO] [stderr]    |
[INFO] [stderr] help: if you meant to clone `tagged_syntax::TaggedStatement`, implement `Clone` for it
[INFO] [stderr]   --> src/roxc/semant/tagged_syntax.rs:82:1
[INFO] [stderr]    |
[INFO] [stderr] 82 + #[derive(Clone)]
[INFO] [stderr] 83 | pub(crate) enum TaggedStatement {
[INFO] [stderr]    |
[INFO] [stderr] 
[INFO] [stderr] warning: `rox-lang` (lib) generated 3 warnings (run `cargo fix --lib -p rox-lang` to apply 1 suggestion)
[INFO] [stderr] warning: `rox-lang` (lib test) generated 3 warnings (3 duplicates)
[INFO] [stderr]     Finished `test` profile [unoptimized + debuginfo] target(s) in 0.18s
[INFO] [stderr] warning: the following packages contain code that will be rejected by a future version of Rust: lalrpop v0.19.8
[INFO] [stderr] note: to see what the problems were, use the option `--future-incompat-report`, or run `cargo report future-incompatibilities --id 1`
[INFO] [stderr]      Running unittests src/lib.rs (/opt/rustwide/target/debug/deps/rox-49ad312b3576a7e5)
[INFO] [stdout] 
[INFO] [stdout] running 3 tests
[INFO] [stdout] test roxc::parser::tests::it_parses_functions_with_arguments ... ok
[INFO] [stdout] test roxc::parser::tests::it_parses_functions_with_no_arguments ... ok
[INFO] [stdout] test roxc::parser::tests::it_parses_type_declaration_with_fields ... ok
[INFO] [stdout] 
[INFO] [stdout] test result: ok. 3 passed; 0 failed; 0 ignored; 0 measured; 0 filtered out; finished in 0.02s
[INFO] [stdout] 
[INFO] [stderr]      Running unittests src/bin/rox.rs (/opt/rustwide/target/debug/deps/rox-2d425074aead70c7)
[INFO] [stdout] 
[INFO] [stdout] running 0 tests
[INFO] [stdout] 
[INFO] [stdout] test result: ok. 0 passed; 0 failed; 0 ignored; 0 measured; 0 filtered out; finished in 0.00s
[INFO] [stdout] 
[INFO] [stderr]      Running tests/compilation_test.rs (/opt/rustwide/target/debug/deps/compilation_test-de53e9698ddc7201)
[INFO] [stdout] 
[INFO] [stdout] running 3 tests
[INFO] [stderr] ; ModuleID = 'rox'
[INFO] [stderr] source_filename = "rox"
[INFO] [stderr] 
[INFO] [stderr] define { [0 x i32]*, i32 } @get_array() {
[INFO] [stderr] entry:
[INFO] [stderr]   %0 = alloca [0 x i32], i32 5, align 4
[INFO] [stderr]   %1 = getelementptr inbounds [0 x i32], [0 x i32]* %0, i64 1, i16 0
[INFO] [stderr]   store i32 5, i32* %1, align 4
[INFO] [stderr]   %2 = getelementptr inbounds [0 x i32], [0 x i32]* %0, i64 1, i16 1
[INFO] [stderr]   store i32 4, i32* %2, align 4
[INFO] [stderr]   %3 = getelementptr inbounds [0 x i32], [0 x i32]* %0, i64 1, i16 2
[INFO] [stderr]   store i32 3, i32* %3, align 4
[INFO] [stderr]   %4 = getelementptr inbounds [0 x i32], [0 x i32]* %0, i64 1, i16 3
[INFO] [stderr]   store i32 2, i32* %4, align 4
[INFO] [stderr]   %5 = getelementptr inbounds [0 x i32], [0 x i32]* %0, i64 1, i16 4
[INFO] [stderr]   store i32 0, i32* %5, align 4
[INFO] [stderr]   %6 = alloca { [0 x i32]*, i32 }, align 8
[INFO] [stderr]   %7 = getelementptr inbounds { [0 x i32]*, i32 }, { [0 x i32]*, i32 }* %6, i32 0, i32 0
[INFO] [stderr]   store [0 x i32]* %0, [0 x i32]** %7, align 8
[INFO] [stderr]   %8 = getelementptr inbounds { [0 x i32]*, i32 }, { [0 x i32]*, i32 }* %6, i32 0, i32 1
[INFO] [stderr]   store i32 5, i32* %8, align 4
[INFO] [stderr]   %9 = load { [0 x i32]*, i32 }, { [0 x i32]*, i32 }* %6, align 8
[INFO] [stderr]   ret { [0 x i32]*, i32 } %9
[INFO] [stderr] }
[INFO] [stderr] 
[INFO] [stderr] define i32 @main() {
[INFO] [stderr] entry:
[INFO] [stderr]   %tmp = call { [0 x i32]*, i32 } @get_array()
[INFO] [stderr]   %x = alloca { [0 x i32]*, i32 }, align 8
[INFO] [stderr]   store { [0 x i32]*, i32 } %tmp, { [0 x i32]*, i32 }* %x, align 8
[INFO] [stderr]   %0 = getelementptr inbounds { [0 x i32]*, i32 }, { [0 x i32]*, i32 }* %x, i32 0, i32 1
[INFO] [stderr]   %1 = getelementptr inbounds { [0 x i32]*, i32 }, { [0 x i32]*, i32 }* %x, i32 0, i32 0
[INFO] [stderr]   %2 = load [0 x i32]*, [0 x i32]** %1, align 8
[INFO] [stderr]   %3 = getelementptr inbounds [0 x i32], [0 x i32]* %2, i64 1, i32 0
[INFO] [stderr]   %4 = load i32, i32* %3, align 4
[INFO] [stderr]   ret i32 0
[INFO] [stderr] }
[INFO] [stderr] ; ModuleID = 'rox'
[INFO] [stderr] source_filename = "rox"
[INFO] [stderr] ; ModuleID = 'rox'
[INFO] [stderr] source_filename = "rox"
[INFO] [stderr] 
[INFO] [stderr] define i32 @main() {
[INFO] [stderr] entry:
[INFO] [stderr]   %0 = alloca [0 x i32], i32 5, align 4
[INFO] [stderr]   %1 = getelementptr inbounds [0 x i32], [0 x i32]* %0, i64 1, i16 0
[INFO] [stderr]   store i32 5, i32* %1, align 4
[INFO] [stderr]   %2 = getelementptr inbounds [0 x i32], [0 x i32]* %0, i64 1, i16 1
[INFO] [stderr]   store i32 4, i32* %2, align 4
[INFO] [stderr]   %3 = getelementptr inbounds [0 x i32], [0 x i32]* %0, i64 1, i16 2
[INFO] [stderr]   store i32 3, i32* %3, align 4
[INFO] [stderr]   %4 = getelementptr inbounds [0 x i32], [0 x i32]* %0, i64 1, i16 3
[INFO] [stderr]   store i32 2, i32* %4, align 4
[INFO] [stderr]   %5 = getelementptr inbounds [0 x i32], [0 x i32]* %0, i64 1, i16 4
[INFO] [stderr]   store i32 0, i32* %5, align 4
[INFO] [stderr]   %6 = alloca { [0 x i32]*, i32 }, align 8
[INFO] [stderr]   %7 = getelementptr inbounds { [0 x i32]*, i32 }, { [0 x i32]*, i32 }* %6, i32 0, i32 0
[INFO] [stderr]   store [0 x i32]* %0, [0 x i32]** %7, align 8
[INFO] [stderr]   %8 = getelementptr inbounds { [0 x i32]*, i32 }, { [0 x i32]*, i32 }* %6, i32 0, i32 1
[INFO] [stderr]   store i32 5, i32* %8, align 4
[INFO] [stderr]   %9 = load { [0 x i32]*, i32 }, { [0 x i32]*, i32 }* %6, align 8
[INFO] [stderr]   ret i32 0
[INFO] [stderr] }
[INFO] [stdout] test rox_compile_test_examples_control_flow_early_return ... FAILED
[INFO] [stdout] test rox_compile_test_examples_array_array_assignment ... ok
[INFO] [stdout] test rox_compile_test_examples_array_array_creation ... ok
[INFO] [stdout] 
[INFO] [stdout] failures:
[INFO] [stdout] 
[INFO] [stdout] ---- rox_compile_test_examples_control_flow_early_return stdout ----
[INFO] [stdout] 
[INFO] [stdout] thread 'rox_compile_test_examples_control_flow_early_return' panicked at /opt/rustwide/target/debug/build/rox-lang-d4d89b134ff66bb3/out/tests.rs:5:5:
[INFO] [stdout] Expected a successful error code, but got error code exit status: 1
[INFO] [stdout] stack backtrace:
[INFO] [stdout]    0:     0x61a93f489c1a - std::backtrace_rs::backtrace::libunwind::trace::hb059275cfc8d6126
[INFO] [stdout]                                at /rustc/6067b36314ab5eb2eb47cecc464545ba58e1ad24/library/std/src/../../backtrace/src/backtrace/libunwind.rs:116:5
[INFO] [stdout]    1:     0x61a93f489c1a - std::backtrace_rs::backtrace::trace_unsynchronized::h2da071e4327ce3ee
[INFO] [stdout]                                at /rustc/6067b36314ab5eb2eb47cecc464545ba58e1ad24/library/std/src/../../backtrace/src/backtrace/mod.rs:66:5
[INFO] [stdout]    2:     0x61a93f489c1a - std::sys::backtrace::_print_fmt::h842a1474e6f8d23f
[INFO] [stdout]                                at /rustc/6067b36314ab5eb2eb47cecc464545ba58e1ad24/library/std/src/sys/backtrace.rs:66:9
[INFO] [stdout]    3:     0x61a93f489c1a - <std::sys::backtrace::BacktraceLock::print::DisplayBacktrace as core::fmt::Display>::fmt::h71a62eb3b9696b12
[INFO] [stdout]                                at /rustc/6067b36314ab5eb2eb47cecc464545ba58e1ad24/library/std/src/sys/backtrace.rs:39:26
[INFO] [stdout]    4:     0x61a93f4b3453 - core::fmt::rt::Argument::fmt::hdb6b616786b41dc1
[INFO] [stdout]                                at /rustc/6067b36314ab5eb2eb47cecc464545ba58e1ad24/library/core/src/fmt/rt.rs:177:76
[INFO] [stdout]    5:     0x61a93f4b3453 - core::fmt::write::h2cc1698af7e2d686
[INFO] [stdout]                                at /rustc/6067b36314ab5eb2eb47cecc464545ba58e1ad24/library/core/src/fmt/mod.rs:1440:21
[INFO] [stdout]    6:     0x61a93f4864f3 - std::io::Write::write_fmt::hab1b4cd059a79022
[INFO] [stdout]                                at /rustc/6067b36314ab5eb2eb47cecc464545ba58e1ad24/library/std/src/io/mod.rs:1887:15
[INFO] [stdout]    7:     0x61a93f489a62 - std::sys::backtrace::BacktraceLock::print::h147fe35b4ea13b08
[INFO] [stdout]                                at /rustc/6067b36314ab5eb2eb47cecc464545ba58e1ad24/library/std/src/sys/backtrace.rs:42:9
[INFO] [stdout]    8:     0x61a93f48b03f - std::panicking::default_hook::{{closure}}::hbd44223dbdc0d208
[INFO] [stdout]                                at /rustc/6067b36314ab5eb2eb47cecc464545ba58e1ad24/library/std/src/panicking.rs:298:22
[INFO] [stdout]    9:     0x61a93f48ae58 - std::panicking::default_hook::h20f81eb0576efcec
[INFO] [stdout]                                at /rustc/6067b36314ab5eb2eb47cecc464545ba58e1ad24/library/std/src/panicking.rs:322:9
[INFO] [stdout]   10:     0x61a93f452cf3 - <alloc::boxed::Box<F,A> as core::ops::function::Fn<Args>>::call::hdb53814c496a4d34
[INFO] [stdout]                                at /rustc/6067b36314ab5eb2eb47cecc464545ba58e1ad24/library/alloc/src/boxed.rs:2027:9
[INFO] [stdout]   11:     0x61a93f452cf3 - test::test_main::{{closure}}::hc0a4963c59427c24
[INFO] [stdout]                                at /rustc/6067b36314ab5eb2eb47cecc464545ba58e1ad24/library/test/src/lib.rs:134:21
[INFO] [stdout]   12:     0x61a93f48bb33 - <alloc::boxed::Box<F,A> as core::ops::function::Fn<Args>>::call::h591b2225413a77e9
[INFO] [stdout]                                at /rustc/6067b36314ab5eb2eb47cecc464545ba58e1ad24/library/alloc/src/boxed.rs:2027:9
[INFO] [stdout]   13:     0x61a93f48bb33 - std::panicking::rust_panic_with_hook::h625eea43051b2edc
[INFO] [stdout]                                at /rustc/6067b36314ab5eb2eb47cecc464545ba58e1ad24/library/std/src/panicking.rs:839:13
[INFO] [stdout]   14:     0x61a93f48b7ea - std::panicking::begin_panic_handler::{{closure}}::h4f9159cfbc3f6bd3
[INFO] [stdout]                                at /rustc/6067b36314ab5eb2eb47cecc464545ba58e1ad24/library/std/src/panicking.rs:704:13
[INFO] [stdout]   15:     0x61a93f48a119 - std::sys::backtrace::__rust_end_short_backtrace::h0390abce48353151
[INFO] [stdout]                                at /rustc/6067b36314ab5eb2eb47cecc464545ba58e1ad24/library/std/src/sys/backtrace.rs:168:18
[INFO] [stdout]   16:     0x61a93f48b47d - rust_begin_unwind
[INFO] [stdout]                                at /rustc/6067b36314ab5eb2eb47cecc464545ba58e1ad24/library/std/src/panicking.rs:695:5
[INFO] [stdout]   17:     0x61a93f4b1a80 - core::panicking::panic_fmt::h9e7c637e9e5f29c9
[INFO] [stdout]                                at /rustc/6067b36314ab5eb2eb47cecc464545ba58e1ad24/library/core/src/panicking.rs:75:14
[INFO] [stdout]   18:     0x61a93ec21da8 - compilation_test::rox_compile_test_examples_control_flow_early_return::h9eeff4de7be1a11e
[INFO] [stdout]                                at /opt/rustwide/target/debug/build/rox-lang-d4d89b134ff66bb3/out/tests.rs:5:5
[INFO] [stdout]   19:     0x61a93ec21d07 - compilation_test::rox_compile_test_examples_control_flow_early_return::{{closure}}::h117de3cbcb5a54f4
[INFO] [stdout]                                at /opt/rustwide/target/debug/build/rox-lang-d4d89b134ff66bb3/out/tests.rs:2:57
[INFO] [stdout]   20:     0x61a93ec21ac6 - core::ops::function::FnOnce::call_once::h470884d2c45a966e
[INFO] [stdout]                                at /rustc/6067b36314ab5eb2eb47cecc464545ba58e1ad24/library/core/src/ops/function.rs:250:5
[INFO] [stdout]   21:     0x61a93f45844b - core::ops::function::FnOnce::call_once::he27718dfdd183f43
[INFO] [stdout]                                at /rustc/6067b36314ab5eb2eb47cecc464545ba58e1ad24/library/core/src/ops/function.rs:250:5
[INFO] [stdout]   22:     0x61a93f45844b - test::__rust_begin_short_backtrace::h4e84902998457a5d
[INFO] [stdout]                                at /rustc/6067b36314ab5eb2eb47cecc464545ba58e1ad24/library/test/src/lib.rs:632:18
[INFO] [stdout]   23:     0x61a93f457383 - test::run_test_in_process::{{closure}}::h7176fd18fc1feca0
[INFO] [stdout]                                at /rustc/6067b36314ab5eb2eb47cecc464545ba58e1ad24/library/test/src/lib.rs:655:60
[INFO] [stdout]   24:     0x61a93f457383 - <core::panic::unwind_safe::AssertUnwindSafe<F> as core::ops::function::FnOnce<()>>::call_once::hf79cff2a624d8cf7
[INFO] [stdout]                                at /rustc/6067b36314ab5eb2eb47cecc464545ba58e1ad24/library/core/src/panic/unwind_safe.rs:272:9
[INFO] [stdout]   25:     0x61a93f457383 - std::panicking::try::do_call::h3da0561d9ab99c25
[INFO] [stdout]                                at /rustc/6067b36314ab5eb2eb47cecc464545ba58e1ad24/library/std/src/panicking.rs:587:40
[INFO] [stdout]   26:     0x61a93f457383 - std::panicking::try::h41c9fa508bc61df6
[INFO] [stdout]                                at /rustc/6067b36314ab5eb2eb47cecc464545ba58e1ad24/library/std/src/panicking.rs:550:19
[INFO] [stdout]   27:     0x61a93f457383 - std::panic::catch_unwind::h6b3ff07bb5afad93
[INFO] [stdout]                                at /rustc/6067b36314ab5eb2eb47cecc464545ba58e1ad24/library/std/src/panic.rs:358:14
[INFO] [stdout]   28:     0x61a93f457383 - test::run_test_in_process::hc7253dd11b39b9f4
[INFO] [stdout]                                at /rustc/6067b36314ab5eb2eb47cecc464545ba58e1ad24/library/test/src/lib.rs:655:27
[INFO] [stdout]   29:     0x61a93f457383 - test::run_test::{{closure}}::hfb2007f8649c30bb
[INFO] [stdout]                                at /rustc/6067b36314ab5eb2eb47cecc464545ba58e1ad24/library/test/src/lib.rs:576:43
[INFO] [stdout]   30:     0x61a93f41a465 - test::run_test::{{closure}}::h56a17aa7a282a9f4
[INFO] [stdout]                                at /rustc/6067b36314ab5eb2eb47cecc464545ba58e1ad24/library/test/src/lib.rs:606:41
[INFO] [stdout]   31:     0x61a93f41a465 - std::sys::backtrace::__rust_begin_short_backtrace::hd2d2d2fb8e8c6aac
[INFO] [stdout]                                at /rustc/6067b36314ab5eb2eb47cecc464545ba58e1ad24/library/std/src/sys/backtrace.rs:152:18
[INFO] [stdout]   32:     0x61a93f41dd4a - std::thread::Builder::spawn_unchecked_::{{closure}}::{{closure}}::h4faa3f9db6133423
[INFO] [stdout]                                at /rustc/6067b36314ab5eb2eb47cecc464545ba58e1ad24/library/std/src/thread/mod.rs:559:17
[INFO] [stdout]   33:     0x61a93f41dd4a - <core::panic::unwind_safe::AssertUnwindSafe<F> as core::ops::function::FnOnce<()>>::call_once::hf2e855a36a4ea846
[INFO] [stdout]                                at /rustc/6067b36314ab5eb2eb47cecc464545ba58e1ad24/library/core/src/panic/unwind_safe.rs:272:9
[INFO] [stdout]   34:     0x61a93f41dd4a - std::panicking::try::do_call::h2f73af3616c35465
[INFO] [stdout]                                at /rustc/6067b36314ab5eb2eb47cecc464545ba58e1ad24/library/std/src/panicking.rs:587:40
[INFO] [stdout]   35:     0x61a93f41dd4a - std::panicking::try::hd1660ce9efadef5a
[INFO] [stdout]                                at /rustc/6067b36314ab5eb2eb47cecc464545ba58e1ad24/library/std/src/panicking.rs:550:19
[INFO] [stdout]   36:     0x61a93f41dd4a - std::panic::catch_unwind::h5ee8d7823b8ca744
[INFO] [stdout]                                at /rustc/6067b36314ab5eb2eb47cecc464545ba58e1ad24/library/std/src/panic.rs:358:14
[INFO] [stdout]   37:     0x61a93f41dd4a - std::thread::Builder::spawn_unchecked_::{{closure}}::h53c3a1894dce8407
[INFO] [stdout]                                at /rustc/6067b36314ab5eb2eb47cecc464545ba58e1ad24/library/std/src/thread/mod.rs:557:30
[INFO] [stdout]   38:     0x61a93f41dd4a - core::ops::function::FnOnce::call_once{{vtable.shim}}::h048ce291ad4f62bf
[INFO] [stdout]                                at /rustc/6067b36314ab5eb2eb47cecc464545ba58e1ad24/library/core/src/ops/function.rs:250:5
[INFO] [stdout]   39:     0x61a93f48fc9b - <alloc::boxed::Box<F,A> as core::ops::function::FnOnce<Args>>::call_once::ha52bedf99a3b4981
[INFO] [stdout]                                at /rustc/6067b36314ab5eb2eb47cecc464545ba58e1ad24/library/alloc/src/boxed.rs:2013:9
[INFO] [stdout]   40:     0x61a93f48fc9b - <alloc::boxed::Box<F,A> as core::ops::function::FnOnce<Args>>::call_once::h567748934d80ccf8
[INFO] [stdout]                                at /rustc/6067b36314ab5eb2eb47cecc464545ba58e1ad24/library/alloc/src/boxed.rs:2013:9
[INFO] [stdout]   41:     0x61a93f48fc9b - std::sys::pal::unix::thread::Thread::new::thread_start::h2d970728ae887adc
[INFO] [stdout]                                at /rustc/6067b36314ab5eb2eb47cecc464545ba58e1ad24/library/std/src/sys/pal/unix/thread.rs:106:17
[INFO] [stdout]   42:     0x7c47e49f4ac3 - <unknown>
[INFO] [stdout]   43:     0x7c47e4a85a04 - clone
[INFO] [stdout]   44:                0x0 - <unknown>
[INFO] [stdout] 
[INFO] [stdout] 
[INFO] [stdout] failures:
[INFO] [stdout]     rox_compile_test_examples_control_flow_early_return
[INFO] [stdout] 
[INFO] [stdout] test result: FAILED. 2 passed; 1 failed; 0 ignored; 0 measured; 0 filtered out; finished in 0.16s
[INFO] [stdout] 
[INFO] [stderr] error: test failed, to rerun pass `--test compilation_test`
[INFO] running `Command { std: "docker" "inspect" "e42f6297e24c604da314c50157c7c4525f23f75369ffbface44b7e9b5b4574c4", kill_on_drop: false }`
[INFO] running `Command { std: "docker" "rm" "-f" "e42f6297e24c604da314c50157c7c4525f23f75369ffbface44b7e9b5b4574c4", kill_on_drop: false }`
[INFO] [stdout] e42f6297e24c604da314c50157c7c4525f23f75369ffbface44b7e9b5b4574c4
