[INFO] cloning repository https://github.com/redwhitemike/DiffPriv
[INFO] running `Command { std: "git" "-c" "credential.helper=" "-c" "credential.helper=/workspace/cargo-home/bin/git-credential-null" "clone" "--bare" "https://github.com/redwhitemike/DiffPriv" "/workspace/cache/git-repos/https%3A%2F%2Fgithub.com%2Fredwhitemike%2FDiffPriv", kill_on_drop: false }`
[INFO] [stderr] Cloning into bare repository '/workspace/cache/git-repos/https%3A%2F%2Fgithub.com%2Fredwhitemike%2FDiffPriv'...
[INFO] running `Command { std: "git" "rev-parse" "HEAD", kill_on_drop: false }`
[INFO] [stdout] d6429fbeea7d3843e4b4168645c3bb6ca8af7fb2
[INFO] testing redwhitemike/DiffPriv against nightly-2025-01-18 for randomize-layout-2
[INFO] running `Command { std: "git" "clone" "/workspace/cache/git-repos/https%3A%2F%2Fgithub.com%2Fredwhitemike%2FDiffPriv" "/workspace/builds/worker-3-tc1/source", kill_on_drop: false }`
[INFO] [stderr] Cloning into '/workspace/builds/worker-3-tc1/source'...
[INFO] [stderr] done.
[INFO] validating manifest of git repo https://github.com/redwhitemike/DiffPriv on toolchain nightly-2025-01-18
[INFO] running `Command { std: CARGO_HOME="/workspace/cargo-home" RUSTUP_HOME="/workspace/rustup-home" "/workspace/cargo-home/bin/cargo" "+nightly-2025-01-18" "metadata" "--manifest-path" "Cargo.toml" "--no-deps", kill_on_drop: false }`
[INFO] started tweaking git repo https://github.com/redwhitemike/DiffPriv
[INFO] finished tweaking git repo https://github.com/redwhitemike/DiffPriv
[INFO] tweaked toml for git repo https://github.com/redwhitemike/DiffPriv written to /workspace/builds/worker-3-tc1/source/Cargo.toml
[INFO] crate git repo https://github.com/redwhitemike/DiffPriv already has a lockfile, it will not be regenerated
[INFO] running `Command { std: CARGO_HOME="/workspace/cargo-home" RUSTUP_HOME="/workspace/rustup-home" "/workspace/cargo-home/bin/cargo" "+nightly-2025-01-18" "fetch" "--manifest-path" "Cargo.toml", kill_on_drop: false }`
[INFO] [stderr]     Blocking waiting for file lock on package cache
[INFO] [stderr]     Updating crates.io index
[INFO] [stderr]     Blocking waiting for file lock on package cache
[INFO] [stderr]  Downloading crates ...
[INFO] [stderr]   Downloaded uuid v1.1.1
[INFO] [stderr]   Downloaded typed-builder v0.5.1
[INFO] [stderr]   Downloaded crossbeam-utils v0.8.9
[INFO] [stderr]   Downloaded serde_path_to_error v0.1.7
[INFO] [stderr]   Downloaded strm-privacy-driver v0.1.1
[INFO] [stderr]   Downloaded ref_slice v1.2.1
[INFO] [stderr]   Downloaded libflate_lz77 v1.1.0
[INFO] [stderr]   Downloaded mio v0.8.3
[INFO] [stderr]   Downloaded kolmogorov_smirnov v1.1.0
[INFO] [stderr]   Downloaded num-complex v0.4.1
[INFO] [stderr]   Downloaded hocon v0.9.0
[INFO] [stderr]   Downloaded flate2 v1.0.23
[INFO] [stderr]   Downloaded rle-decode-fast v1.0.3
[INFO] [stderr]   Downloaded libm v0.2.2
[INFO] [stderr]   Downloaded libflate v1.2.0
[INFO] [stderr]   Downloaded kafka v0.9.0
[INFO] [stderr]   Downloaded openssl-sys v0.9.73
[INFO] [stderr]   Downloaded avro-rs v0.13.0
[INFO] [stderr]   Downloaded pretty_env_logger v0.3.1
[INFO] [stderr]   Downloaded tokio v1.18.2
[INFO] running `Command { std: "docker" "create" "-v" "/var/lib/crater-agent-workspace/builds/worker-3-tc1/target:/opt/rustwide/target:rw,Z" "-v" "/var/lib/crater-agent-workspace/builds/worker-3-tc1/source:/opt/rustwide/workdir:ro,Z" "-v" "/var/lib/crater-agent-workspace/cargo-home:/opt/rustwide/cargo-home:ro,Z" "-v" "/var/lib/crater-agent-workspace/rustup-home:/opt/rustwide/rustup-home:ro,Z" "-e" "SOURCE_DIR=/opt/rustwide/workdir" "-e" "CARGO_TARGET_DIR=/opt/rustwide/target" "-e" "CARGO_HOME=/opt/rustwide/cargo-home" "-e" "RUSTUP_HOME=/opt/rustwide/rustup-home" "-w" "/opt/rustwide/workdir" "-m" "1610612736" "--user" "0:0" "--network" "none" "ghcr.io/rust-lang/crates-build-env/linux@sha256:819108c5571ea2e421544af4d832f968d213c87fbe3707a016657f43d2f853bc" "/opt/rustwide/cargo-home/bin/cargo" "+nightly-2025-01-18" "metadata" "--no-deps" "--format-version=1", kill_on_drop: false }`
[INFO] [stdout] 28a97d2189b8a8315a297cf5ec67a3488f31a8d118c73be5e5f0ed7bc47c4302
[INFO] running `Command { std: "docker" "start" "-a" "28a97d2189b8a8315a297cf5ec67a3488f31a8d118c73be5e5f0ed7bc47c4302", kill_on_drop: false }`
[INFO] running `Command { std: "docker" "inspect" "28a97d2189b8a8315a297cf5ec67a3488f31a8d118c73be5e5f0ed7bc47c4302", kill_on_drop: false }`
[INFO] running `Command { std: "docker" "rm" "-f" "28a97d2189b8a8315a297cf5ec67a3488f31a8d118c73be5e5f0ed7bc47c4302", kill_on_drop: false }`
[INFO] [stdout] 28a97d2189b8a8315a297cf5ec67a3488f31a8d118c73be5e5f0ed7bc47c4302
[INFO] running `Command { std: "docker" "create" "-v" "/var/lib/crater-agent-workspace/builds/worker-3-tc1/target:/opt/rustwide/target:rw,Z" "-v" "/var/lib/crater-agent-workspace/builds/worker-3-tc1/source:/opt/rustwide/workdir:ro,Z" "-v" "/var/lib/crater-agent-workspace/cargo-home:/opt/rustwide/cargo-home:ro,Z" "-v" "/var/lib/crater-agent-workspace/rustup-home:/opt/rustwide/rustup-home:ro,Z" "-e" "SOURCE_DIR=/opt/rustwide/workdir" "-e" "CARGO_TARGET_DIR=/opt/rustwide/target" "-e" "CARGO_INCREMENTAL=0" "-e" "RUST_BACKTRACE=full" "-e" "RUSTFLAGS=--cap-lints=forbid" "-e" "RUSTDOCFLAGS=--cap-lints=forbid" "-e" "CARGO_HOME=/opt/rustwide/cargo-home" "-e" "RUSTUP_HOME=/opt/rustwide/rustup-home" "-w" "/opt/rustwide/workdir" "-m" "1610612736" "--user" "0:0" "--network" "none" "ghcr.io/rust-lang/crates-build-env/linux@sha256:819108c5571ea2e421544af4d832f968d213c87fbe3707a016657f43d2f853bc" "/opt/rustwide/cargo-home/bin/cargo" "+nightly-2025-01-18" "build" "--frozen" "--message-format=json", kill_on_drop: false }`
[INFO] [stdout] 67d1cbf5c3fb14cea216d3f28a1fe37c68fdd9f6821b0930bfe45a3d17df61dd
[INFO] running `Command { std: "docker" "start" "-a" "67d1cbf5c3fb14cea216d3f28a1fe37c68fdd9f6821b0930bfe45a3d17df61dd", kill_on_drop: false }`
[INFO] [stderr]    Compiling libc v0.2.126
[INFO] [stderr]    Compiling proc-macro2 v1.0.39
[INFO] [stderr]    Compiling unicode-ident v1.0.0
[INFO] [stderr]    Compiling syn v1.0.95
[INFO] [stderr]    Compiling once_cell v1.12.0
[INFO] [stderr]    Compiling cc v1.0.73
[INFO] [stderr]    Compiling memchr v2.5.0
[INFO] [stderr]    Compiling libm v0.2.2
[INFO] [stderr]    Compiling num-traits v0.2.15
[INFO] [stderr]    Compiling lock_api v0.4.7
[INFO] [stderr]    Compiling serde_derive v1.0.137
[INFO] [stderr]    Compiling parking_lot_core v0.9.3
[INFO] [stderr]    Compiling pkg-config v0.3.25
[INFO] [stderr]    Compiling serde v1.0.137
[INFO] [stderr]    Compiling bytes v1.1.0
[INFO] [stderr]    Compiling smallvec v1.8.0
[INFO] [stderr]    Compiling futures-core v0.3.21
[INFO] [stderr]    Compiling itoa v1.0.2
[INFO] [stderr]    Compiling num-integer v0.1.45
[INFO] [stderr]    Compiling tracing-core v0.1.26
[INFO] [stderr]    Compiling futures-task v0.3.21
[INFO] [stderr]    Compiling indexmap v1.8.1
[INFO] [stderr]    Compiling futures-util v0.3.21
[INFO] [stderr]    Compiling ppv-lite86 v0.2.16
[INFO] [stderr]    Compiling openssl v0.10.40
[INFO] [stderr]    Compiling slab v0.4.6
[INFO] [stderr]    Compiling futures-channel v0.3.21
[INFO] [stderr]    Compiling http v0.2.7
[INFO] [stderr]    Compiling futures-io v0.3.21
[INFO] [stderr]    Compiling hashbrown v0.11.2
[INFO] [stderr]    Compiling encoding_index_tests v0.1.4
[INFO] [stderr]    Compiling futures-sink v0.3.21
[INFO] [stderr]    Compiling httparse v1.7.1
[INFO] [stderr]    Compiling crossbeam-utils v0.8.9
[INFO] [stderr]    Compiling try-lock v0.2.3
[INFO] [stderr]    Compiling matches v0.1.9
[INFO] [stderr]    Compiling tinyvec_macros v0.1.0
[INFO] [stderr]    Compiling rustls v0.20.6
[INFO] [stderr]    Compiling getrandom v0.1.16
[INFO] [stderr]    Compiling native-tls v0.2.10
[INFO] [stderr]    Compiling ryu v1.0.10
[INFO] [stderr]    Compiling want v0.3.0
[INFO] [stderr]    Compiling quote v1.0.18
[INFO] [stderr]    Compiling tinyvec v1.6.0
[INFO] [stderr]    Compiling memoffset v0.6.5
[INFO] [stderr]    Compiling httpdate v1.0.2
[INFO] [stderr]    Compiling percent-encoding v2.1.0
[INFO] [stderr]    Compiling serde_json v1.0.82
[INFO] [stderr]    Compiling tower-service v0.3.1
[INFO] [stderr]    Compiling base64 v0.13.0
[INFO] [stderr]    Compiling num_cpus v1.13.1
[INFO] [stderr]    Compiling socket2 v0.4.4
[INFO] [stderr]    Compiling mio v0.8.3
[INFO] [stderr]    Compiling getrandom v0.2.6
[INFO] [stderr]    Compiling signal-hook-registry v1.4.0
[INFO] [stderr]    Compiling parking_lot v0.12.0
[INFO] [stderr]    Compiling rand_core v0.6.3
[INFO] [stderr]    Compiling form_urlencoded v1.0.1
[INFO] [stderr]    Compiling aho-corasick v0.7.18
[INFO] [stderr]    Compiling generic-array v0.14.5
[INFO] [stderr]    Compiling crossbeam-epoch v0.9.9
[INFO] [stderr]    Compiling openssl-sys v0.9.73
[INFO] [stderr]    Compiling ring v0.16.20
[INFO] [stderr]    Compiling http-body v0.4.5
[INFO] [stderr]    Compiling unicode-xid v0.2.3
[INFO] [stderr]    Compiling regex-syntax v0.6.26
[INFO] [stderr]    Compiling unicode-bidi v0.3.8
[INFO] [stderr]    Compiling encoding_rs v0.8.31
[INFO] [stderr]    Compiling unicode-normalization v0.1.19
[INFO] [stderr]    Compiling rand_core v0.5.1
[INFO] [stderr]    Compiling rand_chacha v0.3.1
[INFO] [stderr]    Compiling rustls-pemfile v1.0.0
[INFO] [stderr]    Compiling num-bigint v0.2.6
[INFO] [stderr]    Compiling num-bigint v0.4.3
[INFO] [stderr]    Compiling byteorder v1.4.3
[INFO] [stderr]    Compiling rle-decode-fast v1.0.3
[INFO] [stderr]    Compiling rayon-core v1.9.3
[INFO] [stderr]    Compiling unicode-segmentation v1.9.0
[INFO] [stderr]    Compiling version_check v0.1.5
[INFO] [stderr]    Compiling libflate_lz77 v1.1.0
[INFO] [stderr]    Compiling rand v0.8.5
[INFO] [stderr]    Compiling rand_chacha v0.2.2
[INFO] [stderr]    Compiling rustls-native-certs v0.6.2
[INFO] [stderr]    Compiling heck v0.3.3
[INFO] [stderr]    Compiling nom v4.2.3
[INFO] [stderr]    Compiling rustls-pemfile v0.3.0
[INFO] [stderr]    Compiling encoding-index-simpchinese v1.20141219.5
[INFO] [stderr]    Compiling encoding-index-korean v1.20141219.5
[INFO] [stderr]    Compiling encoding-index-singlebyte v1.20141219.5
[INFO] [stderr]    Compiling encoding-index-tradchinese v1.20141219.5
[INFO] [stderr]    Compiling encoding-index-japanese v1.20141219.5
[INFO] [stderr]    Compiling num-rational v0.4.0
[INFO] [stderr]    Compiling num-iter v0.1.43
[INFO] [stderr]    Compiling mime v0.3.16
[INFO] [stderr]    Compiling idna v0.2.3
[INFO] [stderr]    Compiling snap v1.0.5
[INFO] [stderr]    Compiling adler32 v1.2.0
[INFO] [stderr]    Compiling ipnet v2.5.0
[INFO] [stderr]    Compiling humantime v1.3.0
[INFO] [stderr]    Compiling digest v0.9.0
[INFO] [stderr]    Compiling libflate v1.2.0
[INFO] [stderr]    Compiling miniz_oxide v0.5.1
[INFO] [stderr]    Compiling crossbeam-deque v0.8.1
[INFO] [stderr]    Compiling rand v0.7.3
[INFO] [stderr]    Compiling crossbeam-channel v0.5.5
[INFO] [stderr]    Compiling encoding v0.2.33
[INFO] [stderr]    Compiling time v0.1.43
[INFO] [stderr]    Compiling regex v1.5.6
[INFO] [stderr]    Compiling url v2.2.2
[INFO] [stderr]    Compiling rand v0.4.6
[INFO] [stderr]    Compiling atty v0.2.14
[INFO] [stderr]    Compiling rayon v1.5.3
[INFO] [stderr]    Compiling kafka v0.9.0
[INFO] [stderr]    Compiling crc-catalog v1.1.1
[INFO] [stderr]    Compiling termcolor v1.1.3
[INFO] [stderr]    Compiling strum v0.18.0
[INFO] [stderr]    Compiling regex-automata v0.1.10
[INFO] [stderr]    Compiling either v1.6.1
[INFO] [stderr]    Compiling crc v2.1.0
[INFO] [stderr]    Compiling twox-hash v1.6.3
[INFO] [stderr]    Compiling flate2 v1.0.23
[INFO] [stderr]    Compiling chrono v0.4.19
[INFO] [stderr]    Compiling rand v0.3.23
[INFO] [stderr]    Compiling num-complex v0.4.1
[INFO] [stderr]    Compiling java-properties v1.4.1
[INFO] [stderr]    Compiling env_logger v0.6.2
[INFO] [stderr]    Compiling uuid v1.1.1
[INFO] [stderr]    Compiling csv-core v0.1.10
[INFO] [stderr]    Compiling itoa v0.4.8
[INFO] [stderr]    Compiling linked-hash-map v0.5.4
[INFO] [stderr]    Compiling ref_slice v1.2.1
[INFO] [stderr]    Compiling num v0.4.0
[INFO] [stderr]    Compiling kolmogorov_smirnov v1.1.0
[INFO] [stderr]    Compiling itertools v0.10.3
[INFO] [stderr]    Compiling rand_distr v0.4.3
[INFO] [stderr]    Compiling float_next_after v0.1.5
[INFO] [stderr]    Compiling pretty_env_logger v0.3.1
[INFO] [stderr]    Compiling bimap v0.6.2
[INFO] [stderr]    Compiling synstructure v0.12.6
[INFO] [stderr]    Compiling webpki v0.22.0
[INFO] [stderr]    Compiling sct v0.7.0
[INFO] [stderr]    Compiling tokio-macros v1.7.0
[INFO] [stderr]    Compiling tracing-attributes v0.1.21
[INFO] [stderr]    Compiling openssl-macros v0.1.0
[INFO] [stderr]    Compiling thiserror-impl v1.0.31
[INFO] [stderr]    Compiling zerocopy-derive v0.2.0
[INFO] [stderr]    Compiling strum_macros v0.18.0
[INFO] [stderr]    Compiling typed-builder v0.5.1
[INFO] [stderr]    Compiling tokio v1.18.2
[INFO] [stderr]    Compiling zerocopy v0.3.0
[INFO] [stderr]    Compiling tracing v0.1.34
[INFO] [stderr]    Compiling thiserror v1.0.31
[INFO] [stderr]    Compiling tokio-util v0.7.2
[INFO] [stderr]    Compiling tokio-rustls v0.23.4
[INFO] [stderr]    Compiling tokio-native-tls v0.3.0
[INFO] [stderr]    Compiling h2 v0.3.13
[INFO] [stderr]    Compiling serde_urlencoded v0.7.1
[INFO] [stderr]    Compiling uuid v0.8.2
[INFO] [stderr]    Compiling bstr v0.2.17
[INFO] [stderr]    Compiling serde_path_to_error v0.1.7
[INFO] [stderr]    Compiling bincode v1.3.3
[INFO] [stderr]    Compiling csv v1.1.6
[INFO] [stderr]    Compiling avro-rs v0.13.0
[INFO] [stderr]    Compiling hyper v0.14.18
[INFO] [stderr]    Compiling hyper-rustls v0.23.0
[INFO] [stderr]    Compiling hyper-tls v0.5.0
[INFO] [stderr]    Compiling reqwest v0.11.10
[INFO] [stderr]    Compiling hocon v0.9.0
[INFO] [stderr]    Compiling strm-privacy-driver v0.1.1
[INFO] [stderr]    Compiling diff-priv v0.1.0 (/opt/rustwide/workdir)
[INFO] [stdout] warning: unused import: `UNIX_EPOCH`
[INFO] [stdout]  --> src/analysis/publishing_delay_analyser.rs:2:39
[INFO] [stdout]   |
[INFO] [stdout] 2 | use std::time::{Duration, SystemTime, UNIX_EPOCH};
[INFO] [stdout]   |                                       ^^^^^^^^^^
[INFO] [stdout]   |
[INFO] [stdout]   = note: `#[warn(unused_imports)]` on by default
[INFO] [stdout] 
[INFO] [stdout] 
[INFO] [stdout] warning: unused imports: `Duration` and `UNIX_EPOCH`
[INFO] [stdout]  --> src/data_manipulation/mueller.rs:1:17
[INFO] [stdout]   |
[INFO] [stdout] 1 | use std::time::{Duration, SystemTime, UNIX_EPOCH};
[INFO] [stdout]   |                 ^^^^^^^^              ^^^^^^^^^^
[INFO] [stdout] 
[INFO] [stdout] 
[INFO] [stdout] warning: unused import: `UNIX_EPOCH`
[INFO] [stdout]  --> src/test/adult.rs:1:29
[INFO] [stdout]   |
[INFO] [stdout] 1 | use std::time::{SystemTime, UNIX_EPOCH};
[INFO] [stdout]   |                             ^^^^^^^^^^
[INFO] [stdout] 
[INFO] [stdout] 
[INFO] [stdout] warning: unused import: `UNIX_EPOCH`
[INFO] [stdout]  --> src/test/adult_large.rs:1:29
[INFO] [stdout]   |
[INFO] [stdout] 1 | use std::time::{SystemTime, UNIX_EPOCH};
[INFO] [stdout]   |                             ^^^^^^^^^^
[INFO] [stdout] 
[INFO] [stdout] 
[INFO] [stdout] warning: unused variable: `uuid`
[INFO] [stdout]   --> src/publishing/kafka_publisher.rs:48:54
[INFO] [stdout]    |
[INFO] [stdout] 48 |     fn publish<M: Anonymizable>(&mut self, value: M, uuid: Uuid, dr: f64) {
[INFO] [stdout]    |                                                      ^^^^ help: if this is intentional, prefix it with an underscore: `_uuid`
[INFO] [stdout]    |
[INFO] [stdout]    = note: `#[warn(unused_variables)]` on by default
[INFO] [stdout] 
[INFO] [stdout] 
[INFO] [stdout] warning: unused variable: `dr`
[INFO] [stdout]   --> src/publishing/kafka_publisher.rs:48:66
[INFO] [stdout]    |
[INFO] [stdout] 48 |     fn publish<M: Anonymizable>(&mut self, value: M, uuid: Uuid, dr: f64) {
[INFO] [stdout]    |                                                                  ^^ help: if this is intentional, prefix it with an underscore: `_dr`
[INFO] [stdout] 
[INFO] [stdout] 
[INFO] [stdout] warning: unused variable: `uuid`
[INFO] [stdout]  --> src/test/dummy_publisher.rs:9:55
[INFO] [stdout]   |
[INFO] [stdout] 9 |     fn publish<M: Anonymizable>(&mut self, _value: M, uuid: Uuid, dr: f64) {}
[INFO] [stdout]   |                                                       ^^^^ help: if this is intentional, prefix it with an underscore: `_uuid`
[INFO] [stdout] 
[INFO] [stdout] 
[INFO] [stdout] warning: unused variable: `dr`
[INFO] [stdout]  --> src/test/dummy_publisher.rs:9:67
[INFO] [stdout]   |
[INFO] [stdout] 9 |     fn publish<M: Anonymizable>(&mut self, _value: M, uuid: Uuid, dr: f64) {}
[INFO] [stdout]   |                                                                   ^^ help: if this is intentional, prefix it with an underscore: `_dr`
[INFO] [stdout] 
[INFO] [stdout] 
[INFO] [stderr]     Finished `dev` profile [unoptimized + debuginfo] target(s) in 47.71s
[INFO] [stderr] warning: the following packages contain code that will be rejected by a future version of Rust: nom v4.2.3
[INFO] [stderr] note: to see what the problems were, use the option `--future-incompat-report`, or run `cargo report future-incompatibilities --id 1`
[INFO] running `Command { std: "docker" "inspect" "67d1cbf5c3fb14cea216d3f28a1fe37c68fdd9f6821b0930bfe45a3d17df61dd", kill_on_drop: false }`
[INFO] running `Command { std: "docker" "rm" "-f" "67d1cbf5c3fb14cea216d3f28a1fe37c68fdd9f6821b0930bfe45a3d17df61dd", kill_on_drop: false }`
[INFO] [stdout] 67d1cbf5c3fb14cea216d3f28a1fe37c68fdd9f6821b0930bfe45a3d17df61dd
[INFO] running `Command { std: "docker" "create" "-v" "/var/lib/crater-agent-workspace/builds/worker-3-tc1/target:/opt/rustwide/target:rw,Z" "-v" "/var/lib/crater-agent-workspace/builds/worker-3-tc1/source:/opt/rustwide/workdir:ro,Z" "-v" "/var/lib/crater-agent-workspace/cargo-home:/opt/rustwide/cargo-home:ro,Z" "-v" "/var/lib/crater-agent-workspace/rustup-home:/opt/rustwide/rustup-home:ro,Z" "-e" "SOURCE_DIR=/opt/rustwide/workdir" "-e" "CARGO_TARGET_DIR=/opt/rustwide/target" "-e" "CARGO_INCREMENTAL=0" "-e" "RUST_BACKTRACE=full" "-e" "RUSTFLAGS=--cap-lints=forbid" "-e" "RUSTDOCFLAGS=--cap-lints=forbid" "-e" "CARGO_HOME=/opt/rustwide/cargo-home" "-e" "RUSTUP_HOME=/opt/rustwide/rustup-home" "-w" "/opt/rustwide/workdir" "-m" "1610612736" "--user" "0:0" "--network" "none" "ghcr.io/rust-lang/crates-build-env/linux@sha256:819108c5571ea2e421544af4d832f968d213c87fbe3707a016657f43d2f853bc" "/opt/rustwide/cargo-home/bin/cargo" "+nightly-2025-01-18" "test" "--frozen" "--no-run" "--message-format=json", kill_on_drop: false }`
[INFO] [stdout] 29efebaf6acb16ecf439914b9d1ef23e4bce1bb716ecab4c14da9c6ff7707ec2
[INFO] running `Command { std: "docker" "start" "-a" "29efebaf6acb16ecf439914b9d1ef23e4bce1bb716ecab4c14da9c6ff7707ec2", kill_on_drop: false }`
[INFO] [stdout] warning: unused import: `UNIX_EPOCH`
[INFO] [stdout]  --> src/analysis/publishing_delay_analyser.rs:2:39
[INFO] [stdout]   |
[INFO] [stdout] 2 | use std::time::{Duration, SystemTime, UNIX_EPOCH};
[INFO] [stdout]   |                                       ^^^^^^^^^^
[INFO] [stdout]   |
[INFO] [stdout]   = note: `#[warn(unused_imports)]` on by default
[INFO] [stdout] 
[INFO] [stdout] 
[INFO] [stdout] warning: unused imports: `Duration` and `UNIX_EPOCH`
[INFO] [stdout]  --> src/data_manipulation/mueller.rs:1:17
[INFO] [stdout]   |
[INFO] [stdout] 1 | use std::time::{Duration, SystemTime, UNIX_EPOCH};
[INFO] [stdout]   |                 ^^^^^^^^              ^^^^^^^^^^
[INFO] [stdout] 
[INFO] [stdout] 
[INFO] [stdout] warning: unused import: `UNIX_EPOCH`
[INFO] [stdout]  --> src/test/adult.rs:1:29
[INFO] [stdout]   |
[INFO] [stdout] 1 | use std::time::{SystemTime, UNIX_EPOCH};
[INFO] [stdout]   |                             ^^^^^^^^^^
[INFO] [stdout] 
[INFO] [stdout] 
[INFO] [stdout] warning: unused import: `UNIX_EPOCH`
[INFO] [stdout]  --> src/test/adult_large.rs:1:29
[INFO] [stdout]   |
[INFO] [stdout] 1 | use std::time::{SystemTime, UNIX_EPOCH};
[INFO] [stdout]   |                             ^^^^^^^^^^
[INFO] [stdout] 
[INFO] [stdout] 
[INFO] [stdout] warning: unused variable: `uuid`
[INFO] [stdout]   --> src/publishing/kafka_publisher.rs:48:54
[INFO] [stdout]    |
[INFO] [stdout] 48 |     fn publish<M: Anonymizable>(&mut self, value: M, uuid: Uuid, dr: f64) {
[INFO] [stdout]    |                                                      ^^^^ help: if this is intentional, prefix it with an underscore: `_uuid`
[INFO] [stdout]    |
[INFO] [stdout]    = note: `#[warn(unused_variables)]` on by default
[INFO] [stdout] 
[INFO] [stdout] 
[INFO] [stderr]    Compiling diff-priv v0.1.0 (/opt/rustwide/workdir)
[INFO] [stdout] warning: unused variable: `dr`
[INFO] [stdout]   --> src/publishing/kafka_publisher.rs:48:66
[INFO] [stdout]    |
[INFO] [stdout] 48 |     fn publish<M: Anonymizable>(&mut self, value: M, uuid: Uuid, dr: f64) {
[INFO] [stdout]    |                                                                  ^^ help: if this is intentional, prefix it with an underscore: `_dr`
[INFO] [stdout] 
[INFO] [stdout] 
[INFO] [stdout] warning: unused variable: `uuid`
[INFO] [stdout]  --> src/test/dummy_publisher.rs:9:55
[INFO] [stdout]   |
[INFO] [stdout] 9 |     fn publish<M: Anonymizable>(&mut self, _value: M, uuid: Uuid, dr: f64) {}
[INFO] [stdout]   |                                                       ^^^^ help: if this is intentional, prefix it with an underscore: `_uuid`
[INFO] [stdout] 
[INFO] [stdout] 
[INFO] [stdout] warning: unused variable: `dr`
[INFO] [stdout]  --> src/test/dummy_publisher.rs:9:67
[INFO] [stdout]   |
[INFO] [stdout] 9 |     fn publish<M: Anonymizable>(&mut self, _value: M, uuid: Uuid, dr: f64) {}
[INFO] [stdout]   |                                                                   ^^ help: if this is intentional, prefix it with an underscore: `_dr`
[INFO] [stdout] 
[INFO] [stdout] 
[INFO] [stdout] warning: unused import: `UNIX_EPOCH`
[INFO] [stdout]  --> src/analysis/publishing_delay_analyser.rs:2:39
[INFO] [stdout]   |
[INFO] [stdout] 2 | use std::time::{Duration, SystemTime, UNIX_EPOCH};
[INFO] [stdout]   |                                       ^^^^^^^^^^
[INFO] [stdout]   |
[INFO] [stdout]   = note: `#[warn(unused_imports)]` on by default
[INFO] [stdout] 
[INFO] [stdout] 
[INFO] [stdout] warning: unused imports: `Duration` and `UNIX_EPOCH`
[INFO] [stdout]  --> src/data_manipulation/mueller.rs:1:17
[INFO] [stdout]   |
[INFO] [stdout] 1 | use std::time::{Duration, SystemTime, UNIX_EPOCH};
[INFO] [stdout]   |                 ^^^^^^^^              ^^^^^^^^^^
[INFO] [stdout] 
[INFO] [stdout] 
[INFO] [stdout] warning: unused import: `UNIX_EPOCH`
[INFO] [stdout]  --> src/test/adult.rs:1:29
[INFO] [stdout]   |
[INFO] [stdout] 1 | use std::time::{SystemTime, UNIX_EPOCH};
[INFO] [stdout]   |                             ^^^^^^^^^^
[INFO] [stdout] 
[INFO] [stdout] 
[INFO] [stdout] warning: unused import: `UNIX_EPOCH`
[INFO] [stdout]  --> src/test/adult_large.rs:1:29
[INFO] [stdout]   |
[INFO] [stdout] 1 | use std::time::{SystemTime, UNIX_EPOCH};
[INFO] [stdout]   |                             ^^^^^^^^^^
[INFO] [stdout] 
[INFO] [stdout] 
[INFO] [stdout] warning: unused variable: `uuid`
[INFO] [stdout]   --> src/publishing/kafka_publisher.rs:48:54
[INFO] [stdout]    |
[INFO] [stdout] 48 |     fn publish<M: Anonymizable>(&mut self, value: M, uuid: Uuid, dr: f64) {
[INFO] [stdout]    |                                                      ^^^^ help: if this is intentional, prefix it with an underscore: `_uuid`
[INFO] [stdout]    |
[INFO] [stdout]    = note: `#[warn(unused_variables)]` on by default
[INFO] [stdout] 
[INFO] [stdout] 
[INFO] [stdout] warning: unused variable: `dr`
[INFO] [stdout]   --> src/publishing/kafka_publisher.rs:48:66
[INFO] [stdout]    |
[INFO] [stdout] 48 |     fn publish<M: Anonymizable>(&mut self, value: M, uuid: Uuid, dr: f64) {
[INFO] [stdout]    |                                                                  ^^ help: if this is intentional, prefix it with an underscore: `_dr`
[INFO] [stdout] 
[INFO] [stdout] 
[INFO] [stdout] warning: unused variable: `uuid`
[INFO] [stdout]  --> src/test/dummy_publisher.rs:9:55
[INFO] [stdout]   |
[INFO] [stdout] 9 |     fn publish<M: Anonymizable>(&mut self, _value: M, uuid: Uuid, dr: f64) {}
[INFO] [stdout]   |                                                       ^^^^ help: if this is intentional, prefix it with an underscore: `_uuid`
[INFO] [stdout] 
[INFO] [stdout] 
[INFO] [stdout] warning: unused variable: `dr`
[INFO] [stdout]  --> src/test/dummy_publisher.rs:9:67
[INFO] [stdout]   |
[INFO] [stdout] 9 |     fn publish<M: Anonymizable>(&mut self, _value: M, uuid: Uuid, dr: f64) {}
[INFO] [stdout]   |                                                                   ^^ help: if this is intentional, prefix it with an underscore: `_dr`
[INFO] [stdout] 
[INFO] [stdout] 
[INFO] [stderr]     Finished `test` profile [unoptimized + debuginfo] target(s) in 2.93s
[INFO] [stderr] warning: the following packages contain code that will be rejected by a future version of Rust: nom v4.2.3
[INFO] [stderr] note: to see what the problems were, use the option `--future-incompat-report`, or run `cargo report future-incompatibilities --id 1`
[INFO] running `Command { std: "docker" "inspect" "29efebaf6acb16ecf439914b9d1ef23e4bce1bb716ecab4c14da9c6ff7707ec2", kill_on_drop: false }`
[INFO] running `Command { std: "docker" "rm" "-f" "29efebaf6acb16ecf439914b9d1ef23e4bce1bb716ecab4c14da9c6ff7707ec2", kill_on_drop: false }`
[INFO] [stdout] 29efebaf6acb16ecf439914b9d1ef23e4bce1bb716ecab4c14da9c6ff7707ec2
[INFO] running `Command { std: "docker" "create" "-v" "/var/lib/crater-agent-workspace/builds/worker-3-tc1/target:/opt/rustwide/target:rw,Z" "-v" "/var/lib/crater-agent-workspace/builds/worker-3-tc1/source:/opt/rustwide/workdir:ro,Z" "-v" "/var/lib/crater-agent-workspace/cargo-home:/opt/rustwide/cargo-home:ro,Z" "-v" "/var/lib/crater-agent-workspace/rustup-home:/opt/rustwide/rustup-home:ro,Z" "-e" "SOURCE_DIR=/opt/rustwide/workdir" "-e" "CARGO_TARGET_DIR=/opt/rustwide/target" "-e" "CARGO_INCREMENTAL=0" "-e" "RUST_BACKTRACE=full" "-e" "RUSTFLAGS=--cap-lints=forbid" "-e" "RUSTDOCFLAGS=--cap-lints=forbid" "-e" "CARGO_HOME=/opt/rustwide/cargo-home" "-e" "RUSTUP_HOME=/opt/rustwide/rustup-home" "-w" "/opt/rustwide/workdir" "-m" "1610612736" "--user" "0:0" "--network" "none" "ghcr.io/rust-lang/crates-build-env/linux@sha256:819108c5571ea2e421544af4d832f968d213c87fbe3707a016657f43d2f853bc" "/opt/rustwide/cargo-home/bin/cargo" "+nightly-2025-01-18" "test" "--frozen", kill_on_drop: false }`
[INFO] [stdout] 6f10c0e9a3d68e7b097166f256f7543769b2d43adcb766b7652e04da761e8ceb
[INFO] running `Command { std: "docker" "start" "-a" "6f10c0e9a3d68e7b097166f256f7543769b2d43adcb766b7652e04da761e8ceb", kill_on_drop: false }`
[INFO] [stderr] warning: unused import: `UNIX_EPOCH`
[INFO] [stderr]  --> src/analysis/publishing_delay_analyser.rs:2:39
[INFO] [stderr]   |
[INFO] [stderr] 2 | use std::time::{Duration, SystemTime, UNIX_EPOCH};
[INFO] [stderr]   |                                       ^^^^^^^^^^
[INFO] [stderr]   |
[INFO] [stderr]   = note: `#[warn(unused_imports)]` on by default
[INFO] [stderr] 
[INFO] [stderr] warning: unused imports: `Duration` and `UNIX_EPOCH`
[INFO] [stderr]  --> src/data_manipulation/mueller.rs:1:17
[INFO] [stderr]   |
[INFO] [stderr] 1 | use std::time::{Duration, SystemTime, UNIX_EPOCH};
[INFO] [stderr]   |                 ^^^^^^^^              ^^^^^^^^^^
[INFO] [stderr] 
[INFO] [stderr] warning: unused import: `UNIX_EPOCH`
[INFO] [stderr]  --> src/test/adult.rs:1:29
[INFO] [stderr]   |
[INFO] [stderr] 1 | use std::time::{SystemTime, UNIX_EPOCH};
[INFO] [stderr]   |                             ^^^^^^^^^^
[INFO] [stderr] 
[INFO] [stderr] warning: unused import: `UNIX_EPOCH`
[INFO] [stderr]  --> src/test/adult_large.rs:1:29
[INFO] [stderr]   |
[INFO] [stderr] 1 | use std::time::{SystemTime, UNIX_EPOCH};
[INFO] [stderr]   |                             ^^^^^^^^^^
[INFO] [stderr] 
[INFO] [stderr] warning: unused variable: `uuid`
[INFO] [stderr]   --> src/publishing/kafka_publisher.rs:48:54
[INFO] [stderr]    |
[INFO] [stderr] 48 |     fn publish<M: Anonymizable>(&mut self, value: M, uuid: Uuid, dr: f64) {
[INFO] [stderr]    |                                                      ^^^^ help: if this is intentional, prefix it with an underscore: `_uuid`
[INFO] [stderr]    |
[INFO] [stderr]    = note: `#[warn(unused_variables)]` on by default
[INFO] [stderr] 
[INFO] [stderr] warning: unused variable: `dr`
[INFO] [stderr]   --> src/publishing/kafka_publisher.rs:48:66
[INFO] [stderr]    |
[INFO] [stderr] 48 |     fn publish<M: Anonymizable>(&mut self, value: M, uuid: Uuid, dr: f64) {
[INFO] [stderr]    |                                                                  ^^ help: if this is intentional, prefix it with an underscore: `_dr`
[INFO] [stderr] 
[INFO] [stderr] warning: unused variable: `uuid`
[INFO] [stderr]  --> src/test/dummy_publisher.rs:9:55
[INFO] [stderr]   |
[INFO] [stderr] 9 |     fn publish<M: Anonymizable>(&mut self, _value: M, uuid: Uuid, dr: f64) {}
[INFO] [stderr]   |                                                       ^^^^ help: if this is intentional, prefix it with an underscore: `_uuid`
[INFO] [stderr] 
[INFO] [stderr] warning: unused variable: `dr`
[INFO] [stderr]  --> src/test/dummy_publisher.rs:9:67
[INFO] [stderr]   |
[INFO] [stderr] 9 |     fn publish<M: Anonymizable>(&mut self, _value: M, uuid: Uuid, dr: f64) {}
[INFO] [stderr]   |                                                                   ^^ help: if this is intentional, prefix it with an underscore: `_dr`
[INFO] [stderr] 
[INFO] [stderr] warning: `diff-priv` (lib) generated 8 warnings (run `cargo fix --lib -p diff-priv` to apply 4 suggestions)
[INFO] [stderr] warning: `diff-priv` (lib test) generated 8 warnings (8 duplicates)
[INFO] [stderr]     Finished `test` profile [unoptimized + debuginfo] target(s) in 0.26s
[INFO] [stderr] warning: the following packages contain code that will be rejected by a future version of Rust: nom v4.2.3
[INFO] [stderr] note: to see what the problems were, use the option `--future-incompat-report`, or run `cargo report future-incompatibilities --id 1`
[INFO] [stderr]      Running unittests src/lib.rs (/opt/rustwide/target/debug/deps/diff_priv-6da7c1948f8276a2)
[INFO] [stdout] 
[INFO] [stdout] running 22 tests
[INFO] [stdout] test anonymization::buffer::tests::is_full ... ok
[INFO] [stdout] test anonymization::cluster::tests::detected_concept_drift ... ok
[INFO] [stdout] test data_manipulation::aggregation::tests::truncate_to_domain_float ... ok
[INFO] [stdout] test data_manipulation::aggregation::tests::truncate_to_domain_integer_max ... ok
[INFO] [stdout] test data_manipulation::aggregation::tests::truncate_to_domain_float_max ... ok
[INFO] [stdout] test anonymization::cluster::tests::no_concept_drift ... ok
[INFO] [stdout] test data_manipulation::aggregation::tests::truncating_to_domain_integer ... ok
[INFO] [stdout] test data_manipulation::anonymizable::tests::aggregation_interval_float ... ok
[INFO] [stdout] test anonymization::cluster::tests::update_categorical_frequency ... ok
[INFO] [stdout] test anonymization::cluster::tests::calculate_ks_threshold_mixed_data_types ... ok
[INFO] [stdout] test data_manipulation::anonymizable::tests::aggregation_interval_integer ... ok
[INFO] [stdout] test data_manipulation::anonymizable::tests::aggregation_ordinal ... ok
[INFO] [stdout] test data_manipulation::anonymizable::tests::aggregation_nominal ... ok
[INFO] [stdout] test data_manipulation::anonymizable::tests::get_quasi_identifiers ... ok
[INFO] [stdout] test data_manipulation::anonymizable::tests::update_quasi_identifiers ... ok
[INFO] [stdout] test data_manipulation::anonymizable::tests::calculate_difference ... ok
[INFO] [stdout] test data_manipulation::anonymizable::tests::calculate_difference_zero ... ok
[INFO] [stdout] test data_manipulation::anonymizable::tests::calculate_info_loss ... ok
[INFO] [stdout] test anonymization::microagg_anonymizer::tests::find_best_cluster ... ok
[INFO] [stdout] test data_manipulation::anonymizable::tests::calculate_difference_one ... ok
[INFO] [stdout] test noise::laplace::numerical_noiser::tests::generate_noise ... ok
[INFO] [stdout] test anonymization::buffer::tests::update_centroid ... FAILED
[INFO] [stdout] 
[INFO] [stdout] failures:
[INFO] [stdout] 
[INFO] [stdout] ---- anonymization::buffer::tests::update_centroid stdout ----
[INFO] [stdout] 
[INFO] [stdout] thread 'anonymization::buffer::tests::update_centroid' panicked at src/anonymization/buffer.rs:133:9:
[INFO] [stdout] assertion `left == right` failed
[INFO] [stdout]   left: MuellerStream { strm_meta: StrmMeta { event_contract_ref: "diff_priv/mueller-steps/1.0.0", nonce: None, timestamp: None, key_link: None, billing_id: None, consent_levels: [] }, id: "", gender: Some("female"), age: Some(40), run_id: None, running: None, speed: None, duration: None, distance: None, side: None, bout: None, freq: None, walk_ratio: None, start: None, end: None, time_generated: SystemTime { tv_sec: 1737397857, tv_nsec: 796613097 } }
[INFO] [stdout]  right: MuellerStream { strm_meta: StrmMeta { event_contract_ref: "diff_priv/mueller-steps/1.0.0", nonce: None, timestamp: None, key_link: None, billing_id: None, consent_levels: [] }, id: "", gender: Some("female"), age: Some(40), run_id: None, running: None, speed: None, duration: None, distance: None, side: None, bout: None, freq: None, walk_ratio: None, start: None, end: None, time_generated: SystemTime { tv_sec: 1737397857, tv_nsec: 796612567 } }
[INFO] [stdout] stack backtrace:
[INFO] [stdout]    0:     0x587722605e5a - std::backtrace_rs::backtrace::libunwind::trace::hb059275cfc8d6126
[INFO] [stdout]                                at /rustc/6067b36314ab5eb2eb47cecc464545ba58e1ad24/library/std/src/../../backtrace/src/backtrace/libunwind.rs:116:5
[INFO] [stdout]    1:     0x587722605e5a - std::backtrace_rs::backtrace::trace_unsynchronized::h2da071e4327ce3ee
[INFO] [stdout]                                at /rustc/6067b36314ab5eb2eb47cecc464545ba58e1ad24/library/std/src/../../backtrace/src/backtrace/mod.rs:66:5
[INFO] [stdout]    2:     0x587722605e5a - std::sys::backtrace::_print_fmt::h842a1474e6f8d23f
[INFO] [stdout]                                at /rustc/6067b36314ab5eb2eb47cecc464545ba58e1ad24/library/std/src/sys/backtrace.rs:66:9
[INFO] [stdout]    3:     0x587722605e5a - <std::sys::backtrace::BacktraceLock::print::DisplayBacktrace as core::fmt::Display>::fmt::h71a62eb3b9696b12
[INFO] [stdout]                                at /rustc/6067b36314ab5eb2eb47cecc464545ba58e1ad24/library/std/src/sys/backtrace.rs:39:26
[INFO] [stdout]    4:     0x58772262ecb3 - core::fmt::rt::Argument::fmt::hdb6b616786b41dc1
[INFO] [stdout]                                at /rustc/6067b36314ab5eb2eb47cecc464545ba58e1ad24/library/core/src/fmt/rt.rs:177:76
[INFO] [stdout]    5:     0x58772262ecb3 - core::fmt::write::h2cc1698af7e2d686
[INFO] [stdout]                                at /rustc/6067b36314ab5eb2eb47cecc464545ba58e1ad24/library/core/src/fmt/mod.rs:1440:21
[INFO] [stdout]    6:     0x587722602723 - std::io::Write::write_fmt::hab1b4cd059a79022
[INFO] [stdout]                                at /rustc/6067b36314ab5eb2eb47cecc464545ba58e1ad24/library/std/src/io/mod.rs:1887:15
[INFO] [stdout]    7:     0x587722605ca2 - std::sys::backtrace::BacktraceLock::print::h147fe35b4ea13b08
[INFO] [stdout]                                at /rustc/6067b36314ab5eb2eb47cecc464545ba58e1ad24/library/std/src/sys/backtrace.rs:42:9
[INFO] [stdout]    8:     0x58772260727f - std::panicking::default_hook::{{closure}}::hbd44223dbdc0d208
[INFO] [stdout]                                at /rustc/6067b36314ab5eb2eb47cecc464545ba58e1ad24/library/std/src/panicking.rs:298:22
[INFO] [stdout]    9:     0x587722607098 - std::panicking::default_hook::h20f81eb0576efcec
[INFO] [stdout]                                at /rustc/6067b36314ab5eb2eb47cecc464545ba58e1ad24/library/std/src/panicking.rs:322:9
[INFO] [stdout]   10:     0x58772252c4e3 - <alloc::boxed::Box<F,A> as core::ops::function::Fn<Args>>::call::hdb53814c496a4d34
[INFO] [stdout]                                at /rustc/6067b36314ab5eb2eb47cecc464545ba58e1ad24/library/alloc/src/boxed.rs:2027:9
[INFO] [stdout]   11:     0x58772252c4e3 - test::test_main::{{closure}}::hc0a4963c59427c24
[INFO] [stdout]                                at /rustc/6067b36314ab5eb2eb47cecc464545ba58e1ad24/library/test/src/lib.rs:134:21
[INFO] [stdout]   12:     0x587722607d73 - <alloc::boxed::Box<F,A> as core::ops::function::Fn<Args>>::call::h591b2225413a77e9
[INFO] [stdout]                                at /rustc/6067b36314ab5eb2eb47cecc464545ba58e1ad24/library/alloc/src/boxed.rs:2027:9
[INFO] [stdout]   13:     0x587722607d73 - std::panicking::rust_panic_with_hook::h625eea43051b2edc
[INFO] [stdout]                                at /rustc/6067b36314ab5eb2eb47cecc464545ba58e1ad24/library/std/src/panicking.rs:839:13
[INFO] [stdout]   14:     0x587722607a2a - std::panicking::begin_panic_handler::{{closure}}::h4f9159cfbc3f6bd3
[INFO] [stdout]                                at /rustc/6067b36314ab5eb2eb47cecc464545ba58e1ad24/library/std/src/panicking.rs:704:13
[INFO] [stdout]   15:     0x587722606359 - std::sys::backtrace::__rust_end_short_backtrace::h0390abce48353151
[INFO] [stdout]                                at /rustc/6067b36314ab5eb2eb47cecc464545ba58e1ad24/library/std/src/sys/backtrace.rs:168:18
[INFO] [stdout]   16:     0x5877226076bd - rust_begin_unwind
[INFO] [stdout]                                at /rustc/6067b36314ab5eb2eb47cecc464545ba58e1ad24/library/std/src/panicking.rs:695:5
[INFO] [stdout]   17:     0x58772262c820 - core::panicking::panic_fmt::h9e7c637e9e5f29c9
[INFO] [stdout]                                at /rustc/6067b36314ab5eb2eb47cecc464545ba58e1ad24/library/core/src/panicking.rs:75:14
[INFO] [stdout]   18:     0x58772262cc73 - core::panicking::assert_failed_inner::h538bec7c1374cd9c
[INFO] [stdout]   19:     0x5877224dd58d - core::panicking::assert_failed::h83a2fd2cb1ca04ce
[INFO] [stdout]                                at /rustc/6067b36314ab5eb2eb47cecc464545ba58e1ad24/library/core/src/panicking.rs:364:5
[INFO] [stdout]   20:     0x5877224b577c - diff_priv::anonymization::buffer::tests::update_centroid::h0c5dbc005b6ab1a7
[INFO] [stdout]                                at /opt/rustwide/workdir/src/anonymization/buffer.rs:133:9
[INFO] [stdout]   21:     0x5877224b4957 - diff_priv::anonymization::buffer::tests::update_centroid::{{closure}}::h704cec8138a66265
[INFO] [stdout]                                at /opt/rustwide/workdir/src/anonymization/buffer.rs:103:25
[INFO] [stdout]   22:     0x5877224c6ef6 - core::ops::function::FnOnce::call_once::hfe8d5fd84a4cb67f
[INFO] [stdout]                                at /rustc/6067b36314ab5eb2eb47cecc464545ba58e1ad24/library/core/src/ops/function.rs:250:5
[INFO] [stdout]   23:     0x587722531c3b - core::ops::function::FnOnce::call_once::he27718dfdd183f43
[INFO] [stdout]                                at /rustc/6067b36314ab5eb2eb47cecc464545ba58e1ad24/library/core/src/ops/function.rs:250:5
[INFO] [stdout]   24:     0x587722531c3b - test::__rust_begin_short_backtrace::h4e84902998457a5d
[INFO] [stdout]                                at /rustc/6067b36314ab5eb2eb47cecc464545ba58e1ad24/library/test/src/lib.rs:632:18
[INFO] [stdout]   25:     0x587722530b73 - test::run_test_in_process::{{closure}}::h7176fd18fc1feca0
[INFO] [stdout]                                at /rustc/6067b36314ab5eb2eb47cecc464545ba58e1ad24/library/test/src/lib.rs:655:60
[INFO] [stdout]   26:     0x587722530b73 - <core::panic::unwind_safe::AssertUnwindSafe<F> as core::ops::function::FnOnce<()>>::call_once::hf79cff2a624d8cf7
[INFO] [stdout]                                at /rustc/6067b36314ab5eb2eb47cecc464545ba58e1ad24/library/core/src/panic/unwind_safe.rs:272:9
[INFO] [stdout]   27:     0x587722530b73 - std::panicking::try::do_call::h3da0561d9ab99c25
[INFO] [stdout]                                at /rustc/6067b36314ab5eb2eb47cecc464545ba58e1ad24/library/std/src/panicking.rs:587:40
[INFO] [stdout]   28:     0x587722530b73 - std::panicking::try::h41c9fa508bc61df6
[INFO] [stdout]                                at /rustc/6067b36314ab5eb2eb47cecc464545ba58e1ad24/library/std/src/panicking.rs:550:19
[INFO] [stdout]   29:     0x587722530b73 - std::panic::catch_unwind::h6b3ff07bb5afad93
[INFO] [stdout]                                at /rustc/6067b36314ab5eb2eb47cecc464545ba58e1ad24/library/std/src/panic.rs:358:14
[INFO] [stdout]   30:     0x587722530b73 - test::run_test_in_process::hc7253dd11b39b9f4
[INFO] [stdout]                                at /rustc/6067b36314ab5eb2eb47cecc464545ba58e1ad24/library/test/src/lib.rs:655:27
[INFO] [stdout]   31:     0x587722530b73 - test::run_test::{{closure}}::hfb2007f8649c30bb
[INFO] [stdout]                                at /rustc/6067b36314ab5eb2eb47cecc464545ba58e1ad24/library/test/src/lib.rs:576:43
[INFO] [stdout]   32:     0x5877224f3c55 - test::run_test::{{closure}}::h56a17aa7a282a9f4
[INFO] [stdout]                                at /rustc/6067b36314ab5eb2eb47cecc464545ba58e1ad24/library/test/src/lib.rs:606:41
[INFO] [stdout]   33:     0x5877224f3c55 - std::sys::backtrace::__rust_begin_short_backtrace::hd2d2d2fb8e8c6aac
[INFO] [stdout]                                at /rustc/6067b36314ab5eb2eb47cecc464545ba58e1ad24/library/std/src/sys/backtrace.rs:152:18
[INFO] [stdout]   34:     0x5877224f753a - std::thread::Builder::spawn_unchecked_::{{closure}}::{{closure}}::h4faa3f9db6133423
[INFO] [stdout]                                at /rustc/6067b36314ab5eb2eb47cecc464545ba58e1ad24/library/std/src/thread/mod.rs:559:17
[INFO] [stdout]   35:     0x5877224f753a - <core::panic::unwind_safe::AssertUnwindSafe<F> as core::ops::function::FnOnce<()>>::call_once::hf2e855a36a4ea846
[INFO] [stdout]                                at /rustc/6067b36314ab5eb2eb47cecc464545ba58e1ad24/library/core/src/panic/unwind_safe.rs:272:9
[INFO] [stdout]   36:     0x5877224f753a - std::panicking::try::do_call::h2f73af3616c35465
[INFO] [stdout]                                at /rustc/6067b36314ab5eb2eb47cecc464545ba58e1ad24/library/std/src/panicking.rs:587:40
[INFO] [stdout]   37:     0x5877224f753a - std::panicking::try::hd1660ce9efadef5a
[INFO] [stdout]                                at /rustc/6067b36314ab5eb2eb47cecc464545ba58e1ad24/library/std/src/panicking.rs:550:19
[INFO] [stdout]   38:     0x5877224f753a - std::panic::catch_unwind::h5ee8d7823b8ca744
[INFO] [stdout]                                at /rustc/6067b36314ab5eb2eb47cecc464545ba58e1ad24/library/std/src/panic.rs:358:14
[INFO] [stdout]   39:     0x5877224f753a - std::thread::Builder::spawn_unchecked_::{{closure}}::h53c3a1894dce8407
[INFO] [stdout]                                at /rustc/6067b36314ab5eb2eb47cecc464545ba58e1ad24/library/std/src/thread/mod.rs:557:30
[INFO] [stdout]   40:     0x5877224f753a - core::ops::function::FnOnce::call_once{{vtable.shim}}::h048ce291ad4f62bf
[INFO] [stdout]                                at /rustc/6067b36314ab5eb2eb47cecc464545ba58e1ad24/library/core/src/ops/function.rs:250:5
[INFO] [stdout]   41:     0x58772260bdbb - <alloc::boxed::Box<F,A> as core::ops::function::FnOnce<Args>>::call_once::ha52bedf99a3b4981
[INFO] [stdout]                                at /rustc/6067b36314ab5eb2eb47cecc464545ba58e1ad24/library/alloc/src/boxed.rs:2013:9
[INFO] [stdout]   42:     0x58772260bdbb - <alloc::boxed::Box<F,A> as core::ops::function::FnOnce<Args>>::call_once::h567748934d80ccf8
[INFO] [stdout]                                at /rustc/6067b36314ab5eb2eb47cecc464545ba58e1ad24/library/alloc/src/boxed.rs:2013:9
[INFO] [stdout]   43:     0x58772260bdbb - std::sys::pal::unix::thread::Thread::new::thread_start::h2d970728ae887adc
[INFO] [stdout]                                at /rustc/6067b36314ab5eb2eb47cecc464545ba58e1ad24/library/std/src/sys/pal/unix/thread.rs:106:17
[INFO] [stdout]   44:     0x73ea58078ac3 - <unknown>
[INFO] [stdout]   45:     0x73ea58109a04 - clone
[INFO] [stdout]   46:                0x0 - <unknown>
[INFO] [stdout] 
[INFO] [stdout] 
[INFO] [stdout] failures:
[INFO] [stdout]     anonymization::buffer::tests::update_centroid
[INFO] [stdout] 
[INFO] [stdout] test result: FAILED. 21 passed; 1 failed; 0 ignored; 0 measured; 0 filtered out; finished in 0.26s
[INFO] [stdout] 
[INFO] [stderr] error: test failed, to rerun pass `--lib`
[INFO] running `Command { std: "docker" "inspect" "6f10c0e9a3d68e7b097166f256f7543769b2d43adcb766b7652e04da761e8ceb", kill_on_drop: false }`
[INFO] running `Command { std: "docker" "rm" "-f" "6f10c0e9a3d68e7b097166f256f7543769b2d43adcb766b7652e04da761e8ceb", kill_on_drop: false }`
[INFO] [stdout] 6f10c0e9a3d68e7b097166f256f7543769b2d43adcb766b7652e04da761e8ceb
